[INFO] fetching crate sbpf-common-derive 0.3.2...
[INFO] testing sbpf-common-derive-0.3.2 against 1.99.0-beta.8+cargoflags=--release for beta-release-1.100-2
[INFO] extracting crate sbpf-common-derive 0.3.2 into /workspace/builds/worker-1-tc1/source
[INFO] started tweaking crates.io crate sbpf-common-derive 0.3.2
[INFO] removed 0 missing tests
[INFO] finished tweaking crates.io crate sbpf-common-derive 0.3.2
[INFO] tweaked toml for crates.io crate sbpf-common-derive 0.3.2 written to /workspace/builds/worker-1-tc1/source/Cargo.toml
[INFO] validating manifest of crates.io crate sbpf-common-derive 0.3.2 on toolchain 1.99.0-beta.8
[INFO] running `Command { std: CARGO_HOME="/workspace/cargo-home" RUSTUP_HOME="/workspace/rustup-home" "/workspace/cargo-home/bin/cargo" "+1.99.0-beta.8" "metadata" "--manifest-path" "Cargo.toml" "--no-deps", kill_on_drop: false }`
[INFO] crate crates.io crate sbpf-common-derive 0.3.2 already has a lockfile, it will not be regenerated
[INFO] running `Command { std: CARGO_HOME="/workspace/cargo-home" RUSTUP_HOME="/workspace/rustup-home" "/workspace/cargo-home/bin/cargo" "+1.99.0-beta.8" "fetch" "--manifest-path" "Cargo.toml", kill_on_drop: false }`
[INFO] [stderr]     Updating crates.io index
[INFO] [stderr]  Downloading crates ...
[INFO] [stderr]   Downloaded target-triple v1.0.1
[INFO] [stderr]   Downloaded trybuild v1.0.120
[INFO] [stderr]   Downloaded sbpf-common-tablegen v0.3.2
[INFO] running `Command { std: "docker" "create" "-v" "/var/lib/crater-agent-workspace/builds/worker-1-tc1/source:/opt/rustwide/workdir:ro,Z" "-v" "/var/lib/crater-agent-workspace/builds/worker-1-tc1/target:/opt/rustwide/target:rw,Z" "-v" "/var/lib/crater-agent-workspace/cargo-home:/opt/rustwide/cargo-home:ro,Z" "-v" "/var/lib/crater-agent-workspace/rustup-home:/opt/rustwide/rustup-home:ro,Z" "-m" "1610612736" "--network" "none" "ghcr.io/rust-lang/crates-build-env/linux@sha256:77db811e55d90add9212f6832c23229e3de5f1c1f9905e8cb07319ea15df73ac" "sleep" "infinity", kill_on_drop: false }`
[INFO] [stdout] 5453050513dff32cf79e352d5b5aa8592bc7a8fde7ff0f162195116ed47d35ad
[INFO] running `Command { std: "docker" "start" "5453050513dff32cf79e352d5b5aa8592bc7a8fde7ff0f162195116ed47d35ad", kill_on_drop: false }`
[INFO] running `Command { std: "docker" "inspect" "5453050513dff32cf79e352d5b5aa8592bc7a8fde7ff0f162195116ed47d35ad", kill_on_drop: false }`
[INFO] running `Command { std: "docker" "exec" "-e" "SOURCE_DIR=/opt/rustwide/workdir" "-e" "CARGO_HOME=/opt/rustwide/cargo-home" "-e" "RUSTUP_HOME=/opt/rustwide/rustup-home" "-e" "CARGO_TARGET_DIR=/opt/rustwide/target" "-w" "/opt/rustwide/workdir" "--user" "0:0" "5453050513dff32cf79e352d5b5aa8592bc7a8fde7ff0f162195116ed47d35ad" "/opt/rustwide/cargo-home/bin/cargo" "+1.99.0-beta.8" "metadata" "--no-deps" "--format-version=1", kill_on_drop: false }`
[INFO] running `Command { std: "docker" "inspect" "5453050513dff32cf79e352d5b5aa8592bc7a8fde7ff0f162195116ed47d35ad", kill_on_drop: false }`
[INFO] running `Command { std: "docker" "exec" "-e" "SOURCE_DIR=/opt/rustwide/workdir" "-e" "CARGO_HOME=/opt/rustwide/cargo-home" "-e" "RUSTUP_HOME=/opt/rustwide/rustup-home" "-e" "CARGO_TARGET_DIR=/opt/rustwide/target" "-e" "CARGO_INCREMENTAL=0" "-e" "RUST_BACKTRACE=full" "-e" "RUSTFLAGS=--cap-lints=warn" "-e" "RUSTDOCFLAGS=--cap-lints=warn" "-w" "/opt/rustwide/workdir" "--user" "0:0" "5453050513dff32cf79e352d5b5aa8592bc7a8fde7ff0f162195116ed47d35ad" "/opt/rustwide/cargo-home/bin/cargo" "+1.99.0-beta.8" "build" "--frozen" "--message-format=json" "--release", kill_on_drop: false }`
[INFO] [stderr]    Compiling syn v2.0.119
[INFO] [stderr]    Compiling sbpf-common-tablegen v0.3.2
[INFO] [stderr]    Compiling sbpf-common-derive v0.3.2 (/opt/rustwide/workdir)
[INFO] [stderr]     Finished `release` profile [optimized] target(s) in 6.83s
[INFO] running `Command { std: "docker" "inspect" "5453050513dff32cf79e352d5b5aa8592bc7a8fde7ff0f162195116ed47d35ad", kill_on_drop: false }`
[INFO] running `Command { std: "docker" "exec" "-e" "SOURCE_DIR=/opt/rustwide/workdir" "-e" "CARGO_HOME=/opt/rustwide/cargo-home" "-e" "RUSTUP_HOME=/opt/rustwide/rustup-home" "-e" "CARGO_TARGET_DIR=/opt/rustwide/target" "-e" "CARGO_INCREMENTAL=0" "-e" "RUST_BACKTRACE=full" "-e" "RUSTFLAGS=--cap-lints=warn" "-e" "RUSTDOCFLAGS=--cap-lints=warn" "-w" "/opt/rustwide/workdir" "--user" "0:0" "5453050513dff32cf79e352d5b5aa8592bc7a8fde7ff0f162195116ed47d35ad" "/opt/rustwide/cargo-home/bin/cargo" "+1.99.0-beta.8" "test" "--frozen" "--no-run" "--message-format=json" "--release", kill_on_drop: false }`
[INFO] [stderr]    Compiling target-triple v1.0.1
[INFO] [stderr]    Compiling winnow v1.0.4
[INFO] [stderr]    Compiling serde_json v1.0.151
[INFO] [stderr]    Compiling serde v1.0.229
[INFO] [stderr]    Compiling proc-macro2 v1.0.107
[INFO] [stderr]    Compiling toml_datetime v1.1.1+spec-1.1.0
[INFO] [stderr]    Compiling serde_spanned v1.1.1
[INFO] [stderr]    Compiling toml_writer v1.1.2+spec-1.1.0
[INFO] [stderr]    Compiling toml_parser v1.1.3+spec-1.1.0
[INFO] [stderr]    Compiling sbpf-common-derive v0.3.2 (/opt/rustwide/workdir)
[INFO] [stderr]    Compiling glob v0.3.4
[INFO] [stderr]    Compiling termcolor v1.4.1
[INFO] [stderr]    Compiling quote v1.0.47
[INFO] [stderr]    Compiling toml v1.1.4+spec-1.1.0
[INFO] [stderr]    Compiling syn v2.0.119
[INFO] [stderr]    Compiling trybuild v1.0.120
[INFO] [stderr]    Compiling sbpf-common-tablegen v0.3.2
[INFO] [stderr]     Finished `release` profile [optimized] target(s) in 40.71s
[INFO] running `Command { std: "docker" "inspect" "5453050513dff32cf79e352d5b5aa8592bc7a8fde7ff0f162195116ed47d35ad", kill_on_drop: false }`
[INFO] running `Command { std: "docker" "exec" "-e" "SOURCE_DIR=/opt/rustwide/workdir" "-e" "CARGO_HOME=/opt/rustwide/cargo-home" "-e" "RUSTUP_HOME=/opt/rustwide/rustup-home" "-e" "CARGO_TARGET_DIR=/opt/rustwide/target" "-e" "CARGO_INCREMENTAL=0" "-e" "RUST_BACKTRACE=full" "-e" "RUSTFLAGS=--cap-lints=warn" "-e" "RUSTDOCFLAGS=--cap-lints=warn" "-w" "/opt/rustwide/workdir" "--user" "0:0" "5453050513dff32cf79e352d5b5aa8592bc7a8fde7ff0f162195116ed47d35ad" "/opt/rustwide/cargo-home/bin/cargo" "+1.99.0-beta.8" "test" "--frozen" "--release", kill_on_drop: false }`
[INFO] [stderr]     Finished `release` profile [optimized] target(s) in 0.07s
[INFO] [stderr]      Running unittests src/lib.rs (/opt/rustwide/target/release/deps/sbpf_common_derive-21f3b79acaa18ee1)
[INFO] [stderr]      Running tests/compile.rs (/opt/rustwide/target/release/deps/compile-6b0e62d38aef5e49)
[INFO] [stdout] 
[INFO] [stdout] running 0 tests
[INFO] [stdout] 
[INFO] [stdout] test result: ok. 0 passed; 0 failed; 0 ignored; 0 measured; 0 filtered out; finished in 0.00s
[INFO] [stdout] 
[INFO] [stdout] 
[INFO] [stdout] running 1 test
[INFO] [stderr]    Compiling proc-macro2 v1.0.107
[INFO] [stderr]    Compiling quote v1.0.47
[INFO] [stderr]    Compiling unicode-ident v1.0.24
[INFO] [stderr]     Checking syn v2.0.119
[INFO] [stderr]     Checking sbpf-common-tablegen v0.3.2
[INFO] [stderr]    Compiling sbpf-common-derive v0.3.2 (/opt/rustwide/workdir)
[INFO] [stderr]     Checking sbpf-common-derive-tests v0.0.0 (/opt/rustwide/target/tests/trybuild/sbpf-common-derive)
[INFO] [stderr]     Finished `dev` profile [unoptimized + debuginfo] target(s) in 8.33s
[INFO] [stderr] 
[INFO] [stderr] 
[INFO] [stderr] test tests/fixtures/compile_fail.rs ... mismatch
[INFO] [stderr] 
[INFO] [stderr] EXPECTED:
[INFO] [stderr] ┈┈┈┈┈┈┈┈┈┈┈┈┈┈┈┈┈┈┈┈┈┈┈┈┈┈┈┈┈┈┈┈┈┈┈┈┈┈┈┈┈┈┈┈┈┈┈┈┈┈┈┈┈┈┈┈┈┈┈┈
[INFO] [stderr] error: OpcodeTable requires at least one opcode variant
[INFO] [stderr]   --> tests/fixtures/compile_fail.rs:27:10
[INFO] [stderr]    |
[INFO] [stderr] 27 | pub enum OpcodeEmpty {}
[INFO] [stderr]    |          ^^^^^^^^^^^
[INFO] [stderr] 
[INFO] [stderr] error: OpcodeGroup requires at least one group variant
[INFO] [stderr]   --> tests/fixtures/compile_fail.rs:36:10
[INFO] [stderr]    |
[INFO] [stderr] 36 | pub enum GroupEmpty {}
[INFO] [stderr]    |          ^^^^^^^^^^
[INFO] [stderr] 
[INFO] [stderr] error: missing required field `doc`
[INFO] [stderr]   --> tests/fixtures/compile_fail.rs:42:5
[INFO] [stderr]    |
[INFO] [stderr] 42 |     X,
[INFO] [stderr]    |     ^
[INFO] [stderr] 
[INFO] [stderr] error: `mnemonic` specified more than once
[INFO] [stderr]   --> tests/fixtures/compile_fail.rs:50:9
[INFO] [stderr]    |
[INFO] [stderr] 50 |         mnemonic = "y",
[INFO] [stderr]    |         ^^^^^^^^
[INFO] [stderr] 
[INFO] [stderr] error: duplicate code found for opcodes `A` and `B`: 0x01
[INFO] [stderr]   --> tests/fixtures/compile_fail.rs:64:5
[INFO] [stderr]    |
[INFO] [stderr] 64 |     B,
[INFO] [stderr]    |     ^
[INFO] [stderr] 
[INFO] [stderr] error: OpcodeGroup requires #[handlers(...)]
[INFO] [stderr]   --> tests/fixtures/compile_fail.rs:69:10
[INFO] [stderr]    |
[INFO] [stderr] 69 | pub enum GroupMissingHandlers {
[INFO] [stderr]    |          ^^^^^^^^^^^^^^^^^^^^
[INFO] [stderr] 
[INFO] [stderr] error: missing required field `decode`
[INFO] [stderr]   --> tests/fixtures/compile_fail.rs:89:5
[INFO] [stderr]    |
[INFO] [stderr] 89 |     A,
[INFO] [stderr]    |     ^
[INFO] [stderr] 
[INFO] [stderr] error[E0277]: the trait bound `InvalidOpcodeGroup: OpcodeGroup` is not satisfied
[INFO] [stderr]    --> tests/fixtures/compile_fail.rs:123:17
[INFO] [stderr]     |
[INFO] [stderr] 123 |         group = InvalidOpcodeGroup::A,
[INFO] [stderr]     |                 ^^^^^^^^^^^^^^^^^^ unsatisfied trait bound
[INFO] [stderr]     |
[INFO] [stderr] help: the trait `OpcodeGroup` is not implemented for `InvalidOpcodeGroup`
[INFO] [stderr]    --> tests/fixtures/compile_fail.rs:114:1
[INFO] [stderr]     |
[INFO] [stderr] 114 | pub enum InvalidOpcodeGroup {
[INFO] [stderr]     | ^^^^^^^^^^^^^^^^^^^^^^^^^^^
[INFO] [stderr] help: the following other types implement trait `OpcodeGroup`
[INFO] [stderr]    --> tests/fixtures/compile_fail.rs:8:23
[INFO] [stderr]     |
[INFO] [stderr]   8 | #[derive(Clone, Copy, OpcodeGroup)]
[INFO] [stderr]     |                       ^^^^^^^^^^^ `Group`
[INFO] [stderr] ...
[INFO] [stderr]  95 | #[derive(Clone, Copy, OpcodeGroup)]
[INFO] [stderr]     |                       ^^^^^^^^^^^ `GroupWrongHandlerSignature`
[INFO] [stderr] note: required by a bound in `sbpf_common_tablegen::OpcodeTable::Group`
[INFO] [stderr]    --> $WORKSPACE/crates/common/macros/tablegen/src/lib.rs
[INFO] [stderr]     |
[INFO] [stderr]     |     type Group: OpcodeGroup;
[INFO] [stdout] test tests::compile_fail ... FAILED
[INFO] [stderr]     |                 ^^^^^^^^^^^ required by this bound in `OpcodeTable::Group`
[INFO] [stdout] 
[INFO] [stderr]     = note: this error originates in the derive macro `OpcodeGroup` (in Nightly builds, run with -Z macro-backtrace for more info)
[INFO] [stdout] failures:
[INFO] [stderr] 
[INFO] [stdout] 
[INFO] [stderr] error[E0308]: mismatched types
[INFO] [stdout] ---- tests::compile_fail stdout ----
[INFO] [stderr]    --> tests/fixtures/compile_fail.rs:105:18
[INFO] [stdout] 
[INFO] [stderr]     |
[INFO] [stdout] thread 'tests::compile_fail' (656) panicked at /opt/rustwide/cargo-home/registry/src/index.crates.io-1949cf8c6b5b557f/trybuild-1.0.120/src/run.rs:103:13:
[INFO] [stderr]  95 | #[derive(Clone, Copy, OpcodeGroup)]
[INFO] [stdout] 1 of 1 tests failed
[INFO] [stderr]     |                       ----------- expected `fn()` because of return type
[INFO] [stdout] stack backtrace:
[INFO] [stderr] ...
[INFO] [stdout]    0:     0x5d3eeb3d1f51 - <<std[70759c8f55707aa4]::sys::backtrace::BacktraceLock>::print::DisplayBacktrace as core[df12db4294e9bfd3]::fmt::Display>::fmt
[INFO] [stderr] 105 |         decode = bad_decode,
[INFO] [stdout]    1:     0x5d3eeb3e85da - core[df12db4294e9bfd3]::fmt::write
[INFO] [stderr]     |                  ^^^^^^^^^^ incorrect number of function parameters
[INFO] [stdout]    2:     0x5d3eeb3d6a1c - <alloc[2182bb758b4b3781]::vec::Vec<u8> as core[df12db4294e9bfd3]::io::write::Write>::write_fmt
[INFO] [stderr]     |
[INFO] [stdout]    3:     0x5d3eeb3ab436 - std[70759c8f55707aa4]::panicking::default_hook::{closure#0}
[INFO] [stderr]     = note: expected fn pointer `fn()`
[INFO] [stdout]    4:     0x5d3eeb3c95c9 - std[70759c8f55707aa4]::panicking::default_hook
[INFO] [stderr]                   found fn item `fn(i32) {bad_decode}`
[INFO] [stdout]    5:     0x5d3eeb3628a0 - test[9d35eded1c95d3be]::test_main_inner::<test[9d35eded1c95d3be]::test_main_static::{closure#0}>::{closure#0}
[INFO] [stderr] ┈┈┈┈┈┈┈┈┈┈┈┈┈┈┈┈┈┈┈┈┈┈┈┈┈┈┈┈┈┈┈┈┈┈┈┈┈┈┈┈┈┈┈┈┈┈┈┈┈┈┈┈┈┈┈┈┈┈┈┈
[INFO] [stdout]    6:     0x5d3eeb3c9782 - std[70759c8f55707aa4]::panicking::panic_with_hook
[INFO] [stderr] 
[INFO] [stdout]    7:     0x5d3eeb3ab4e2 - std[70759c8f55707aa4]::panicking::panic_handler::{closure#0}
[INFO] [stderr] ACTUAL OUTPUT:
[INFO] [stdout]    8:     0x5d3eeb3a3da9 - std[70759c8f55707aa4]::sys::backtrace::__rust_end_short_backtrace::<std[70759c8f55707aa4]::panicking::panic_handler::{closure#0}, !>
[INFO] [stderr] ┈┈┈┈┈┈┈┈┈┈┈┈┈┈┈┈┈┈┈┈┈┈┈┈┈┈┈┈┈┈┈┈┈┈┈┈┈┈┈┈┈┈┈┈┈┈┈┈┈┈┈┈┈┈┈┈┈┈┈┈
[INFO] [stdout]    9:     0x5d3eeb3ac0dd - __rustc[8fa7c3cbc660c2b3]::rust_begin_unwind
[INFO] [stderr] error: OpcodeTable requires at least one opcode variant
[INFO] [stdout]   10:     0x5d3eeb3e8d4c - core[df12db4294e9bfd3]::panicking::panic_fmt
[INFO] [stderr]   --> tests/fixtures/compile_fail.rs:27:10
[INFO] [stdout]   11:     0x5d3eeb2b70d8 - <trybuild[88d5e4eac465e2ed]::Runner>::run
[INFO] [stderr]    |
[INFO] [stdout]   12:     0x5d3eeb2ba4c0 - <trybuild[88d5e4eac465e2ed]::TestCases as core[df12db4294e9bfd3]::ops::drop::Drop>::drop
[INFO] [stderr] 27 | pub enum OpcodeEmpty {}
[INFO] [stdout]   13:     0x5d3eeb2b0ac8 - compile[9f10829e9f1a33df]::tests::compile_fail
[INFO] [stderr]    |          ^^^^^^^^^^^
[INFO] [stdout]   14:     0x5d3eeb2b0b99 - <compile[9f10829e9f1a33df]::tests::compile_fail::{closure#0} as core[df12db4294e9bfd3]::ops::function::FnOnce<()>>::call_once
[INFO] [stderr] 
[INFO] [stdout]   15:     0x5d3eeb355b8b - test[9d35eded1c95d3be]::__rust_begin_short_backtrace::<core[df12db4294e9bfd3]::result::Result<(), alloc[2182bb758b4b3781]::string::String>, fn() -> core[df12db4294e9bfd3]::result::Result<(), alloc[2182bb758b4b3781]::string::String>>
[INFO] [stderr] error: OpcodeGroup requires at least one group variant
[INFO] [stdout]   16:     0x5d3eeb3631f5 - test[9d35eded1c95d3be]::run_test::{closure#0}
[INFO] [stderr]   --> tests/fixtures/compile_fail.rs:36:10
[INFO] [stdout]   17:     0x5d3eeb35cab4 - std[70759c8f55707aa4]::sys::backtrace::__rust_begin_short_backtrace::<test[9d35eded1c95d3be]::run_test::{closure#1}, ()>
[INFO] [stderr]    |
[INFO] [stdout]   18:     0x5d3eeb366352 - <std[70759c8f55707aa4]::thread::lifecycle::spawn_unchecked<test[9d35eded1c95d3be]::run_test::{closure#1}, ()>::{closure#1} as core[df12db4294e9bfd3]::ops::function::FnOnce<()>>::call_once::{shim:vtable#0}
[INFO] [stderr] 36 | pub enum GroupEmpty {}
[INFO] [stdout]   19:     0x5d3eeb3d1209 - <std[70759c8f55707aa4]::sys::thread::unix::Thread>::new::thread_start
[INFO] [stderr]    |          ^^^^^^^^^^
[INFO] [stdout]   20:     0x75606c3f2dfa - <unknown>
[INFO] [stderr] 
[INFO] [stdout]   21:     0x75606c4863d4 - clone
[INFO] [stderr] error: missing required field `doc`
[INFO] [stdout]   22:                0x0 - <unknown>
[INFO] [stderr]   --> tests/fixtures/compile_fail.rs:42:5
[INFO] [stdout] 
[INFO] [stderr]    |
[INFO] [stdout] 
[INFO] [stderr] 42 |     X,
[INFO] [stdout] failures:
[INFO] [stderr]    |     ^
[INFO] [stdout]     tests::compile_fail
[INFO] [stderr] 
[INFO] [stdout] 
[INFO] [stderr] error: `mnemonic` specified more than once
[INFO] [stdout] test result: FAILED. 0 passed; 1 failed; 0 ignored; 0 measured; 0 filtered out; finished in 12.71s
[INFO] [stderr]   --> tests/fixtures/compile_fail.rs:50:9
[INFO] [stdout] 
[INFO] [stderr]    |
[INFO] [stderr] 50 |         mnemonic = "y",
[INFO] [stderr]    |         ^^^^^^^^
[INFO] [stderr] 
[INFO] [stderr] error: duplicate code found for opcodes `A` and `B`: 0x01
[INFO] [stderr]   --> tests/fixtures/compile_fail.rs:64:5
[INFO] [stderr]    |
[INFO] [stderr] 64 |     B,
[INFO] [stderr]    |     ^
[INFO] [stderr] 
[INFO] [stderr] error: OpcodeGroup requires #[handlers(...)]
[INFO] [stderr]   --> tests/fixtures/compile_fail.rs:69:10
[INFO] [stderr]    |
[INFO] [stderr] 69 | pub enum GroupMissingHandlers {
[INFO] [stderr]    |          ^^^^^^^^^^^^^^^^^^^^
[INFO] [stderr] 
[INFO] [stderr] error: missing required field `decode`
[INFO] [stderr]   --> tests/fixtures/compile_fail.rs:89:5
[INFO] [stderr]    |
[INFO] [stderr] 89 |     A,
[INFO] [stderr]    |     ^
[INFO] [stderr] 
[INFO] [stderr] error[E0277]: the trait bound `InvalidOpcodeGroup: OpcodeGroup` is not satisfied
[INFO] [stderr]    --> tests/fixtures/compile_fail.rs:123:17
[INFO] [stderr]     |
[INFO] [stderr] 123 |         group = InvalidOpcodeGroup::A,
[INFO] [stderr]     |                 ^^^^^^^^^^^^^^^^^^ unsatisfied trait bound
[INFO] [stderr]     |
[INFO] [stderr] help: the trait `OpcodeGroup` is not implemented for `InvalidOpcodeGroup`
[INFO] [stderr]    --> tests/fixtures/compile_fail.rs:114:1
[INFO] [stderr]     |
[INFO] [stderr] 114 | pub enum InvalidOpcodeGroup {
[INFO] [stderr]     | ^^^^^^^^^^^^^^^^^^^^^^^^^^^
[INFO] [stderr] help: the following other types implement trait `OpcodeGroup`
[INFO] [stderr]    --> tests/fixtures/compile_fail.rs:8:23
[INFO] [stderr]     |
[INFO] [stderr]   8 | #[derive(Clone, Copy, OpcodeGroup)]
[INFO] [stderr]     |                       ^^^^^^^^^^^ `Group`
[INFO] [stderr] ...
[INFO] [stderr]  95 | #[derive(Clone, Copy, OpcodeGroup)]
[INFO] [stderr]     |                       ^^^^^^^^^^^ `GroupWrongHandlerSignature`
[INFO] [stderr] note: required by a bound in `sbpf_common_tablegen::OpcodeTable::Group`
[INFO] [stderr]    --> $CARGO/sbpf-common-tablegen-$VERSION/src/lib.rs
[INFO] [stderr]     |
[INFO] [stderr]     |     type Group: OpcodeGroup;
[INFO] [stderr]     |                 ^^^^^^^^^^^ required by this bound in `OpcodeTable::Group`
[INFO] [stderr]     = note: this error originates in the derive macro `OpcodeGroup` (in Nightly builds, run with -Z macro-backtrace for more info)
[INFO] [stderr] 
[INFO] [stderr] error[E0308]: mismatched types
[INFO] [stderr]    --> tests/fixtures/compile_fail.rs:105:18
[INFO] [stderr]     |
[INFO] [stderr]  95 | #[derive(Clone, Copy, OpcodeGroup)]
[INFO] [stderr]     |                       ----------- expected `fn()` because of return type
[INFO] [stderr] ...
[INFO] [stderr] 105 |         decode = bad_decode,
[INFO] [stderr]     |                  ^^^^^^^^^^ incorrect number of function parameters
[INFO] [stderr]     |
[INFO] [stderr]     = note: expected fn pointer `fn()`
[INFO] [stderr]                   found fn item `fn(i32) {bad_decode}`
[INFO] [stderr] ┈┈┈┈┈┈┈┈┈┈┈┈┈┈┈┈┈┈┈┈┈┈┈┈┈┈┈┈┈┈┈┈┈┈┈┈┈┈┈┈┈┈┈┈┈┈┈┈┈┈┈┈┈┈┈┈┈┈┈┈
[INFO] [stderr] note: If the actual output is the correct output you can bless it by rerunning
[INFO] [stderr]       your test with the environment variable TRYBUILD=overwrite
[INFO] [stderr] 
[INFO] [stderr] 
[INFO] [stderr] 
[INFO] [stderr] error: test failed, to rerun pass `--test compile`
[INFO] running `Command { std: "docker" "inspect" "5453050513dff32cf79e352d5b5aa8592bc7a8fde7ff0f162195116ed47d35ad", kill_on_drop: false }`
[INFO] running `Command { std: "docker" "rm" "-f" "5453050513dff32cf79e352d5b5aa8592bc7a8fde7ff0f162195116ed47d35ad", kill_on_drop: false }`
[INFO] [stdout] 5453050513dff32cf79e352d5b5aa8592bc7a8fde7ff0f162195116ed47d35ad
