[INFO] fetching crate sbom-model-spdx 0.9.1...
[INFO] testing sbom-model-spdx-0.9.1 against 1.99.0-beta.8+cargoflags=--release for beta-release-1.100-2
[INFO] extracting crate sbom-model-spdx 0.9.1 into /workspace/builds/worker-6-tc1/source
[INFO] started tweaking crates.io crate sbom-model-spdx 0.9.1
[INFO] finished tweaking crates.io crate sbom-model-spdx 0.9.1
[INFO] tweaked toml for crates.io crate sbom-model-spdx 0.9.1 written to /workspace/builds/worker-6-tc1/source/Cargo.toml
[INFO] validating manifest of crates.io crate sbom-model-spdx 0.9.1 on toolchain 1.99.0-beta.8
[INFO] running `Command { std: CARGO_HOME="/workspace/cargo-home" RUSTUP_HOME="/workspace/rustup-home" "/workspace/cargo-home/bin/cargo" "+1.99.0-beta.8" "metadata" "--manifest-path" "Cargo.toml" "--no-deps", kill_on_drop: false }`
[INFO] crate crates.io crate sbom-model-spdx 0.9.1 already has a lockfile, it will not be regenerated
[INFO] running `Command { std: CARGO_HOME="/workspace/cargo-home" RUSTUP_HOME="/workspace/rustup-home" "/workspace/cargo-home/bin/cargo" "+1.99.0-beta.8" "fetch" "--manifest-path" "Cargo.toml", kill_on_drop: false }`
[INFO] [stderr]     Updating crates.io index
[INFO] [stderr]  Downloading crates ...
[INFO] [stderr]   Downloaded xml-rs v1.0.0
[INFO] [stderr]   Downloaded wasm-bindgen-shared v0.2.127
[INFO] [stderr]   Downloaded wasm-bindgen v0.2.127
[INFO] [stderr]   Downloaded spdx-rs v0.5.5
[INFO] [stderr]   Downloaded uuid v1.24.0
[INFO] [stderr]   Downloaded strum v0.24.1
[INFO] [stderr]   Downloaded hybrid-array v0.4.14
[INFO] [stderr]   Downloaded wasm-bindgen-macro v0.2.127
[INFO] [stderr]   Downloaded spdx-expression v0.5.2
[INFO] [stderr]   Downloaded find-msvc-tools v0.1.10
[INFO] [stderr]   Downloaded strum_macros v0.24.3
[INFO] [stderr]   Downloaded sbom-model v0.9.1
[INFO] [stderr]   Downloaded packageurl v0.7.1
[INFO] [stderr]   Downloaded log v0.4.33
[INFO] [stderr]   Downloaded wasm-bindgen-macro-support v0.2.127
[INFO] [stderr]   Downloaded cc v1.4.2
[INFO] [stderr]   Downloaded js-sys v0.3.104
[INFO] [stderr]   Downloaded spdx v0.13.6
[INFO] running `Command { std: "docker" "create" "-v" "/var/lib/crater-agent-workspace/builds/worker-6-tc1/source:/opt/rustwide/workdir:ro,Z" "-v" "/var/lib/crater-agent-workspace/builds/worker-6-tc1/target:/opt/rustwide/target:rw,Z" "-v" "/var/lib/crater-agent-workspace/cargo-home:/opt/rustwide/cargo-home:ro,Z" "-v" "/var/lib/crater-agent-workspace/rustup-home:/opt/rustwide/rustup-home:ro,Z" "-m" "1610612736" "--network" "none" "ghcr.io/rust-lang/crates-build-env/linux@sha256:77db811e55d90add9212f6832c23229e3de5f1c1f9905e8cb07319ea15df73ac" "sleep" "infinity", kill_on_drop: false }`
[INFO] [stdout] aea9a6e48c6748d75402efb52b500323bb416e0307c5c9e909b204f180f22c32
[INFO] running `Command { std: "docker" "start" "aea9a6e48c6748d75402efb52b500323bb416e0307c5c9e909b204f180f22c32", kill_on_drop: false }`
[INFO] running `Command { std: "docker" "inspect" "aea9a6e48c6748d75402efb52b500323bb416e0307c5c9e909b204f180f22c32", kill_on_drop: false }`
[INFO] running `Command { std: "docker" "exec" "-e" "SOURCE_DIR=/opt/rustwide/workdir" "-e" "CARGO_HOME=/opt/rustwide/cargo-home" "-e" "RUSTUP_HOME=/opt/rustwide/rustup-home" "-e" "CARGO_TARGET_DIR=/opt/rustwide/target" "-w" "/opt/rustwide/workdir" "--user" "0:0" "aea9a6e48c6748d75402efb52b500323bb416e0307c5c9e909b204f180f22c32" "/opt/rustwide/cargo-home/bin/cargo" "+1.99.0-beta.8" "metadata" "--no-deps" "--format-version=1", kill_on_drop: false }`
[INFO] running `Command { std: "docker" "inspect" "aea9a6e48c6748d75402efb52b500323bb416e0307c5c9e909b204f180f22c32", kill_on_drop: false }`
[INFO] running `Command { std: "docker" "exec" "-e" "SOURCE_DIR=/opt/rustwide/workdir" "-e" "CARGO_HOME=/opt/rustwide/cargo-home" "-e" "RUSTUP_HOME=/opt/rustwide/rustup-home" "-e" "CARGO_TARGET_DIR=/opt/rustwide/target" "-e" "CARGO_INCREMENTAL=0" "-e" "RUST_BACKTRACE=full" "-e" "RUSTFLAGS=--cap-lints=warn" "-e" "RUSTDOCFLAGS=--cap-lints=warn" "-w" "/opt/rustwide/workdir" "--user" "0:0" "aea9a6e48c6748d75402efb52b500323bb416e0307c5c9e909b204f180f22c32" "/opt/rustwide/cargo-home/bin/cargo" "+1.99.0-beta.8" "build" "--frozen" "--message-format=json" "--release", kill_on_drop: false }`
[INFO] [stderr]    Compiling unicode-ident v1.0.24
[INFO] [stderr]    Compiling typenum v1.20.1
[INFO] [stderr]    Compiling cfg-if v1.0.4
[INFO] [stderr]    Compiling autocfg v1.5.1
[INFO] [stderr]    Compiling libc v0.2.189
[INFO] [stderr]    Compiling memchr v2.8.3
[INFO] [stderr]    Compiling thiserror v2.0.21
[INFO] [stderr]    Compiling getrandom v0.4.3
[INFO] [stderr]    Compiling syn v1.0.109
[INFO] [stderr]    Compiling const-oid v0.10.2
[INFO] [stderr]    Compiling minimal-lexical v0.2.1
[INFO] [stderr]    Compiling cpufeatures v0.3.0
[INFO] [stderr]    Compiling equivalent v1.0.2
[INFO] [stderr]    Compiling smallvec v1.15.2
[INFO] [stderr]    Compiling serde_json v1.0.151
[INFO] [stderr]    Compiling iana-time-zone v0.1.65
[INFO] [stderr]    Compiling proc-macro2 v1.0.107
[INFO] [stderr]    Compiling hex v0.4.3
[INFO] [stderr]    Compiling indexmap v2.14.2
[INFO] [stderr]    Compiling log v0.4.33
[INFO] [stderr]    Compiling strum v0.24.1
[INFO] [stderr]    Compiling xml v1.4.0
[INFO] [stderr]    Compiling semver v1.0.28
[INFO] [stderr]    Compiling spdx v0.13.6
[INFO] [stderr]    Compiling num-traits v0.2.19
[INFO] [stderr]    Compiling nom v7.1.3
[INFO] [stderr]    Compiling quote v1.0.47
[INFO] [stderr]    Compiling syn v3.0.3
[INFO] [stderr]    Compiling syn v2.0.119
[INFO] [stderr]    Compiling xml-rs v1.0.0
[INFO] [stderr]    Compiling hybrid-array v0.4.14
[INFO] [stderr]    Compiling uuid v1.24.0
[INFO] [stderr]    Compiling crypto-common v0.2.2
[INFO] [stderr]    Compiling block-buffer v0.12.1
[INFO] [stderr]    Compiling serde_derive v1.0.229
[INFO] [stderr]    Compiling thiserror-impl v2.0.21
[INFO] [stderr]    Compiling digest v0.11.3
[INFO] [stderr]    Compiling sha2 v0.11.0
[INFO] [stderr]    Compiling strum_macros v0.24.3
[INFO] [stderr]    Compiling packageurl v0.7.1
[INFO] [stderr]    Compiling tracing-attributes v0.1.31
[INFO] [stderr]    Compiling thiserror-impl v1.0.69
[INFO] [stderr]    Compiling serde v1.0.229
[INFO] [stderr]    Compiling thiserror v1.0.69
[INFO] [stderr]    Compiling tracing v0.1.44
[INFO] [stderr]    Compiling chrono v0.4.45
[INFO] [stderr]    Compiling sbom-model v0.9.1
[INFO] [stderr]    Compiling spdx-expression v0.5.2
[INFO] [stderr]    Compiling spdx-rs v0.5.5
[INFO] [stderr]    Compiling sbom-model-spdx v0.9.1 (/opt/rustwide/workdir)
[INFO] [stderr]     Finished `release` profile [optimized] target(s) in 43.03s
[INFO] running `Command { std: "docker" "inspect" "aea9a6e48c6748d75402efb52b500323bb416e0307c5c9e909b204f180f22c32", kill_on_drop: false }`
[INFO] running `Command { std: "docker" "exec" "-e" "SOURCE_DIR=/opt/rustwide/workdir" "-e" "CARGO_HOME=/opt/rustwide/cargo-home" "-e" "RUSTUP_HOME=/opt/rustwide/rustup-home" "-e" "CARGO_TARGET_DIR=/opt/rustwide/target" "-e" "CARGO_INCREMENTAL=0" "-e" "RUST_BACKTRACE=full" "-e" "RUSTFLAGS=--cap-lints=warn" "-e" "RUSTDOCFLAGS=--cap-lints=warn" "-w" "/opt/rustwide/workdir" "--user" "0:0" "aea9a6e48c6748d75402efb52b500323bb416e0307c5c9e909b204f180f22c32" "/opt/rustwide/cargo-home/bin/cargo" "+1.99.0-beta.8" "test" "--frozen" "--no-run" "--message-format=json" "--release", kill_on_drop: false }`
[INFO] [stderr]    Compiling sbom-model-spdx v0.9.1 (/opt/rustwide/workdir)
[INFO] [stderr]     Finished `release` profile [optimized] target(s) in 11.62s
[INFO] running `Command { std: "docker" "inspect" "aea9a6e48c6748d75402efb52b500323bb416e0307c5c9e909b204f180f22c32", kill_on_drop: false }`
[INFO] running `Command { std: "docker" "exec" "-e" "SOURCE_DIR=/opt/rustwide/workdir" "-e" "CARGO_HOME=/opt/rustwide/cargo-home" "-e" "RUSTUP_HOME=/opt/rustwide/rustup-home" "-e" "CARGO_TARGET_DIR=/opt/rustwide/target" "-e" "CARGO_INCREMENTAL=0" "-e" "RUST_BACKTRACE=full" "-e" "RUSTFLAGS=--cap-lints=warn" "-e" "RUSTDOCFLAGS=--cap-lints=warn" "-w" "/opt/rustwide/workdir" "--user" "0:0" "aea9a6e48c6748d75402efb52b500323bb416e0307c5c9e909b204f180f22c32" "/opt/rustwide/cargo-home/bin/cargo" "+1.99.0-beta.8" "test" "--frozen" "--release", kill_on_drop: false }`
[INFO] [stderr]     Finished `release` profile [optimized] target(s) in 0.12s
[INFO] [stderr]      Running unittests src/lib.rs (/opt/rustwide/target/release/deps/sbom_model_spdx-286b1cefa3c3a440)
[INFO] [stdout] 
[INFO] [stdout] running 130 tests
[INFO] [stdout] test tests::test_contains_and_describes_relationships ... ok
[INFO] [stdout] test tests::test_dangling_reference_beside_a_file_still_warns ... ok
[INFO] [stdout] test tests::test_description_parsed ... ok
[INFO] [stdout] test tests::test_declared_license_fallback ... ok
[INFO] [stdout] test tests::test_document_element_skipped_for_inverse_types ... ok
[INFO] [stdout] test tests::test_duplicate_hash_id_warns ... ok
[INFO] [stdout] test tests::test_dangling_relationship_warning_names_the_field_and_the_type ... ok
[INFO] [stdout] test tests::test_empty_packages_array ... ok
[INFO] [stdout] test tests::test_document_with_no_packages ... ok
[INFO] [stdout] test tests::test_inverse_and_forward_produce_same_graph ... ok
[INFO] [stdout] test tests::test_duplicate_entries_keep_every_entrys_relationships ... ok
[INFO] [stdout] test tests::test_edge_read_with_two_kinds_is_runtime_in_either_order ... ok
[INFO] [stdout] test tests::test_document_describes_no_false_positive_warning ... ok
[INFO] [stdout] test tests::test_hash_algorithm_canonical_names ... ok
[INFO] [stdout] test tests::test_empty_dependency_graph ... ok
[INFO] [stdout] test tests::test_all_scoped_dependency_kinds ... ok
[INFO] [stdout] test tests::test_duplicate_purl_warns ... ok
[INFO] [stdout] test tests::test_inverse_contained_by_relationship ... ok
[INFO] [stdout] test tests::test_ecosystem_extracted_from_purl ... ok
[INFO] [stdout] test tests::test_every_mirrored_tag_is_one_spdx_rs_can_read ... ok
[INFO] [stdout] test tests::test_noassertion_supplier_does_not_change_component_id ... ok
[INFO] [stdout] test tests::test_noassertion_as_spdx_element_id_warns ... ok
[INFO] [stdout] test tests::test_noassertion_supplier_filtered ... ok
[INFO] [stdout] test tests::test_mirrored_license_expression_tags_are_readable_tags ... ok
[INFO] [stdout] test tests::test_non_json_input_does_not_produce_serde_error ... ok
[INFO] [stdout] test tests::test_no_duplicate_warning_for_unique_packages ... ok
[INFO] [stdout] test tests::test_mirrored_tags_are_sorted_and_unique ... ok
[INFO] [stdout] test tests::test_noassertion_license_filtered ... ok
[INFO] [stdout] test tests::test_read_json_with_bom ... ok
[INFO] [stdout] test tests::test_package_without_version ... ok
[INFO] [stdout] test tests::test_license_expression_is_preserved ... ok
[INFO] [stdout] test tests::test_read_minimal_json ... ok
[INFO] [stdout] test tests::test_read_tag_value_closed_block_does_not_open_a_later_unterminated_one ... ok
[INFO] [stdout] test tests::test_read_complex_json ... ok
[INFO] [stdout] test tests::test_inverse_dependency_of_relationship ... ok
[INFO] [stdout] test tests::test_read_tag_value_version_in_document_comment_ignored ... ok
[INFO] [stdout] test tests::test_read_tag_value_version_3_rejected ... ok
[INFO] [stdout] test tests::test_read_tag_value_with_bom ... ok
[INFO] [stdout] test tests::test_read_tag_value_with_purl ... ok
[INFO] [stdout] test tests::test_read_tag_value_unterminated_text_block_keeps_creators ... ok
[INFO] [stdout] test tests::test_read_xml_dependency_edges_and_hashes ... ok
[INFO] [stdout] test tests::test_read_tag_value_version_only_inside_text_block_rejected ... ok
[INFO] [stdout] test tests::test_read_tag_value_text_mentioned_in_value_is_not_a_block ... ok
[INFO] [stdout] test tests::test_read_tag_value_version_below_unterminated_text_block_is_read ... ok
[INFO] [stdout] test tests::test_read_tag_value_with_checksums ... ok
[INFO] [stdout] test tests::test_read_tag_value_with_relationships ... ok
[INFO] [stdout] test tests::test_read_tag_value_with_supplier ... ok
[INFO] [stdout] test tests::test_read_xml_with_bom ... ok
[INFO] [stdout] test tests::test_read_xml_without_packages_matches_json ... ok
[INFO] [stdout] test tests::test_read_xml_missing_required_field_rejected ... ok
[INFO] [stdout] test tests::test_read_xml_multiple_packages_and_checksums_match_json ... ok
[INFO] [stdout] test tests::test_read_xml_single_package_extracts_purl_and_license ... ok
[INFO] [stdout] test tests::test_read_xml_spdxdocument_root_matches_document_root ... ok
[INFO] [stdout] test tests::test_relationship_between_duplicate_entries_is_not_a_self_loop ... ok
[INFO] [stdout] test tests::test_read_xml_escaped_entities_match_json ... ok
[INFO] [stdout] test tests::test_read_xml_fixture_matches_json_fixture ... FAILED
[INFO] [stdout] test tests::test_read_xml_inverse_relationship_matches_forward ... ok
[INFO] [stdout] test tests::test_read_xml_malformed_rejected ... ok
[INFO] [stdout] test tests::test_read_xml_non_spdx_root_rejected ... ok
[INFO] [stdout] test tests::test_read_xml_single_package_matches_json ... ok
[INFO] [stdout] test tests::test_read_xml_version_3_rejected ... ok
[INFO] [stdout] test tests::test_tag_lines_skips_text_blocks ... ok
[INFO] [stdout] test tests::test_relationship_with_an_undeclared_external_document_warns ... ok
[INFO] [stdout] test tests::test_relationship_with_a_file_is_skipped_without_a_warning ... ok
[INFO] [stdout] test tests::test_spdx_3_rejected_with_clear_error ... ok
[INFO] [stdout] test tests::test_relationship_with_a_snippet_is_skipped_without_a_warning ... ok
[INFO] [stdout] test tests::test_relationship_with_a_declared_external_document_is_skipped_without_a_warning ... ok
[INFO] [stdout] test tests::test_relationship_with_unknown_source_warned ... ok
[INFO] [stdout] test tests::test_supplier_parsed ... ok
[INFO] [stdout] test tests::test_scoped_dependency_of_types ... ok
[INFO] [stdout] test tests::test_spdx_22_accepted ... ok
[INFO] [stdout] test tests::test_relationship_with_two_dangling_ends_warns_about_both ... ok
[INFO] [stdout] test tests::test_relationship_with_unknown_spdxid_warned ... ok
[INFO] [stdout] test tests::test_spdx_unknown_future_version_rejected ... ok
[INFO] [stdout] test tests::test_relationship_to_none_or_noassertion_is_skipped_without_a_warning ... ok
[INFO] [stdout] test tests::test_tag_value_dropped_tag_takes_its_text_block_with_it ... ok
[INFO] [stdout] test tests::test_tag_value_empty_value_on_an_enum_tag_is_still_dropped_by_name ... ok
[INFO] [stdout] test tests::test_tag_value_external_ref_inside_text_block_does_not_warn ... ok
[INFO] [stdout] test tests::test_tag_value_file_type_with_trailing_space_does_not_panic ... ok
[INFO] [stdout] test tests::test_tag_value_flush_sentinel_warns_when_last_pkg_has_external_ref ... ok
[INFO] [stdout] test tests::test_tag_value_clean_document_drops_nothing ... ok
[INFO] [stdout] test tests::test_tag_value_creator_in_next_line_text_block_is_not_a_creator ... ok
[INFO] [stdout] test tests::test_tag_value_non_alphanumeric_tag_does_not_truncate ... ok
[INFO] [stdout] test tests::test_tag_value_creator_inside_text_block_is_not_a_creator ... ok
[INFO] [stdout] test tests::test_tag_value_package_name_inside_text_block_still_warns ... ok
[INFO] [stdout] test tests::test_tag_value_empty_license_expression_in_a_text_block_is_dropped_not_panicked ... ok
[INFO] [stdout] test tests::test_tag_value_empty_license_expression_is_dropped_not_panicked ... ok
[INFO] [stdout] test tests::test_tag_value_empty_text_block_on_a_tag_with_no_expression_is_kept ... ok
[INFO] [stdout] test tests::test_tag_value_phantom_creator_detection ... ok
[INFO] [stdout] test tests::test_tag_value_no_flush_sentinel_warning_without_external_ref ... ok
[INFO] [stdout] test tests::test_tag_value_license_expression_in_a_text_block_is_kept ... ok
[INFO] [stdout] test tests::test_tag_value_license_expression_that_parses_is_kept ... ok
[INFO] [stdout] test tests::test_tag_value_residual_truncation_is_an_error_not_a_partial_sbom ... ok
[INFO] [stdout] test tests::test_tag_value_several_unreadable_lines_are_all_disclosed ... ok
[INFO] [stdout] test tests::test_tag_value_text_block_does_not_mask_phantom_creator ... ok
[INFO] [stdout] test tests::test_tag_value_text_block_interior_is_never_a_tag_line ... ok
[INFO] [stdout] test tests::test_tag_value_unknown_external_document_ref_checksum_does_not_panic ... ok
[INFO] [stdout] test tests::test_tag_value_unknown_external_ref_category_does_not_panic ... ok
[INFO] [stdout] test tests::test_tag_value_unknown_file_type_does_not_panic ... ok
[INFO] [stdout] test tests::test_tag_value_value_on_its_own_line_survives ... ok
[INFO] [stdout] test tests::test_tag_value_line_without_a_tag_does_not_truncate ... ok
[INFO] [stdout] test tests::test_unknown_relationship_type_ignored ... ok
[INFO] [stdout] test xml::tests::test_a_text_only_root_is_rejected ... ok
[INFO] [stdout] test xml::tests::test_booleans_and_integers_are_typed ... ok
[INFO] [stdout] test tests::test_tag_value_valueless_line_does_not_truncate ... ok
[INFO] [stdout] test xml::tests::test_cdata_is_read_as_text ... ok
[INFO] [stdout] test tests::test_tag_value_unknown_tag_does_not_panic ... ok
[INFO] [stdout] test xml::tests::test_nested_objects_are_preserved ... ok
[INFO] [stdout] test tests::test_tag_value_truncation_below_the_last_package_is_an_error ... ok
[INFO] [stdout] test xml::tests::test_non_boolean_text_in_a_boolean_field_stays_a_string ... ok
[INFO] [stdout] test tests::test_tag_value_unknown_annotation_type_does_not_panic ... ok
[INFO] [stdout] test tests::test_tag_value_unknown_checksum_algorithm_does_not_panic ... ok
[INFO] [stdout] test tests::test_tag_value_unknown_relationship_type_does_not_panic ... ok
[INFO] [stdout] test tests::test_tool_and_organization_creator_strings ... ok
[INFO] [stdout] test xml::tests::test_entities_are_decoded ... ok
[INFO] [stdout] test xml::tests::test_empty_array_elements_are_dropped ... ok
[INFO] [stdout] test xml::tests::test_malformed_xml_is_rejected ... ok
[INFO] [stdout] test xml::tests::test_namespace_prefixes_are_ignored ... ok
[INFO] [stdout] test xml::tests::test_truncated_xml_is_rejected ... ok
[INFO] [stdout] test xml::tests::test_other_roots_are_rejected ... ok
[INFO] [stdout] test xml::tests::test_repeated_non_array_siblings_are_promoted_rather_than_dropped ... ok
[INFO] [stdout] test xml::tests::test_indentation_whitespace_is_not_captured ... ok
[INFO] [stdout] test xml::tests::test_repeated_occurrences_of_an_array_field_stay_in_order ... ok
[INFO] [stdout] test xml::tests::test_scalar_fields_stay_scalar ... ok
[INFO] [stdout] test xml::tests::test_single_occurrence_of_an_array_field_becomes_an_array ... ok
[INFO] [stdout] test xml::tests::test_spdxdocument_root_is_accepted ... ok
[INFO] [stdout] test tests::test_read_tag_value_minimal ... ok
[INFO] [stdout] test tests::test_read_tag_value_text_mention_keeps_creators ... ok
[INFO] [stdout] test tests::test_tag_value_checksum_without_an_algorithm_does_not_truncate ... ok
[INFO] [stdout] test tests::test_tag_value_license_expression_below_its_tag_is_not_the_empty_one ... ok
[INFO] [stdout] 
[INFO] [stdout] failures:
[INFO] [stdout] 
[INFO] [stdout] ---- tests::test_read_xml_fixture_matches_json_fixture stdout ----
[INFO] [stdout] 
[INFO] [stdout] thread 'tests::test_read_xml_fixture_matches_json_fixture' (1177) panicked at src/lib.rs:4031:70:
[INFO] [stdout] called `Result::unwrap()` on an `Err` value: Os { code: 2, kind: NotFound, message: "No such file or directory" }
[INFO] [stdout] stack backtrace:
[INFO] [stdout]    0:     0x5eb50c84f761 - <<std[70759c8f55707aa4]::sys::backtrace::BacktraceLock>::print::DisplayBacktrace as core[df12db4294e9bfd3]::fmt::Display>::fmt
[INFO] [stdout]    1:     0x5eb50c865f0a - core[df12db4294e9bfd3]::fmt::write
[INFO] [stdout]    2:     0x5eb50c853cac - <alloc[2182bb758b4b3781]::vec::Vec<u8> as core[df12db4294e9bfd3]::io::write::Write>::write_fmt
[INFO] [stdout]    3:     0x5eb50c82ba36 - std[70759c8f55707aa4]::panicking::default_hook::{closure#0}
[INFO] [stdout]    4:     0x5eb50c847ba9 - std[70759c8f55707aa4]::panicking::default_hook
[INFO] [stdout]    5:     0x5eb50c780450 - test[9d35eded1c95d3be]::test_main_inner::<test[9d35eded1c95d3be]::test_main_static::{closure#0}>::{closure#0}
[INFO] [stdout]    6:     0x5eb50c847d62 - std[70759c8f55707aa4]::panicking::panic_with_hook
[INFO] [stdout]    7:     0x5eb50c82bae2 - std[70759c8f55707aa4]::panicking::panic_handler::{closure#0}
[INFO] [stdout]    8:     0x5eb50c8246a9 - std[70759c8f55707aa4]::sys::backtrace::__rust_end_short_backtrace::<std[70759c8f55707aa4]::panicking::panic_handler::{closure#0}, !>
[INFO] [stdout]    9:     0x5eb50c82c6dd - __rustc[8fa7c3cbc660c2b3]::rust_begin_unwind
[INFO] [stdout]   10:     0x5eb50c86663c - core[df12db4294e9bfd3]::panicking::panic_fmt
[INFO] [stdout]   11:     0x5eb50c866412 - core[df12db4294e9bfd3]::result::unwrap_failed
[INFO] [stdout]   12:     0x5eb50c6dcff2 - sbom_model_spdx[ea052d9ddfd62007]::tests::test_read_xml_fixture_matches_json_fixture
[INFO] [stdout]   13:     0x5eb50c71dfd9 - <sbom_model_spdx[ea052d9ddfd62007]::tests::test_read_xml_fixture_matches_json_fixture::{closure#0} as core[df12db4294e9bfd3]::ops::function::FnOnce<()>>::call_once
[INFO] [stdout]   14:     0x5eb50c77373b - test[9d35eded1c95d3be]::__rust_begin_short_backtrace::<core[df12db4294e9bfd3]::result::Result<(), alloc[2182bb758b4b3781]::string::String>, fn() -> core[df12db4294e9bfd3]::result::Result<(), alloc[2182bb758b4b3781]::string::String>>
[INFO] [stdout]   15:     0x5eb50c780da5 - test[9d35eded1c95d3be]::run_test::{closure#0}
[INFO] [stdout]   16:     0x5eb50c77a664 - std[70759c8f55707aa4]::sys::backtrace::__rust_begin_short_backtrace::<test[9d35eded1c95d3be]::run_test::{closure#1}, ()>
[INFO] [stdout]   17:     0x5eb50c783f02 - <std[70759c8f55707aa4]::thread::lifecycle::spawn_unchecked<test[9d35eded1c95d3be]::run_test::{closure#1}, ()>::{closure#1} as core[df12db4294e9bfd3]::ops::function::FnOnce<()>>::call_once::{shim:vtable#0}
[INFO] [stdout]   18:     0x5eb50c84ed19 - <std[70759c8f55707aa4]::sys::thread::unix::Thread>::new::thread_start
[INFO] [stdout]   19:     0x7cc7564dadfa - <unknown>
[INFO] [stdout]   20:     0x7cc75656e3d4 - clone
[INFO] [stdout]   21:                0x0 - <unknown>
[INFO] [stdout] 
[INFO] [stdout] 
[INFO] [stdout] failures:
[INFO] [stdout]     tests::test_read_xml_fixture_matches_json_fixture
[INFO] [stdout] 
[INFO] [stdout] test result: FAILED. 129 passed; 1 failed; 0 ignored; 0 measured; 0 filtered out; finished in 0.11s
[INFO] [stdout] 
[INFO] [stderr] error: test failed, to rerun pass `--lib`
[INFO] running `Command { std: "docker" "inspect" "aea9a6e48c6748d75402efb52b500323bb416e0307c5c9e909b204f180f22c32", kill_on_drop: false }`
[INFO] running `Command { std: "docker" "rm" "-f" "aea9a6e48c6748d75402efb52b500323bb416e0307c5c9e909b204f180f22c32", kill_on_drop: false }`
[INFO] [stdout] aea9a6e48c6748d75402efb52b500323bb416e0307c5c9e909b204f180f22c32
