[INFO] fetching crate sbom-model-cyclonedx 0.9.1...
[INFO] testing sbom-model-cyclonedx-0.9.1 against 1.100.0-beta.1+cargoflags=--release for beta-release-1.100-2
[INFO] extracting crate sbom-model-cyclonedx 0.9.1 into /workspace/builds/worker-4-tc2/source
[INFO] started tweaking crates.io crate sbom-model-cyclonedx 0.9.1
[INFO] removed 0 missing tests
[INFO] finished tweaking crates.io crate sbom-model-cyclonedx 0.9.1
[INFO] tweaked toml for crates.io crate sbom-model-cyclonedx 0.9.1 written to /workspace/builds/worker-4-tc2/source/Cargo.toml
[INFO] validating manifest of crates.io crate sbom-model-cyclonedx 0.9.1 on toolchain 1.100.0-beta.1
[INFO] running `Command { std: CARGO_HOME="/workspace/cargo-home" RUSTUP_HOME="/workspace/rustup-home" "/workspace/cargo-home/bin/cargo" "+1.100.0-beta.1" "metadata" "--manifest-path" "Cargo.toml" "--no-deps", kill_on_drop: false }`
[INFO] crate crates.io crate sbom-model-cyclonedx 0.9.1 already has a lockfile, it will not be regenerated
[INFO] running `Command { std: CARGO_HOME="/workspace/cargo-home" RUSTUP_HOME="/workspace/rustup-home" "/workspace/cargo-home/bin/cargo" "+1.100.0-beta.1" "fetch" "--manifest-path" "Cargo.toml", kill_on_drop: false }`
[INFO] [stderr] warning: `package.homepage` is redundant with `package.repository`
[INFO] [stderr]   --> Cargo.toml:37:12
[INFO] [stderr]    |
[INFO] [stderr] 37 | homepage = "https://github.com/cyberwitchery/sbom-diff"
[INFO] [stderr]    |            ^^^^^^^^^^^^^^^^^^^^^^^^^^^^^^^^^^^^^^^^^^^^
[INFO] [stderr] ...
[INFO] [stderr] 41 | repository = "https://github.com/cyberwitchery/sbom-diff"
[INFO] [stderr]    |              --------------------------------------------
[INFO] [stderr]    |
[INFO] [stderr]    = note: `cargo::redundant_homepage` is set to `warn` by default
[INFO] [stderr] help: consider removing `package.homepage`
[INFO] [stderr] warning: `sbom-model-cyclonedx` (manifest) generated 1 warning
[INFO] running `Command { std: "docker" "create" "-v" "/var/lib/crater-agent-workspace/builds/worker-4-tc2/source:/opt/rustwide/workdir:ro,Z" "-v" "/var/lib/crater-agent-workspace/builds/worker-4-tc2/target:/opt/rustwide/target:rw,Z" "-v" "/var/lib/crater-agent-workspace/cargo-home:/opt/rustwide/cargo-home:ro,Z" "-v" "/var/lib/crater-agent-workspace/rustup-home:/opt/rustwide/rustup-home:ro,Z" "-m" "1610612736" "--network" "none" "ghcr.io/rust-lang/crates-build-env/linux@sha256:77db811e55d90add9212f6832c23229e3de5f1c1f9905e8cb07319ea15df73ac" "sleep" "infinity", kill_on_drop: false }`
[INFO] [stdout] dfc8a8eeb9563bbd7a1d07570f7bf15ec32eee916c19c954284e996900f0c1be
[INFO] running `Command { std: "docker" "start" "dfc8a8eeb9563bbd7a1d07570f7bf15ec32eee916c19c954284e996900f0c1be", kill_on_drop: false }`
[INFO] running `Command { std: "docker" "inspect" "dfc8a8eeb9563bbd7a1d07570f7bf15ec32eee916c19c954284e996900f0c1be", kill_on_drop: false }`
[INFO] running `Command { std: "docker" "exec" "-e" "SOURCE_DIR=/opt/rustwide/workdir" "-e" "CARGO_HOME=/opt/rustwide/cargo-home" "-e" "RUSTUP_HOME=/opt/rustwide/rustup-home" "-e" "CARGO_TARGET_DIR=/opt/rustwide/target" "-w" "/opt/rustwide/workdir" "--user" "0:0" "dfc8a8eeb9563bbd7a1d07570f7bf15ec32eee916c19c954284e996900f0c1be" "/opt/rustwide/cargo-home/bin/cargo" "+1.100.0-beta.1" "metadata" "--no-deps" "--format-version=1", kill_on_drop: false }`
[INFO] running `Command { std: "docker" "inspect" "dfc8a8eeb9563bbd7a1d07570f7bf15ec32eee916c19c954284e996900f0c1be", kill_on_drop: false }`
[INFO] running `Command { std: "docker" "exec" "-e" "SOURCE_DIR=/opt/rustwide/workdir" "-e" "CARGO_HOME=/opt/rustwide/cargo-home" "-e" "RUSTUP_HOME=/opt/rustwide/rustup-home" "-e" "CARGO_TARGET_DIR=/opt/rustwide/target" "-e" "CARGO_INCREMENTAL=0" "-e" "RUST_BACKTRACE=full" "-e" "RUSTFLAGS=--cap-lints=warn" "-e" "RUSTDOCFLAGS=--cap-lints=warn" "-w" "/opt/rustwide/workdir" "--user" "0:0" "dfc8a8eeb9563bbd7a1d07570f7bf15ec32eee916c19c954284e996900f0c1be" "/opt/rustwide/cargo-home/bin/cargo" "+1.100.0-beta.1" "build" "--frozen" "--message-format=json" "--release", kill_on_drop: false }`
[INFO] [stderr] warning: `package.homepage` is redundant with `package.repository`
[INFO] [stderr]   --> Cargo.toml:37:12
[INFO] [stderr]    |
[INFO] [stderr] 37 | homepage = "https://github.com/cyberwitchery/sbom-diff"
[INFO] [stderr]    |            ^^^^^^^^^^^^^^^^^^^^^^^^^^^^^^^^^^^^^^^^^^^^
[INFO] [stderr] ...
[INFO] [stderr] 41 | repository = "https://github.com/cyberwitchery/sbom-diff"
[INFO] [stderr]    |              --------------------------------------------
[INFO] [stderr]    |
[INFO] [stderr]    = note: `cargo::redundant_homepage` is set to `warn` by default
[INFO] [stderr] help: consider removing `package.homepage`
[INFO] [stderr] warning: `sbom-model-cyclonedx` (manifest) generated 1 warning
[INFO] [stderr]    Compiling libc v0.2.189
[INFO] [stderr]    Compiling ref-cast v1.0.26
[INFO] [stderr]    Compiling getrandom v0.4.3
[INFO] [stderr]    Compiling serde_json v1.0.151
[INFO] [stderr]    Compiling spdx v0.13.6
[INFO] [stderr]    Compiling syn v2.0.119
[INFO] [stderr]    Compiling digest v0.11.3
[INFO] [stderr]    Compiling indexmap v2.14.2
[INFO] [stderr]    Compiling borrow-or-share v0.2.4
[INFO] [stderr]    Compiling thiserror-impl v2.0.21
[INFO] [stderr]    Compiling ref-cast-impl v1.0.26
[INFO] [stderr]    Compiling ordered-float v5.3.0
[INFO] [stderr]    Compiling time v0.3.55
[INFO] [stderr]    Compiling semver v1.0.28
[INFO] [stderr]    Compiling xml v1.4.0
[INFO] [stderr]    Compiling sha2 v0.11.0
[INFO] [stderr]    Compiling fluent-uri v0.4.1
[INFO] [stderr]    Compiling thiserror v2.0.21
[INFO] [stderr]    Compiling packageurl v0.7.1
[INFO] [stderr]    Compiling purl v0.1.6
[INFO] [stderr]    Compiling xml-rs v1.0.0
[INFO] [stderr]    Compiling sbom-model v0.9.1
[INFO] [stderr]    Compiling uuid v1.24.0
[INFO] [stderr]    Compiling strum_macros v0.28.0
[INFO] [stderr]    Compiling cyclonedx-bom-macros v0.1.0
[INFO] [stderr]    Compiling strum v0.28.0
[INFO] [stderr]    Compiling cyclonedx-bom v0.8.1
[INFO] [stderr]    Compiling sbom-model-cyclonedx v0.9.1 (/opt/rustwide/workdir)
[INFO] [stderr]     Finished `release` profile [optimized] target(s) in 1m 32s
[INFO] running `Command { std: "docker" "inspect" "dfc8a8eeb9563bbd7a1d07570f7bf15ec32eee916c19c954284e996900f0c1be", kill_on_drop: false }`
[INFO] running `Command { std: "docker" "exec" "-e" "SOURCE_DIR=/opt/rustwide/workdir" "-e" "CARGO_HOME=/opt/rustwide/cargo-home" "-e" "RUSTUP_HOME=/opt/rustwide/rustup-home" "-e" "CARGO_TARGET_DIR=/opt/rustwide/target" "-e" "CARGO_INCREMENTAL=0" "-e" "RUST_BACKTRACE=full" "-e" "RUSTFLAGS=--cap-lints=warn" "-e" "RUSTDOCFLAGS=--cap-lints=warn" "-w" "/opt/rustwide/workdir" "--user" "0:0" "dfc8a8eeb9563bbd7a1d07570f7bf15ec32eee916c19c954284e996900f0c1be" "/opt/rustwide/cargo-home/bin/cargo" "+1.100.0-beta.1" "test" "--frozen" "--no-run" "--message-format=json" "--release", kill_on_drop: false }`
[INFO] [stderr] warning: `package.homepage` is redundant with `package.repository`
[INFO] [stderr]   --> Cargo.toml:37:12
[INFO] [stderr]    |
[INFO] [stderr] 37 | homepage = "https://github.com/cyberwitchery/sbom-diff"
[INFO] [stderr]    |            ^^^^^^^^^^^^^^^^^^^^^^^^^^^^^^^^^^^^^^^^^^^^
[INFO] [stderr] ...
[INFO] [stderr] 41 | repository = "https://github.com/cyberwitchery/sbom-diff"
[INFO] [stderr]    |              --------------------------------------------
[INFO] [stderr]    |
[INFO] [stderr]    = note: `cargo::redundant_homepage` is set to `warn` by default
[INFO] [stderr] help: consider removing `package.homepage`
[INFO] [stderr] warning: `sbom-model-cyclonedx` (manifest) generated 1 warning
[INFO] [stderr]    Compiling sbom-model-cyclonedx v0.9.1 (/opt/rustwide/workdir)
[INFO] [stderr]     Finished `release` profile [optimized] target(s) in 19.74s
[INFO] running `Command { std: "docker" "inspect" "dfc8a8eeb9563bbd7a1d07570f7bf15ec32eee916c19c954284e996900f0c1be", kill_on_drop: false }`
[INFO] running `Command { std: "docker" "exec" "-e" "SOURCE_DIR=/opt/rustwide/workdir" "-e" "CARGO_HOME=/opt/rustwide/cargo-home" "-e" "RUSTUP_HOME=/opt/rustwide/rustup-home" "-e" "CARGO_TARGET_DIR=/opt/rustwide/target" "-e" "CARGO_INCREMENTAL=0" "-e" "RUST_BACKTRACE=full" "-e" "RUSTFLAGS=--cap-lints=warn" "-e" "RUSTDOCFLAGS=--cap-lints=warn" "-w" "/opt/rustwide/workdir" "--user" "0:0" "dfc8a8eeb9563bbd7a1d07570f7bf15ec32eee916c19c954284e996900f0c1be" "/opt/rustwide/cargo-home/bin/cargo" "+1.100.0-beta.1" "test" "--frozen" "--release", kill_on_drop: false }`
[INFO] [stderr] warning: `package.homepage` is redundant with `package.repository`
[INFO] [stderr]   --> Cargo.toml:37:12
[INFO] [stderr]    |
[INFO] [stderr] 37 | homepage = "https://github.com/cyberwitchery/sbom-diff"
[INFO] [stderr]    |            ^^^^^^^^^^^^^^^^^^^^^^^^^^^^^^^^^^^^^^^^^^^^
[INFO] [stderr] ...
[INFO] [stderr] 41 | repository = "https://github.com/cyberwitchery/sbom-diff"
[INFO] [stderr]    |              --------------------------------------------
[INFO] [stderr]    |
[INFO] [stderr]    = note: `cargo::redundant_homepage` is set to `warn` by default
[INFO] [stderr] help: consider removing `package.homepage`
[INFO] [stderr] warning: `sbom-model-cyclonedx` (manifest) generated 1 warning
[INFO] [stderr]     Finished `release` profile [optimized] target(s) in 0.10s
[INFO] [stderr]      Running unittests src/lib.rs (/opt/rustwide/target/release/build/sbom-model-cyclonedx/d39736b1114788de/out/sbom_model_cyclonedx-d39736b1114788de)
[INFO] [stdout] 
[INFO] [stdout] running 50 tests
[INFO] [stdout] test tests::test_cyclonedx_16_json_read_with_a_warning ... ok
[INFO] [stdout] test tests::test_cyclonedx_20_xml_rejected ... ok
[INFO] [stdout] test tests::test_cyclonedx_xml_no_namespace_falls_through ... ok
[INFO] [stdout] test tests::test_cyclonedx_16_xml_read_with_a_warning ... ok
[INFO] [stdout] test tests::test_deeply_nested_subcomponents ... ok
[INFO] [stdout] test tests::test_dependency_between_duplicate_entries_is_not_a_self_loop ... ok
[INFO] [stdout] test tests::test_dependency_entries_repeating_a_ref_merge ... ok
[INFO] [stdout] test tests::test_dependency_on_a_service_is_skipped_without_a_warning ... ok
[INFO] [stdout] test tests::test_dependency_on_duplicate_with_two_scopes_is_runtime ... ok
[INFO] [stdout] test tests::test_component_missing_optional_fields ... ok
[INFO] [stdout] test tests::test_cyclonedx_17_xml_rejected ... ok
[INFO] [stdout] test tests::test_ecosystem_extracted_from_purl ... ok
[INFO] [stdout] test tests::test_depth_limit_warning_includes_component_names ... ok
[INFO] [stdout] test tests::test_license_expression_is_preserved ... ok
[INFO] [stdout] test tests::test_duplicate_purl_warns ... ok
[INFO] [stdout] test tests::test_empty_components_array ... ok
[INFO] [stdout] test tests::test_excluded_scope_defaults_to_runtime ... ok
[INFO] [stdout] test tests::test_cyclonedx_13_json_accepted ... ok
[INFO] [stdout] test tests::test_cyclonedx_15_json_accepted ... ok
[INFO] [stdout] test tests::test_cyclonedx_20_json_rejected ... ok
[INFO] [stdout] test tests::test_duplicate_entries_keep_every_entrys_dependencies ... ok
[INFO] [stdout] test tests::test_dependencies_with_unknown_ref_warned ... ok
[INFO] [stdout] test tests::test_duplicate_hash_id_warns ... ok
[INFO] [stdout] test tests::test_license_expression_parsed ... ok
[INFO] [stdout] test tests::test_metadata_component_collected ... ok
[INFO] [stdout] test tests::test_no_duplicate_warning_for_unique_components ... ok
[INFO] [stdout] test tests::test_read_minimal_json ... ok
[INFO] [stdout] test tests::test_license_name_parsed ... ok
[INFO] [stdout] test tests::test_read_xml_invalid ... ok
[INFO] [stdout] test tests::test_metadata_component_nested_subcomponents_collected ... ok
[INFO] [stdout] test tests::test_supplier_parsed ... ok
[INFO] [stdout] test tests::test_nested_subcomponents_bom_refs_in_dependency_graph ... ok
[INFO] [stdout] test tests::test_recursion_depth_limit ... ok
[INFO] [stdout] test tests::test_nested_subcomponents_parsed ... ok
[INFO] [stdout] test tests::test_service_with_dependencies_is_skipped_without_a_warning ... ok
[INFO] [stdout] test tests::test_optional_scope_sets_dependency_kind ... ok
[INFO] [stdout] test tests::test_no_metadata_component_leaves_components_unchanged ... ok
[INFO] [stdout] test tests::test_supplier_with_empty_name_is_none ... ok
[INFO] [stdout] test tests::test_xml_version_fallback_warns ... ok
[INFO] [stdout] test tests::test_metadata_component_dependency_resolves ... ok
[INFO] [stdout] test tests::test_unknown_bom_ref_beside_services_still_warns ... ok
[INFO] [stdout] test tests::test_supplier_without_name_is_none ... ok
[INFO] [stdout] test tests::test_metadata_component_duplicate_in_component_list_dedups ... ok
[INFO] [stdout] test tests::test_tools_list_parsed ... ok
[INFO] [stdout] test tests::test_read_complex_json ... ok
[INFO] [stdout] test tests::test_read_json_with_bom ... ok
[INFO] [stdout] test tests::test_tools_object_parsed ... ok
[INFO] [stdout] test tests::test_read_xml_v1_4 ... ok
[INFO] [stdout] test tests::test_cyclonedx_17_json_rejected_with_clear_error ... ok
[INFO] [stdout] test tests::test_nested_subcomponents_xml ... ok
[INFO] [stdout] 
[INFO] [stdout] test result: ok. 50 passed; 0 failed; 0 ignored; 0 measured; 0 filtered out; finished in 0.05s
[INFO] [stdout] 
[INFO] [stderr]      Running tests/spec_1_6.rs (/opt/rustwide/target/release/build/sbom-model-cyclonedx/2edb81f8cff56b98/out/spec_1_6-2edb81f8cff56b98)
[INFO] [stdout] 
[INFO] [stdout] running 15 tests
[INFO] [stdout] test evidence_is_dropped_at_every_nesting_level ... ok
[INFO] [stdout] test a_1_3_document_is_untouched ... ok
[INFO] [stdout] test a_1_6_document_that_stops_mid_element_reports_the_rewrite_failure ... ok
[INFO] [stdout] test the_1_6_spelling_of_evidence_identity_reads ... ok
[INFO] [stdout] test json_1_6_matches_the_same_document_downgraded_by_hand_to_1_5 ... FAILED
[INFO] [stdout] test a_nested_1_6_component_carrying_evidence_keeps_the_fields_the_diff_reads ... FAILED
[INFO] [stdout] test a_namespace_in_text_is_not_the_documents_version ... ok
[INFO] [stdout] test the_1_6_warning_names_the_version_and_what_is_dropped ... FAILED
[INFO] [stdout] test xml_1_6_matches_the_same_document_downgraded_by_hand_to_1_5 ... FAILED
[INFO] [stdout] test the_1_6_xml_spelling_of_evidence_identity_is_read_by_the_1_5_reader ... ok
[INFO] [stdout] test unsupported_versions_still_error ... ok
[INFO] [stdout] test the_1_6_xml_rewrite_leaves_element_text_alone ... FAILED
[INFO] [stdout] test a_1_6_component_keeps_every_field_the_diff_reads ... FAILED
[INFO] [stdout] test json_and_xml_1_6_agree ... FAILED
[INFO] [stdout] test an_unsupported_version_on_a_prefixed_root_is_named ... ok
[INFO] [stdout] 
[INFO] [stdout] failures:
[INFO] [stdout] 
[INFO] [stdout] ---- json_1_6_matches_the_same_document_downgraded_by_hand_to_1_5 stdout ----
[INFO] [stdout] 
[INFO] [stdout] thread 'json_1_6_matches_the_same_document_downgraded_by_hand_to_1_5' (912) panicked at tests/spec_1_6.rs:11:45:
[INFO] [stdout] reading /opt/rustwide/workdir/../../tests/fixtures/cyclonedx-1.6.json: No such file or directory (os error 2)
[INFO] [stdout] stack backtrace:
[INFO] [stdout]    0:     0x62d6795c31b1 - <<std[617be2ca0a6fd877]::sys::backtrace::BacktraceLock>::print::DisplayBacktrace as core[a373ad73a504971]::fmt::Display>::fmt
[INFO] [stdout]    1:     0x62d6795d9bba - core[a373ad73a504971]::fmt::write
[INFO] [stdout]    2:     0x62d6795c73ec - <alloc[2e1b2a31b91974c5]::vec::Vec<u8> as core[a373ad73a504971]::io::write::Write>::write_fmt
[INFO] [stdout]    3:     0x62d67959f176 - std[617be2ca0a6fd877]::panicking::default_hook::{closure#0}
[INFO] [stdout]    4:     0x62d6795bb539 - std[617be2ca0a6fd877]::panicking::default_hook
[INFO] [stdout]    5:     0x62d67922e2b0 - test[aada8e7e76ba119b]::test_main_inner::{closure#0}
[INFO] [stdout]    6:     0x62d6795bb6f2 - std[617be2ca0a6fd877]::panicking::panic_with_hook
[INFO] [stdout]    7:     0x62d67959f222 - std[617be2ca0a6fd877]::panicking::panic_handler::{closure#0}
[INFO] [stdout]    8:     0x62d679597da9 - std[617be2ca0a6fd877]::sys::backtrace::__rust_end_short_backtrace::<std[617be2ca0a6fd877]::panicking::panic_handler::{closure#0}, !>
[INFO] [stdout]    9:     0x62d67959fe2d - __rustc[ea4f61d10b84890b]::rust_begin_unwind
[INFO] [stdout]   10:     0x62d6795da2ec - core[a373ad73a504971]::panicking::panic_fmt
[INFO] [stdout]   11:     0x62d679211a19 - spec_1_6[3a74bfb78174180c]::fixture::{closure#0}
[INFO] [stdout]   12:     0x62d679211d5a - spec_1_6[3a74bfb78174180c]::fixture
[INFO] [stdout]   13:     0x62d679215551 - <spec_1_6[3a74bfb78174180c]::json_1_6_matches_the_same_document_downgraded_by_hand_to_1_5::{closure#0} as core[a373ad73a504971]::ops::function::FnOnce<()>>::call_once
[INFO] [stdout]   14:     0x62d6792216fb - test[aada8e7e76ba119b]::__rust_begin_short_backtrace::<core[a373ad73a504971]::result::Result<(), alloc[2e1b2a31b91974c5]::string::String>, fn() -> core[a373ad73a504971]::result::Result<(), alloc[2e1b2a31b91974c5]::string::String>>
[INFO] [stdout]   15:     0x62d67922e8d5 - test[aada8e7e76ba119b]::run_test::{closure#0}
[INFO] [stdout]   16:     0x62d6792281c4 - std[617be2ca0a6fd877]::sys::backtrace::__rust_begin_short_backtrace::<test[aada8e7e76ba119b]::run_test::{closure#1}, ()>
[INFO] [stdout]   17:     0x62d679231962 - <std[617be2ca0a6fd877]::thread::lifecycle::spawn_unchecked<test[aada8e7e76ba119b]::run_test::{closure#1}, ()>::{closure#1} as core[a373ad73a504971]::ops::function::FnOnce<()>>::call_once::{shim:vtable#0}
[INFO] [stdout]   18:     0x62d6795c26ff - <std[617be2ca0a6fd877]::sys::thread::unix::Thread>::new::thread_start
[INFO] [stdout]   19:     0x71a2087b0dfa - <unknown>
[INFO] [stdout]   20:     0x71a2088443d4 - clone
[INFO] [stdout]   21:                0x0 - <unknown>
[INFO] [stdout] 
[INFO] [stdout] ---- a_nested_1_6_component_carrying_evidence_keeps_the_fields_the_diff_reads stdout ----
[INFO] [stdout] 
[INFO] [stdout] thread 'a_nested_1_6_component_carrying_evidence_keeps_the_fields_the_diff_reads' (909) panicked at tests/spec_1_6.rs:11:45:
[INFO] [stdout] reading /opt/rustwide/workdir/../../tests/fixtures/cyclonedx-1.6.json: No such file or directory (os error 2)
[INFO] [stdout] stack backtrace:
[INFO] [stdout]    0:     0x62d6795c31b1 - <<std[617be2ca0a6fd877]::sys::backtrace::BacktraceLock>::print::DisplayBacktrace as core[a373ad73a504971]::fmt::Display>::fmt
[INFO] [stdout]    1:     0x62d6795d9bba - core[a373ad73a504971]::fmt::write
[INFO] [stdout]    2:     0x62d6795c73ec - <alloc[2e1b2a31b91974c5]::vec::Vec<u8> as core[a373ad73a504971]::io::write::Write>::write_fmt
[INFO] [stdout]    3:     0x62d67959f176 - std[617be2ca0a6fd877]::panicking::default_hook::{closure#0}
[INFO] [stdout]    4:     0x62d6795bb539 - std[617be2ca0a6fd877]::panicking::default_hook
[INFO] [stdout]    5:     0x62d67922e2b0 - test[aada8e7e76ba119b]::test_main_inner::{closure#0}
[INFO] [stdout]    6:     0x62d6795bb6f2 - std[617be2ca0a6fd877]::panicking::panic_with_hook
[INFO] [stdout]    7:     0x62d67959f222 - std[617be2ca0a6fd877]::panicking::panic_handler::{closure#0}
[INFO] [stdout]    8:     0x62d679597da9 - std[617be2ca0a6fd877]::sys::backtrace::__rust_end_short_backtrace::<std[617be2ca0a6fd877]::panicking::panic_handler::{closure#0}, !>
[INFO] [stdout]    9:     0x62d67959fe2d - __rustc[ea4f61d10b84890b]::rust_begin_unwind
[INFO] [stdout]   10:     0x62d6795da2ec - core[a373ad73a504971]::panicking::panic_fmt
[INFO] [stdout]   11:     0x62d679211a19 - spec_1_6[3a74bfb78174180c]::fixture::{closure#0}
[INFO] [stdout]   12:     0x62d679211d5a - spec_1_6[3a74bfb78174180c]::fixture
[INFO] [stdout]   13:     0x62d679215c4a - <spec_1_6[3a74bfb78174180c]::a_nested_1_6_component_carrying_evidence_keeps_the_fields_the_diff_reads::{closure#0} as core[a373ad73a504971]::ops::function::FnOnce<()>>::call_once
[INFO] [stdout]   14:     0x62d6792216fb - test[aada8e7e76ba119b]::__rust_begin_short_backtrace::<core[a373ad73a504971]::result::Result<(), alloc[2e1b2a31b91974c5]::string::String>, fn() -> core[a373ad73a504971]::result::Result<(), alloc[2e1b2a31b91974c5]::string::String>>
[INFO] [stdout]   15:     0x62d67922e8d5 - test[aada8e7e76ba119b]::run_test::{closure#0}
[INFO] [stdout]   16:     0x62d6792281c4 - std[617be2ca0a6fd877]::sys::backtrace::__rust_begin_short_backtrace::<test[aada8e7e76ba119b]::run_test::{closure#1}, ()>
[INFO] [stdout]   17:     0x62d679231962 - <std[617be2ca0a6fd877]::thread::lifecycle::spawn_unchecked<test[aada8e7e76ba119b]::run_test::{closure#1}, ()>::{closure#1} as core[a373ad73a504971]::ops::function::FnOnce<()>>::call_once::{shim:vtable#0}
[INFO] [stdout]   18:     0x62d6795c26ff - <std[617be2ca0a6fd877]::sys::thread::unix::Thread>::new::thread_start
[INFO] [stdout]   19:     0x71a2087b0dfa - <unknown>
[INFO] [stdout]   20:     0x71a2088443d4 - clone
[INFO] [stdout]   21:                0x0 - <unknown>
[INFO] [stdout] 
[INFO] [stdout] ---- the_1_6_warning_names_the_version_and_what_is_dropped stdout ----
[INFO] [stdout] 
[INFO] [stdout] thread 'the_1_6_warning_names_the_version_and_what_is_dropped' (915) panicked at tests/spec_1_6.rs:11:45:
[INFO] [stdout] reading /opt/rustwide/workdir/../../tests/fixtures/cyclonedx-1.6.json: No such file or directory (os error 2)
[INFO] [stdout] stack backtrace:
[INFO] [stdout]    0:     0x62d6795c31b1 - <<std[617be2ca0a6fd877]::sys::backtrace::BacktraceLock>::print::DisplayBacktrace as core[a373ad73a504971]::fmt::Display>::fmt
[INFO] [stdout]    1:     0x62d6795d9bba - core[a373ad73a504971]::fmt::write
[INFO] [stdout]    2:     0x62d6795c73ec - <alloc[2e1b2a31b91974c5]::vec::Vec<u8> as core[a373ad73a504971]::io::write::Write>::write_fmt
[INFO] [stdout]    3:     0x62d67959f176 - std[617be2ca0a6fd877]::panicking::default_hook::{closure#0}
[INFO] [stdout]    4:     0x62d6795bb539 - std[617be2ca0a6fd877]::panicking::default_hook
[INFO] [stdout]    5:     0x62d67922e2b0 - test[aada8e7e76ba119b]::test_main_inner::{closure#0}
[INFO] [stdout]    6:     0x62d6795bb6f2 - std[617be2ca0a6fd877]::panicking::panic_with_hook
[INFO] [stdout]    7:     0x62d67959f222 - std[617be2ca0a6fd877]::panicking::panic_handler::{closure#0}
[INFO] [stdout]    8:     0x62d679597da9 - std[617be2ca0a6fd877]::sys::backtrace::__rust_end_short_backtrace::<std[617be2ca0a6fd877]::panicking::panic_handler::{closure#0}, !>
[INFO] [stdout]    9:     0x62d67959fe2d - __rustc[ea4f61d10b84890b]::rust_begin_unwind
[INFO] [stdout]   10:     0x62d6795da2ec - core[a373ad73a504971]::panicking::panic_fmt
[INFO] [stdout]   11:     0x62d679211a19 - spec_1_6[3a74bfb78174180c]::fixture::{closure#0}
[INFO] [stdout]   12:     0x62d679211d5a - spec_1_6[3a74bfb78174180c]::fixture
[INFO] [stdout]   13:     0x62d679214dea - <spec_1_6[3a74bfb78174180c]::the_1_6_warning_names_the_version_and_what_is_dropped::{closure#0} as core[a373ad73a504971]::ops::function::FnOnce<()>>::call_once
[INFO] [stdout]   14:     0x62d6792216fb - test[aada8e7e76ba119b]::__rust_begin_short_backtrace::<core[a373ad73a504971]::result::Result<(), alloc[2e1b2a31b91974c5]::string::String>, fn() -> core[a373ad73a504971]::result::Result<(), alloc[2e1b2a31b91974c5]::string::String>>
[INFO] [stdout]   15:     0x62d67922e8d5 - test[aada8e7e76ba119b]::run_test::{closure#0}
[INFO] [stdout]   16:     0x62d6792281c4 - std[617be2ca0a6fd877]::sys::backtrace::__rust_begin_short_backtrace::<test[aada8e7e76ba119b]::run_test::{closure#1}, ()>
[INFO] [stdout]   17:     0x62d679231962 - <std[617be2ca0a6fd877]::thread::lifecycle::spawn_unchecked<test[aada8e7e76ba119b]::run_test::{closure#1}, ()>::{closure#1} as core[a373ad73a504971]::ops::function::FnOnce<()>>::call_once::{shim:vtable#0}
[INFO] [stdout]   18:     0x62d6795c26ff - <std[617be2ca0a6fd877]::sys::thread::unix::Thread>::new::thread_start
[INFO] [stdout]   19:     0x71a2087b0dfa - <unknown>
[INFO] [stdout]   20:     0x71a2088443d4 - clone
[INFO] [stdout]   21:                0x0 - <unknown>
[INFO] [stdout] 
[INFO] [stdout] ---- xml_1_6_matches_the_same_document_downgraded_by_hand_to_1_5 stdout ----
[INFO] [stdout] 
[INFO] [stdout] thread 'xml_1_6_matches_the_same_document_downgraded_by_hand_to_1_5' (919) panicked at tests/spec_1_6.rs:11:45:
[INFO] [stdout] reading /opt/rustwide/workdir/../../tests/fixtures/cyclonedx-1.6.cdx.xml: No such file or directory (os error 2)
[INFO] [stdout] stack backtrace:
[INFO] [stdout]    0:     0x62d6795c31b1 - <<std[617be2ca0a6fd877]::sys::backtrace::BacktraceLock>::print::DisplayBacktrace as core[a373ad73a504971]::fmt::Display>::fmt
[INFO] [stdout]    1:     0x62d6795d9bba - core[a373ad73a504971]::fmt::write
[INFO] [stdout]    2:     0x62d6795c73ec - <alloc[2e1b2a31b91974c5]::vec::Vec<u8> as core[a373ad73a504971]::io::write::Write>::write_fmt
[INFO] [stdout]    3:     0x62d67959f176 - std[617be2ca0a6fd877]::panicking::default_hook::{closure#0}
[INFO] [stdout]    4:     0x62d6795bb539 - std[617be2ca0a6fd877]::panicking::default_hook
[INFO] [stdout]    5:     0x62d67922e2b0 - test[aada8e7e76ba119b]::test_main_inner::{closure#0}
[INFO] [stdout]    6:     0x62d6795bb6f2 - std[617be2ca0a6fd877]::panicking::panic_with_hook
[INFO] [stdout]    7:     0x62d67959f222 - std[617be2ca0a6fd877]::panicking::panic_handler::{closure#0}
[INFO] [stdout]    8:     0x62d679597da9 - std[617be2ca0a6fd877]::sys::backtrace::__rust_end_short_backtrace::<std[617be2ca0a6fd877]::panicking::panic_handler::{closure#0}, !>
[INFO] [stdout]    9:     0x62d67959fe2d - __rustc[ea4f61d10b84890b]::rust_begin_unwind
[INFO] [stdout]   10:     0x62d6795da2ec - core[a373ad73a504971]::panicking::panic_fmt
[INFO] [stdout]   11:     0x62d679211a19 - spec_1_6[3a74bfb78174180c]::fixture::{closure#0}
[INFO] [stdout]   12:     0x62d679211d5a - spec_1_6[3a74bfb78174180c]::fixture
[INFO] [stdout]   13:     0x62d679215141 - <spec_1_6[3a74bfb78174180c]::xml_1_6_matches_the_same_document_downgraded_by_hand_to_1_5::{closure#0} as core[a373ad73a504971]::ops::function::FnOnce<()>>::call_once
[INFO] [stdout]   14:     0x62d6792216fb - test[aada8e7e76ba119b]::__rust_begin_short_backtrace::<core[a373ad73a504971]::result::Result<(), alloc[2e1b2a31b91974c5]::string::String>, fn() -> core[a373ad73a504971]::result::Result<(), alloc[2e1b2a31b91974c5]::string::String>>
[INFO] [stdout]   15:     0x62d67922e8d5 - test[aada8e7e76ba119b]::run_test::{closure#0}
[INFO] [stdout]   16:     0x62d6792281c4 - std[617be2ca0a6fd877]::sys::backtrace::__rust_begin_short_backtrace::<test[aada8e7e76ba119b]::run_test::{closure#1}, ()>
[INFO] [stdout]   17:     0x62d679231962 - <std[617be2ca0a6fd877]::thread::lifecycle::spawn_unchecked<test[aada8e7e76ba119b]::run_test::{closure#1}, ()>::{closure#1} as core[a373ad73a504971]::ops::function::FnOnce<()>>::call_once::{shim:vtable#0}
[INFO] [stdout]   18:     0x62d6795c26ff - <std[617be2ca0a6fd877]::sys::thread::unix::Thread>::new::thread_start
[INFO] [stdout]   19:     0x71a2087b0dfa - <unknown>
[INFO] [stdout]   20:     0x71a2088443d4 - clone
[INFO] [stdout]   21:                0x0 - <unknown>
[INFO] [stdout] 
[INFO] [stdout] ---- the_1_6_xml_rewrite_leaves_element_text_alone stdout ----
[INFO] [stdout] 
[INFO] [stdout] thread 'the_1_6_xml_rewrite_leaves_element_text_alone' (916) panicked at tests/spec_1_6.rs:11:45:
[INFO] [stdout] reading /opt/rustwide/workdir/../../tests/fixtures/cyclonedx-1.6.cdx.xml: No such file or directory (os error 2)
[INFO] [stdout] stack backtrace:
[INFO] [stdout]    0:     0x62d6795c31b1 - <<std[617be2ca0a6fd877]::sys::backtrace::BacktraceLock>::print::DisplayBacktrace as core[a373ad73a504971]::fmt::Display>::fmt
[INFO] [stdout]    1:     0x62d6795d9bba - core[a373ad73a504971]::fmt::write
[INFO] [stdout]    2:     0x62d6795c73ec - <alloc[2e1b2a31b91974c5]::vec::Vec<u8> as core[a373ad73a504971]::io::write::Write>::write_fmt
[INFO] [stdout]    3:     0x62d67959f176 - std[617be2ca0a6fd877]::panicking::default_hook::{closure#0}
[INFO] [stdout]    4:     0x62d6795bb539 - std[617be2ca0a6fd877]::panicking::default_hook
[INFO] [stdout]    5:     0x62d67922e2b0 - test[aada8e7e76ba119b]::test_main_inner::{closure#0}
[INFO] [stdout]    6:     0x62d6795bb6f2 - std[617be2ca0a6fd877]::panicking::panic_with_hook
[INFO] [stdout]    7:     0x62d67959f222 - std[617be2ca0a6fd877]::panicking::panic_handler::{closure#0}
[INFO] [stdout]    8:     0x62d679597da9 - std[617be2ca0a6fd877]::sys::backtrace::__rust_end_short_backtrace::<std[617be2ca0a6fd877]::panicking::panic_handler::{closure#0}, !>
[INFO] [stdout]    9:     0x62d67959fe2d - __rustc[ea4f61d10b84890b]::rust_begin_unwind
[INFO] [stdout]   10:     0x62d6795da2ec - core[a373ad73a504971]::panicking::panic_fmt
[INFO] [stdout]   11:     0x62d679211a19 - spec_1_6[3a74bfb78174180c]::fixture::{closure#0}
[INFO] [stdout]   12:     0x62d679211d5a - spec_1_6[3a74bfb78174180c]::fixture
[INFO] [stdout]   13:     0x62d6792140b3 - <spec_1_6[3a74bfb78174180c]::the_1_6_xml_rewrite_leaves_element_text_alone::{closure#0} as core[a373ad73a504971]::ops::function::FnOnce<()>>::call_once
[INFO] [stdout]   14:     0x62d6792216fb - test[aada8e7e76ba119b]::__rust_begin_short_backtrace::<core[a373ad73a504971]::result::Result<(), alloc[2e1b2a31b91974c5]::string::String>, fn() -> core[a373ad73a504971]::result::Result<(), alloc[2e1b2a31b91974c5]::string::String>>
[INFO] [stdout]   15:     0x62d67922e8d5 - test[aada8e7e76ba119b]::run_test::{closure#0}
[INFO] [stdout]   16:     0x62d6792281c4 - std[617be2ca0a6fd877]::sys::backtrace::__rust_begin_short_backtrace::<test[aada8e7e76ba119b]::run_test::{closure#1}, ()>
[INFO] [stdout]   17:     0x62d679231962 - <std[617be2ca0a6fd877]::thread::lifecycle::spawn_unchecked<test[aada8e7e76ba119b]::run_test::{closure#1}, ()>::{closure#1} as core[a373ad73a504971]::ops::function::FnOnce<()>>::call_once::{shim:vtable#0}
[INFO] [stdout]   18:     0x62d6795c26ff - <std[617be2ca0a6fd877]::sys::thread::unix::Thread>::new::thread_start
[INFO] [stdout]   19:     0x71a2087b0dfa - <unknown>
[INFO] [stdout]   20:     0x71a2088443d4 - clone
[INFO] [stdout]   21:                0x0 - <unknown>
[INFO] [stdout] 
[INFO] [stdout] ---- a_1_6_component_keeps_every_field_the_diff_reads stdout ----
[INFO] [stdout] 
[INFO] [stdout] thread 'a_1_6_component_keeps_every_field_the_diff_reads' (906) panicked at tests/spec_1_6.rs:11:45:
[INFO] [stdout] reading /opt/rustwide/workdir/../../tests/fixtures/cyclonedx-1.6.json: No such file or directory (os error 2)
[INFO] [stdout] stack backtrace:
[INFO] [stdout]    0:     0x62d6795c31b1 - <<std[617be2ca0a6fd877]::sys::backtrace::BacktraceLock>::print::DisplayBacktrace as core[a373ad73a504971]::fmt::Display>::fmt
[INFO] [stdout]    1:     0x62d6795d9bba - core[a373ad73a504971]::fmt::write
[INFO] [stdout]    2:     0x62d6795c73ec - <alloc[2e1b2a31b91974c5]::vec::Vec<u8> as core[a373ad73a504971]::io::write::Write>::write_fmt
[INFO] [stdout]    3:     0x62d67959f176 - std[617be2ca0a6fd877]::panicking::default_hook::{closure#0}
[INFO] [stdout]    4:     0x62d6795bb539 - std[617be2ca0a6fd877]::panicking::default_hook
[INFO] [stdout]    5:     0x62d67922e2b0 - test[aada8e7e76ba119b]::test_main_inner::{closure#0}
[INFO] [stdout]    6:     0x62d6795bb6f2 - std[617be2ca0a6fd877]::panicking::panic_with_hook
[INFO] [stdout]    7:     0x62d67959f222 - std[617be2ca0a6fd877]::panicking::panic_handler::{closure#0}
[INFO] [stdout]    8:     0x62d679597da9 - std[617be2ca0a6fd877]::sys::backtrace::__rust_end_short_backtrace::<std[617be2ca0a6fd877]::panicking::panic_handler::{closure#0}, !>
[INFO] [stdout]    9:     0x62d67959fe2d - __rustc[ea4f61d10b84890b]::rust_begin_unwind
[INFO] [stdout]   10:     0x62d6795da2ec - core[a373ad73a504971]::panicking::panic_fmt
[INFO] [stdout]   11:     0x62d679211a19 - spec_1_6[3a74bfb78174180c]::fixture::{closure#0}
[INFO] [stdout]   12:     0x62d679211d5a - spec_1_6[3a74bfb78174180c]::fixture
[INFO] [stdout]   13:     0x62d6792142da - <spec_1_6[3a74bfb78174180c]::a_1_6_component_keeps_every_field_the_diff_reads::{closure#0} as core[a373ad73a504971]::ops::function::FnOnce<()>>::call_once
[INFO] [stdout]   14:     0x62d6792216fb - test[aada8e7e76ba119b]::__rust_begin_short_backtrace::<core[a373ad73a504971]::result::Result<(), alloc[2e1b2a31b91974c5]::string::String>, fn() -> core[a373ad73a504971]::result::Result<(), alloc[2e1b2a31b91974c5]::string::String>>
[INFO] [stdout]   15:     0x62d67922e8d5 - test[aada8e7e76ba119b]::run_test::{closure#0}
[INFO] [stdout]   16:     0x62d6792281c4 - std[617be2ca0a6fd877]::sys::backtrace::__rust_begin_short_backtrace::<test[aada8e7e76ba119b]::run_test::{closure#1}, ()>
[INFO] [stdout]   17:     0x62d679231962 - <std[617be2ca0a6fd877]::thread::lifecycle::spawn_unchecked<test[aada8e7e76ba119b]::run_test::{closure#1}, ()>::{closure#1} as core[a373ad73a504971]::ops::function::FnOnce<()>>::call_once::{shim:vtable#0}
[INFO] [stdout]   18:     0x62d6795c26ff - <std[617be2ca0a6fd877]::sys::thread::unix::Thread>::new::thread_start
[INFO] [stdout]   19:     0x71a2087b0dfa - <unknown>
[INFO] [stdout]   20:     0x71a2088443d4 - clone
[INFO] [stdout]   21:                0x0 - <unknown>
[INFO] [stdout] 
[INFO] [stdout] ---- json_and_xml_1_6_agree stdout ----
[INFO] [stdout] 
[INFO] [stdout] thread 'json_and_xml_1_6_agree' (913) panicked at tests/spec_1_6.rs:11:45:
[INFO] [stdout] reading /opt/rustwide/workdir/../../tests/fixtures/cyclonedx-1.6.json: No such file or directory (os error 2)
[INFO] [stdout] stack backtrace:
[INFO] [stdout]    0:     0x62d6795c31b1 - <<std[617be2ca0a6fd877]::sys::backtrace::BacktraceLock>::print::DisplayBacktrace as core[a373ad73a504971]::fmt::Display>::fmt
[INFO] [stdout]    1:     0x62d6795d9bba - core[a373ad73a504971]::fmt::write
[INFO] [stdout]    2:     0x62d6795c73ec - <alloc[2e1b2a31b91974c5]::vec::Vec<u8> as core[a373ad73a504971]::io::write::Write>::write_fmt
[INFO] [stdout]    3:     0x62d67959f176 - std[617be2ca0a6fd877]::panicking::default_hook::{closure#0}
[INFO] [stdout]    4:     0x62d6795bb539 - std[617be2ca0a6fd877]::panicking::default_hook
[INFO] [stdout]    5:     0x62d67922e2b0 - test[aada8e7e76ba119b]::test_main_inner::{closure#0}
[INFO] [stdout]    6:     0x62d6795bb6f2 - std[617be2ca0a6fd877]::panicking::panic_with_hook
[INFO] [stdout]    7:     0x62d67959f222 - std[617be2ca0a6fd877]::panicking::panic_handler::{closure#0}
[INFO] [stdout]    8:     0x62d679597da9 - std[617be2ca0a6fd877]::sys::backtrace::__rust_end_short_backtrace::<std[617be2ca0a6fd877]::panicking::panic_handler::{closure#0}, !>
[INFO] [stdout]    9:     0x62d67959fe2d - __rustc[ea4f61d10b84890b]::rust_begin_unwind
[INFO] [stdout]   10:     0x62d6795da2ec - core[a373ad73a504971]::panicking::panic_fmt
[INFO] [stdout]   11:     0x62d679211a19 - spec_1_6[3a74bfb78174180c]::fixture::{closure#0}
[INFO] [stdout]   12:     0x62d679211d5a - spec_1_6[3a74bfb78174180c]::fixture
[INFO] [stdout]   13:     0x62d679212b3a - <spec_1_6[3a74bfb78174180c]::json_and_xml_1_6_agree::{closure#0} as core[a373ad73a504971]::ops::function::FnOnce<()>>::call_once
[INFO] [stdout]   14:     0x62d6792216fb - test[aada8e7e76ba119b]::__rust_begin_short_backtrace::<core[a373ad73a504971]::result::Result<(), alloc[2e1b2a31b91974c5]::string::String>, fn() -> core[a373ad73a504971]::result::Result<(), alloc[2e1b2a31b91974c5]::string::String>>
[INFO] [stdout]   15:     0x62d67922e8d5 - test[aada8e7e76ba119b]::run_test::{closure#0}
[INFO] [stdout]   16:     0x62d6792281c4 - std[617be2ca0a6fd877]::sys::backtrace::__rust_begin_short_backtrace::<test[aada8e7e76ba119b]::run_test::{closure#1}, ()>
[INFO] [stdout]   17:     0x62d679231962 - <std[617be2ca0a6fd877]::thread::lifecycle::spawn_unchecked<test[aada8e7e76ba119b]::run_test::{closure#1}, ()>::{closure#1} as core[a373ad73a504971]::ops::function::FnOnce<()>>::call_once::{shim:vtable#0}
[INFO] [stdout]   18:     0x62d6795c26ff - <std[617be2ca0a6fd877]::sys::thread::unix::Thread>::new::thread_start
[INFO] [stdout]   19:     0x71a2087b0dfa - <unknown>
[INFO] [stdout]   20:     0x71a2088443d4 - clone
[INFO] [stdout]   21:                0x0 - <unknown>
[INFO] [stdout] 
[INFO] [stdout] 
[INFO] [stdout] failures:
[INFO] [stdout]     a_1_6_component_keeps_every_field_the_diff_reads
[INFO] [stdout]     a_nested_1_6_component_carrying_evidence_keeps_the_fields_the_diff_reads
[INFO] [stdout]     json_1_6_matches_the_same_document_downgraded_by_hand_to_1_5
[INFO] [stdout]     json_and_xml_1_6_agree
[INFO] [stdout]     the_1_6_warning_names_the_version_and_what_is_dropped
[INFO] [stdout]     the_1_6_xml_rewrite_leaves_element_text_alone
[INFO] [stdout]     xml_1_6_matches_the_same_document_downgraded_by_hand_to_1_5
[INFO] [stdout] 
[INFO] [stdout] test result: FAILED. 8 passed; 7 failed; 0 ignored; 0 measured; 0 filtered out; finished in 0.04s
[INFO] [stdout] 
[INFO] [stderr] error: test failed, to rerun pass `--test spec_1_6`
[INFO] running `Command { std: "docker" "inspect" "dfc8a8eeb9563bbd7a1d07570f7bf15ec32eee916c19c954284e996900f0c1be", kill_on_drop: false }`
[INFO] running `Command { std: "docker" "rm" "-f" "dfc8a8eeb9563bbd7a1d07570f7bf15ec32eee916c19c954284e996900f0c1be", kill_on_drop: false }`
[INFO] [stdout] dfc8a8eeb9563bbd7a1d07570f7bf15ec32eee916c19c954284e996900f0c1be
