[INFO] fetching crate sbo3l-mcp 1.2.2...
[INFO] testing sbo3l-mcp-1.2.2 against 1.100.0-beta.1+cargoflags=--release for beta-release-1.100-2
[INFO] extracting crate sbo3l-mcp 1.2.2 into /workspace/builds/worker-5-tc2/source
[INFO] started tweaking crates.io crate sbo3l-mcp 1.2.2
[INFO] removed 0 missing tests
[INFO] finished tweaking crates.io crate sbo3l-mcp 1.2.2
[INFO] tweaked toml for crates.io crate sbo3l-mcp 1.2.2 written to /workspace/builds/worker-5-tc2/source/Cargo.toml
[INFO] validating manifest of crates.io crate sbo3l-mcp 1.2.2 on toolchain 1.100.0-beta.1
[INFO] running `Command { std: CARGO_HOME="/workspace/cargo-home" RUSTUP_HOME="/workspace/rustup-home" "/workspace/cargo-home/bin/cargo" "+1.100.0-beta.1" "metadata" "--manifest-path" "Cargo.toml" "--no-deps", kill_on_drop: false }`
[INFO] crate crates.io crate sbo3l-mcp 1.2.2 already has a lockfile, it will not be regenerated
[INFO] running `Command { std: CARGO_HOME="/workspace/cargo-home" RUSTUP_HOME="/workspace/rustup-home" "/workspace/cargo-home/bin/cargo" "+1.100.0-beta.1" "fetch" "--manifest-path" "Cargo.toml", kill_on_drop: false }`
[INFO] [stderr] warning: `package.homepage` is redundant with `package.repository`
[INFO] [stderr]   --> Cargo.toml:89:12
[INFO] [stderr]    |
[INFO] [stderr] 89 | homepage = "https://github.com/B2JK-Industry/SBO3L-ethglobal-openagents-2026"
[INFO] [stderr]    |            ^^^^^^^^^^^^^^^^^^^^^^^^^^^^^^^^^^^^^^^^^^^^^^^^^^^^^^^^^^^^^^^^^^
[INFO] [stderr] ...
[INFO] [stderr] 94 | repository = "https://github.com/B2JK-Industry/SBO3L-ethglobal-openagents-2026"
[INFO] [stderr]    |              ------------------------------------------------------------------
[INFO] [stderr]    |
[INFO] [stderr]    = note: `cargo::redundant_homepage` is set to `warn` by default
[INFO] [stderr] help: consider removing `package.homepage`
[INFO] [stderr] warning: `sbo3l-mcp` (manifest) generated 1 warning
[INFO] running `Command { std: "docker" "create" "-v" "/var/lib/crater-agent-workspace/builds/worker-5-tc2/source:/opt/rustwide/workdir:ro,Z" "-v" "/var/lib/crater-agent-workspace/builds/worker-5-tc2/target:/opt/rustwide/target:rw,Z" "-v" "/var/lib/crater-agent-workspace/cargo-home:/opt/rustwide/cargo-home:ro,Z" "-v" "/var/lib/crater-agent-workspace/rustup-home:/opt/rustwide/rustup-home:ro,Z" "-m" "1610612736" "--network" "none" "ghcr.io/rust-lang/crates-build-env/linux@sha256:77db811e55d90add9212f6832c23229e3de5f1c1f9905e8cb07319ea15df73ac" "sleep" "infinity", kill_on_drop: false }`
[INFO] [stdout] 240713267e9a36633f4a2a3e0a403a655251d36bed0053f69a4c1aa902c6a2c2
[INFO] running `Command { std: "docker" "start" "240713267e9a36633f4a2a3e0a403a655251d36bed0053f69a4c1aa902c6a2c2", kill_on_drop: false }`
[INFO] running `Command { std: "docker" "inspect" "240713267e9a36633f4a2a3e0a403a655251d36bed0053f69a4c1aa902c6a2c2", kill_on_drop: false }`
[INFO] running `Command { std: "docker" "exec" "-e" "SOURCE_DIR=/opt/rustwide/workdir" "-e" "CARGO_HOME=/opt/rustwide/cargo-home" "-e" "RUSTUP_HOME=/opt/rustwide/rustup-home" "-e" "CARGO_TARGET_DIR=/opt/rustwide/target" "-w" "/opt/rustwide/workdir" "--user" "0:0" "240713267e9a36633f4a2a3e0a403a655251d36bed0053f69a4c1aa902c6a2c2" "/opt/rustwide/cargo-home/bin/cargo" "+1.100.0-beta.1" "metadata" "--no-deps" "--format-version=1", kill_on_drop: false }`
[INFO] running `Command { std: "docker" "inspect" "240713267e9a36633f4a2a3e0a403a655251d36bed0053f69a4c1aa902c6a2c2", kill_on_drop: false }`
[INFO] running `Command { std: "docker" "exec" "-e" "SOURCE_DIR=/opt/rustwide/workdir" "-e" "CARGO_HOME=/opt/rustwide/cargo-home" "-e" "RUSTUP_HOME=/opt/rustwide/rustup-home" "-e" "CARGO_TARGET_DIR=/opt/rustwide/target" "-e" "CARGO_INCREMENTAL=0" "-e" "RUST_BACKTRACE=full" "-e" "RUSTFLAGS=--cap-lints=warn" "-e" "RUSTDOCFLAGS=--cap-lints=warn" "-w" "/opt/rustwide/workdir" "--user" "0:0" "240713267e9a36633f4a2a3e0a403a655251d36bed0053f69a4c1aa902c6a2c2" "/opt/rustwide/cargo-home/bin/cargo" "+1.100.0-beta.1" "build" "--frozen" "--message-format=json" "--release", kill_on_drop: false }`
[INFO] [stderr] warning: `package.homepage` is redundant with `package.repository`
[INFO] [stderr]   --> Cargo.toml:89:12
[INFO] [stderr]    |
[INFO] [stderr] 89 | homepage = "https://github.com/B2JK-Industry/SBO3L-ethglobal-openagents-2026"
[INFO] [stderr]    |            ^^^^^^^^^^^^^^^^^^^^^^^^^^^^^^^^^^^^^^^^^^^^^^^^^^^^^^^^^^^^^^^^^^
[INFO] [stderr] ...
[INFO] [stderr] 94 | repository = "https://github.com/B2JK-Industry/SBO3L-ethglobal-openagents-2026"
[INFO] [stderr]    |              ------------------------------------------------------------------
[INFO] [stderr]    |
[INFO] [stderr]    = note: `cargo::redundant_homepage` is set to `warn` by default
[INFO] [stderr] help: consider removing `package.homepage`
[INFO] [stderr] warning: `sbo3l-mcp` (manifest) generated 1 warning
[INFO] [stderr]    Compiling getrandom v0.2.17
[INFO] [stderr]    Compiling cc v1.2.61
[INFO] [stderr]    Compiling zeroize_derive v1.4.3
[INFO] [stderr]    Compiling serde v1.0.228
[INFO] [stderr]    Compiling parking_lot_core v0.9.12
[INFO] [stderr]    Compiling http v1.4.0
[INFO] [stderr]    Compiling errno v0.3.14
[INFO] [stderr]    Compiling futures-sink v0.3.32
[INFO] [stderr]    Compiling socket2 v0.6.3
[INFO] [stderr]    Compiling rand_core v0.6.4
[INFO] [stderr]    Compiling signal-hook-registry v1.4.8
[INFO] [stderr]    Compiling parking_lot v0.12.5
[INFO] [stderr]    Compiling mio v1.2.0
[INFO] [stderr]    Compiling zeroize v1.8.2
[INFO] [stderr]    Compiling thiserror v2.0.18
[INFO] [stderr]    Compiling digest v0.10.7
[INFO] [stderr]    Compiling futures-io v0.3.32
[INFO] [stderr]    Compiling tokio v1.52.1
[INFO] [stderr]    Compiling futures-util v0.3.32
[INFO] [stderr]    Compiling http-body v1.0.1
[INFO] [stderr]    Compiling serde_json v1.0.149
[INFO] [stderr]    Compiling num-bigint v0.4.6
[INFO] [stderr]    Compiling heapless v0.7.17
[INFO] [stderr]    Compiling ahash v0.8.12
[INFO] [stderr]    Compiling regex-automata v0.4.14
[INFO] [stderr]    Compiling rustls-pki-types v1.14.1
[INFO] [stderr]    Compiling ring v0.17.14
[INFO] [stderr]    Compiling hash32 v0.2.1
[INFO] [stderr]    Compiling time-macros v0.2.27
[INFO] [stderr]    Compiling deranged v0.5.8
[INFO] [stderr]    Compiling idna_adapter v1.2.2
[INFO] [stderr]    Compiling cobs v0.3.0
[INFO] [stderr]    Compiling rand_chacha v0.3.1
[INFO] [stderr]    Compiling futures-channel v0.3.32
[INFO] [stderr]    Compiling serdect v0.2.0
[INFO] [stderr]    Compiling time v0.3.47
[INFO] [stderr]    Compiling itertools v0.14.0
[INFO] [stderr]    Compiling rand v0.8.6
[INFO] [stderr]    Compiling postcard v1.1.3
[INFO] [stderr]    Compiling idna v1.1.0
[INFO] [stderr]    Compiling num-rational v0.4.2
[INFO] [stderr]    Compiling num-iter v0.1.45
[INFO] [stderr]    Compiling visibility v0.1.1
[INFO] [stderr]    Compiling derive-getters v0.5.0
[INFO] [stderr]    Compiling const-crc32-nostd v1.3.1
[INFO] [stderr]    Compiling bit-set v0.5.3
[INFO] [stderr]    Compiling num v0.4.3
[INFO] [stderr]    Compiling url v2.5.8
[INFO] [stderr]    Compiling frost-core v3.0.0
[INFO] [stderr]    Compiling hyper v1.9.0
[INFO] [stderr]    Compiling tower v0.5.3
[INFO] [stderr]    Compiling curve25519-dalek v4.1.3
[INFO] [stderr]    Compiling rand_chacha v0.9.0
[INFO] [stderr]    Compiling regex v1.12.3
[INFO] [stderr]    Compiling blake3 v1.8.5
[INFO] [stderr]    Compiling hyper-util v0.1.20
[INFO] [stderr]    Compiling http-body-util v0.1.3
[INFO] [stderr]    Compiling sha2 v0.10.9
[INFO] [stderr]    Compiling nom v8.0.0
[INFO] [stderr]    Compiling rust_decimal v1.41.0
[INFO] [stderr]    Compiling arrayvec v0.7.6
[INFO] [stderr]    Compiling fancy-regex v0.11.0
[INFO] [stderr]    Compiling rustls v0.23.40
[INFO] [stderr]    Compiling rand v0.9.4
[INFO] [stderr]    Compiling frost-rerandomized v3.0.0
[INFO] [stderr]    Compiling fraction v0.13.1
[INFO] [stderr]    Compiling serde_urlencoded v0.7.1
[INFO] [stderr]    Compiling webpki-roots v1.0.7
[INFO] [stderr]    Compiling ryu-js v1.0.2
[INFO] [stderr]    Compiling num-cmp v0.1.0
[INFO] [stderr]    Compiling uuid v1.23.1
[INFO] [stderr]    Compiling bytecount v0.6.9
[INFO] [stderr]    Compiling tower-http v0.6.8
[INFO] [stderr]    Compiling serde_json_canonicalizer v0.3.2
[INFO] [stderr]    Compiling rustls-webpki v0.103.13
[INFO] [stderr]    Compiling iso8601 v0.6.3
[INFO] [stderr]    Compiling libsqlite3-sys v0.28.0
[INFO] [stderr]    Compiling chrono v0.4.44
[INFO] [stderr]    Compiling jsonschema v0.17.1
[INFO] [stderr]    Compiling ulid v1.2.1
[INFO] [stderr]    Compiling frost-ed25519 v3.0.0
[INFO] [stderr]    Compiling ed25519-dalek v2.2.0
[INFO] [stderr]    Compiling hashbrown v0.14.5
[INFO] [stderr]    Compiling hashlink v0.9.1
[INFO] [stderr]    Compiling indexmap v2.14.0
[INFO] [stderr]    Compiling sha1 v0.10.6
[INFO] [stderr]    Compiling inout v0.1.4
[INFO] [stderr]    Compiling tiny-keccak v2.0.2
[INFO] [stderr]    Compiling serde_yaml v0.9.34+deprecated
[INFO] [stderr]    Compiling tungstenite v0.24.0
[INFO] [stderr]    Compiling cipher v0.4.4
[INFO] [stderr]    Compiling axum-core v0.4.5
[INFO] [stderr]    Compiling tokio-rustls v0.26.4
[INFO] [stderr]    Compiling hyper-rustls v0.27.9
[INFO] [stderr]    Compiling reqwest v0.12.28
[INFO] [stderr]    Compiling tokio-tungstenite v0.24.0
[INFO] [stderr]    Compiling blowfish v0.9.1
[INFO] [stderr]    Compiling simple_asn1 v0.6.4
[INFO] [stderr]    Compiling matchers v0.2.0
[INFO] [stderr]    Compiling pem v3.0.6
[INFO] [stderr]    Compiling tracing-log v0.2.0
[INFO] [stderr]    Compiling serde_path_to_error v0.1.20
[INFO] [stderr]    Compiling sbo3l-server v1.2.2
[INFO] [stderr]    Compiling matchit v0.7.3
[INFO] [stderr]    Compiling axum v0.7.9
[INFO] [stderr]    Compiling tracing-subscriber v0.3.23
[INFO] [stderr]    Compiling jsonwebtoken v9.3.1
[INFO] [stderr]    Compiling bcrypt v0.15.1
[INFO] [stderr]    Compiling sbo3l-core v1.2.2
[INFO] [stderr]    Compiling sbo3l-keeperhub-adapter v1.2.2
[INFO] [stderr]    Compiling sbo3l-execution v1.2.2
[INFO] [stderr]    Compiling rusqlite v0.31.0
[INFO] [stderr]    Compiling sbo3l-storage v1.2.2
[INFO] [stderr]    Compiling sbo3l-policy v1.2.2
[INFO] [stderr]    Compiling sbo3l-identity v1.2.2
[INFO] [stderr]    Compiling sbo3l-mcp v1.2.2 (/opt/rustwide/workdir)
[INFO] [stderr] warning: unused dependency `sbo3l-identity`
[INFO] [stderr]   --> Cargo.toml:27:15
[INFO] [stderr]    |
[INFO] [stderr] 27 | [dependencies.sbo3l-identity]
[INFO] [stderr]    |               ^^^^^^^^^^^^^^^
[INFO] [stderr]    |
[INFO] [stderr]    = note: `cargo::unused_dependencies` is set to `warn` by default
[INFO] [stderr] help: consider removing the dependency on `sbo3l-identity`
[INFO] [stderr] warning: `sbo3l-mcp` (manifest) generated 1 warning
[INFO] [stderr]     Finished `release` profile [optimized] target(s) in 6m 32s
[INFO] running `Command { std: "docker" "inspect" "240713267e9a36633f4a2a3e0a403a655251d36bed0053f69a4c1aa902c6a2c2", kill_on_drop: false }`
[INFO] running `Command { std: "docker" "exec" "-e" "SOURCE_DIR=/opt/rustwide/workdir" "-e" "CARGO_HOME=/opt/rustwide/cargo-home" "-e" "RUSTUP_HOME=/opt/rustwide/rustup-home" "-e" "CARGO_TARGET_DIR=/opt/rustwide/target" "-e" "CARGO_INCREMENTAL=0" "-e" "RUST_BACKTRACE=full" "-e" "RUSTFLAGS=--cap-lints=warn" "-e" "RUSTDOCFLAGS=--cap-lints=warn" "-w" "/opt/rustwide/workdir" "--user" "0:0" "240713267e9a36633f4a2a3e0a403a655251d36bed0053f69a4c1aa902c6a2c2" "/opt/rustwide/cargo-home/bin/cargo" "+1.100.0-beta.1" "test" "--frozen" "--no-run" "--message-format=json" "--release", kill_on_drop: false }`
[INFO] [stderr] warning: `package.homepage` is redundant with `package.repository`
[INFO] [stderr]   --> Cargo.toml:89:12
[INFO] [stderr]    |
[INFO] [stderr] 89 | homepage = "https://github.com/B2JK-Industry/SBO3L-ethglobal-openagents-2026"
[INFO] [stderr]    |            ^^^^^^^^^^^^^^^^^^^^^^^^^^^^^^^^^^^^^^^^^^^^^^^^^^^^^^^^^^^^^^^^^^
[INFO] [stderr] ...
[INFO] [stderr] 94 | repository = "https://github.com/B2JK-Industry/SBO3L-ethglobal-openagents-2026"
[INFO] [stderr]    |              ------------------------------------------------------------------
[INFO] [stderr]    |
[INFO] [stderr]    = note: `cargo::redundant_homepage` is set to `warn` by default
[INFO] [stderr] help: consider removing `package.homepage`
[INFO] [stderr] warning: `sbo3l-mcp` (manifest) generated 1 warning
[INFO] [stderr]    Compiling tower-http v0.6.8
[INFO] [stderr]    Compiling rusqlite v0.31.0
[INFO] [stderr]    Compiling getrandom v0.4.2
[INFO] [stderr]    Compiling tempfile v3.27.0
[INFO] [stderr]    Compiling reqwest v0.12.28
[INFO] [stderr]    Compiling sbo3l-storage v1.2.2
[INFO] [stderr]    Compiling sbo3l-keeperhub-adapter v1.2.2
[INFO] [stderr]    Compiling sbo3l-policy v1.2.2
[INFO] [stderr]    Compiling sbo3l-execution v1.2.2
[INFO] [stderr]    Compiling sbo3l-identity v1.2.2
[INFO] [stderr]    Compiling sbo3l-server v1.2.2
[INFO] [stderr]    Compiling sbo3l-mcp v1.2.2 (/opt/rustwide/workdir)
[INFO] [stderr] warning: unused dependency `sbo3l-identity`
[INFO] [stderr]   --> Cargo.toml:27:15
[INFO] [stderr]    |
[INFO] [stderr] 27 | [dependencies.sbo3l-identity]
[INFO] [stderr]    |               ^^^^^^^^^^^^^^^
[INFO] [stderr]    |
[INFO] [stderr]    = note: `cargo::unused_dependencies` is set to `warn` by default
[INFO] [stderr] help: consider removing the dependency on `sbo3l-identity`
[INFO] [stderr] warning: `sbo3l-mcp` (manifest) generated 1 warning
[INFO] [stderr]     Finished `release` profile [optimized] target(s) in 1m 39s
[INFO] running `Command { std: "docker" "inspect" "240713267e9a36633f4a2a3e0a403a655251d36bed0053f69a4c1aa902c6a2c2", kill_on_drop: false }`
[INFO] running `Command { std: "docker" "exec" "-e" "SOURCE_DIR=/opt/rustwide/workdir" "-e" "CARGO_HOME=/opt/rustwide/cargo-home" "-e" "RUSTUP_HOME=/opt/rustwide/rustup-home" "-e" "CARGO_TARGET_DIR=/opt/rustwide/target" "-e" "CARGO_INCREMENTAL=0" "-e" "RUST_BACKTRACE=full" "-e" "RUSTFLAGS=--cap-lints=warn" "-e" "RUSTDOCFLAGS=--cap-lints=warn" "-w" "/opt/rustwide/workdir" "--user" "0:0" "240713267e9a36633f4a2a3e0a403a655251d36bed0053f69a4c1aa902c6a2c2" "/opt/rustwide/cargo-home/bin/cargo" "+1.100.0-beta.1" "test" "--frozen" "--release", kill_on_drop: false }`
[INFO] [stderr] warning: `package.homepage` is redundant with `package.repository`
[INFO] [stderr]   --> Cargo.toml:89:12
[INFO] [stderr]    |
[INFO] [stderr] 89 | homepage = "https://github.com/B2JK-Industry/SBO3L-ethglobal-openagents-2026"
[INFO] [stderr]    |            ^^^^^^^^^^^^^^^^^^^^^^^^^^^^^^^^^^^^^^^^^^^^^^^^^^^^^^^^^^^^^^^^^^
[INFO] [stderr] ...
[INFO] [stderr] 94 | repository = "https://github.com/B2JK-Industry/SBO3L-ethglobal-openagents-2026"
[INFO] [stderr]    |              ------------------------------------------------------------------
[INFO] [stderr]    |
[INFO] [stderr]    = note: `cargo::redundant_homepage` is set to `warn` by default
[INFO] [stderr] help: consider removing `package.homepage`
[INFO] [stderr] warning: `sbo3l-mcp` (manifest) generated 1 warning
[INFO] [stderr] warning: unused dependency `sbo3l-identity`
[INFO] [stderr]   --> Cargo.toml:27:15
[INFO] [stderr]    |
[INFO] [stderr] 27 | [dependencies.sbo3l-identity]
[INFO] [stderr]    |               ^^^^^^^^^^^^^^^
[INFO] [stderr]    |
[INFO] [stderr]    = note: `cargo::unused_dependencies` is set to `warn` by default
[INFO] [stderr] help: consider removing the dependency on `sbo3l-identity`
[INFO] [stderr] warning: `sbo3l-mcp` (manifest) generated 1 warning
[INFO] [stderr]     Finished `release` profile [optimized] target(s) in 0.33s
[INFO] [stderr]      Running unittests src/lib.rs (/opt/rustwide/target/release/build/sbo3l-mcp/ca9cf65bcbed83f8/out/sbo3l_mcp-ca9cf65bcbed83f8)
[INFO] [stdout] 
[INFO] [stdout] running 10 tests
[INFO] [stdout] test jsonrpc::tests::parse_request_rejects_missing_method ... ok
[INFO] [stdout] test jsonrpc::tests::parse_request_accepts_valid_envelope ... ok
[INFO] [stdout] test http_transport::tests::health_returns_ok_with_tool_count ... ok
[INFO] [stdout] test jsonrpc::tests::parse_error_id_is_null ... ok
[INFO] [stdout] test jsonrpc::tests::parse_request_rejects_wrong_version ... ok
[INFO] [stdout] test http_transport::tests::parse_error_returns_jsonrpc_envelope_not_http_4xx ... ok
[INFO] [stdout] test http_transport::tests::unknown_method_returns_tool_error_envelope ... ok
[INFO] [stdout] test http_transport::tests::tools_list_round_trip ... ok
[INFO] [stdout] test tests::tools_catalogue_lists_six_tools_plus_meta ... ok
[INFO] [stdout] test tests::unknown_method_returns_params_invalid ... ok
[INFO] [stdout] 
[INFO] [stdout] test result: ok. 10 passed; 0 failed; 0 ignored; 0 measured; 0 filtered out; finished in 0.01s
[INFO] [stdout] 
[INFO] [stderr]      Running unittests src/main.rs (/opt/rustwide/target/release/build/sbo3l-mcp/1cf184534ebbf730/out/sbo3l_mcp-1cf184534ebbf730)
[INFO] [stdout] 
[INFO] [stdout] running 0 tests
[INFO] [stdout] 
[INFO] [stdout] test result: ok. 0 passed; 0 failed; 0 ignored; 0 measured; 0 filtered out; finished in 0.00s
[INFO] [stdout] 
[INFO] [stderr]      Running tests/jsonrpc_integration.rs (/opt/rustwide/target/release/build/sbo3l-mcp/a317651bd51ad6e0/out/jsonrpc_integration-a317651bd51ad6e0)
[INFO] [stdout] 
[INFO] [stdout] running 29 tests
[INFO] [stdout] test dev_pubkeys_match_canonical_constants ... ok
[INFO] [stdout] test jsonrpc_error_envelope_carries_stable_code_in_data ... ok
[INFO] [stdout] test audit_lookup_hit_returns_bundle_for_seeded_audit_event ... FAILED
[INFO] [stdout] test audit_lookup_miss_returns_audit_event_not_found ... FAILED
[INFO] [stdout] test audit_lookup_with_matching_receipt_but_unknown_event_id_returns_not_found ... FAILED
[INFO] [stdout] test explain_denial_rejects_allow_capsule ... FAILED
[INFO] [stdout] test decide_allow_path_returns_auto_approved ... FAILED
[INFO] [stdout] test decide_deny_path_returns_rejected_with_deny_code ... FAILED
[INFO] [stdout] test jsonrpc_unknown_method_yields_params_invalid ... ok
[INFO] [stdout] test mcp_uses_cwd_when_root_unset ... ok
[INFO] [stdout] test mcp_accepts_path_within_root ... FAILED
[INFO] [stdout] test run_guarded_rejects_requires_human_with_stable_code ... ok
[INFO] [stdout] test run_guarded_allow_calls_keeperhub_mock_executor ... FAILED
[INFO] [stdout] test run_guarded_rejects_live_mode ... FAILED
[INFO] [stdout] test run_guarded_deny_does_not_call_executor ... FAILED
[INFO] [stdout] test stdio_validate_aprp_round_trips_through_child_process ... FAILED
[INFO] [stdout] test stdio_decide_allow_round_trips_through_child_process ... FAILED
[INFO] [stdout] test validate_aprp_rejects_missing_field_param ... ok
[INFO] [stdout] test validate_aprp_rejects_unknown_field_with_stable_code ... FAILED
[INFO] [stdout] test stdio_garbage_input_yields_parse_error ... ok
[INFO] [stdout] test verify_capsule_accepts_golden_fixture_via_path ... FAILED
[INFO] [stdout] test verify_capsule_accepts_inline_object ... FAILED
[INFO] [stdout] test verify_capsule_rejects_tampered_request_hash ... FAILED
[INFO] [stdout] test stdio_tools_list_round_trips_through_child_process ... ok
[INFO] [stdout] test validate_aprp_accepts_golden_fixture ... FAILED
[INFO] [stdout] test mcp_rejects_path_traversal_via_dotdot ... FAILED
[INFO] [stdout] test mcp_rejects_symlink_escape ... FAILED
[INFO] [stdout] test mcp_rejects_path_outside_root ... FAILED
[INFO] [stdout] test decide_without_active_policy_returns_policy_not_active ... FAILED
[INFO] [stdout] 
[INFO] [stdout] failures:
[INFO] [stdout] 
[INFO] [stdout] ---- audit_lookup_hit_returns_bundle_for_seeded_audit_event stdout ----
[INFO] [stdout] 
[INFO] [stdout] thread 'audit_lookup_hit_returns_bundle_for_seeded_audit_event' (2923) panicked at tests/jsonrpc_integration.rs:71:64:
[INFO] [stdout] read fixture ../../test-corpus/policy/reference_low_risk.json: No such file or directory (os error 2)
[INFO] [stdout] stack backtrace:
[INFO] [stdout]    0:     0x56c9d02d1b41 - <<std[617be2ca0a6fd877]::sys::backtrace::BacktraceLock>::print::DisplayBacktrace as core[a373ad73a504971]::fmt::Display>::fmt
[INFO] [stdout]    1:     0x56c9d02eacfa - core[a373ad73a504971]::fmt::write
[INFO] [stdout]    2:     0x56c9d02d6dbc - <alloc[2e1b2a31b91974c5]::vec::Vec<u8> as core[a373ad73a504971]::io::write::Write>::write_fmt
[INFO] [stdout]    3:     0x56c9d02aa696 - std[617be2ca0a6fd877]::panicking::default_hook::{closure#0}
[INFO] [stdout]    4:     0x56c9d02c8ab9 - std[617be2ca0a6fd877]::panicking::default_hook
[INFO] [stdout]    5:     0x56c9cfb78e00 - test[aada8e7e76ba119b]::test_main_inner::{closure#0}
[INFO] [stdout]    6:     0x56c9d02c8de2 - std[617be2ca0a6fd877]::panicking::panic_with_hook
[INFO] [stdout]    7:     0x56c9d02aa742 - std[617be2ca0a6fd877]::panicking::panic_handler::{closure#0}
[INFO] [stdout]    8:     0x56c9d02a2949 - std[617be2ca0a6fd877]::sys::backtrace::__rust_end_short_backtrace::<std[617be2ca0a6fd877]::panicking::panic_handler::{closure#0}, !>
[INFO] [stdout]    9:     0x56c9d02ab95d - __rustc[ea4f61d10b84890b]::rust_begin_unwind
[INFO] [stdout]   10:     0x56c9d02eb4dc - core[a373ad73a504971]::panicking::panic_fmt
[INFO] [stdout]   11:     0x56c9cfb4bfba - jsonrpc_integration[3d84bc17e638a781]::read_json::{closure#0}
[INFO] [stdout]   12:     0x56c9cfb4cc6e - jsonrpc_integration[3d84bc17e638a781]::read_json
[INFO] [stdout]   13:     0x56c9cfb4c69e - jsonrpc_integration[3d84bc17e638a781]::fresh_db
[INFO] [stdout]   14:     0x56c9cfb575ee - <jsonrpc_integration[3d84bc17e638a781]::audit_lookup_hit_returns_bundle_for_seeded_audit_event::{closure#0} as core[a373ad73a504971]::ops::function::FnOnce<()>>::call_once
[INFO] [stdout]   15:     0x56c9cfb6c24b - test[aada8e7e76ba119b]::__rust_begin_short_backtrace::<core[a373ad73a504971]::result::Result<(), alloc[2e1b2a31b91974c5]::string::String>, fn() -> core[a373ad73a504971]::result::Result<(), alloc[2e1b2a31b91974c5]::string::String>>
[INFO] [stdout]   16:     0x56c9cfb79425 - test[aada8e7e76ba119b]::run_test::{closure#0}
[INFO] [stdout]   17:     0x56c9cfb72d14 - std[617be2ca0a6fd877]::sys::backtrace::__rust_begin_short_backtrace::<test[aada8e7e76ba119b]::run_test::{closure#1}, ()>
[INFO] [stdout]   18:     0x56c9cfb7c4b2 - <std[617be2ca0a6fd877]::thread::lifecycle::spawn_unchecked<test[aada8e7e76ba119b]::run_test::{closure#1}, ()>::{closure#1} as core[a373ad73a504971]::ops::function::FnOnce<()>>::call_once::{shim:vtable#0}
[INFO] [stdout]   19:     0x56c9d02d0c8f - <std[617be2ca0a6fd877]::sys::thread::unix::Thread>::new::thread_start
[INFO] [stdout]   20:     0x79aca6a6bdfa - <unknown>
[INFO] [stdout]   21:     0x79aca6aff3d4 - clone
[INFO] [stdout]   22:                0x0 - <unknown>
[INFO] [stdout] 
[INFO] [stdout] ---- audit_lookup_miss_returns_audit_event_not_found stdout ----
[INFO] [stdout] 
[INFO] [stdout] thread 'audit_lookup_miss_returns_audit_event_not_found' (2924) panicked at tests/jsonrpc_integration.rs:71:64:
[INFO] [stdout] read fixture ../../test-corpus/policy/reference_low_risk.json: No such file or directory (os error 2)
[INFO] [stdout] stack backtrace:
[INFO] [stdout]    0:     0x56c9d02d1b41 - <<std[617be2ca0a6fd877]::sys::backtrace::BacktraceLock>::print::DisplayBacktrace as core[a373ad73a504971]::fmt::Display>::fmt
[INFO] [stdout]    1:     0x56c9d02eacfa - core[a373ad73a504971]::fmt::write
[INFO] [stdout]    2:     0x56c9d02d6dbc - <alloc[2e1b2a31b91974c5]::vec::Vec<u8> as core[a373ad73a504971]::io::write::Write>::write_fmt
[INFO] [stdout]    3:     0x56c9d02aa696 - std[617be2ca0a6fd877]::panicking::default_hook::{closure#0}
[INFO] [stdout]    4:     0x56c9d02c8ab9 - std[617be2ca0a6fd877]::panicking::default_hook
[INFO] [stdout]    5:     0x56c9cfb78e00 - test[aada8e7e76ba119b]::test_main_inner::{closure#0}
[INFO] [stdout]    6:     0x56c9d02c8de2 - std[617be2ca0a6fd877]::panicking::panic_with_hook
[INFO] [stdout]    7:     0x56c9d02aa742 - std[617be2ca0a6fd877]::panicking::panic_handler::{closure#0}
[INFO] [stdout]    8:     0x56c9d02a2949 - std[617be2ca0a6fd877]::sys::backtrace::__rust_end_short_backtrace::<std[617be2ca0a6fd877]::panicking::panic_handler::{closure#0}, !>
[INFO] [stdout]    9:     0x56c9d02ab95d - __rustc[ea4f61d10b84890b]::rust_begin_unwind
[INFO] [stdout]   10:     0x56c9d02eb4dc - core[a373ad73a504971]::panicking::panic_fmt
[INFO] [stdout]   11:     0x56c9cfb4bfba - jsonrpc_integration[3d84bc17e638a781]::read_json::{closure#0}
[INFO] [stdout]   12:     0x56c9cfb4cc6e - jsonrpc_integration[3d84bc17e638a781]::read_json
[INFO] [stdout]   13:     0x56c9cfb4c69e - jsonrpc_integration[3d84bc17e638a781]::fresh_db
[INFO] [stdout]   14:     0x56c9cfb5403e - <jsonrpc_integration[3d84bc17e638a781]::audit_lookup_miss_returns_audit_event_not_found::{closure#0} as core[a373ad73a504971]::ops::function::FnOnce<()>>::call_once
[INFO] [stdout]   15:     0x56c9cfb6c24b - test[aada8e7e76ba119b]::__rust_begin_short_backtrace::<core[a373ad73a504971]::result::Result<(), alloc[2e1b2a31b91974c5]::string::String>, fn() -> core[a373ad73a504971]::result::Result<(), alloc[2e1b2a31b91974c5]::string::String>>
[INFO] [stdout]   16:     0x56c9cfb79425 - test[aada8e7e76ba119b]::run_test::{closure#0}
[INFO] [stdout]   17:     0x56c9cfb72d14 - std[617be2ca0a6fd877]::sys::backtrace::__rust_begin_short_backtrace::<test[aada8e7e76ba119b]::run_test::{closure#1}, ()>
[INFO] [stdout]   18:     0x56c9cfb7c4b2 - <std[617be2ca0a6fd877]::thread::lifecycle::spawn_unchecked<test[aada8e7e76ba119b]::run_test::{closure#1}, ()>::{closure#1} as core[a373ad73a504971]::ops::function::FnOnce<()>>::call_once::{shim:vtable#0}
[INFO] [stdout]   19:     0x56c9d02d0c8f - <std[617be2ca0a6fd877]::sys::thread::unix::Thread>::new::thread_start
[INFO] [stdout]   20:     0x79aca6a6bdfa - <unknown>
[INFO] [stdout]   21:     0x79aca6aff3d4 - clone
[INFO] [stdout]   22:                0x0 - <unknown>
[INFO] [stdout] 
[INFO] [stdout] ---- audit_lookup_with_matching_receipt_but_unknown_event_id_returns_not_found stdout ----
[INFO] [stdout] 
[INFO] [stdout] thread 'audit_lookup_with_matching_receipt_but_unknown_event_id_returns_not_found' (2925) panicked at tests/jsonrpc_integration.rs:71:64:
[INFO] [stdout] read fixture ../../test-corpus/policy/reference_low_risk.json: No such file or directory (os error 2)
[INFO] [stdout] stack backtrace:
[INFO] [stdout]    0:     0x56c9d02d1b41 - <<std[617be2ca0a6fd877]::sys::backtrace::BacktraceLock>::print::DisplayBacktrace as core[a373ad73a504971]::fmt::Display>::fmt
[INFO] [stdout]    1:     0x56c9d02eacfa - core[a373ad73a504971]::fmt::write
[INFO] [stdout]    2:     0x56c9d02d6dbc - <alloc[2e1b2a31b91974c5]::vec::Vec<u8> as core[a373ad73a504971]::io::write::Write>::write_fmt
[INFO] [stdout]    3:     0x56c9d02aa696 - std[617be2ca0a6fd877]::panicking::default_hook::{closure#0}
[INFO] [stdout]    4:     0x56c9d02c8ab9 - std[617be2ca0a6fd877]::panicking::default_hook
[INFO] [stdout]    5:     0x56c9cfb78e00 - test[aada8e7e76ba119b]::test_main_inner::{closure#0}
[INFO] [stdout]    6:     0x56c9d02c8de2 - std[617be2ca0a6fd877]::panicking::panic_with_hook
[INFO] [stdout]    7:     0x56c9d02aa742 - std[617be2ca0a6fd877]::panicking::panic_handler::{closure#0}
[INFO] [stdout]    8:     0x56c9d02a2949 - std[617be2ca0a6fd877]::sys::backtrace::__rust_end_short_backtrace::<std[617be2ca0a6fd877]::panicking::panic_handler::{closure#0}, !>
[INFO] [stdout]    9:     0x56c9d02ab95d - __rustc[ea4f61d10b84890b]::rust_begin_unwind
[INFO] [stdout]   10:     0x56c9d02eb4dc - core[a373ad73a504971]::panicking::panic_fmt
[INFO] [stdout]   11:     0x56c9cfb4bfba - jsonrpc_integration[3d84bc17e638a781]::read_json::{closure#0}
[INFO] [stdout]   12:     0x56c9cfb4cc6e - jsonrpc_integration[3d84bc17e638a781]::read_json
[INFO] [stdout]   13:     0x56c9cfb4c69e - jsonrpc_integration[3d84bc17e638a781]::fresh_db
[INFO] [stdout]   14:     0x56c9cfb58e7e - <jsonrpc_integration[3d84bc17e638a781]::audit_lookup_with_matching_receipt_but_unknown_event_id_returns_not_found::{closure#0} as core[a373ad73a504971]::ops::function::FnOnce<()>>::call_once
[INFO] [stdout]   15:     0x56c9cfb6c24b - test[aada8e7e76ba119b]::__rust_begin_short_backtrace::<core[a373ad73a504971]::result::Result<(), alloc[2e1b2a31b91974c5]::string::String>, fn() -> core[a373ad73a504971]::result::Result<(), alloc[2e1b2a31b91974c5]::string::String>>
[INFO] [stdout]   16:     0x56c9cfb79425 - test[aada8e7e76ba119b]::run_test::{closure#0}
[INFO] [stdout]   17:     0x56c9cfb72d14 - std[617be2ca0a6fd877]::sys::backtrace::__rust_begin_short_backtrace::<test[aada8e7e76ba119b]::run_test::{closure#1}, ()>
[INFO] [stdout]   18:     0x56c9cfb7c4b2 - <std[617be2ca0a6fd877]::thread::lifecycle::spawn_unchecked<test[aada8e7e76ba119b]::run_test::{closure#1}, ()>::{closure#1} as core[a373ad73a504971]::ops::function::FnOnce<()>>::call_once::{shim:vtable#0}
[INFO] [stdout]   19:     0x56c9d02d0c8f - <std[617be2ca0a6fd877]::sys::thread::unix::Thread>::new::thread_start
[INFO] [stdout]   20:     0x79aca6a6bdfa - <unknown>
[INFO] [stdout]   21:     0x79aca6aff3d4 - clone
[INFO] [stdout]   22:                0x0 - <unknown>
[INFO] [stdout] 
[INFO] [stdout] ---- explain_denial_rejects_allow_capsule stdout ----
[INFO] [stdout] 
[INFO] [stdout] thread 'explain_denial_rejects_allow_capsule' (2930) panicked at tests/jsonrpc_integration.rs:333:5:
[INFO] [stdout] assertion `left == right` failed
[INFO] [stdout]   left: "capsule.path_escape"
[INFO] [stdout]  right: "capsule_not_deny"
[INFO] [stdout] stack backtrace:
[INFO] [stdout]    0:     0x56c9d02d1b41 - <<std[617be2ca0a6fd877]::sys::backtrace::BacktraceLock>::print::DisplayBacktrace as core[a373ad73a504971]::fmt::Display>::fmt
[INFO] [stdout]    1:     0x56c9d02eacfa - core[a373ad73a504971]::fmt::write
[INFO] [stdout]    2:     0x56c9d02d6dbc - <alloc[2e1b2a31b91974c5]::vec::Vec<u8> as core[a373ad73a504971]::io::write::Write>::write_fmt
[INFO] [stdout]    3:     0x56c9d02aa696 - std[617be2ca0a6fd877]::panicking::default_hook::{closure#0}
[INFO] [stdout]    4:     0x56c9d02c8ab9 - std[617be2ca0a6fd877]::panicking::default_hook
[INFO] [stdout]    5:     0x56c9cfb78e00 - test[aada8e7e76ba119b]::test_main_inner::{closure#0}
[INFO] [stdout]    6:     0x56c9d02c8de2 - std[617be2ca0a6fd877]::panicking::panic_with_hook
[INFO] [stdout]    7:     0x56c9d02aa742 - std[617be2ca0a6fd877]::panicking::panic_handler::{closure#0}
[INFO] [stdout]    8:     0x56c9d02a2949 - std[617be2ca0a6fd877]::sys::backtrace::__rust_end_short_backtrace::<std[617be2ca0a6fd877]::panicking::panic_handler::{closure#0}, !>
[INFO] [stdout]    9:     0x56c9d02ab95d - __rustc[ea4f61d10b84890b]::rust_begin_unwind
[INFO] [stdout]   10:     0x56c9d02eb4dc - core[a373ad73a504971]::panicking::panic_fmt
[INFO] [stdout]   11:     0x56c9d02eb3f3 - core[a373ad73a504971]::panicking::assert_failed_inner
[INFO] [stdout]   12:     0x56c9cfb60099 - core[a373ad73a504971]::panicking::assert_failed::<alloc[2e1b2a31b91974c5]::string::String, &str>
[INFO] [stdout]   13:     0x56c9cfb50792 - <jsonrpc_integration[3d84bc17e638a781]::explain_denial_rejects_allow_capsule::{closure#0} as core[a373ad73a504971]::ops::function::FnOnce<()>>::call_once
[INFO] [stdout]   14:     0x56c9cfb6c24b - test[aada8e7e76ba119b]::__rust_begin_short_backtrace::<core[a373ad73a504971]::result::Result<(), alloc[2e1b2a31b91974c5]::string::String>, fn() -> core[a373ad73a504971]::result::Result<(), alloc[2e1b2a31b91974c5]::string::String>>
[INFO] [stdout]   15:     0x56c9cfb79425 - test[aada8e7e76ba119b]::run_test::{closure#0}
[INFO] [stdout]   16:     0x56c9cfb72d14 - std[617be2ca0a6fd877]::sys::backtrace::__rust_begin_short_backtrace::<test[aada8e7e76ba119b]::run_test::{closure#1}, ()>
[INFO] [stdout]   17:     0x56c9cfb7c4b2 - <std[617be2ca0a6fd877]::thread::lifecycle::spawn_unchecked<test[aada8e7e76ba119b]::run_test::{closure#1}, ()>::{closure#1} as core[a373ad73a504971]::ops::function::FnOnce<()>>::call_once::{shim:vtable#0}
[INFO] [stdout]   18:     0x56c9d02d0c8f - <std[617be2ca0a6fd877]::sys::thread::unix::Thread>::new::thread_start
[INFO] [stdout]   19:     0x79aca6a6bdfa - <unknown>
[INFO] [stdout]   20:     0x79aca6aff3d4 - clone
[INFO] [stdout]   21:                0x0 - <unknown>
[INFO] [stdout] 
[INFO] [stdout] ---- decide_allow_path_returns_auto_approved stdout ----
[INFO] [stdout] 
[INFO] [stdout] thread 'decide_allow_path_returns_auto_approved' (2926) panicked at tests/jsonrpc_integration.rs:71:64:
[INFO] [stdout] read fixture ../../test-corpus/policy/reference_low_risk.json: No such file or directory (os error 2)
[INFO] [stdout] stack backtrace:
[INFO] [stdout]    0:     0x56c9d02d1b41 - <<std[617be2ca0a6fd877]::sys::backtrace::BacktraceLock>::print::DisplayBacktrace as core[a373ad73a504971]::fmt::Display>::fmt
[INFO] [stdout]    1:     0x56c9d02eacfa - core[a373ad73a504971]::fmt::write
[INFO] [stdout]    2:     0x56c9d02d6dbc - <alloc[2e1b2a31b91974c5]::vec::Vec<u8> as core[a373ad73a504971]::io::write::Write>::write_fmt
[INFO] [stdout]    3:     0x56c9d02aa696 - std[617be2ca0a6fd877]::panicking::default_hook::{closure#0}
[INFO] [stdout]    4:     0x56c9d02c8ab9 - std[617be2ca0a6fd877]::panicking::default_hook
[INFO] [stdout]    5:     0x56c9cfb78e00 - test[aada8e7e76ba119b]::test_main_inner::{closure#0}
[INFO] [stdout]    6:     0x56c9d02c8de2 - std[617be2ca0a6fd877]::panicking::panic_with_hook
[INFO] [stdout]    7:     0x56c9d02aa742 - std[617be2ca0a6fd877]::panicking::panic_handler::{closure#0}
[INFO] [stdout]    8:     0x56c9d02a2949 - std[617be2ca0a6fd877]::sys::backtrace::__rust_end_short_backtrace::<std[617be2ca0a6fd877]::panicking::panic_handler::{closure#0}, !>
[INFO] [stdout]    9:     0x56c9d02ab95d - __rustc[ea4f61d10b84890b]::rust_begin_unwind
[INFO] [stdout]   10:     0x56c9d02eb4dc - core[a373ad73a504971]::panicking::panic_fmt
[INFO] [stdout]   11:     0x56c9cfb4bfba - jsonrpc_integration[3d84bc17e638a781]::read_json::{closure#0}
[INFO] [stdout]   12:     0x56c9cfb4cc6e - jsonrpc_integration[3d84bc17e638a781]::read_json
[INFO] [stdout]   13:     0x56c9cfb4c69e - jsonrpc_integration[3d84bc17e638a781]::fresh_db
[INFO] [stdout]   14:     0x56c9cfb520ce - <jsonrpc_integration[3d84bc17e638a781]::decide_allow_path_returns_auto_approved::{closure#0} as core[a373ad73a504971]::ops::function::FnOnce<()>>::call_once
[INFO] [stdout]   15:     0x56c9cfb6c24b - test[aada8e7e76ba119b]::__rust_begin_short_backtrace::<core[a373ad73a504971]::result::Result<(), alloc[2e1b2a31b91974c5]::string::String>, fn() -> core[a373ad73a504971]::result::Result<(), alloc[2e1b2a31b91974c5]::string::String>>
[INFO] [stdout]   16:     0x56c9cfb79425 - test[aada8e7e76ba119b]::run_test::{closure#0}
[INFO] [stdout]   17:     0x56c9cfb72d14 - std[617be2ca0a6fd877]::sys::backtrace::__rust_begin_short_backtrace::<test[aada8e7e76ba119b]::run_test::{closure#1}, ()>
[INFO] [stdout]   18:     0x56c9cfb7c4b2 - <std[617be2ca0a6fd877]::thread::lifecycle::spawn_unchecked<test[aada8e7e76ba119b]::run_test::{closure#1}, ()>::{closure#1} as core[a373ad73a504971]::ops::function::FnOnce<()>>::call_once::{shim:vtable#0}
[INFO] [stdout]   19:     0x56c9d02d0c8f - <std[617be2ca0a6fd877]::sys::thread::unix::Thread>::new::thread_start
[INFO] [stdout]   20:     0x79aca6a6bdfa - <unknown>
[INFO] [stdout]   21:     0x79aca6aff3d4 - clone
[INFO] [stdout]   22:                0x0 - <unknown>
[INFO] [stdout] 
[INFO] [stdout] ---- decide_deny_path_returns_rejected_with_deny_code stdout ----
[INFO] [stdout] 
[INFO] [stdout] thread 'decide_deny_path_returns_rejected_with_deny_code' (2927) panicked at tests/jsonrpc_integration.rs:71:64:
[INFO] [stdout] read fixture ../../test-corpus/policy/reference_low_risk.json: No such file or directory (os error 2)
[INFO] [stdout] stack backtrace:
[INFO] [stdout]    0:     0x56c9d02d1b41 - <<std[617be2ca0a6fd877]::sys::backtrace::BacktraceLock>::print::DisplayBacktrace as core[a373ad73a504971]::fmt::Display>::fmt
[INFO] [stdout]    1:     0x56c9d02eacfa - core[a373ad73a504971]::fmt::write
[INFO] [stdout]    2:     0x56c9d02d6dbc - <alloc[2e1b2a31b91974c5]::vec::Vec<u8> as core[a373ad73a504971]::io::write::Write>::write_fmt
[INFO] [stdout]    3:     0x56c9d02aa696 - std[617be2ca0a6fd877]::panicking::default_hook::{closure#0}
[INFO] [stdout]    4:     0x56c9d02c8ab9 - std[617be2ca0a6fd877]::panicking::default_hook
[INFO] [stdout]    5:     0x56c9cfb78e00 - test[aada8e7e76ba119b]::test_main_inner::{closure#0}
[INFO] [stdout]    6:     0x56c9d02c8de2 - std[617be2ca0a6fd877]::panicking::panic_with_hook
[INFO] [stdout]    7:     0x56c9d02aa742 - std[617be2ca0a6fd877]::panicking::panic_handler::{closure#0}
[INFO] [stdout]    8:     0x56c9d02a2949 - std[617be2ca0a6fd877]::sys::backtrace::__rust_end_short_backtrace::<std[617be2ca0a6fd877]::panicking::panic_handler::{closure#0}, !>
[INFO] [stdout]    9:     0x56c9d02ab95d - __rustc[ea4f61d10b84890b]::rust_begin_unwind
[INFO] [stdout]   10:     0x56c9d02eb4dc - core[a373ad73a504971]::panicking::panic_fmt
[INFO] [stdout]   11:     0x56c9cfb4bfba - jsonrpc_integration[3d84bc17e638a781]::read_json::{closure#0}
[INFO] [stdout]   12:     0x56c9cfb4cc6e - jsonrpc_integration[3d84bc17e638a781]::read_json
[INFO] [stdout]   13:     0x56c9cfb4c69e - jsonrpc_integration[3d84bc17e638a781]::fresh_db
[INFO] [stdout]   14:     0x56c9cfb556fe - <jsonrpc_integration[3d84bc17e638a781]::decide_deny_path_returns_rejected_with_deny_code::{closure#0} as core[a373ad73a504971]::ops::function::FnOnce<()>>::call_once
[INFO] [stdout]   15:     0x56c9cfb6c24b - test[aada8e7e76ba119b]::__rust_begin_short_backtrace::<core[a373ad73a504971]::result::Result<(), alloc[2e1b2a31b91974c5]::string::String>, fn() -> core[a373ad73a504971]::result::Result<(), alloc[2e1b2a31b91974c5]::string::String>>
[INFO] [stdout]   16:     0x56c9cfb79425 - test[aada8e7e76ba119b]::run_test::{closure#0}
[INFO] [stdout]   17:     0x56c9cfb72d14 - std[617be2ca0a6fd877]::sys::backtrace::__rust_begin_short_backtrace::<test[aada8e7e76ba119b]::run_test::{closure#1}, ()>
[INFO] [stdout]   18:     0x56c9cfb7c4b2 - <std[617be2ca0a6fd877]::thread::lifecycle::spawn_unchecked<test[aada8e7e76ba119b]::run_test::{closure#1}, ()>::{closure#1} as core[a373ad73a504971]::ops::function::FnOnce<()>>::call_once::{shim:vtable#0}
[INFO] [stdout]   19:     0x56c9d02d0c8f - <std[617be2ca0a6fd877]::sys::thread::unix::Thread>::new::thread_start
[INFO] [stdout]   20:     0x79aca6a6bdfa - <unknown>
[INFO] [stdout]   21:     0x79aca6aff3d4 - clone
[INFO] [stdout]   22:                0x0 - <unknown>
[INFO] [stdout] 
[INFO] [stdout] ---- mcp_accepts_path_within_root stdout ----
[INFO] [stdout] 
[INFO] [stdout] thread 'mcp_accepts_path_within_root' (2933) panicked at tests/jsonrpc_integration.rs:71:64:
[INFO] [stdout] read fixture ../../test-corpus/policy/reference_low_risk.json: No such file or directory (os error 2)
[INFO] [stdout] stack backtrace:
[INFO] [stdout]    0:     0x56c9d02d1b41 - <<std[617be2ca0a6fd877]::sys::backtrace::BacktraceLock>::print::DisplayBacktrace as core[a373ad73a504971]::fmt::Display>::fmt
[INFO] [stdout]    1:     0x56c9d02eacfa - core[a373ad73a504971]::fmt::write
[INFO] [stdout]    2:     0x56c9d02d6dbc - <alloc[2e1b2a31b91974c5]::vec::Vec<u8> as core[a373ad73a504971]::io::write::Write>::write_fmt
[INFO] [stdout]    3:     0x56c9d02aa696 - std[617be2ca0a6fd877]::panicking::default_hook::{closure#0}
[INFO] [stdout]    4:     0x56c9d02c8ab9 - std[617be2ca0a6fd877]::panicking::default_hook
[INFO] [stdout]    5:     0x56c9cfb78e00 - test[aada8e7e76ba119b]::test_main_inner::{closure#0}
[INFO] [stdout]    6:     0x56c9d02c8de2 - std[617be2ca0a6fd877]::panicking::panic_with_hook
[INFO] [stdout]    7:     0x56c9d02aa742 - std[617be2ca0a6fd877]::panicking::panic_handler::{closure#0}
[INFO] [stdout]    8:     0x56c9d02a2949 - std[617be2ca0a6fd877]::sys::backtrace::__rust_end_short_backtrace::<std[617be2ca0a6fd877]::panicking::panic_handler::{closure#0}, !>
[INFO] [stdout]    9:     0x56c9d02ab95d - __rustc[ea4f61d10b84890b]::rust_begin_unwind
[INFO] [stdout]   10:     0x56c9d02eb4dc - core[a373ad73a504971]::panicking::panic_fmt
[INFO] [stdout]   11:     0x56c9cfb4bfba - jsonrpc_integration[3d84bc17e638a781]::read_json::{closure#0}
[INFO] [stdout]   12:     0x56c9cfb4cc6e - jsonrpc_integration[3d84bc17e638a781]::read_json
[INFO] [stdout]   13:     0x56c9cfb4c69e - jsonrpc_integration[3d84bc17e638a781]::fresh_db
[INFO] [stdout]   14:     0x56c9cfb4eb8e - <jsonrpc_integration[3d84bc17e638a781]::mcp_accepts_path_within_root::{closure#0} as core[a373ad73a504971]::ops::function::FnOnce<()>>::call_once
[INFO] [stdout]   15:     0x56c9cfb6c24b - test[aada8e7e76ba119b]::__rust_begin_short_backtrace::<core[a373ad73a504971]::result::Result<(), alloc[2e1b2a31b91974c5]::string::String>, fn() -> core[a373ad73a504971]::result::Result<(), alloc[2e1b2a31b91974c5]::string::String>>
[INFO] [stdout]   16:     0x56c9cfb79425 - test[aada8e7e76ba119b]::run_test::{closure#0}
[INFO] [stdout]   17:     0x56c9cfb72d14 - std[617be2ca0a6fd877]::sys::backtrace::__rust_begin_short_backtrace::<test[aada8e7e76ba119b]::run_test::{closure#1}, ()>
[INFO] [stdout]   18:     0x56c9cfb7c4b2 - <std[617be2ca0a6fd877]::thread::lifecycle::spawn_unchecked<test[aada8e7e76ba119b]::run_test::{closure#1}, ()>::{closure#1} as core[a373ad73a504971]::ops::function::FnOnce<()>>::call_once::{shim:vtable#0}
[INFO] [stdout]   19:     0x56c9d02d0c8f - <std[617be2ca0a6fd877]::sys::thread::unix::Thread>::new::thread_start
[INFO] [stdout]   20:     0x79aca6a6bdfa - <unknown>
[INFO] [stdout]   21:     0x79aca6aff3d4 - clone
[INFO] [stdout]   22:                0x0 - <unknown>
[INFO] [stdout] 
[INFO] [stdout] ---- run_guarded_allow_calls_keeperhub_mock_executor stdout ----
[INFO] [stdout] 
[INFO] [stdout] thread 'run_guarded_allow_calls_keeperhub_mock_executor' (2938) panicked at tests/jsonrpc_integration.rs:71:64:
[INFO] [stdout] read fixture ../../test-corpus/policy/reference_low_risk.json: No such file or directory (os error 2)
[INFO] [stdout] stack backtrace:
[INFO] [stdout]    0:     0x56c9d02d1b41 - <<std[617be2ca0a6fd877]::sys::backtrace::BacktraceLock>::print::DisplayBacktrace as core[a373ad73a504971]::fmt::Display>::fmt
[INFO] [stdout]    1:     0x56c9d02eacfa - core[a373ad73a504971]::fmt::write
[INFO] [stdout]    2:     0x56c9d02d6dbc - <alloc[2e1b2a31b91974c5]::vec::Vec<u8> as core[a373ad73a504971]::io::write::Write>::write_fmt
[INFO] [stdout]    3:     0x56c9d02aa696 - std[617be2ca0a6fd877]::panicking::default_hook::{closure#0}
[INFO] [stdout]    4:     0x56c9d02c8ab9 - std[617be2ca0a6fd877]::panicking::default_hook
[INFO] [stdout]    5:     0x56c9cfb78e00 - test[aada8e7e76ba119b]::test_main_inner::{closure#0}
[INFO] [stdout]    6:     0x56c9d02c8de2 - std[617be2ca0a6fd877]::panicking::panic_with_hook
[INFO] [stdout]    7:     0x56c9d02aa742 - std[617be2ca0a6fd877]::panicking::panic_handler::{closure#0}
[INFO] [stdout]    8:     0x56c9d02a2949 - std[617be2ca0a6fd877]::sys::backtrace::__rust_end_short_backtrace::<std[617be2ca0a6fd877]::panicking::panic_handler::{closure#0}, !>
[INFO] [stdout]    9:     0x56c9d02ab95d - __rustc[ea4f61d10b84890b]::rust_begin_unwind
[INFO] [stdout]   10:     0x56c9d02eb4dc - core[a373ad73a504971]::panicking::panic_fmt
[INFO] [stdout]   11:     0x56c9cfb4bfba - jsonrpc_integration[3d84bc17e638a781]::read_json::{closure#0}
[INFO] [stdout]   12:     0x56c9cfb4cc6e - jsonrpc_integration[3d84bc17e638a781]::read_json
[INFO] [stdout]   13:     0x56c9cfb4c69e - jsonrpc_integration[3d84bc17e638a781]::fresh_db
[INFO] [stdout]   14:     0x56c9cfb54e7e - <jsonrpc_integration[3d84bc17e638a781]::run_guarded_allow_calls_keeperhub_mock_executor::{closure#0} as core[a373ad73a504971]::ops::function::FnOnce<()>>::call_once
[INFO] [stdout]   15:     0x56c9cfb6c24b - test[aada8e7e76ba119b]::__rust_begin_short_backtrace::<core[a373ad73a504971]::result::Result<(), alloc[2e1b2a31b91974c5]::string::String>, fn() -> core[a373ad73a504971]::result::Result<(), alloc[2e1b2a31b91974c5]::string::String>>
[INFO] [stdout]   16:     0x56c9cfb79425 - test[aada8e7e76ba119b]::run_test::{closure#0}
[INFO] [stdout]   17:     0x56c9cfb72d14 - std[617be2ca0a6fd877]::sys::backtrace::__rust_begin_short_backtrace::<test[aada8e7e76ba119b]::run_test::{closure#1}, ()>
[INFO] [stdout]   18:     0x56c9cfb7c4b2 - <std[617be2ca0a6fd877]::thread::lifecycle::spawn_unchecked<test[aada8e7e76ba119b]::run_test::{closure#1}, ()>::{closure#1} as core[a373ad73a504971]::ops::function::FnOnce<()>>::call_once::{shim:vtable#0}
[INFO] [stdout]   19:     0x56c9d02d0c8f - <std[617be2ca0a6fd877]::sys::thread::unix::Thread>::new::thread_start
[INFO] [stdout]   20:     0x79aca6a6bdfa - <unknown>
[INFO] [stdout]   21:     0x79aca6aff3d4 - clone
[INFO] [stdout]   22:                0x0 - <unknown>
[INFO] [stdout] 
[INFO] [stdout] ---- run_guarded_rejects_live_mode stdout ----
[INFO] [stdout] 
[INFO] [stdout] thread 'run_guarded_rejects_live_mode' (2940) panicked at tests/jsonrpc_integration.rs:71:64:
[INFO] [stdout] read fixture ../../test-corpus/policy/reference_low_risk.json: No such file or directory (os error 2)
[INFO] [stdout] stack backtrace:
[INFO] [stdout]    0:     0x56c9d02d1b41 - <<std[617be2ca0a6fd877]::sys::backtrace::BacktraceLock>::print::DisplayBacktrace as core[a373ad73a504971]::fmt::Display>::fmt
[INFO] [stdout]    1:     0x56c9d02eacfa - core[a373ad73a504971]::fmt::write
[INFO] [stdout]    2:     0x56c9d02d6dbc - <alloc[2e1b2a31b91974c5]::vec::Vec<u8> as core[a373ad73a504971]::io::write::Write>::write_fmt
[INFO] [stdout]    3:     0x56c9d02aa696 - std[617be2ca0a6fd877]::panicking::default_hook::{closure#0}
[INFO] [stdout]    4:     0x56c9d02c8ab9 - std[617be2ca0a6fd877]::panicking::default_hook
[INFO] [stdout]    5:     0x56c9cfb78e00 - test[aada8e7e76ba119b]::test_main_inner::{closure#0}
[INFO] [stdout]    6:     0x56c9d02c8de2 - std[617be2ca0a6fd877]::panicking::panic_with_hook
[INFO] [stdout]    7:     0x56c9d02aa742 - std[617be2ca0a6fd877]::panicking::panic_handler::{closure#0}
[INFO] [stdout]    8:     0x56c9d02a2949 - std[617be2ca0a6fd877]::sys::backtrace::__rust_end_short_backtrace::<std[617be2ca0a6fd877]::panicking::panic_handler::{closure#0}, !>
[INFO] [stdout]    9:     0x56c9d02ab95d - __rustc[ea4f61d10b84890b]::rust_begin_unwind
[INFO] [stdout]   10:     0x56c9d02eb4dc - core[a373ad73a504971]::panicking::panic_fmt
[INFO] [stdout]   11:     0x56c9cfb4bfba - jsonrpc_integration[3d84bc17e638a781]::read_json::{closure#0}
[INFO] [stdout]   12:     0x56c9cfb4cc6e - jsonrpc_integration[3d84bc17e638a781]::read_json
[INFO] [stdout]   13:     0x56c9cfb4c69e - jsonrpc_integration[3d84bc17e638a781]::fresh_db
[INFO] [stdout]   14:     0x56c9cfb4fdce - <jsonrpc_integration[3d84bc17e638a781]::run_guarded_rejects_live_mode::{closure#0} as core[a373ad73a504971]::ops::function::FnOnce<()>>::call_once
[INFO] [stdout]   15:     0x56c9cfb6c24b - test[aada8e7e76ba119b]::__rust_begin_short_backtrace::<core[a373ad73a504971]::result::Result<(), alloc[2e1b2a31b91974c5]::string::String>, fn() -> core[a373ad73a504971]::result::Result<(), alloc[2e1b2a31b91974c5]::string::String>>
[INFO] [stdout]   16:     0x56c9cfb79425 - test[aada8e7e76ba119b]::run_test::{closure#0}
[INFO] [stdout]   17:     0x56c9cfb72d14 - std[617be2ca0a6fd877]::sys::backtrace::__rust_begin_short_backtrace::<test[aada8e7e76ba119b]::run_test::{closure#1}, ()>
[INFO] [stdout]   18:     0x56c9cfb7c4b2 - <std[617be2ca0a6fd877]::thread::lifecycle::spawn_unchecked<test[aada8e7e76ba119b]::run_test::{closure#1}, ()>::{closure#1} as core[a373ad73a504971]::ops::function::FnOnce<()>>::call_once::{shim:vtable#0}
[INFO] [stdout]   19:     0x56c9d02d0c8f - <std[617be2ca0a6fd877]::sys::thread::unix::Thread>::new::thread_start
[INFO] [stdout]   20:     0x79aca6a6bdfa - <unknown>
[INFO] [stdout]   21:     0x79aca6aff3d4 - clone
[INFO] [stdout]   22:                0x0 - <unknown>
[INFO] [stdout] 
[INFO] [stdout] ---- run_guarded_deny_does_not_call_executor stdout ----
[INFO] [stdout] 
[INFO] [stdout] thread 'run_guarded_deny_does_not_call_executor' (2939) panicked at tests/jsonrpc_integration.rs:71:64:
[INFO] [stdout] read fixture ../../test-corpus/policy/reference_low_risk.json: No such file or directory (os error 2)
[INFO] [stdout] stack backtrace:
[INFO] [stdout]    0:     0x56c9d02d1b41 - <<std[617be2ca0a6fd877]::sys::backtrace::BacktraceLock>::print::DisplayBacktrace as core[a373ad73a504971]::fmt::Display>::fmt
[INFO] [stdout]    1:     0x56c9d02eacfa - core[a373ad73a504971]::fmt::write
[INFO] [stdout]    2:     0x56c9d02d6dbc - <alloc[2e1b2a31b91974c5]::vec::Vec<u8> as core[a373ad73a504971]::io::write::Write>::write_fmt
[INFO] [stdout]    3:     0x56c9d02aa696 - std[617be2ca0a6fd877]::panicking::default_hook::{closure#0}
[INFO] [stdout]    4:     0x56c9d02c8ab9 - std[617be2ca0a6fd877]::panicking::default_hook
[INFO] [stdout]    5:     0x56c9cfb78e00 - test[aada8e7e76ba119b]::test_main_inner::{closure#0}
[INFO] [stdout]    6:     0x56c9d02c8de2 - std[617be2ca0a6fd877]::panicking::panic_with_hook
[INFO] [stdout]    7:     0x56c9d02aa742 - std[617be2ca0a6fd877]::panicking::panic_handler::{closure#0}
[INFO] [stdout]    8:     0x56c9d02a2949 - std[617be2ca0a6fd877]::sys::backtrace::__rust_end_short_backtrace::<std[617be2ca0a6fd877]::panicking::panic_handler::{closure#0}, !>
[INFO] [stdout]    9:     0x56c9d02ab95d - __rustc[ea4f61d10b84890b]::rust_begin_unwind
[INFO] [stdout]   10:     0x56c9d02eb4dc - core[a373ad73a504971]::panicking::panic_fmt
[INFO] [stdout]   11:     0x56c9cfb4bfba - jsonrpc_integration[3d84bc17e638a781]::read_json::{closure#0}
[INFO] [stdout]   12:     0x56c9cfb4cc6e - jsonrpc_integration[3d84bc17e638a781]::read_json
[INFO] [stdout]   13:     0x56c9cfb4c69e - jsonrpc_integration[3d84bc17e638a781]::fresh_db
[INFO] [stdout]   14:     0x56c9cfb527be - <jsonrpc_integration[3d84bc17e638a781]::run_guarded_deny_does_not_call_executor::{closure#0} as core[a373ad73a504971]::ops::function::FnOnce<()>>::call_once
[INFO] [stdout]   15:     0x56c9cfb6c24b - test[aada8e7e76ba119b]::__rust_begin_short_backtrace::<core[a373ad73a504971]::result::Result<(), alloc[2e1b2a31b91974c5]::string::String>, fn() -> core[a373ad73a504971]::result::Result<(), alloc[2e1b2a31b91974c5]::string::String>>
[INFO] [stdout]   16:     0x56c9cfb79425 - test[aada8e7e76ba119b]::run_test::{closure#0}
[INFO] [stdout]   17:     0x56c9cfb72d14 - std[617be2ca0a6fd877]::sys::backtrace::__rust_begin_short_backtrace::<test[aada8e7e76ba119b]::run_test::{closure#1}, ()>
[INFO] [stdout]   18:     0x56c9cfb7c4b2 - <std[617be2ca0a6fd877]::thread::lifecycle::spawn_unchecked<test[aada8e7e76ba119b]::run_test::{closure#1}, ()>::{closure#1} as core[a373ad73a504971]::ops::function::FnOnce<()>>::call_once::{shim:vtable#0}
[INFO] [stdout]   19:     0x56c9d02d0c8f - <std[617be2ca0a6fd877]::sys::thread::unix::Thread>::new::thread_start
[INFO] [stdout]   20:     0x79aca6a6bdfa - <unknown>
[INFO] [stdout]   21:     0x79aca6aff3d4 - clone
[INFO] [stdout]   22:                0x0 - <unknown>
[INFO] [stdout] 
[INFO] [stdout] ---- stdio_validate_aprp_round_trips_through_child_process stdout ----
[INFO] [stdout] 
[INFO] [stdout] thread 'stdio_validate_aprp_round_trips_through_child_process' (2945) panicked at tests/jsonrpc_integration.rs:71:64:
[INFO] [stdout] read fixture ../../test-corpus/aprp/golden_001_minimal.json: No such file or directory (os error 2)
[INFO] [stdout] stack backtrace:
[INFO] [stdout]    0:     0x56c9d02d1b41 - <<std[617be2ca0a6fd877]::sys::backtrace::BacktraceLock>::print::DisplayBacktrace as core[a373ad73a504971]::fmt::Display>::fmt
[INFO] [stdout]    1:     0x56c9d02eacfa - core[a373ad73a504971]::fmt::write
[INFO] [stdout]    2:     0x56c9d02d6dbc - <alloc[2e1b2a31b91974c5]::vec::Vec<u8> as core[a373ad73a504971]::io::write::Write>::write_fmt
[INFO] [stdout]    3:     0x56c9d02aa696 - std[617be2ca0a6fd877]::panicking::default_hook::{closure#0}
[INFO] [stdout]    4:     0x56c9d02c8ab9 - std[617be2ca0a6fd877]::panicking::default_hook
[INFO] [stdout]    5:     0x56c9cfb78e00 - test[aada8e7e76ba119b]::test_main_inner::{closure#0}
[INFO] [stdout]    6:     0x56c9d02c8de2 - std[617be2ca0a6fd877]::panicking::panic_with_hook
[INFO] [stdout]    7:     0x56c9d02aa742 - std[617be2ca0a6fd877]::panicking::panic_handler::{closure#0}
[INFO] [stdout]    8:     0x56c9d02a2949 - std[617be2ca0a6fd877]::sys::backtrace::__rust_end_short_backtrace::<std[617be2ca0a6fd877]::panicking::panic_handler::{closure#0}, !>
[INFO] [stdout]    9:     0x56c9d02ab95d - __rustc[ea4f61d10b84890b]::rust_begin_unwind
[INFO] [stdout]   10:     0x56c9d02eb4dc - core[a373ad73a504971]::panicking::panic_fmt
[INFO] [stdout]   11:     0x56c9cfb4bfba - jsonrpc_integration[3d84bc17e638a781]::read_json::{closure#0}
[INFO] [stdout]   12:     0x56c9cfb4cc6e - jsonrpc_integration[3d84bc17e638a781]::read_json
[INFO] [stdout]   13:     0x56c9cfb572e6 - <jsonrpc_integration[3d84bc17e638a781]::stdio_validate_aprp_round_trips_through_child_process::{closure#0} as core[a373ad73a504971]::ops::function::FnOnce<()>>::call_once
[INFO] [stdout]   14:     0x56c9cfb6c24b - test[aada8e7e76ba119b]::__rust_begin_short_backtrace::<core[a373ad73a504971]::result::Result<(), alloc[2e1b2a31b91974c5]::string::String>, fn() -> core[a373ad73a504971]::result::Result<(), alloc[2e1b2a31b91974c5]::string::String>>
[INFO] [stdout]   15:     0x56c9cfb79425 - test[aada8e7e76ba119b]::run_test::{closure#0}
[INFO] [stdout]   16:     0x56c9cfb72d14 - std[617be2ca0a6fd877]::sys::backtrace::__rust_begin_short_backtrace::<test[aada8e7e76ba119b]::run_test::{closure#1}, ()>
[INFO] [stdout]   17:     0x56c9cfb7c4b2 - <std[617be2ca0a6fd877]::thread::lifecycle::spawn_unchecked<test[aada8e7e76ba119b]::run_test::{closure#1}, ()>::{closure#1} as core[a373ad73a504971]::ops::function::FnOnce<()>>::call_once::{shim:vtable#0}
[INFO] [stdout]   18:     0x56c9d02d0c8f - <std[617be2ca0a6fd877]::sys::thread::unix::Thread>::new::thread_start
[INFO] [stdout]   19:     0x79aca6a6bdfa - <unknown>
[INFO] [stdout]   20:     0x79aca6aff3d4 - clone
[INFO] [stdout]   21:                0x0 - <unknown>
[INFO] [stdout] 
[INFO] [stdout] ---- stdio_decide_allow_round_trips_through_child_process stdout ----
[INFO] [stdout] 
[INFO] [stdout] thread 'stdio_decide_allow_round_trips_through_child_process' (2942) panicked at tests/jsonrpc_integration.rs:71:64:
[INFO] [stdout] read fixture ../../test-corpus/policy/reference_low_risk.json: No such file or directory (os error 2)
[INFO] [stdout] stack backtrace:
[INFO] [stdout]    0:     0x56c9d02d1b41 - <<std[617be2ca0a6fd877]::sys::backtrace::BacktraceLock>::print::DisplayBacktrace as core[a373ad73a504971]::fmt::Display>::fmt
[INFO] [stdout]    1:     0x56c9d02eacfa - core[a373ad73a504971]::fmt::write
[INFO] [stdout]    2:     0x56c9d02d6dbc - <alloc[2e1b2a31b91974c5]::vec::Vec<u8> as core[a373ad73a504971]::io::write::Write>::write_fmt
[INFO] [stdout]    3:     0x56c9d02aa696 - std[617be2ca0a6fd877]::panicking::default_hook::{closure#0}
[INFO] [stdout]    4:     0x56c9d02c8ab9 - std[617be2ca0a6fd877]::panicking::default_hook
[INFO] [stdout]    5:     0x56c9cfb78e00 - test[aada8e7e76ba119b]::test_main_inner::{closure#0}
[INFO] [stdout]    6:     0x56c9d02c8de2 - std[617be2ca0a6fd877]::panicking::panic_with_hook
[INFO] [stdout]    7:     0x56c9d02aa742 - std[617be2ca0a6fd877]::panicking::panic_handler::{closure#0}
[INFO] [stdout]    8:     0x56c9d02a2949 - std[617be2ca0a6fd877]::sys::backtrace::__rust_end_short_backtrace::<std[617be2ca0a6fd877]::panicking::panic_handler::{closure#0}, !>
[INFO] [stdout]    9:     0x56c9d02ab95d - __rustc[ea4f61d10b84890b]::rust_begin_unwind
[INFO] [stdout]   10:     0x56c9d02eb4dc - core[a373ad73a504971]::panicking::panic_fmt
[INFO] [stdout]   11:     0x56c9cfb4bfba - jsonrpc_integration[3d84bc17e638a781]::read_json::{closure#0}
[INFO] [stdout]   12:     0x56c9cfb4cc6e - jsonrpc_integration[3d84bc17e638a781]::read_json
[INFO] [stdout]   13:     0x56c9cfb4c69e - jsonrpc_integration[3d84bc17e638a781]::fresh_db
[INFO] [stdout]   14:     0x56c9cfb56943 - <jsonrpc_integration[3d84bc17e638a781]::stdio_decide_allow_round_trips_through_child_process::{closure#0} as core[a373ad73a504971]::ops::function::FnOnce<()>>::call_once
[INFO] [stdout]   15:     0x56c9cfb6c24b - test[aada8e7e76ba119b]::__rust_begin_short_backtrace::<core[a373ad73a504971]::result::Result<(), alloc[2e1b2a31b91974c5]::string::String>, fn() -> core[a373ad73a504971]::result::Result<(), alloc[2e1b2a31b91974c5]::string::String>>
[INFO] [stdout]   16:     0x56c9cfb79425 - test[aada8e7e76ba119b]::run_test::{closure#0}
[INFO] [stdout]   17:     0x56c9cfb72d14 - std[617be2ca0a6fd877]::sys::backtrace::__rust_begin_short_backtrace::<test[aada8e7e76ba119b]::run_test::{closure#1}, ()>
[INFO] [stdout]   18:     0x56c9cfb7c4b2 - <std[617be2ca0a6fd877]::thread::lifecycle::spawn_unchecked<test[aada8e7e76ba119b]::run_test::{closure#1}, ()>::{closure#1} as core[a373ad73a504971]::ops::function::FnOnce<()>>::call_once::{shim:vtable#0}
[INFO] [stdout]   19:     0x56c9d02d0c8f - <std[617be2ca0a6fd877]::sys::thread::unix::Thread>::new::thread_start
[INFO] [stdout]   20:     0x79aca6a6bdfa - <unknown>
[INFO] [stdout]   21:     0x79aca6aff3d4 - clone
[INFO] [stdout]   22:                0x0 - <unknown>
[INFO] [stdout] 
[INFO] [stdout] ---- validate_aprp_rejects_unknown_field_with_stable_code stdout ----
[INFO] [stdout] 
[INFO] [stdout] thread 'validate_aprp_rejects_unknown_field_with_stable_code' (2950) panicked at tests/jsonrpc_integration.rs:71:64:
[INFO] [stdout] read fixture ../../test-corpus/aprp/golden_001_minimal.json: No such file or directory (os error 2)
[INFO] [stdout] stack backtrace:
[INFO] [stdout]    0:     0x56c9d02d1b41 - <<std[617be2ca0a6fd877]::sys::backtrace::BacktraceLock>::print::DisplayBacktrace as core[a373ad73a504971]::fmt::Display>::fmt
[INFO] [stdout]    1:     0x56c9d02eacfa - core[a373ad73a504971]::fmt::write
[INFO] [stdout]    2:     0x56c9d02d6dbc - <alloc[2e1b2a31b91974c5]::vec::Vec<u8> as core[a373ad73a504971]::io::write::Write>::write_fmt
[INFO] [stdout]    3:     0x56c9d02aa696 - std[617be2ca0a6fd877]::panicking::default_hook::{closure#0}
[INFO] [stdout]    4:     0x56c9d02c8ab9 - std[617be2ca0a6fd877]::panicking::default_hook
[INFO] [stdout]    5:     0x56c9cfb78e00 - test[aada8e7e76ba119b]::test_main_inner::{closure#0}
[INFO] [stdout]    6:     0x56c9d02c8de2 - std[617be2ca0a6fd877]::panicking::panic_with_hook
[INFO] [stdout]    7:     0x56c9d02aa742 - std[617be2ca0a6fd877]::panicking::panic_handler::{closure#0}
[INFO] [stdout]    8:     0x56c9d02a2949 - std[617be2ca0a6fd877]::sys::backtrace::__rust_end_short_backtrace::<std[617be2ca0a6fd877]::panicking::panic_handler::{closure#0}, !>
[INFO] [stdout]    9:     0x56c9d02ab95d - __rustc[ea4f61d10b84890b]::rust_begin_unwind
[INFO] [stdout]   10:     0x56c9d02eb4dc - core[a373ad73a504971]::panicking::panic_fmt
[INFO] [stdout]   11:     0x56c9cfb4bfba - jsonrpc_integration[3d84bc17e638a781]::read_json::{closure#0}
[INFO] [stdout]   12:     0x56c9cfb4cc6e - jsonrpc_integration[3d84bc17e638a781]::read_json
[INFO] [stdout]   13:     0x56c9cfb56f42 - <jsonrpc_integration[3d84bc17e638a781]::validate_aprp_rejects_unknown_field_with_stable_code::{closure#0} as core[a373ad73a504971]::ops::function::FnOnce<()>>::call_once
[INFO] [stdout]   14:     0x56c9cfb6c24b - test[aada8e7e76ba119b]::__rust_begin_short_backtrace::<core[a373ad73a504971]::result::Result<(), alloc[2e1b2a31b91974c5]::string::String>, fn() -> core[a373ad73a504971]::result::Result<(), alloc[2e1b2a31b91974c5]::string::String>>
[INFO] [stdout]   15:     0x56c9cfb79425 - test[aada8e7e76ba119b]::run_test::{closure#0}
[INFO] [stdout]   16:     0x56c9cfb72d14 - std[617be2ca0a6fd877]::sys::backtrace::__rust_begin_short_backtrace::<test[aada8e7e76ba119b]::run_test::{closure#1}, ()>
[INFO] [stdout]   17:     0x56c9cfb7c4b2 - <std[617be2ca0a6fd877]::thread::lifecycle::spawn_unchecked<test[aada8e7e76ba119b]::run_test::{closure#1}, ()>::{closure#1} as core[a373ad73a504971]::ops::function::FnOnce<()>>::call_once::{shim:vtable#0}
[INFO] [stdout]   18:     0x56c9d02d0c8f - <std[617be2ca0a6fd877]::sys::thread::unix::Thread>::new::thread_start
[INFO] [stdout]   19:     0x79aca6a6bdfa - <unknown>
[INFO] [stdout]   20:     0x79aca6aff3d4 - clone
[INFO] [stdout]   21:                0x0 - <unknown>
[INFO] [stdout] 
[INFO] [stdout] ---- verify_capsule_accepts_golden_fixture_via_path stdout ----
[INFO] [stdout] 
[INFO] [stdout] thread 'verify_capsule_accepts_golden_fixture_via_path' (2951) panicked at tests/jsonrpc_integration.rs:290:6:
[INFO] [stdout] called `Result::unwrap()` on an `Err` value: ToolError { code: "capsule.path_escape", message: "path parent /opt/rustwide/workdir/../../test-corpus/passport could not be canonicalized: No such file or directory (os error 2)" }
[INFO] [stdout] stack backtrace:
[INFO] [stdout]    0:     0x56c9d02d1b41 - <<std[617be2ca0a6fd877]::sys::backtrace::BacktraceLock>::print::DisplayBacktrace as core[a373ad73a504971]::fmt::Display>::fmt
[INFO] [stdout]    1:     0x56c9d02eacfa - core[a373ad73a504971]::fmt::write
[INFO] [stdout]    2:     0x56c9d02d6dbc - <alloc[2e1b2a31b91974c5]::vec::Vec<u8> as core[a373ad73a504971]::io::write::Write>::write_fmt
[INFO] [stdout]    3:     0x56c9d02aa696 - std[617be2ca0a6fd877]::panicking::default_hook::{closure#0}
[INFO] [stdout]    4:     0x56c9d02c8ab9 - std[617be2ca0a6fd877]::panicking::default_hook
[INFO] [stdout]    5:     0x56c9cfb78e00 - test[aada8e7e76ba119b]::test_main_inner::{closure#0}
[INFO] [stdout]    6:     0x56c9d02c8de2 - std[617be2ca0a6fd877]::panicking::panic_with_hook
[INFO] [stdout]    7:     0x56c9d02aa742 - std[617be2ca0a6fd877]::panicking::panic_handler::{closure#0}
[INFO] [stdout]    8:     0x56c9d02a2949 - std[617be2ca0a6fd877]::sys::backtrace::__rust_end_short_backtrace::<std[617be2ca0a6fd877]::panicking::panic_handler::{closure#0}, !>
[INFO] [stdout]    9:     0x56c9d02ab95d - __rustc[ea4f61d10b84890b]::rust_begin_unwind
[INFO] [stdout]   10:     0x56c9d02eb4dc - core[a373ad73a504971]::panicking::panic_fmt
[INFO] [stdout]   11:     0x56c9d02eb2b2 - core[a373ad73a504971]::result::unwrap_failed
[INFO] [stdout]   12:     0x56c9cfb53f6e - <jsonrpc_integration[3d84bc17e638a781]::verify_capsule_accepts_golden_fixture_via_path::{closure#0} as core[a373ad73a504971]::ops::function::FnOnce<()>>::call_once
[INFO] [stdout]   13:     0x56c9cfb6c24b - test[aada8e7e76ba119b]::__rust_begin_short_backtrace::<core[a373ad73a504971]::result::Result<(), alloc[2e1b2a31b91974c5]::string::String>, fn() -> core[a373ad73a504971]::result::Result<(), alloc[2e1b2a31b91974c5]::string::String>>
[INFO] [stdout]   14:     0x56c9cfb79425 - test[aada8e7e76ba119b]::run_test::{closure#0}
[INFO] [stdout]   15:     0x56c9cfb72d14 - std[617be2ca0a6fd877]::sys::backtrace::__rust_begin_short_backtrace::<test[aada8e7e76ba119b]::run_test::{closure#1}, ()>
[INFO] [stdout]   16:     0x56c9cfb7c4b2 - <std[617be2ca0a6fd877]::thread::lifecycle::spawn_unchecked<test[aada8e7e76ba119b]::run_test::{closure#1}, ()>::{closure#1} as core[a373ad73a504971]::ops::function::FnOnce<()>>::call_once::{shim:vtable#0}
[INFO] [stdout]   17:     0x56c9d02d0c8f - <std[617be2ca0a6fd877]::sys::thread::unix::Thread>::new::thread_start
[INFO] [stdout]   18:     0x79aca6a6bdfa - <unknown>
[INFO] [stdout]   19:     0x79aca6aff3d4 - clone
[INFO] [stdout]   20:                0x0 - <unknown>
[INFO] [stdout] 
[INFO] [stdout] ---- verify_capsule_accepts_inline_object stdout ----
[INFO] [stdout] 
[INFO] [stdout] thread 'verify_capsule_accepts_inline_object' (2952) panicked at tests/jsonrpc_integration.rs:71:64:
[INFO] [stdout] read fixture ../../test-corpus/passport/golden_001_allow_keeperhub_mock.json: No such file or directory (os error 2)
[INFO] [stdout] stack backtrace:
[INFO] [stdout]    0:     0x56c9d02d1b41 - <<std[617be2ca0a6fd877]::sys::backtrace::BacktraceLock>::print::DisplayBacktrace as core[a373ad73a504971]::fmt::Display>::fmt
[INFO] [stdout]    1:     0x56c9d02eacfa - core[a373ad73a504971]::fmt::write
[INFO] [stdout]    2:     0x56c9d02d6dbc - <alloc[2e1b2a31b91974c5]::vec::Vec<u8> as core[a373ad73a504971]::io::write::Write>::write_fmt
[INFO] [stdout]    3:     0x56c9d02aa696 - std[617be2ca0a6fd877]::panicking::default_hook::{closure#0}
[INFO] [stdout]    4:     0x56c9d02c8ab9 - std[617be2ca0a6fd877]::panicking::default_hook
[INFO] [stdout]    5:     0x56c9cfb78e00 - test[aada8e7e76ba119b]::test_main_inner::{closure#0}
[INFO] [stdout]    6:     0x56c9d02c8de2 - std[617be2ca0a6fd877]::panicking::panic_with_hook
[INFO] [stdout]    7:     0x56c9d02aa742 - std[617be2ca0a6fd877]::panicking::panic_handler::{closure#0}
[INFO] [stdout]    8:     0x56c9d02a2949 - std[617be2ca0a6fd877]::sys::backtrace::__rust_end_short_backtrace::<std[617be2ca0a6fd877]::panicking::panic_handler::{closure#0}, !>
[INFO] [stdout]    9:     0x56c9d02ab95d - __rustc[ea4f61d10b84890b]::rust_begin_unwind
[INFO] [stdout]   10:     0x56c9d02eb4dc - core[a373ad73a504971]::panicking::panic_fmt
[INFO] [stdout]   11:     0x56c9cfb4bfba - jsonrpc_integration[3d84bc17e638a781]::read_json::{closure#0}
[INFO] [stdout]   12:     0x56c9cfb4cc6e - jsonrpc_integration[3d84bc17e638a781]::read_json
[INFO] [stdout]   13:     0x56c9cfb50d12 - <jsonrpc_integration[3d84bc17e638a781]::verify_capsule_accepts_inline_object::{closure#0} as core[a373ad73a504971]::ops::function::FnOnce<()>>::call_once
[INFO] [stdout]   14:     0x56c9cfb6c24b - test[aada8e7e76ba119b]::__rust_begin_short_backtrace::<core[a373ad73a504971]::result::Result<(), alloc[2e1b2a31b91974c5]::string::String>, fn() -> core[a373ad73a504971]::result::Result<(), alloc[2e1b2a31b91974c5]::string::String>>
[INFO] [stdout]   15:     0x56c9cfb79425 - test[aada8e7e76ba119b]::run_test::{closure#0}
[INFO] [stdout]   16:     0x56c9cfb72d14 - std[617be2ca0a6fd877]::sys::backtrace::__rust_begin_short_backtrace::<test[aada8e7e76ba119b]::run_test::{closure#1}, ()>
[INFO] [stdout]   17:     0x56c9cfb7c4b2 - <std[617be2ca0a6fd877]::thread::lifecycle::spawn_unchecked<test[aada8e7e76ba119b]::run_test::{closure#1}, ()>::{closure#1} as core[a373ad73a504971]::ops::function::FnOnce<()>>::call_once::{shim:vtable#0}
[INFO] [stdout]   18:     0x56c9d02d0c8f - <std[617be2ca0a6fd877]::sys::thread::unix::Thread>::new::thread_start
[INFO] [stdout]   19:     0x79aca6a6bdfa - <unknown>
[INFO] [stdout]   20:     0x79aca6aff3d4 - clone
[INFO] [stdout]   21:                0x0 - <unknown>
[INFO] [stdout] 
[INFO] [stdout] ---- verify_capsule_rejects_tampered_request_hash stdout ----
[INFO] [stdout] 
[INFO] [stdout] thread 'verify_capsule_rejects_tampered_request_hash' (2953) panicked at tests/jsonrpc_integration.rs:304:5:
[INFO] [stdout] assertion `left == right` failed
[INFO] [stdout]   left: "capsule.path_escape"
[INFO] [stdout]  right: "capsule_invalid"
[INFO] [stdout] stack backtrace:
[INFO] [stdout]    0:     0x56c9d02d1b41 - <<std[617be2ca0a6fd877]::sys::backtrace::BacktraceLock>::print::DisplayBacktrace as core[a373ad73a504971]::fmt::Display>::fmt
[INFO] [stdout]    1:     0x56c9d02eacfa - core[a373ad73a504971]::fmt::write
[INFO] [stdout]    2:     0x56c9d02d6dbc - <alloc[2e1b2a31b91974c5]::vec::Vec<u8> as core[a373ad73a504971]::io::write::Write>::write_fmt
[INFO] [stdout]    3:     0x56c9d02aa696 - std[617be2ca0a6fd877]::panicking::default_hook::{closure#0}
[INFO] [stdout]    4:     0x56c9d02c8ab9 - std[617be2ca0a6fd877]::panicking::default_hook
[INFO] [stdout]    5:     0x56c9cfb78e00 - test[aada8e7e76ba119b]::test_main_inner::{closure#0}
[INFO] [stdout]    6:     0x56c9d02c8de2 - std[617be2ca0a6fd877]::panicking::panic_with_hook
[INFO] [stdout]    7:     0x56c9d02aa742 - std[617be2ca0a6fd877]::panicking::panic_handler::{closure#0}
[INFO] [stdout]    8:     0x56c9d02a2949 - std[617be2ca0a6fd877]::sys::backtrace::__rust_end_short_backtrace::<std[617be2ca0a6fd877]::panicking::panic_handler::{closure#0}, !>
[INFO] [stdout]    9:     0x56c9d02ab95d - __rustc[ea4f61d10b84890b]::rust_begin_unwind
[INFO] [stdout]   10:     0x56c9d02eb4dc - core[a373ad73a504971]::panicking::panic_fmt
[INFO] [stdout]   11:     0x56c9d02eb3f3 - core[a373ad73a504971]::panicking::assert_failed_inner
[INFO] [stdout]   12:     0x56c9cfb60099 - core[a373ad73a504971]::panicking::assert_failed::<alloc[2e1b2a31b91974c5]::string::String, &str>
[INFO] [stdout]   13:     0x56c9cfb53b7e - <jsonrpc_integration[3d84bc17e638a781]::verify_capsule_rejects_tampered_request_hash::{closure#0} as core[a373ad73a504971]::ops::function::FnOnce<()>>::call_once
[INFO] [stdout]   14:     0x56c9cfb6c24b - test[aada8e7e76ba119b]::__rust_begin_short_backtrace::<core[a373ad73a504971]::result::Result<(), alloc[2e1b2a31b91974c5]::string::String>, fn() -> core[a373ad73a504971]::result::Result<(), alloc[2e1b2a31b91974c5]::string::String>>
[INFO] [stdout]   15:     0x56c9cfb79425 - test[aada8e7e76ba119b]::run_test::{closure#0}
[INFO] [stdout]   16:     0x56c9cfb72d14 - std[617be2ca0a6fd877]::sys::backtrace::__rust_begin_short_backtrace::<test[aada8e7e76ba119b]::run_test::{closure#1}, ()>
[INFO] [stdout]   17:     0x56c9cfb7c4b2 - <std[617be2ca0a6fd877]::thread::lifecycle::spawn_unchecked<test[aada8e7e76ba119b]::run_test::{closure#1}, ()>::{closure#1} as core[a373ad73a504971]::ops::function::FnOnce<()>>::call_once::{shim:vtable#0}
[INFO] [stdout]   18:     0x56c9d02d0c8f - <std[617be2ca0a6fd877]::sys::thread::unix::Thread>::new::thread_start
[INFO] [stdout]   19:     0x79aca6a6bdfa - <unknown>
[INFO] [stdout]   20:     0x79aca6aff3d4 - clone
[INFO] [stdout]   21:                0x0 - <unknown>
[INFO] [stdout] 
[INFO] [stdout] ---- validate_aprp_accepts_golden_fixture stdout ----
[INFO] [stdout] 
[INFO] [stdout] thread 'validate_aprp_accepts_golden_fixture' (2948) panicked at tests/jsonrpc_integration.rs:71:64:
[INFO] [stdout] read fixture ../../test-corpus/aprp/golden_001_minimal.json: No such file or directory (os error 2)
[INFO] [stdout] stack backtrace:
[INFO] [stdout]    0:     0x56c9d02d1b41 - <<std[617be2ca0a6fd877]::sys::backtrace::BacktraceLock>::print::DisplayBacktrace as core[a373ad73a504971]::fmt::Display>::fmt
[INFO] [stdout]    1:     0x56c9d02eacfa - core[a373ad73a504971]::fmt::write
[INFO] [stdout]    2:     0x56c9d02d6dbc - <alloc[2e1b2a31b91974c5]::vec::Vec<u8> as core[a373ad73a504971]::io::write::Write>::write_fmt
[INFO] [stdout]    3:     0x56c9d02aa696 - std[617be2ca0a6fd877]::panicking::default_hook::{closure#0}
[INFO] [stdout]    4:     0x56c9d02c8ab9 - std[617be2ca0a6fd877]::panicking::default_hook
[INFO] [stdout]    5:     0x56c9cfb78e00 - test[aada8e7e76ba119b]::test_main_inner::{closure#0}
[INFO] [stdout]    6:     0x56c9d02c8de2 - std[617be2ca0a6fd877]::panicking::panic_with_hook
[INFO] [stdout]    7:     0x56c9d02aa742 - std[617be2ca0a6fd877]::panicking::panic_handler::{closure#0}
[INFO] [stdout]    8:     0x56c9d02a2949 - std[617be2ca0a6fd877]::sys::backtrace::__rust_end_short_backtrace::<std[617be2ca0a6fd877]::panicking::panic_handler::{closure#0}, !>
[INFO] [stdout]    9:     0x56c9d02ab95d - __rustc[ea4f61d10b84890b]::rust_begin_unwind
[INFO] [stdout]   10:     0x56c9d02eb4dc - core[a373ad73a504971]::panicking::panic_fmt
[INFO] [stdout]   11:     0x56c9cfb4bfba - jsonrpc_integration[3d84bc17e638a781]::read_json::{closure#0}
[INFO] [stdout]   12:     0x56c9cfb4cc6e - jsonrpc_integration[3d84bc17e638a781]::read_json
[INFO] [stdout]   13:     0x56c9cfb508b2 - <jsonrpc_integration[3d84bc17e638a781]::validate_aprp_accepts_golden_fixture::{closure#0} as core[a373ad73a504971]::ops::function::FnOnce<()>>::call_once
[INFO] [stdout]   14:     0x56c9cfb6c24b - test[aada8e7e76ba119b]::__rust_begin_short_backtrace::<core[a373ad73a504971]::result::Result<(), alloc[2e1b2a31b91974c5]::string::String>, fn() -> core[a373ad73a504971]::result::Result<(), alloc[2e1b2a31b91974c5]::string::String>>
[INFO] [stdout]   15:     0x56c9cfb79425 - test[aada8e7e76ba119b]::run_test::{closure#0}
[INFO] [stdout]   16:     0x56c9cfb72d14 - std[617be2ca0a6fd877]::sys::backtrace::__rust_begin_short_backtrace::<test[aada8e7e76ba119b]::run_test::{closure#1}, ()>
[INFO] [stdout]   17:     0x56c9cfb7c4b2 - <std[617be2ca0a6fd877]::thread::lifecycle::spawn_unchecked<test[aada8e7e76ba119b]::run_test::{closure#1}, ()>::{closure#1} as core[a373ad73a504971]::ops::function::FnOnce<()>>::call_once::{shim:vtable#0}
[INFO] [stdout]   18:     0x56c9d02d0c8f - <std[617be2ca0a6fd877]::sys::thread::unix::Thread>::new::thread_start
[INFO] [stdout]   19:     0x79aca6a6bdfa - <unknown>
[INFO] [stdout]   20:     0x79aca6aff3d4 - clone
[INFO] [stdout]   21:                0x0 - <unknown>
[INFO] [stdout] 
[INFO] [stdout] ---- mcp_rejects_path_traversal_via_dotdot stdout ----
[INFO] [stdout] 
[INFO] [stdout] thread 'mcp_rejects_path_traversal_via_dotdot' (2935) panicked at tests/jsonrpc_integration.rs:71:64:
[INFO] [stdout] read fixture ../../test-corpus/aprp/golden_001_minimal.json: No such file or directory (os error 2)
[INFO] [stdout] stack backtrace:
[INFO] [stdout]    0:     0x56c9d02d1b41 - <<std[617be2ca0a6fd877]::sys::backtrace::BacktraceLock>::print::DisplayBacktrace as core[a373ad73a504971]::fmt::Display>::fmt
[INFO] [stdout]    1:     0x56c9d02eacfa - core[a373ad73a504971]::fmt::write
[INFO] [stdout]    2:     0x56c9d02d6dbc - <alloc[2e1b2a31b91974c5]::vec::Vec<u8> as core[a373ad73a504971]::io::write::Write>::write_fmt
[INFO] [stdout]    3:     0x56c9d02aa696 - std[617be2ca0a6fd877]::panicking::default_hook::{closure#0}
[INFO] [stdout]    4:     0x56c9d02c8ab9 - std[617be2ca0a6fd877]::panicking::default_hook
[INFO] [stdout]    5:     0x56c9cfb78e00 - test[aada8e7e76ba119b]::test_main_inner::{closure#0}
[INFO] [stdout]    6:     0x56c9d02c8de2 - std[617be2ca0a6fd877]::panicking::panic_with_hook
[INFO] [stdout]    7:     0x56c9d02aa742 - std[617be2ca0a6fd877]::panicking::panic_handler::{closure#0}
[INFO] [stdout]    8:     0x56c9d02a2949 - std[617be2ca0a6fd877]::sys::backtrace::__rust_end_short_backtrace::<std[617be2ca0a6fd877]::panicking::panic_handler::{closure#0}, !>
[INFO] [stdout]    9:     0x56c9d02ab95d - __rustc[ea4f61d10b84890b]::rust_begin_unwind
[INFO] [stdout]   10:     0x56c9d02eb4dc - core[a373ad73a504971]::panicking::panic_fmt
[INFO] [stdout]   11:     0x56c9cfb4bfba - jsonrpc_integration[3d84bc17e638a781]::read_json::{closure#0}
[INFO] [stdout]   12:     0x56c9cfb4cc6e - jsonrpc_integration[3d84bc17e638a781]::read_json
[INFO] [stdout]   13:     0x56c9cfb51311 - <jsonrpc_integration[3d84bc17e638a781]::mcp_rejects_path_traversal_via_dotdot::{closure#0} as core[a373ad73a504971]::ops::function::FnOnce<()>>::call_once
[INFO] [stdout]   14:     0x56c9cfb6c24b - test[aada8e7e76ba119b]::__rust_begin_short_backtrace::<core[a373ad73a504971]::result::Result<(), alloc[2e1b2a31b91974c5]::string::String>, fn() -> core[a373ad73a504971]::result::Result<(), alloc[2e1b2a31b91974c5]::string::String>>
[INFO] [stdout]   15:     0x56c9cfb79425 - test[aada8e7e76ba119b]::run_test::{closure#0}
[INFO] [stdout]   16:     0x56c9cfb72d14 - std[617be2ca0a6fd877]::sys::backtrace::__rust_begin_short_backtrace::<test[aada8e7e76ba119b]::run_test::{closure#1}, ()>
[INFO] [stdout]   17:     0x56c9cfb7c4b2 - <std[617be2ca0a6fd877]::thread::lifecycle::spawn_unchecked<test[aada8e7e76ba119b]::run_test::{closure#1}, ()>::{closure#1} as core[a373ad73a504971]::ops::function::FnOnce<()>>::call_once::{shim:vtable#0}
[INFO] [stdout]   18:     0x56c9d02d0c8f - <std[617be2ca0a6fd877]::sys::thread::unix::Thread>::new::thread_start
[INFO] [stdout]   19:     0x79aca6a6bdfa - <unknown>
[INFO] [stdout]   20:     0x79aca6aff3d4 - clone
[INFO] [stdout]   21:                0x0 - <unknown>
[INFO] [stdout] 
[INFO] [stdout] ---- mcp_rejects_symlink_escape stdout ----
[INFO] [stdout] 
[INFO] [stdout] thread 'mcp_rejects_symlink_escape' (2936) panicked at tests/jsonrpc_integration.rs:71:64:
[INFO] [stdout] read fixture ../../test-corpus/aprp/golden_001_minimal.json: No such file or directory (os error 2)
[INFO] [stdout] stack backtrace:
[INFO] [stdout]    0:     0x56c9d02d1b41 - <<std[617be2ca0a6fd877]::sys::backtrace::BacktraceLock>::print::DisplayBacktrace as core[a373ad73a504971]::fmt::Display>::fmt
[INFO] [stdout]    1:     0x56c9d02eacfa - core[a373ad73a504971]::fmt::write
[INFO] [stdout]    2:     0x56c9d02d6dbc - <alloc[2e1b2a31b91974c5]::vec::Vec<u8> as core[a373ad73a504971]::io::write::Write>::write_fmt
[INFO] [stdout]    3:     0x56c9d02aa696 - std[617be2ca0a6fd877]::panicking::default_hook::{closure#0}
[INFO] [stdout]    4:     0x56c9d02c8ab9 - std[617be2ca0a6fd877]::panicking::default_hook
[INFO] [stdout]    5:     0x56c9cfb78e00 - test[aada8e7e76ba119b]::test_main_inner::{closure#0}
[INFO] [stdout]    6:     0x56c9d02c8de2 - std[617be2ca0a6fd877]::panicking::panic_with_hook
[INFO] [stdout]    7:     0x56c9d02aa742 - std[617be2ca0a6fd877]::panicking::panic_handler::{closure#0}
[INFO] [stdout]    8:     0x56c9d02a2949 - std[617be2ca0a6fd877]::sys::backtrace::__rust_end_short_backtrace::<std[617be2ca0a6fd877]::panicking::panic_handler::{closure#0}, !>
[INFO] [stdout]    9:     0x56c9d02ab95d - __rustc[ea4f61d10b84890b]::rust_begin_unwind
[INFO] [stdout]   10:     0x56c9d02eb4dc - core[a373ad73a504971]::panicking::panic_fmt
[INFO] [stdout]   11:     0x56c9cfb4bfba - jsonrpc_integration[3d84bc17e638a781]::read_json::{closure#0}
[INFO] [stdout]   12:     0x56c9cfb4cc6e - jsonrpc_integration[3d84bc17e638a781]::read_json
[INFO] [stdout]   13:     0x56c9cfb4e3a3 - <jsonrpc_integration[3d84bc17e638a781]::mcp_rejects_symlink_escape::{closure#0} as core[a373ad73a504971]::ops::function::FnOnce<()>>::call_once
[INFO] [stdout]   14:     0x56c9cfb6c24b - test[aada8e7e76ba119b]::__rust_begin_short_backtrace::<core[a373ad73a504971]::result::Result<(), alloc[2e1b2a31b91974c5]::string::String>, fn() -> core[a373ad73a504971]::result::Result<(), alloc[2e1b2a31b91974c5]::string::String>>
[INFO] [stdout]   15:     0x56c9cfb79425 - test[aada8e7e76ba119b]::run_test::{closure#0}
[INFO] [stdout]   16:     0x56c9cfb72d14 - std[617be2ca0a6fd877]::sys::backtrace::__rust_begin_short_backtrace::<test[aada8e7e76ba119b]::run_test::{closure#1}, ()>
[INFO] [stdout]   17:     0x56c9cfb7c4b2 - <std[617be2ca0a6fd877]::thread::lifecycle::spawn_unchecked<test[aada8e7e76ba119b]::run_test::{closure#1}, ()>::{closure#1} as core[a373ad73a504971]::ops::function::FnOnce<()>>::call_once::{shim:vtable#0}
[INFO] [stdout]   18:     0x56c9d02d0c8f - <std[617be2ca0a6fd877]::sys::thread::unix::Thread>::new::thread_start
[INFO] [stdout]   19:     0x79aca6a6bdfa - <unknown>
[INFO] [stdout]   20:     0x79aca6aff3d4 - clone
[INFO] [stdout]   21:                0x0 - <unknown>
[INFO] [stdout] 
[INFO] [stdout] ---- mcp_rejects_path_outside_root stdout ----
[INFO] [stdout] 
[INFO] [stdout] thread 'mcp_rejects_path_outside_root' (2934) panicked at tests/jsonrpc_integration.rs:71:64:
[INFO] [stdout] read fixture ../../test-corpus/aprp/golden_001_minimal.json: No such file or directory (os error 2)
[INFO] [stdout] stack backtrace:
[INFO] [stdout]    0:     0x56c9d02d1b41 - <<std[617be2ca0a6fd877]::sys::backtrace::BacktraceLock>::print::DisplayBacktrace as core[a373ad73a504971]::fmt::Display>::fmt
[INFO] [stdout]    1:     0x56c9d02eacfa - core[a373ad73a504971]::fmt::write
[INFO] [stdout]    2:     0x56c9d02d6dbc - <alloc[2e1b2a31b91974c5]::vec::Vec<u8> as core[a373ad73a504971]::io::write::Write>::write_fmt
[INFO] [stdout]    3:     0x56c9d02aa696 - std[617be2ca0a6fd877]::panicking::default_hook::{closure#0}
[INFO] [stdout]    4:     0x56c9d02c8ab9 - std[617be2ca0a6fd877]::panicking::default_hook
[INFO] [stdout]    5:     0x56c9cfb78e00 - test[aada8e7e76ba119b]::test_main_inner::{closure#0}
[INFO] [stdout]    6:     0x56c9d02c8de2 - std[617be2ca0a6fd877]::panicking::panic_with_hook
[INFO] [stdout]    7:     0x56c9d02aa742 - std[617be2ca0a6fd877]::panicking::panic_handler::{closure#0}
[INFO] [stdout]    8:     0x56c9d02a2949 - std[617be2ca0a6fd877]::sys::backtrace::__rust_end_short_backtrace::<std[617be2ca0a6fd877]::panicking::panic_handler::{closure#0}, !>
[INFO] [stdout]    9:     0x56c9d02ab95d - __rustc[ea4f61d10b84890b]::rust_begin_unwind
[INFO] [stdout]   10:     0x56c9d02eb4dc - core[a373ad73a504971]::panicking::panic_fmt
[INFO] [stdout]   11:     0x56c9cfb4bfba - jsonrpc_integration[3d84bc17e638a781]::read_json::{closure#0}
[INFO] [stdout]   12:     0x56c9cfb4cc6e - jsonrpc_integration[3d84bc17e638a781]::read_json
[INFO] [stdout]   13:     0x56c9cfb4f630 - <jsonrpc_integration[3d84bc17e638a781]::mcp_rejects_path_outside_root::{closure#0} as core[a373ad73a504971]::ops::function::FnOnce<()>>::call_once
[INFO] [stdout]   14:     0x56c9cfb6c24b - test[aada8e7e76ba119b]::__rust_begin_short_backtrace::<core[a373ad73a504971]::result::Result<(), alloc[2e1b2a31b91974c5]::string::String>, fn() -> core[a373ad73a504971]::result::Result<(), alloc[2e1b2a31b91974c5]::string::String>>
[INFO] [stdout]   15:     0x56c9cfb79425 - test[aada8e7e76ba119b]::run_test::{closure#0}
[INFO] [stdout]   16:     0x56c9cfb72d14 - std[617be2ca0a6fd877]::sys::backtrace::__rust_begin_short_backtrace::<test[aada8e7e76ba119b]::run_test::{closure#1}, ()>
[INFO] [stdout]   17:     0x56c9cfb7c4b2 - <std[617be2ca0a6fd877]::thread::lifecycle::spawn_unchecked<test[aada8e7e76ba119b]::run_test::{closure#1}, ()>::{closure#1} as core[a373ad73a504971]::ops::function::FnOnce<()>>::call_once::{shim:vtable#0}
[INFO] [stdout]   18:     0x56c9d02d0c8f - <std[617be2ca0a6fd877]::sys::thread::unix::Thread>::new::thread_start
[INFO] [stdout]   19:     0x79aca6a6bdfa - <unknown>
[INFO] [stdout]   20:     0x79aca6aff3d4 - clone
[INFO] [stdout]   21:                0x0 - <unknown>
[INFO] [stdout] 
[INFO] [stdout] ---- decide_without_active_policy_returns_policy_not_active stdout ----
[INFO] [stdout] 
[INFO] [stdout] thread 'decide_without_active_policy_returns_policy_not_active' (2928) panicked at tests/jsonrpc_integration.rs:71:64:
[INFO] [stdout] read fixture ../../test-corpus/aprp/golden_001_minimal.json: No such file or directory (os error 2)
[INFO] [stdout] stack backtrace:
[INFO] [stdout]    0:     0x56c9d02d1b41 - <<std[617be2ca0a6fd877]::sys::backtrace::BacktraceLock>::print::DisplayBacktrace as core[a373ad73a504971]::fmt::Display>::fmt
[INFO] [stdout]    1:     0x56c9d02eacfa - core[a373ad73a504971]::fmt::write
[INFO] [stdout]    2:     0x56c9d02d6dbc - <alloc[2e1b2a31b91974c5]::vec::Vec<u8> as core[a373ad73a504971]::io::write::Write>::write_fmt
[INFO] [stdout]    3:     0x56c9d02aa696 - std[617be2ca0a6fd877]::panicking::default_hook::{closure#0}
[INFO] [stdout]    4:     0x56c9d02c8ab9 - std[617be2ca0a6fd877]::panicking::default_hook
[INFO] [stdout]    5:     0x56c9cfb78e00 - test[aada8e7e76ba119b]::test_main_inner::{closure#0}
[INFO] [stdout]    6:     0x56c9d02c8de2 - std[617be2ca0a6fd877]::panicking::panic_with_hook
[INFO] [stdout]    7:     0x56c9d02aa742 - std[617be2ca0a6fd877]::panicking::panic_handler::{closure#0}
[INFO] [stdout]    8:     0x56c9d02a2949 - std[617be2ca0a6fd877]::sys::backtrace::__rust_end_short_backtrace::<std[617be2ca0a6fd877]::panicking::panic_handler::{closure#0}, !>
[INFO] [stdout]    9:     0x56c9d02ab95d - __rustc[ea4f61d10b84890b]::rust_begin_unwind
[INFO] [stdout]   10:     0x56c9d02eb4dc - core[a373ad73a504971]::panicking::panic_fmt
[INFO] [stdout]   11:     0x56c9cfb4bfba - jsonrpc_integration[3d84bc17e638a781]::read_json::{closure#0}
[INFO] [stdout]   12:     0x56c9cfb4cc6e - jsonrpc_integration[3d84bc17e638a781]::read_json
[INFO] [stdout]   13:     0x56c9cfb587bd - <jsonrpc_integration[3d84bc17e638a781]::decide_without_active_policy_returns_policy_not_active::{closure#0} as core[a373ad73a504971]::ops::function::FnOnce<()>>::call_once
[INFO] [stdout]   14:     0x56c9cfb6c24b - test[aada8e7e76ba119b]::__rust_begin_short_backtrace::<core[a373ad73a504971]::result::Result<(), alloc[2e1b2a31b91974c5]::string::String>, fn() -> core[a373ad73a504971]::result::Result<(), alloc[2e1b2a31b91974c5]::string::String>>
[INFO] [stdout]   15:     0x56c9cfb79425 - test[aada8e7e76ba119b]::run_test::{closure#0}
[INFO] [stdout]   16:     0x56c9cfb72d14 - std[617be2ca0a6fd877]::sys::backtrace::__rust_begin_short_backtrace::<test[aada8e7e76ba119b]::run_test::{closure#1}, ()>
[INFO] [stdout]   17:     0x56c9cfb7c4b2 - <std[617be2ca0a6fd877]::thread::lifecycle::spawn_unchecked<test[aada8e7e76ba119b]::run_test::{closure#1}, ()>::{closure#1} as core[a373ad73a504971]::ops::function::FnOnce<()>>::call_once::{shim:vtable#0}
[INFO] [stdout]   18:     0x56c9d02d0c8f - <std[617be2ca0a6fd877]::sys::thread::unix::Thread>::new::thread_start
[INFO] [stdout]   19:     0x79aca6a6bdfa - <unknown>
[INFO] [stdout]   20:     0x79aca6aff3d4 - clone
[INFO] [stdout]   21:                0x0 - <unknown>
[INFO] [stdout] 
[INFO] [stdout] 
[INFO] [stdout] failures:
[INFO] [stdout]     audit_lookup_hit_returns_bundle_for_seeded_audit_event
[INFO] [stdout]     audit_lookup_miss_returns_audit_event_not_found
[INFO] [stdout]     audit_lookup_with_matching_receipt_but_unknown_event_id_returns_not_found
[INFO] [stdout]     decide_allow_path_returns_auto_approved
[INFO] [stdout]     decide_deny_path_returns_rejected_with_deny_code
[INFO] [stdout]     decide_without_active_policy_returns_policy_not_active
[INFO] [stdout]     explain_denial_rejects_allow_capsule
[INFO] [stdout]     mcp_accepts_path_within_root
[INFO] [stdout]     mcp_rejects_path_outside_root
[INFO] [stdout]     mcp_rejects_path_traversal_via_dotdot
[INFO] [stdout]     mcp_rejects_symlink_escape
[INFO] [stdout]     run_guarded_allow_calls_keeperhub_mock_executor
[INFO] [stdout]     run_guarded_deny_does_not_call_executor
[INFO] [stdout]     run_guarded_rejects_live_mode
[INFO] [stdout]     stdio_decide_allow_round_trips_through_child_process
[INFO] [stdout]     stdio_validate_aprp_round_trips_through_child_process
[INFO] [stdout]     validate_aprp_accepts_golden_fixture
[INFO] [stdout]     validate_aprp_rejects_unknown_field_with_stable_code
[INFO] [stdout]     verify_capsule_accepts_golden_fixture_via_path
[INFO] [stdout]     verify_capsule_accepts_inline_object
[INFO] [stdout]     verify_capsule_rejects_tampered_request_hash
[INFO] [stdout] 
[INFO] [stdout] test result: FAILED. 8 passed; 21 failed; 0 ignored; 0 measured; 0 filtered out; finished in 0.10s
[INFO] [stdout] 
[INFO] [stderr] error: test failed, to rerun pass `--test jsonrpc_integration`
[INFO] running `Command { std: "docker" "inspect" "240713267e9a36633f4a2a3e0a403a655251d36bed0053f69a4c1aa902c6a2c2", kill_on_drop: false }`
[INFO] running `Command { std: "docker" "rm" "-f" "240713267e9a36633f4a2a3e0a403a655251d36bed0053f69a4c1aa902c6a2c2", kill_on_drop: false }`
[INFO] [stdout] 240713267e9a36633f4a2a3e0a403a655251d36bed0053f69a4c1aa902c6a2c2
