[INFO] fetching crate sbk 0.3.1...
[INFO] testing sbk-0.3.1 against 1.99.0-beta.8+cargoflags=--release for beta-release-1.100-2
[INFO] extracting crate sbk 0.3.1 into /workspace/builds/worker-4-tc1/source
[INFO] started tweaking crates.io crate sbk 0.3.1
[INFO] removed 0 missing tests
[INFO] finished tweaking crates.io crate sbk 0.3.1
[INFO] tweaked toml for crates.io crate sbk 0.3.1 written to /workspace/builds/worker-4-tc1/source/Cargo.toml
[INFO] validating manifest of crates.io crate sbk 0.3.1 on toolchain 1.99.0-beta.8
[INFO] running `Command { std: CARGO_HOME="/workspace/cargo-home" RUSTUP_HOME="/workspace/rustup-home" "/workspace/cargo-home/bin/cargo" "+1.99.0-beta.8" "metadata" "--manifest-path" "Cargo.toml" "--no-deps", kill_on_drop: false }`
[INFO] crate crates.io crate sbk 0.3.1 already has a lockfile, it will not be regenerated
[INFO] running `Command { std: CARGO_HOME="/workspace/cargo-home" RUSTUP_HOME="/workspace/rustup-home" "/workspace/cargo-home/bin/cargo" "+1.99.0-beta.8" "fetch" "--manifest-path" "Cargo.toml", kill_on_drop: false }`
[INFO] [stderr]     Updating crates.io index
[INFO] [stderr]  Downloading crates ...
[INFO] [stderr]   Downloaded zip v8.5.0
[INFO] [stderr]   Downloaded num-conv v0.2.1
[INFO] [stderr]   Downloaded wasm-bindgen-shared v0.2.114
[INFO] [stderr]   Downloaded wasm-bindgen-macro v0.2.114
[INFO] [stderr]   Downloaded xattr v1.6.1
[INFO] [stderr]   Downloaded deflate64 v0.1.12
[INFO] [stderr]   Downloaded filetime v0.2.27
[INFO] [stderr]   Downloaded xz2 v0.1.7
[INFO] [stderr]   Downloaded redox_syscall v0.7.3
[INFO] [stderr]   Downloaded zopfli v0.8.3
[INFO] [stderr]   Downloaded constant_time_eq v0.4.2
[INFO] [stderr]   Downloaded twox-hash v2.1.2
[INFO] [stderr]   Downloaded lz4_flex v0.11.6
[INFO] [stderr]   Downloaded ppmd-rust v1.4.0
[INFO] [stderr]   Downloaded libbz2-rs-sys v0.2.2
[INFO] [stderr]   Downloaded wasm-bindgen v0.2.114
[INFO] [stderr]   Downloaded wasm-bindgen-macro-support v0.2.114
[INFO] [stderr]   Downloaded tar v0.4.45
[INFO] [stderr]   Downloaded js-sys v0.3.91
[INFO] [stderr]   Downloaded typed-path v0.12.3
[INFO] [stderr]   Downloaded zlib-rs v0.6.3
[INFO] [stderr]   Downloaded lzma-rust2 v0.16.2
[INFO] [stderr]   Downloaded lzma-sys v0.1.20
[INFO] running `Command { std: "docker" "create" "-v" "/var/lib/crater-agent-workspace/builds/worker-4-tc1/source:/opt/rustwide/workdir:ro,Z" "-v" "/var/lib/crater-agent-workspace/builds/worker-4-tc1/target:/opt/rustwide/target:rw,Z" "-v" "/var/lib/crater-agent-workspace/cargo-home:/opt/rustwide/cargo-home:ro,Z" "-v" "/var/lib/crater-agent-workspace/rustup-home:/opt/rustwide/rustup-home:ro,Z" "-m" "1610612736" "--network" "none" "ghcr.io/rust-lang/crates-build-env/linux@sha256:77db811e55d90add9212f6832c23229e3de5f1c1f9905e8cb07319ea15df73ac" "sleep" "infinity", kill_on_drop: false }`
[INFO] [stdout] 866da154ca4c762878410b45b06baa627af6d2988e90bf53c7ef4bdfbb953a12
[INFO] running `Command { std: "docker" "start" "866da154ca4c762878410b45b06baa627af6d2988e90bf53c7ef4bdfbb953a12", kill_on_drop: false }`
[INFO] running `Command { std: "docker" "inspect" "866da154ca4c762878410b45b06baa627af6d2988e90bf53c7ef4bdfbb953a12", kill_on_drop: false }`
[INFO] running `Command { std: "docker" "exec" "-e" "SOURCE_DIR=/opt/rustwide/workdir" "-e" "CARGO_HOME=/opt/rustwide/cargo-home" "-e" "RUSTUP_HOME=/opt/rustwide/rustup-home" "-e" "CARGO_TARGET_DIR=/opt/rustwide/target" "-w" "/opt/rustwide/workdir" "--user" "0:0" "866da154ca4c762878410b45b06baa627af6d2988e90bf53c7ef4bdfbb953a12" "/opt/rustwide/cargo-home/bin/cargo" "+1.99.0-beta.8" "metadata" "--no-deps" "--format-version=1", kill_on_drop: false }`
[INFO] running `Command { std: "docker" "inspect" "866da154ca4c762878410b45b06baa627af6d2988e90bf53c7ef4bdfbb953a12", kill_on_drop: false }`
[INFO] running `Command { std: "docker" "exec" "-e" "SOURCE_DIR=/opt/rustwide/workdir" "-e" "CARGO_HOME=/opt/rustwide/cargo-home" "-e" "RUSTUP_HOME=/opt/rustwide/rustup-home" "-e" "CARGO_TARGET_DIR=/opt/rustwide/target" "-e" "CARGO_INCREMENTAL=0" "-e" "RUST_BACKTRACE=full" "-e" "RUSTFLAGS=--cap-lints=warn" "-e" "RUSTDOCFLAGS=--cap-lints=warn" "-w" "/opt/rustwide/workdir" "--user" "0:0" "866da154ca4c762878410b45b06baa627af6d2988e90bf53c7ef4bdfbb953a12" "/opt/rustwide/cargo-home/bin/cargo" "+1.99.0-beta.8" "build" "--frozen" "--message-format=json" "--release", kill_on_drop: false }`
[INFO] [stderr]    Compiling libc v0.2.183
[INFO] [stderr]    Compiling typenum v1.19.0
[INFO] [stderr]    Compiling version_check v0.9.5
[INFO] [stderr]    Compiling shlex v1.3.0
[INFO] [stderr]    Compiling cfg-if v1.0.4
[INFO] [stderr]    Compiling find-msvc-tools v0.1.9
[INFO] [stderr]    Compiling pkg-config v0.3.32
[INFO] [stderr]    Compiling proc-macro2 v1.0.106
[INFO] [stderr]    Compiling subtle v2.6.1
[INFO] [stderr]    Compiling unicode-ident v1.0.24
[INFO] [stderr]    Compiling quote v1.0.45
[INFO] [stderr]    Compiling crossbeam-utils v0.8.21
[INFO] [stderr]    Compiling rustix v1.1.4
[INFO] [stderr]    Compiling cpufeatures v0.2.17
[INFO] [stderr]    Compiling crossbeam-epoch v0.9.20
[INFO] [stderr]    Compiling crc32fast v1.5.0
[INFO] [stderr]    Compiling simd-adler32 v0.3.8
[INFO] [stderr]    Compiling utf8parse v0.2.2
[INFO] [stderr]    Compiling linux-raw-sys v0.12.1
[INFO] [stderr]    Compiling getrandom v0.4.2
[INFO] [stderr]    Compiling zstd-safe v7.2.4
[INFO] [stderr]    Compiling bitflags v2.11.0
[INFO] [stderr]    Compiling anstyle-parse v1.0.0
[INFO] [stderr]    Compiling is_terminal_polyfill v1.70.2
[INFO] [stderr]    Compiling anstyle-query v1.1.5
[INFO] [stderr]    Compiling portable-atomic v1.13.1
[INFO] [stderr]    Compiling hashbrown v0.16.1
[INFO] [stderr]    Compiling zmij v1.0.21
[INFO] [stderr]    Compiling equivalent v1.0.2
[INFO] [stderr]    Compiling generic-array v0.14.7
[INFO] [stderr]    Compiling colorchoice v1.0.5
[INFO] [stderr]    Compiling anstyle v1.0.14
[INFO] [stderr]    Compiling adler2 v2.0.1
[INFO] [stderr]    Compiling powerfmt v0.2.0
[INFO] [stderr]    Compiling rayon-core v1.13.0
[INFO] [stderr]    Compiling serde_core v1.0.228
[INFO] [stderr]    Compiling miniz_oxide v0.8.9
[INFO] [stderr]    Compiling anstream v1.0.0
[INFO] [stderr]    Compiling thiserror v2.0.18
[INFO] [stderr]    Compiling zlib-rs v0.6.3
[INFO] [stderr]    Compiling memchr v2.8.0
[INFO] [stderr]    Compiling deranged v0.5.8
[INFO] [stderr]    Compiling time-core v0.1.8
[INFO] [stderr]    Compiling libbz2-rs-sys v0.2.2
[INFO] [stderr]    Compiling log v0.4.29
[INFO] [stderr]    Compiling bumpalo v3.20.2
[INFO] [stderr]    Compiling unicode-width v0.2.2
[INFO] [stderr]    Compiling syn v2.0.117
[INFO] [stderr]    Compiling indexmap v2.13.0
[INFO] [stderr]    Compiling strsim v0.11.1
[INFO] [stderr]    Compiling num-conv v0.2.1
[INFO] [stderr]    Compiling anyhow v1.0.104
[INFO] [stderr]    Compiling heck v0.5.0
[INFO] [stderr]    Compiling serde_json v1.0.149
[INFO] [stderr]    Compiling crossbeam-deque v0.8.6
[INFO] [stderr]    Compiling clap_lex v1.1.0
[INFO] [stderr]    Compiling jobserver v0.1.34
[INFO] [stderr]    Compiling clap_builder v4.6.0
[INFO] [stderr]    Compiling bzip2 v0.6.1
[INFO] [stderr]    Compiling zopfli v0.8.3
[INFO] [stderr]    Compiling cc v1.2.57
[INFO] [stderr]    Compiling crypto-common v0.1.7
[INFO] [stderr]    Compiling block-buffer v0.10.4
[INFO] [stderr]    Compiling inout v0.1.4
[INFO] [stderr]    Compiling digest v0.10.7
[INFO] [stderr]    Compiling cipher v0.4.4
[INFO] [stderr]    Compiling filetime v0.2.27
[INFO] [stderr]    Compiling hmac v0.12.1
[INFO] [stderr]    Compiling sha2 v0.10.9
[INFO] [stderr]    Compiling pbkdf2 v0.12.2
[INFO] [stderr]    Compiling sha1 v0.10.6
[INFO] [stderr]    Compiling aes v0.8.4
[INFO] [stderr]    Compiling console v0.16.3
[INFO] [stderr]    Compiling time v0.3.47
[INFO] [stderr]    Compiling lzma-rust2 v0.16.2
[INFO] [stderr]    Compiling unit-prefix v0.5.2
[INFO] [stderr]    Compiling constant_time_eq v0.4.2
[INFO] [stderr]    Compiling ppmd-rust v1.4.0
[INFO] [stderr]    Compiling once_cell v1.21.4
[INFO] [stderr]    Compiling xattr v1.6.1
[INFO] [stderr]    Compiling itoa v1.0.18
[INFO] [stderr]    Compiling typed-path v0.12.3
[INFO] [stderr]    Compiling deflate64 v0.1.12
[INFO] [stderr]    Compiling fastrand v2.3.0
[INFO] [stderr]    Compiling zeroize v1.8.2
[INFO] [stderr]    Compiling either v1.15.0
[INFO] [stderr]    Compiling twox-hash v2.1.2
[INFO] [stderr]    Compiling same-file v1.0.6
[INFO] [stderr]    Compiling walkdir v2.5.0
[INFO] [stderr]    Compiling rayon v1.11.0
[INFO] [stderr]    Compiling lz4_flex v0.11.6
[INFO] [stderr]    Compiling tempfile v3.27.0
[INFO] [stderr]    Compiling zstd-sys v2.0.16+zstd.1.5.7
[INFO] [stderr]    Compiling lzma-sys v0.1.20
[INFO] [stderr]    Compiling flate2 v1.1.9
[INFO] [stderr]    Compiling tar v0.4.45
[INFO] [stderr]    Compiling indicatif v0.18.4
[INFO] [stderr]    Compiling xz2 v0.1.7
[INFO] [stderr]    Compiling glob v0.3.3
[INFO] [stderr]    Compiling xxhash-rust v0.8.15
[INFO] [stderr]    Compiling clap_derive v4.6.0
[INFO] [stderr]    Compiling thiserror-impl v2.0.18
[INFO] [stderr]    Compiling clap v4.6.0
[INFO] [stderr]    Compiling zstd v0.13.3
[INFO] [stderr]    Compiling zip v8.5.0
[INFO] [stderr]    Compiling sbk v0.3.1 (/opt/rustwide/workdir)
[INFO] [stderr]     Finished `release` profile [optimized] target(s) in 1m 30s
[INFO] running `Command { std: "docker" "inspect" "866da154ca4c762878410b45b06baa627af6d2988e90bf53c7ef4bdfbb953a12", kill_on_drop: false }`
[INFO] running `Command { std: "docker" "exec" "-e" "SOURCE_DIR=/opt/rustwide/workdir" "-e" "CARGO_HOME=/opt/rustwide/cargo-home" "-e" "RUSTUP_HOME=/opt/rustwide/rustup-home" "-e" "CARGO_TARGET_DIR=/opt/rustwide/target" "-e" "CARGO_INCREMENTAL=0" "-e" "RUST_BACKTRACE=full" "-e" "RUSTFLAGS=--cap-lints=warn" "-e" "RUSTDOCFLAGS=--cap-lints=warn" "-w" "/opt/rustwide/workdir" "--user" "0:0" "866da154ca4c762878410b45b06baa627af6d2988e90bf53c7ef4bdfbb953a12" "/opt/rustwide/cargo-home/bin/cargo" "+1.99.0-beta.8" "test" "--frozen" "--no-run" "--message-format=json" "--release", kill_on_drop: false }`
[INFO] [stderr]    Compiling sbk v0.3.1 (/opt/rustwide/workdir)
[INFO] [stderr]     Finished `release` profile [optimized] target(s) in 8.56s
[INFO] running `Command { std: "docker" "inspect" "866da154ca4c762878410b45b06baa627af6d2988e90bf53c7ef4bdfbb953a12", kill_on_drop: false }`
[INFO] running `Command { std: "docker" "exec" "-e" "SOURCE_DIR=/opt/rustwide/workdir" "-e" "CARGO_HOME=/opt/rustwide/cargo-home" "-e" "RUSTUP_HOME=/opt/rustwide/rustup-home" "-e" "CARGO_TARGET_DIR=/opt/rustwide/target" "-e" "CARGO_INCREMENTAL=0" "-e" "RUST_BACKTRACE=full" "-e" "RUSTFLAGS=--cap-lints=warn" "-e" "RUSTDOCFLAGS=--cap-lints=warn" "-w" "/opt/rustwide/workdir" "--user" "0:0" "866da154ca4c762878410b45b06baa627af6d2988e90bf53c7ef4bdfbb953a12" "/opt/rustwide/cargo-home/bin/cargo" "+1.99.0-beta.8" "test" "--frozen" "--release", kill_on_drop: false }`
[INFO] [stderr]     Finished `release` profile [optimized] target(s) in 0.15s
[INFO] [stderr]      Running unittests src/lib.rs (/opt/rustwide/target/release/deps/sbk-efcec371679f71f1)
[INFO] [stdout] 
[INFO] [stdout] running 41 tests
[INFO] [stdout] test checksum::tests::different_inputs_differ ... ok
[INFO] [stdout] test filter::tests::session_lock_excluded_by_default ... ok
[INFO] [stdout] test classify::tests::classify_nbt ... ok
[INFO] [stdout] test classify::tests::group_roundtrip ... ok
[INFO] [stdout] test checksum::tests::deterministic ... ok
[INFO] [stdout] test cli::tests::default_threads_is_at_least_one ... ok
[INFO] [stdout] test cli::tests::threads_for_parallelism_never_zero ... ok
[INFO] [stdout] test hilbert::tests::hilbert_range ... ok
[INFO] [stdout] test filter::tests::session_lock_included_when_flag_set ... ok
[INFO] [stdout] test filter::tests::exclude_filter ... ok
[INFO] [stdout] test hilbert::tests::hilbert_no_duplicates ... ok
[INFO] [stdout] test preprocess::json::tests::preserves_key_order ... ok
[INFO] [stdout] test preprocess::json::tests::preserves_number_text ... ok
[INFO] [stdout] test checksum::tests::byte_order_sensitive ... ok
[INFO] [stdout] test hilbert::tests::hilbert_corners ... ok
[INFO] [stdout] test filter::tests::since_boundary ... ok
[INFO] [stdout] test checksum::tests::known_empty_value ... ok
[INFO] [stdout] test classify::tests::classify_mca ... ok
[INFO] [stdout] test filter::tests::include_filter ... ok
[INFO] [stdout] test filter::tests::max_age_and_since_both_active ... ok
[INFO] [stdout] test filter::tests::max_age_boundary ... ok
[INFO] [stdout] test preprocess::json::tests::reconstruct_writes_bytes_verbatim ... ok
[INFO] [stdout] test preprocess::json::tests::strips_whitespace ... ok
[INFO] [stdout] test preprocess::mca::tests::reconstruct_rejects_excessive_chunk_count ... ok
[INFO] [stdout] test preprocess::json::tests::invalid_json_errors ... ok
[INFO] [stdout] test preprocess::json::tests::preserves_structure ... ok
[INFO] [stdout] test preprocess::mca::tests::tiny_mca_inputs_error ... ok
[INFO] [stdout] test preprocess::mca::tests::reconstruct_rejects_out_of_range_coords ... ok
[INFO] [stdout] test classify::tests::classify_json ... ok
[INFO] [stdout] test preprocess::mca::tests::reconstruct_rejects_duplicate_slots ... ok
[INFO] [stdout] test preprocess::nbt::tests::strips_gzip_wrapper ... ok
[INFO] [stdout] test classify::tests::classify_raw ... ok
[INFO] [stdout] test preprocess::nbt::tests::invalid_input_errors ... ok
[INFO] [stdout] test preprocess::nbt::tests::round_trip ... ok
[INFO] [stdout] test preprocess::mca::tests::lz4_raw_method_block ... ok
[INFO] [stdout] test preprocess::nbt::tests::empty_payload_round_trip ... ok
[INFO] [stdout] test preprocess::mca::tests::lz4_chunk_round_trip ... ok
[INFO] [stdout] test preprocess::mca::tests::lz4_bad_magic_errors ... ok
[INFO] [stdout] test preprocess::mca::tests::external_mcc_chunk_type_errors ... ok
[INFO] [stdout] test preprocess::mca::tests::mca_round_trip_5_chunks ... ok
[INFO] [stdout] test preprocess::mca::tests::reconstruct_rejects_chunk_over_255_sectors ... ok
[INFO] [stdout] 
[INFO] [stdout] test result: ok. 41 passed; 0 failed; 0 ignored; 0 measured; 0 filtered out; finished in 0.09s
[INFO] [stdout] 
[INFO] [stdout] 
[INFO] [stderr]      Running unittests src/main.rs (/opt/rustwide/target/release/deps/sbk-7f67ecb2a5ff36f4)
[INFO] [stdout] running 0 tests
[INFO] [stdout] 
[INFO] [stdout] test result: ok. 0 passed; 0 failed; 0 ignored; 0 measured; 0 filtered out; finished in 0.00s
[INFO] [stdout] 
[INFO] [stderr]      Running tests/compress_safety.rs (/opt/rustwide/target/release/deps/compress_safety-cbeda641303d145f)
[INFO] [stdout] 
[INFO] [stdout] running 10 tests
[INFO] [stdout] test output_permissions_follow_umask ... ok
[INFO] [stdout] test zero_byte_dat_round_trips ... ok
[INFO] [stdout] test corrupt_mca_stored_raw_and_round_trips ... ok
[INFO] [stdout] test symlink_is_skipped ... ok
[INFO] [stdout] test non_gzip_dat_stored_raw_and_round_trips ... ok
[INFO] [stdout] test tiny_mca_round_trips ... ok
[INFO] [stdout] test successful_compress_replaces_existing_output_without_leftovers ... ok
[INFO] [stdout] test failed_compress_leaves_existing_output_untouched ... FAILED
[INFO] [stdout] test output_inside_world_dir_is_not_archived ... ok
[INFO] [stdout] test invalid_json_stored_raw_and_round_trips ... ok
[INFO] [stdout] 
[INFO] [stdout] failures:
[INFO] [stdout] 
[INFO] [stdout] ---- failed_compress_leaves_existing_output_untouched stdout ----
[INFO] [stdout] 
[INFO] [stdout] thread 'failed_compress_leaves_existing_output_untouched' (2469) panicked at tests/compress_safety.rs:176:5:
[INFO] [stdout] compress must fail when no temp file can be created
[INFO] [stdout] stack backtrace:
[INFO] [stdout]    0:     0x55730f491b51 - <unknown>
[INFO] [stdout]    1:     0x55730f4a7b6a - <unknown>
[INFO] [stdout]    2:     0x55730f496bcc - <unknown>
[INFO] [stdout]    3:     0x55730f46ab66 - <unknown>
[INFO] [stdout]    4:     0x55730f488b29 - <unknown>
[INFO] [stdout]    5:     0x55730f2cf7a0 - <unknown>
[INFO] [stdout]    6:     0x55730f488e52 - <unknown>
[INFO] [stdout]    7:     0x55730f46ac44 - <unknown>
[INFO] [stdout]    8:     0x55730f462ff9 - <unknown>
[INFO] [stdout]    9:     0x55730f46bbbd - <unknown>
[INFO] [stdout]   10:     0x55730f4a829c - <unknown>
[INFO] [stdout]   11:     0x55730f2c0bf3 - <unknown>
[INFO] [stdout]   12:     0x55730f2c2a8b - <unknown>
[INFO] [stdout]   13:     0x55730f2d00f5 - <unknown>
[INFO] [stdout]   14:     0x55730f2c99b4 - <unknown>
[INFO] [stdout]   15:     0x55730f2d3252 - <unknown>
[INFO] [stdout]   16:     0x55730f490f09 - <unknown>
[INFO] [stdout]   17:     0x78cabd592dfa - <unknown>
[INFO] [stdout]   18:     0x78cabd6263d4 - clone
[INFO] [stdout]   19:                0x0 - <unknown>
[INFO] [stdout] 
[INFO] [stdout] 
[INFO] [stdout] failures:
[INFO] [stdout]     failed_compress_leaves_existing_output_untouched
[INFO] [stdout] 
[INFO] [stdout] test result: FAILED. 9 passed; 1 failed; 0 ignored; 0 measured; 0 filtered out; finished in 0.07s
[INFO] [stdout] 
[INFO] [stderr] error: test failed, to rerun pass `--test compress_safety`
[INFO] running `Command { std: "docker" "inspect" "866da154ca4c762878410b45b06baa627af6d2988e90bf53c7ef4bdfbb953a12", kill_on_drop: false }`
[INFO] running `Command { std: "docker" "rm" "-f" "866da154ca4c762878410b45b06baa627af6d2988e90bf53c7ef4bdfbb953a12", kill_on_drop: false }`
[INFO] [stdout] 866da154ca4c762878410b45b06baa627af6d2988e90bf53c7ef4bdfbb953a12
