[INFO] fetching crate sbdf 0.2.1...
[INFO] testing sbdf-0.2.1 against 1.100.0-beta.1+cargoflags=--release for beta-release-1.100-2
[INFO] extracting crate sbdf 0.2.1 into /workspace/builds/worker-0-tc2/source
[INFO] started tweaking crates.io crate sbdf 0.2.1
[INFO] removed 0 missing tests
[INFO] finished tweaking crates.io crate sbdf 0.2.1
[INFO] tweaked toml for crates.io crate sbdf 0.2.1 written to /workspace/builds/worker-0-tc2/source/Cargo.toml
[INFO] validating manifest of crates.io crate sbdf 0.2.1 on toolchain 1.100.0-beta.1
[INFO] running `Command { std: CARGO_HOME="/workspace/cargo-home" RUSTUP_HOME="/workspace/rustup-home" "/workspace/cargo-home/bin/cargo" "+1.100.0-beta.1" "metadata" "--manifest-path" "Cargo.toml" "--no-deps", kill_on_drop: false }`
[INFO] running `Command { std: CARGO_HOME="/workspace/cargo-home" RUSTUP_HOME="/workspace/rustup-home" "/workspace/cargo-home/bin/cargo" "+1.100.0-beta.1" "generate-lockfile" "--manifest-path" "Cargo.toml", kill_on_drop: false }`
[INFO] [stderr]     Updating crates.io index
[INFO] [stderr]      Locking 28 packages to highest compatible versions
[INFO] running `Command { std: CARGO_HOME="/workspace/cargo-home" RUSTUP_HOME="/workspace/rustup-home" "/workspace/cargo-home/bin/cargo" "+1.100.0-beta.1" "fetch" "--manifest-path" "Cargo.toml", kill_on_drop: false }`
[INFO] running `Command { std: "docker" "create" "-v" "/var/lib/crater-agent-workspace/builds/worker-0-tc2/source:/opt/rustwide/workdir:ro,Z" "-v" "/var/lib/crater-agent-workspace/builds/worker-0-tc2/target:/opt/rustwide/target:rw,Z" "-v" "/var/lib/crater-agent-workspace/cargo-home:/opt/rustwide/cargo-home:ro,Z" "-v" "/var/lib/crater-agent-workspace/rustup-home:/opt/rustwide/rustup-home:ro,Z" "-m" "1610612736" "--network" "none" "ghcr.io/rust-lang/crates-build-env/linux@sha256:77db811e55d90add9212f6832c23229e3de5f1c1f9905e8cb07319ea15df73ac" "sleep" "infinity", kill_on_drop: false }`
[INFO] [stdout] 49a7a5d7ce05d71a5fc7cf977aa4266f41cd809eadf2f3c43424771bb24e0596
[INFO] running `Command { std: "docker" "start" "49a7a5d7ce05d71a5fc7cf977aa4266f41cd809eadf2f3c43424771bb24e0596", kill_on_drop: false }`
[INFO] running `Command { std: "docker" "inspect" "49a7a5d7ce05d71a5fc7cf977aa4266f41cd809eadf2f3c43424771bb24e0596", kill_on_drop: false }`
[INFO] running `Command { std: "docker" "exec" "-e" "SOURCE_DIR=/opt/rustwide/workdir" "-e" "CARGO_HOME=/opt/rustwide/cargo-home" "-e" "RUSTUP_HOME=/opt/rustwide/rustup-home" "-e" "CARGO_TARGET_DIR=/opt/rustwide/target" "-w" "/opt/rustwide/workdir" "--user" "0:0" "49a7a5d7ce05d71a5fc7cf977aa4266f41cd809eadf2f3c43424771bb24e0596" "/opt/rustwide/cargo-home/bin/cargo" "+1.100.0-beta.1" "metadata" "--no-deps" "--format-version=1", kill_on_drop: false }`
[INFO] running `Command { std: "docker" "inspect" "49a7a5d7ce05d71a5fc7cf977aa4266f41cd809eadf2f3c43424771bb24e0596", kill_on_drop: false }`
[INFO] running `Command { std: "docker" "exec" "-e" "SOURCE_DIR=/opt/rustwide/workdir" "-e" "CARGO_HOME=/opt/rustwide/cargo-home" "-e" "RUSTUP_HOME=/opt/rustwide/rustup-home" "-e" "CARGO_TARGET_DIR=/opt/rustwide/target" "-e" "CARGO_INCREMENTAL=0" "-e" "RUST_BACKTRACE=full" "-e" "RUSTFLAGS=--cap-lints=warn" "-e" "RUSTDOCFLAGS=--cap-lints=warn" "-w" "/opt/rustwide/workdir" "--user" "0:0" "49a7a5d7ce05d71a5fc7cf977aa4266f41cd809eadf2f3c43424771bb24e0596" "/opt/rustwide/cargo-home/bin/cargo" "+1.100.0-beta.1" "build" "--frozen" "--message-format=json" "--release", kill_on_drop: false }`
[INFO] [stderr]    Compiling serde_core v1.0.229
[INFO] [stderr]    Compiling proc-macro2 v1.0.107
[INFO] [stderr]    Compiling quote v1.0.47
[INFO] [stderr]    Compiling syn v3.0.9
[INFO] [stderr]    Compiling serde_derive v1.0.229
[INFO] [stderr]    Compiling thiserror-impl v2.0.21
[INFO] [stderr]    Compiling thiserror v2.0.21
[INFO] [stderr]    Compiling serde v1.0.229
[INFO] [stderr]    Compiling sbdf v0.2.1 (/opt/rustwide/workdir)
[INFO] [stderr]     Finished `release` profile [optimized] target(s) in 8.84s
[INFO] running `Command { std: "docker" "inspect" "49a7a5d7ce05d71a5fc7cf977aa4266f41cd809eadf2f3c43424771bb24e0596", kill_on_drop: false }`
[INFO] running `Command { std: "docker" "exec" "-e" "SOURCE_DIR=/opt/rustwide/workdir" "-e" "CARGO_HOME=/opt/rustwide/cargo-home" "-e" "RUSTUP_HOME=/opt/rustwide/rustup-home" "-e" "CARGO_TARGET_DIR=/opt/rustwide/target" "-e" "CARGO_INCREMENTAL=0" "-e" "RUST_BACKTRACE=full" "-e" "RUSTFLAGS=--cap-lints=warn" "-e" "RUSTDOCFLAGS=--cap-lints=warn" "-w" "/opt/rustwide/workdir" "--user" "0:0" "49a7a5d7ce05d71a5fc7cf977aa4266f41cd809eadf2f3c43424771bb24e0596" "/opt/rustwide/cargo-home/bin/cargo" "+1.100.0-beta.1" "test" "--frozen" "--no-run" "--message-format=json" "--release", kill_on_drop: false }`
[INFO] [stderr]    Compiling serde v1.0.229
[INFO] [stderr]    Compiling typeid v1.0.3
[INFO] [stderr]    Compiling unicode-ident v1.0.27
[INFO] [stderr]    Compiling bitflags v2.13.2
[INFO] [stderr]    Compiling getrandom v0.4.3
[INFO] [stderr]    Compiling console v0.16.6
[INFO] [stderr]    Compiling rustix v1.1.5
[INFO] [stderr]    Compiling ron v0.12.2
[INFO] [stderr]    Compiling sbdf v0.2.1 (/opt/rustwide/workdir)
[INFO] [stderr]    Compiling tempfile v3.27.0
[INFO] [stderr]    Compiling insta v1.49.0
[INFO] [stderr]     Finished `release` profile [optimized] target(s) in 16.55s
[INFO] running `Command { std: "docker" "inspect" "49a7a5d7ce05d71a5fc7cf977aa4266f41cd809eadf2f3c43424771bb24e0596", kill_on_drop: false }`
[INFO] running `Command { std: "docker" "exec" "-e" "SOURCE_DIR=/opt/rustwide/workdir" "-e" "CARGO_HOME=/opt/rustwide/cargo-home" "-e" "RUSTUP_HOME=/opt/rustwide/rustup-home" "-e" "CARGO_TARGET_DIR=/opt/rustwide/target" "-e" "CARGO_INCREMENTAL=0" "-e" "RUST_BACKTRACE=full" "-e" "RUSTFLAGS=--cap-lints=warn" "-e" "RUSTDOCFLAGS=--cap-lints=warn" "-w" "/opt/rustwide/workdir" "--user" "0:0" "49a7a5d7ce05d71a5fc7cf977aa4266f41cd809eadf2f3c43424771bb24e0596" "/opt/rustwide/cargo-home/bin/cargo" "+1.100.0-beta.1" "test" "--frozen" "--release", kill_on_drop: false }`
[INFO] [stderr]     Finished `release` profile [optimized] target(s) in 0.04s
[INFO] [stderr]      Running unittests src/lib.rs (/opt/rustwide/target/release/build/sbdf/bd43a230751a992a/out/sbdf-bd43a230751a992a)
[INFO] [stdout] 
[INFO] [stdout] running 31 tests
[INFO] [stdout] test reader::tests::read_decimal ... ok
[INFO] [stdout] test reader::tests::read_long ... ok
[INFO] [stdout] test reader::tests::read_section_id ... ok
[INFO] [stdout] test reader::tests::read_string_unpacked ... ok
[INFO] [stdout] test reader::tests::read_int ... ok
[INFO] [stdout] test reader::tests::read_string_packed ... ok
[INFO] [stdout] test reader::tests::read_bytes_packed ... ok
[INFO] [stdout] test reader::tests::read_file_header ... ok
[INFO] [stdout] test reader::tests::read_double ... ok
[INFO] [stdout] test tests::roundtrip_bool_to_bit_array ... ok
[INFO] [stdout] test reader::tests::read_float ... ok
[INFO] [stdout] test writer::tests::write_7bit_packed_int ... ok
[INFO] [stdout] test writer::tests::write_bool ... ok
[INFO] [stdout] test writer::tests::write_bytes_packed ... ok
[INFO] [stdout] test writer::tests::write_string_packed ... ok
[INFO] [stdout] test writer::tests::write_string_unpacked ... ok
[INFO] [stdout] test writer::tests::write_decimal ... ok
[INFO] [stdout] test writer::tests::write_double ... ok
[INFO] [stdout] test writer::tests::write_file_header ... ok
[INFO] [stdout] test writer::tests::write_float ... ok
[INFO] [stdout] test reader::tests::read_bytes_unpacked ... ok
[INFO] [stdout] test writer::tests::write_int ... ok
[INFO] [stdout] test writer::tests::write_value_type ... ok
[INFO] [stdout] test writer::tests::write_bytes_unpacked ... ok
[INFO] [stdout] test reader::tests::read_7bit_packed_int ... ok
[INFO] [stdout] test reader::tests::read_byte ... ok
[INFO] [stdout] test reader::tests::read_bool ... ok
[INFO] [stdout] test reader::tests::read_value_type ... ok
[INFO] [stdout] test writer::tests::write_long ... ok
[INFO] [stdout] test writer::tests::write_section_id ... ok
[INFO] [stdout] test writer::tests::write_byte ... ok
[INFO] [stdout] 
[INFO] [stdout] test result: ok. 31 passed; 0 failed; 0 ignored; 0 measured; 0 filtered out; finished in 0.01s
[INFO] [stdout] 
[INFO] [stderr]      Running tests/null.rs (/opt/rustwide/target/release/build/sbdf/c1c6f941a72c109b/out/null-c1c6f941a72c109b)
[INFO] [stdout] 
[INFO] [stdout] running 1 test
[INFO] [stdout] test sample_with_null ... ok
[INFO] [stdout] 
[INFO] [stdout] test result: ok. 1 passed; 0 failed; 0 ignored; 0 measured; 0 filtered out; finished in 0.02s
[INFO] [stdout] 
[INFO] [stderr]      Running tests/run_length_encoding.rs (/opt/rustwide/target/release/build/sbdf/9d28d6ec3a5e9e1e/out/run_length_encoding-9d28d6ec3a5e9e1e)
[INFO] [stdout] 
[INFO] [stdout] running 1 test
[INFO] [stderr]      Running tests/tests.rs (/opt/rustwide/target/release/build/sbdf/514ff73e67cc1de9/out/tests-514ff73e67cc1de9)
[INFO] [stdout] test sample_with_run_length_encoding ... ok
[INFO] [stdout] 
[INFO] [stdout] test result: ok. 1 passed; 0 failed; 0 ignored; 0 measured; 0 filtered out; finished in 0.05s
[INFO] [stdout] 
[INFO] [stdout] 
[INFO] [stdout] running 138 tests
[INFO] [stdout] test ported::c_tests::decodes_bit_arrays ... ok
[INFO] [stdout] test ported::c_tests::sample_0_decimal ... ok
[INFO] [stdout] test ported::c_tests::sample_0_long ... ok
[INFO] [stdout] test ported::c_tests::sample_0 ... ok
[INFO] [stdout] test ported::c_tests::sample_1 ... ok
[INFO] [stdout] test ported::c_tests::sample_0_integer ... ok
[INFO] [stdout] test ported::c_tests::sample_0_string ... ok
[INFO] [stdout] test ported::c_tests::root_2x4_cs ... ok
[INFO] [stdout] test ported::c_tests::sample_10001_binary ... ok
[INFO] [stdout] test ported::c_tests::sample_0_date ... ok
[INFO] [stdout] test ported::c_tests::sample_0_time ... ok
[INFO] [stdout] test ported::c_tests::sample_10001_boolean ... ok
[INFO] [stdout] test ported::c_tests::sample_0_binary ... ok
[INFO] [stdout] test ported::c_tests::root_3x3_cs ... ok
[INFO] [stdout] test ported::c_tests::sample_0_float ... ok
[INFO] [stdout] test ported::c_tests::sample_10001_decimal ... ok
[INFO] [stdout] test ported::c_tests::sample_0_double ... ok
[INFO] [stdout] test ported::c_tests::sample_0_timespan ... ok
[INFO] [stdout] test ported::c_tests::sample_0_datetime ... ok
[INFO] [stdout] test ported::c_tests::sample_0_boolean ... ok
[INFO] [stdout] test ported::c_tests::sample_10001_date ... ok
[INFO] [stdout] test ported::c_tests::sample_10001_integer ... ok
[INFO] [stdout] test ported::c_tests::sample_10001_float ... ok
[INFO] [stdout] test ported::c_tests::sample_10001_string ... ok
[INFO] [stdout] test ported::c_tests::sample_100_binary ... ok
[INFO] [stdout] test ported::c_tests::sample_10001_time ... ok
[INFO] [stdout] test ported::c_tests::sample_100_date ... ok
[INFO] [stdout] test ported::c_tests::sample_100_boolean ... ok
[INFO] [stdout] test ported::c_tests::sample_100_decimal ... ok
[INFO] [stdout] test ported::c_tests::sample_100_datetime ... ok
[INFO] [stdout] test ported::c_tests::sample_100_long ... ok
[INFO] [stdout] test ported::c_tests::sample_100_time ... ok
[INFO] [stdout] test ported::c_tests::sample_10001_long ... ok
[INFO] [stdout] test ported::c_tests::sample_100_timespan ... ok
[INFO] [stdout] test ported::c_tests::sample_1_date ... ok
[INFO] [stdout] test ported::c_tests::sample_1_datetime ... ok
[INFO] [stdout] test ported::c_tests::sample_1_double ... ok
[INFO] [stdout] test ported::c_tests::sample_100_integer ... ok
[INFO] [stdout] test ported::c_tests::sample_1_float ... ok
[INFO] [stdout] test ported::c_tests::sample_10001_datetime ... ok
[INFO] [stdout] test ported::c_tests::sample_10001_double ... ok
[INFO] [stdout] test ported::c_tests::sample_1_integer ... ok
[INFO] [stdout] test ported::c_tests::sample_1_decimal ... ok
[INFO] [stdout] test ported::c_tests::sample_100_string ... ok
[INFO] [stdout] test ported::c_tests::sample_1_binary ... ok
[INFO] [stdout] test ported::c_tests::sample_1_boolean ... ok
[INFO] [stdout] test ported::c_tests::sample_10001_timespan ... ok
[INFO] [stdout] test ported::c_tests::sample_1_long ... ok
[INFO] [stdout] test ported::c_tests::sample_no_columns_double ... ok
[INFO] [stdout] test ported::c_tests::sample_no_columns_integer ... ok
[INFO] [stdout] test ported::c_tests::sample_no_columns_float ... ok
[INFO] [stdout] test ported::c_tests::sample_no_columns_long ... ok
[INFO] [stdout] test ported::c_tests::sample_no_columns_time ... ok
[INFO] [stdout] test ported::c_tests::sample_no_columns_timespan ... ok
[INFO] [stdout] test ported::c_tests::sample_no_columns_string ... ok
[INFO] [stdout] test ported::c_tests::sample_no_columns_date ... ok
[INFO] [stdout] test ported::c_tests::sample_no_columns_datetime ... ok
[INFO] [stdout] test ported::python_tests::read_1 ... ok
[INFO] [stdout] test ported::c_tests::sample_1_string ... ok
[INFO] [stdout] test ported::python_tests::read_0 ... ok
[INFO] [stdout] test ported::roundtrip_samples::sample_0_binary ... ok
[INFO] [stdout] test ported::roundtrip_samples::sample_0_date ... ok
[INFO] [stdout] test ported::roundtrip_samples::sample_0_datetime ... ok
[INFO] [stdout] test ported::roundtrip_samples::sample_0_decimal ... ok
[INFO] [stdout] test ported::roundtrip_samples::root_2x4_cs ... ok
[INFO] [stdout] test ported::roundtrip_samples::root_3x3_cs ... ok
[INFO] [stdout] test ported::roundtrip_samples::sample_0_float ... ok
[INFO] [stdout] test ported::roundtrip_samples::sample_0_integer ... ok
[INFO] [stdout] test ported::roundtrip_samples::sample_0_long ... ok
[INFO] [stdout] test ported::roundtrip_samples::sample_0_string ... ok
[INFO] [stdout] test ported::roundtrip_samples::sample_0_timespan ... ok
[INFO] [stdout] test ported::roundtrip_samples::sample_1 ... ok
[INFO] [stdout] test ported::roundtrip_samples::sample_0_double ... ok
[INFO] [stdout] test ported::roundtrip_samples::sample_100 ... ok
[INFO] [stdout] test ported::roundtrip_samples::sample_0 ... ok
[INFO] [stdout] test ported::roundtrip_samples::sample_0_boolean ... ok
[INFO] [stdout] test ported::roundtrip_samples::sample_0_time ... ok
[INFO] [stdout] test ported::c_tests::sample_1_time ... ok
[INFO] [stdout] test ported::c_tests::sample_1_timespan ... ok
[INFO] [stdout] test ported::c_tests::sample_no_columns ... ok
[INFO] [stdout] test ported::roundtrip_samples::sample_10001_float ... ok
[INFO] [stdout] test ported::c_tests::sample_no_columns_binary ... ok
[INFO] [stdout] test ported::roundtrip_samples::sample_10001_binary ... ok
[INFO] [stdout] test ported::c_tests::sample_no_columns_boolean ... ok
[INFO] [stdout] test ported::roundtrip_samples::sample_10001_time ... ok
[INFO] [stdout] test ported::roundtrip_samples::sample_10001_boolean ... ok
[INFO] [stdout] test ported::roundtrip_samples::sample_10001_date ... ok
[INFO] [stdout] test ported::roundtrip_samples::sample_10001_integer ... ok
[INFO] [stdout] test ported::c_tests::sample_no_columns_decimal ... ok
[INFO] [stdout] test ported::roundtrip_samples::sample_10001_timespan ... ok
[INFO] [stdout] test ported::roundtrip_samples::sample_10001_datetime ... ok
[INFO] [stdout] test ported::roundtrip_samples::sample_10001_decimal ... ok
[INFO] [stdout] test ported::c_tests::sample_10001 ... ok
[INFO] [stdout] test ported::roundtrip_samples::sample_10001_long ... ok
[INFO] [stdout] test ported::roundtrip_samples::sample_100_boolean ... ok
[INFO] [stdout] test ported::roundtrip_samples::sample_100_binary ... ok
[INFO] [stdout] test ported::roundtrip_samples::sample_100_datetime ... ok
[INFO] [stdout] test ported::roundtrip_samples::sample_100_decimal ... ok
[INFO] [stdout] test ported::roundtrip_samples::sample_10001_string ... ok
[INFO] [stdout] test ported::roundtrip_samples::sample_100_double ... ok
[INFO] [stdout] test ported::roundtrip_samples::sample_100_date ... ok
[INFO] [stdout] test ported::roundtrip_samples::sample_100_float ... ok
[INFO] [stdout] test ported::roundtrip_samples::sample_10001_double ... ok
[INFO] [stdout] test ported::roundtrip_samples::sample_100_integer ... ok
[INFO] [stdout] test ported::roundtrip_samples::sample_100_time ... ok
[INFO] [stdout] test ported::roundtrip_samples::sample_1_boolean ... ok
[INFO] [stdout] test ported::roundtrip_samples::sample_100_timespan ... ok
[INFO] [stdout] test ported::roundtrip_samples::sample_1_double ... ok
[INFO] [stdout] test ported::roundtrip_samples::sample_1_float ... ok
[INFO] [stdout] test ported::roundtrip_samples::sample_1_integer ... ok
[INFO] [stdout] test ported::roundtrip_samples::sample_100_long ... ok
[INFO] [stdout] test ported::roundtrip_samples::sample_100_string ... ok
[INFO] [stdout] test ported::roundtrip_samples::sample_1_decimal ... ok
[INFO] [stdout] test ported::roundtrip_samples::sample_1_binary ... ok
[INFO] [stdout] test ported::roundtrip_samples::sample_1_long ... ok
[INFO] [stdout] test ported::roundtrip_samples::sample_1_datetime ... ok
[INFO] [stdout] test ported::roundtrip_samples::sample_1_string ... ok
[INFO] [stdout] test ported::roundtrip_samples::sample_1_timespan ... ok
[INFO] [stdout] test ported::roundtrip_samples::sample_1_date ... ok
[INFO] [stdout] test ported::roundtrip_samples::sample_no_columns ... ok
[INFO] [stdout] test ported::roundtrip_samples::sample_no_columns_binary ... ok
[INFO] [stdout] test ported::roundtrip_samples::sample_no_columns_date ... ok
[INFO] [stdout] test ported::roundtrip_samples::sample_no_columns_datetime ... ok
[INFO] [stdout] test ported::roundtrip_samples::sample_no_columns_double ... ok
[INFO] [stdout] test ported::roundtrip_samples::sample_no_columns_decimal ... ok
[INFO] [stdout] test ported::roundtrip_samples::sample_1_time ... ok
[INFO] [stdout] test ported::roundtrip_samples::sample_no_columns_boolean ... ok
[INFO] [stdout] test ported::roundtrip_samples::sample_no_columns_time ... ok
[INFO] [stdout] test ported::roundtrip_samples::sample_no_columns_string ... ok
[INFO] [stdout] test ported::roundtrip_samples::sample_no_columns_timespan ... ok
[INFO] [stdout] test ported::roundtrip_samples::sample_no_columns_float ... ok
[INFO] [stdout] test ported::roundtrip_samples::sample_no_columns_integer ... ok
[INFO] [stdout] test ported::roundtrip_samples::sample_no_columns_long ... ok
[INFO] [stdout] test ported::roundtrip_samples::sample_10001 ... ok
[INFO] [stdout] test ported::c_tests::sample_100_float ... FAILED
[INFO] [stdout] test ported::c_tests::sample_100 ... FAILED
[INFO] [stdout] test ported::c_tests::loads_values ... FAILED
[INFO] [stdout] test ported::c_tests::sample_100_double ... FAILED
[INFO] [stdout] 
[INFO] [stdout] failures:
[INFO] [stdout] 
[INFO] [stdout] ---- ported::c_tests::sample_100_float stdout ----
[INFO] [stdout] ━━━━━━━━━━━━━━━━━━━━━━━━━━━━━━━ Snapshot Summary ━━━━━━━━━━━━━━━━━━━━━━━━━━━━━━━
[INFO] [stdout] Snapshot file: tests/ported/snapshots/tests__ported__c_tests__sample_100_float.snap
[INFO] [stdout] Snapshot: sample_100_float
[INFO] [stdout] Source: tests/ported/c_tests.rs:149
[INFO] [stdout] ────────────────────────────────────────────────────────────────────────────────
[INFO] [stdout] Expression: sbdf
[INFO] [stdout] ────────────────────────────────────────────────────────────────────────────────
[INFO] [stdout] -old snapshot
[INFO] [stdout] +new results
[INFO] [stdout] ────────────┬───────────────────────────────────────────────────────────────────
[INFO] [stdout]    84    84 │             26.0,
[INFO] [stdout]    85    85 │             26.333334,
[INFO] [stdout]    86    86 │             26.666666,
[INFO] [stdout]    87    87 │             0.0,
[INFO] [stdout]    88       │-            NaN,
[INFO] [stdout]          88 │+            -NaN,
[INFO] [stdout]    89    89 │             0.0,
[INFO] [stdout]    90    90 │             27.666666,
[INFO] [stdout]    91    91 │             28.0,
[INFO] [stdout]    92    92 │             28.333334,
[INFO] [stdout] ────────────┴───────────────────────────────────────────────────────────────────
[INFO] [stdout] 
[INFO] [stdout] thread 'ported::c_tests::sample_100_float' (743) panicked at tests/ported/c_tests.rs:149:1:
[INFO] [stdout] called `Result::unwrap()` on an `Err` value: FileIo(Os { code: 30, kind: ReadOnlyFilesystem, message: "Read-only file system" }, "/opt/rustwide/workdir/tests/ported/snapshots/tests__ported__c_tests__sample_100_float.snap.new")
[INFO] [stdout] stack backtrace:
[INFO] [stdout]    0:     0x6323ff3b1fb1 - <<std[617be2ca0a6fd877]::sys::backtrace::BacktraceLock>::print::DisplayBacktrace as core[a373ad73a504971]::fmt::Display>::fmt
[INFO] [stdout]    1:     0x6323ff3c8e0a - core[a373ad73a504971]::fmt::write
[INFO] [stdout]    2:     0x6323ff3b673c - <alloc[2e1b2a31b91974c5]::vec::Vec<u8> as core[a373ad73a504971]::io::write::Write>::write_fmt
[INFO] [stdout]    3:     0x6323ff38b276 - std[617be2ca0a6fd877]::panicking::default_hook::{closure#0}
[INFO] [stdout]    4:     0x6323ff3a90e9 - std[617be2ca0a6fd877]::panicking::default_hook
[INFO] [stdout]    5:     0x6323ff334090 - test[aada8e7e76ba119b]::test_main_inner::{closure#0}
[INFO] [stdout]    6:     0x6323ff3a92a2 - std[617be2ca0a6fd877]::panicking::panic_with_hook
[INFO] [stdout]    7:     0x6323ff38b322 - std[617be2ca0a6fd877]::panicking::panic_handler::{closure#0}
[INFO] [stdout]    8:     0x6323ff383b59 - std[617be2ca0a6fd877]::sys::backtrace::__rust_end_short_backtrace::<std[617be2ca0a6fd877]::panicking::panic_handler::{closure#0}, !>
[INFO] [stdout]    9:     0x6323ff38bfcd - __rustc[ea4f61d10b84890b]::rust_begin_unwind
[INFO] [stdout]   10:     0x6323ff3c95ec - core[a373ad73a504971]::panicking::panic_fmt
[INFO] [stdout]   11:     0x6323ff3c93c2 - core[a373ad73a504971]::result::unwrap_failed
[INFO] [stdout]   12:     0x6323ff28deb3 - <tests[7e51a443347fc483]::ported::c_tests::sample_100_float::{closure#0} as core[a373ad73a504971]::ops::function::FnOnce<()>>::call_once
[INFO] [stdout]   13:     0x6323ff3274db - test[aada8e7e76ba119b]::__rust_begin_short_backtrace::<core[a373ad73a504971]::result::Result<(), alloc[2e1b2a31b91974c5]::string::String>, fn() -> core[a373ad73a504971]::result::Result<(), alloc[2e1b2a31b91974c5]::string::String>>
[INFO] [stdout]   14:     0x6323ff3346b5 - test[aada8e7e76ba119b]::run_test::{closure#0}
[INFO] [stdout]   15:     0x6323ff32dfa4 - std[617be2ca0a6fd877]::sys::backtrace::__rust_begin_short_backtrace::<test[aada8e7e76ba119b]::run_test::{closure#1}, ()>
[INFO] [stdout]   16:     0x6323ff337742 - <std[617be2ca0a6fd877]::thread::lifecycle::spawn_unchecked<test[aada8e7e76ba119b]::run_test::{closure#1}, ()>::{closure#1} as core[a373ad73a504971]::ops::function::FnOnce<()>>::call_once::{shim:vtable#0}
[INFO] [stdout]   17:     0x6323ff3b0f8f - <std[617be2ca0a6fd877]::sys::thread::unix::Thread>::new::thread_start
[INFO] [stdout]   18:     0x72f44dff8dfa - <unknown>
[INFO] [stdout]   19:     0x72f44e08c3d4 - clone
[INFO] [stdout]   20:                0x0 - <unknown>
[INFO] [stdout] 
[INFO] [stdout] ---- ported::c_tests::sample_100 stdout ----
[INFO] [stdout] ━━━━━━━━━━━━━━━━━━━━━━━━━━━━━━━ Snapshot Summary ━━━━━━━━━━━━━━━━━━━━━━━━━━━━━━━
[INFO] [stdout] Snapshot file: tests/ported/snapshots/tests__ported__c_tests__sample_100.snap
[INFO] [stdout] Snapshot: sample_100
[INFO] [stdout] Source: tests/ported/c_tests.rs:173
[INFO] [stdout] ────────────────────────────────────────────────────────────────────────────────
[INFO] [stdout] Expression: sbdf
[INFO] [stdout] ────────────────────────────────────────────────────────────────────────────────
[INFO] [stdout] -old snapshot
[INFO] [stdout] +new results
[INFO] [stdout] ────────────┬───────────────────────────────────────────────────────────────────
[INFO] [stdout]  1597  1597 │             0.0,
[INFO] [stdout]  1598  1598 │             27.333334,
[INFO] [stdout]  1599  1599 │             0.0,
[INFO] [stdout]  1600  1600 │             28.0,
[INFO] [stdout]  1601       │-            NaN,
[INFO] [stdout]        1601 │+            -NaN,
[INFO] [stdout]  1602  1602 │             28.333334,
[INFO] [stdout]  1603  1603 │             28.666666,
[INFO] [stdout]  1604  1604 │             0.0,
[INFO] [stdout]  1605  1605 │             29.333334,
[INFO] [stdout] ┈┈┈┈┈┈┈┈┈┈┈┈┼┈┈┈┈┈┈┈┈┈┈┈┈┈┈┈┈┈┈┈┈┈┈┈┈┈┈┈┈┈┈┈┈┈┈┈┈┈┈┈┈┈┈┈┈┈┈┈┈┈┈┈┈┈┈┈┈┈┈┈┈┈┈┈┈┈┈┈
[INFO] [stdout]  1842  1842 │             257.48,
[INFO] [stdout]  1843  1843 │             0.0,
[INFO] [stdout]  1844  1844 │             263.76,
[INFO] [stdout]  1845  1845 │             266.90000000000003,
[INFO] [stdout]  1846       │-            NaN,
[INFO] [stdout]        1846 │+            -NaN,
[INFO] [stdout]  1847  1847 │             270.04,
[INFO] [stdout]  1848  1848 │             0.0,
[INFO] [stdout]  1849  1849 │             276.32,
[INFO] [stdout]  1850  1850 │             279.46000000000004,
[INFO] [stdout] ────────────┴───────────────────────────────────────────────────────────────────
[INFO] [stdout] 
[INFO] [stdout] thread 'ported::c_tests::sample_100' (721) panicked at tests/ported/c_tests.rs:173:1:
[INFO] [stdout] called `Result::unwrap()` on an `Err` value: FileIo(Os { code: 30, kind: ReadOnlyFilesystem, message: "Read-only file system" }, "/opt/rustwide/workdir/tests/ported/snapshots/tests__ported__c_tests__sample_100.snap.new")
[INFO] [stdout] stack backtrace:
[INFO] [stdout]    0:     0x6323ff3b1fb1 - <<std[617be2ca0a6fd877]::sys::backtrace::BacktraceLock>::print::DisplayBacktrace as core[a373ad73a504971]::fmt::Display>::fmt
[INFO] [stdout]    1:     0x6323ff3c8e0a - core[a373ad73a504971]::fmt::write
[INFO] [stdout]    2:     0x6323ff3b673c - <alloc[2e1b2a31b91974c5]::vec::Vec<u8> as core[a373ad73a504971]::io::write::Write>::write_fmt
[INFO] [stdout]    3:     0x6323ff38b276 - std[617be2ca0a6fd877]::panicking::default_hook::{closure#0}
[INFO] [stdout]    4:     0x6323ff3a90e9 - std[617be2ca0a6fd877]::panicking::default_hook
[INFO] [stdout]    5:     0x6323ff334090 - test[aada8e7e76ba119b]::test_main_inner::{closure#0}
[INFO] [stdout]    6:     0x6323ff3a92a2 - std[617be2ca0a6fd877]::panicking::panic_with_hook
[INFO] [stdout]    7:     0x6323ff38b322 - std[617be2ca0a6fd877]::panicking::panic_handler::{closure#0}
[INFO] [stdout]    8:     0x6323ff383b59 - std[617be2ca0a6fd877]::sys::backtrace::__rust_end_short_backtrace::<std[617be2ca0a6fd877]::panicking::panic_handler::{closure#0}, !>
[INFO] [stdout]    9:     0x6323ff38bfcd - __rustc[ea4f61d10b84890b]::rust_begin_unwind
[INFO] [stdout]   10:     0x6323ff3c95ec - core[a373ad73a504971]::panicking::panic_fmt
[INFO] [stdout]   11:     0x6323ff3c93c2 - core[a373ad73a504971]::result::unwrap_failed
[INFO] [stdout]   12:     0x6323ff28a4a3 - <tests[7e51a443347fc483]::ported::c_tests::sample_100::{closure#0} as core[a373ad73a504971]::ops::function::FnOnce<()>>::call_once
[INFO] [stdout]   13:     0x6323ff3274db - test[aada8e7e76ba119b]::__rust_begin_short_backtrace::<core[a373ad73a504971]::result::Result<(), alloc[2e1b2a31b91974c5]::string::String>, fn() -> core[a373ad73a504971]::result::Result<(), alloc[2e1b2a31b91974c5]::string::String>>
[INFO] [stdout]   14:     0x6323ff3346b5 - test[aada8e7e76ba119b]::run_test::{closure#0}
[INFO] [stdout]   15:     0x6323ff32dfa4 - std[617be2ca0a6fd877]::sys::backtrace::__rust_begin_short_backtrace::<test[aada8e7e76ba119b]::run_test::{closure#1}, ()>
[INFO] [stdout]   16:     0x6323ff337742 - <std[617be2ca0a6fd877]::thread::lifecycle::spawn_unchecked<test[aada8e7e76ba119b]::run_test::{closure#1}, ()>::{closure#1} as core[a373ad73a504971]::ops::function::FnOnce<()>>::call_once::{shim:vtable#0}
[INFO] [stdout]   17:     0x6323ff3b0f8f - <std[617be2ca0a6fd877]::sys::thread::unix::Thread>::new::thread_start
[INFO] [stdout]   18:     0x72f44dff8dfa - <unknown>
[INFO] [stdout]   19:     0x72f44e08c3d4 - clone
[INFO] [stdout]   20:                0x0 - <unknown>
[INFO] [stdout] 
[INFO] [stdout] ---- ported::c_tests::loads_values stdout ----
[INFO] [stdout] ━━━━━━━━━━━━━━━━━━━━━━━━━━━━━━━ Snapshot Summary ━━━━━━━━━━━━━━━━━━━━━━━━━━━━━━━
[INFO] [stdout] Snapshot file: tests/ported/snapshots/tests__ported__c_tests__loads_values.snap
[INFO] [stdout] Snapshot: loads_values
[INFO] [stdout] Source: tests/ported/c_tests.rs:316
[INFO] [stdout] ────────────────────────────────────────────────────────────────────────────────
[INFO] [stdout] Expression: (&sbdf, all_values)
[INFO] [stdout] ────────────────────────────────────────────────────────────────────────────────
[INFO] [stdout] -old snapshot
[INFO] [stdout] +new results
[INFO] [stdout] ────────────┬───────────────────────────────────────────────────────────────────
[INFO] [stdout]    60    60 │         ColumnSlice(
[INFO] [stdout]    61    61 │           values: Plain(DoubleArray(DoubleArray([
[INFO] [stdout]    62    62 │             3.5,
[INFO] [stdout]    63    63 │             100.0,
[INFO] [stdout]    64       │-            NaN,
[INFO] [stdout]          64 │+            -NaN,
[INFO] [stdout]    65    65 │           ]))),
[INFO] [stdout]    66    66 │           properties: ColumnProperties(
[INFO] [stdout]    67    67 │             is_invalid: None,
[INFO] [stdout]    68    68 │             error_code: None,
[INFO] [stdout] ┈┈┈┈┈┈┈┈┈┈┈┈┼┈┈┈┈┈┈┈┈┈┈┈┈┈┈┈┈┈┈┈┈┈┈┈┈┈┈┈┈┈┈┈┈┈┈┈┈┈┈┈┈┈┈┈┈┈┈┈┈┈┈┈┈┈┈┈┈┈┈┈┈┈┈┈┈┈┈┈
[INFO] [stdout]    87    87 │     ])),
[INFO] [stdout]    88    88 │     DoubleArray(DoubleArray([
[INFO] [stdout]    89    89 │       3.5,
[INFO] [stdout]    90    90 │       100.0,
[INFO] [stdout]    91       │-      NaN,
[INFO] [stdout]          91 │+      -NaN,
[INFO] [stdout]    92    92 │     ])),
[INFO] [stdout]    93    93 │   ],
[INFO] [stdout]    94    94 │ ])
[INFO] [stdout] ────────────┴───────────────────────────────────────────────────────────────────
[INFO] [stdout] 
[INFO] [stdout] thread 'ported::c_tests::loads_values' (703) panicked at tests/ported/c_tests.rs:316:5:
[INFO] [stdout] called `Result::unwrap()` on an `Err` value: FileIo(Os { code: 30, kind: ReadOnlyFilesystem, message: "Read-only file system" }, "/opt/rustwide/workdir/tests/ported/snapshots/tests__ported__c_tests__loads_values.snap.new")
[INFO] [stdout] stack backtrace:
[INFO] [stdout]    0:     0x6323ff3b1fb1 - <<std[617be2ca0a6fd877]::sys::backtrace::BacktraceLock>::print::DisplayBacktrace as core[a373ad73a504971]::fmt::Display>::fmt
[INFO] [stdout]    1:     0x6323ff3c8e0a - core[a373ad73a504971]::fmt::write
[INFO] [stdout]    2:     0x6323ff3b673c - <alloc[2e1b2a31b91974c5]::vec::Vec<u8> as core[a373ad73a504971]::io::write::Write>::write_fmt
[INFO] [stdout]    3:     0x6323ff38b276 - std[617be2ca0a6fd877]::panicking::default_hook::{closure#0}
[INFO] [stdout]    4:     0x6323ff3a90e9 - std[617be2ca0a6fd877]::panicking::default_hook
[INFO] [stdout]    5:     0x6323ff334090 - test[aada8e7e76ba119b]::test_main_inner::{closure#0}
[INFO] [stdout]    6:     0x6323ff3a92a2 - std[617be2ca0a6fd877]::panicking::panic_with_hook
[INFO] [stdout]    7:     0x6323ff38b322 - std[617be2ca0a6fd877]::panicking::panic_handler::{closure#0}
[INFO] [stdout]    8:     0x6323ff383b59 - std[617be2ca0a6fd877]::sys::backtrace::__rust_end_short_backtrace::<std[617be2ca0a6fd877]::panicking::panic_handler::{closure#0}, !>
[INFO] [stdout]    9:     0x6323ff38bfcd - __rustc[ea4f61d10b84890b]::rust_begin_unwind
[INFO] [stdout]   10:     0x6323ff3c95ec - core[a373ad73a504971]::panicking::panic_fmt
[INFO] [stdout]   11:     0x6323ff3c93c2 - core[a373ad73a504971]::result::unwrap_failed
[INFO] [stdout]   12:     0x6323ff28ac7b - <tests[7e51a443347fc483]::ported::c_tests::loads_values::{closure#0} as core[a373ad73a504971]::ops::function::FnOnce<()>>::call_once
[INFO] [stdout]   13:     0x6323ff3274db - test[aada8e7e76ba119b]::__rust_begin_short_backtrace::<core[a373ad73a504971]::result::Result<(), alloc[2e1b2a31b91974c5]::string::String>, fn() -> core[a373ad73a504971]::result::Result<(), alloc[2e1b2a31b91974c5]::string::String>>
[INFO] [stdout]   14:     0x6323ff3346b5 - test[aada8e7e76ba119b]::run_test::{closure#0}
[INFO] [stdout]   15:     0x6323ff32dfa4 - std[617be2ca0a6fd877]::sys::backtrace::__rust_begin_short_backtrace::<test[aada8e7e76ba119b]::run_test::{closure#1}, ()>
[INFO] [stdout]   16:     0x6323ff337742 - <std[617be2ca0a6fd877]::thread::lifecycle::spawn_unchecked<test[aada8e7e76ba119b]::run_test::{closure#1}, ()>::{closure#1} as core[a373ad73a504971]::ops::function::FnOnce<()>>::call_once::{shim:vtable#0}
[INFO] [stdout]   17:     0x6323ff3b0f8f - <std[617be2ca0a6fd877]::sys::thread::unix::Thread>::new::thread_start
[INFO] [stdout]   18:     0x72f44dff8dfa - <unknown>
[INFO] [stdout]   19:     0x72f44e08c3d4 - clone
[INFO] [stdout]   20:                0x0 - <unknown>
[INFO] [stdout] 
[INFO] [stdout] ---- ported::c_tests::sample_100_double stdout ----
[INFO] [stdout] ━━━━━━━━━━━━━━━━━━━━━━━━━━━━━━━ Snapshot Summary ━━━━━━━━━━━━━━━━━━━━━━━━━━━━━━━
[INFO] [stdout] Snapshot file: tests/ported/snapshots/tests__ported__c_tests__sample_100_double.snap
[INFO] [stdout] Snapshot: sample_100_double
[INFO] [stdout] Source: tests/ported/c_tests.rs:145
[INFO] [stdout] ────────────────────────────────────────────────────────────────────────────────
[INFO] [stdout] Expression: sbdf
[INFO] [stdout] ────────────────────────────────────────────────────────────────────────────────
[INFO] [stdout] -old snapshot
[INFO] [stdout] +new results
[INFO] [stdout] ────────────┬───────────────────────────────────────────────────────────────────
[INFO] [stdout]    84    84 │             244.92000000000002,
[INFO] [stdout]    85    85 │             248.06,
[INFO] [stdout]    86    86 │             251.20000000000002,
[INFO] [stdout]    87    87 │             0.0,
[INFO] [stdout]    88       │-            NaN,
[INFO] [stdout]          88 │+            -NaN,
[INFO] [stdout]    89    89 │             0.0,
[INFO] [stdout]    90    90 │             260.62,
[INFO] [stdout]    91    91 │             263.76,
[INFO] [stdout]    92    92 │             266.90000000000003,
[INFO] [stdout] ────────────┴───────────────────────────────────────────────────────────────────
[INFO] [stdout] 
[INFO] [stdout] thread 'ported::c_tests::sample_100_double' (742) panicked at tests/ported/c_tests.rs:145:1:
[INFO] [stdout] called `Result::unwrap()` on an `Err` value: FileIo(Os { code: 30, kind: ReadOnlyFilesystem, message: "Read-only file system" }, "/opt/rustwide/workdir/tests/ported/snapshots/tests__ported__c_tests__sample_100_double.snap.new")
[INFO] [stdout] stack backtrace:
[INFO] [stdout]    0:     0x6323ff3b1fb1 - <<std[617be2ca0a6fd877]::sys::backtrace::BacktraceLock>::print::DisplayBacktrace as core[a373ad73a504971]::fmt::Display>::fmt
[INFO] [stdout]    1:     0x6323ff3c8e0a - core[a373ad73a504971]::fmt::write
[INFO] [stdout]    2:     0x6323ff3b673c - <alloc[2e1b2a31b91974c5]::vec::Vec<u8> as core[a373ad73a504971]::io::write::Write>::write_fmt
[INFO] [stdout]    3:     0x6323ff38b276 - std[617be2ca0a6fd877]::panicking::default_hook::{closure#0}
[INFO] [stdout]    4:     0x6323ff3a90e9 - std[617be2ca0a6fd877]::panicking::default_hook
[INFO] [stdout]    5:     0x6323ff334090 - test[aada8e7e76ba119b]::test_main_inner::{closure#0}
[INFO] [stdout]    6:     0x6323ff3a92a2 - std[617be2ca0a6fd877]::panicking::panic_with_hook
[INFO] [stdout]    7:     0x6323ff38b322 - std[617be2ca0a6fd877]::panicking::panic_handler::{closure#0}
[INFO] [stdout]    8:     0x6323ff383b59 - std[617be2ca0a6fd877]::sys::backtrace::__rust_end_short_backtrace::<std[617be2ca0a6fd877]::panicking::panic_handler::{closure#0}, !>
[INFO] [stdout]    9:     0x6323ff38bfcd - __rustc[ea4f61d10b84890b]::rust_begin_unwind
[INFO] [stdout]   10:     0x6323ff3c95ec - core[a373ad73a504971]::panicking::panic_fmt
[INFO] [stdout]   11:     0x6323ff3c93c2 - core[a373ad73a504971]::result::unwrap_failed
[INFO] [stdout]   12:     0x6323ff28f013 - <tests[7e51a443347fc483]::ported::c_tests::sample_100_double::{closure#0} as core[a373ad73a504971]::ops::function::FnOnce<()>>::call_once
[INFO] [stdout]   13:     0x6323ff3274db - test[aada8e7e76ba119b]::__rust_begin_short_backtrace::<core[a373ad73a504971]::result::Result<(), alloc[2e1b2a31b91974c5]::string::String>, fn() -> core[a373ad73a504971]::result::Result<(), alloc[2e1b2a31b91974c5]::string::String>>
[INFO] [stdout]   14:     0x6323ff3346b5 - test[aada8e7e76ba119b]::run_test::{closure#0}
[INFO] [stdout]   15:     0x6323ff32dfa4 - std[617be2ca0a6fd877]::sys::backtrace::__rust_begin_short_backtrace::<test[aada8e7e76ba119b]::run_test::{closure#1}, ()>
[INFO] [stdout]   16:     0x6323ff337742 - <std[617be2ca0a6fd877]::thread::lifecycle::spawn_unchecked<test[aada8e7e76ba119b]::run_test::{closure#1}, ()>::{closure#1} as core[a373ad73a504971]::ops::function::FnOnce<()>>::call_once::{shim:vtable#0}
[INFO] [stdout]   17:     0x6323ff3b0f8f - <std[617be2ca0a6fd877]::sys::thread::unix::Thread>::new::thread_start
[INFO] [stdout]   18:     0x72f44dff8dfa - <unknown>
[INFO] [stdout]   19:     0x72f44e08c3d4 - clone
[INFO] [stdout]   20:                0x0 - <unknown>
[INFO] [stdout] 
[INFO] [stdout] 
[INFO] [stdout] failures:
[INFO] [stdout]     ported::c_tests::loads_values
[INFO] [stdout]     ported::c_tests::sample_100
[INFO] [stdout]     ported::c_tests::sample_100_double
[INFO] [stdout]     ported::c_tests::sample_100_float
[INFO] [stdout] 
[INFO] [stdout] test result: FAILED. 134 passed; 4 failed; 0 ignored; 0 measured; 0 filtered out; finished in 0.64s
[INFO] [stdout] 
[INFO] [stderr] error: test failed, to rerun pass `--test tests`
[INFO] running `Command { std: "docker" "inspect" "49a7a5d7ce05d71a5fc7cf977aa4266f41cd809eadf2f3c43424771bb24e0596", kill_on_drop: false }`
[INFO] running `Command { std: "docker" "rm" "-f" "49a7a5d7ce05d71a5fc7cf977aa4266f41cd809eadf2f3c43424771bb24e0596", kill_on_drop: false }`
[INFO] [stdout] 49a7a5d7ce05d71a5fc7cf977aa4266f41cd809eadf2f3c43424771bb24e0596
