[INFO] fetching crate sbcut 1.0.1...
[INFO] testing sbcut-1.0.1 against 1.100.0-beta.1+cargoflags=--release for beta-release-1.100-2
[INFO] extracting crate sbcut 1.0.1 into /workspace/builds/worker-5-tc2/source
[INFO] started tweaking crates.io crate sbcut 1.0.1
[INFO] removed 0 missing tests
[INFO] finished tweaking crates.io crate sbcut 1.0.1
[INFO] tweaked toml for crates.io crate sbcut 1.0.1 written to /workspace/builds/worker-5-tc2/source/Cargo.toml
[INFO] validating manifest of crates.io crate sbcut 1.0.1 on toolchain 1.100.0-beta.1
[INFO] running `Command { std: CARGO_HOME="/workspace/cargo-home" RUSTUP_HOME="/workspace/rustup-home" "/workspace/cargo-home/bin/cargo" "+1.100.0-beta.1" "metadata" "--manifest-path" "Cargo.toml" "--no-deps", kill_on_drop: false }`
[INFO] crate crates.io crate sbcut 1.0.1 already has a lockfile, it will not be regenerated
[INFO] running `Command { std: CARGO_HOME="/workspace/cargo-home" RUSTUP_HOME="/workspace/rustup-home" "/workspace/cargo-home/bin/cargo" "+1.100.0-beta.1" "fetch" "--manifest-path" "Cargo.toml", kill_on_drop: false }`
[INFO] running `Command { std: "docker" "create" "-v" "/var/lib/crater-agent-workspace/builds/worker-5-tc2/source:/opt/rustwide/workdir:ro,Z" "-v" "/var/lib/crater-agent-workspace/builds/worker-5-tc2/target:/opt/rustwide/target:rw,Z" "-v" "/var/lib/crater-agent-workspace/cargo-home:/opt/rustwide/cargo-home:ro,Z" "-v" "/var/lib/crater-agent-workspace/rustup-home:/opt/rustwide/rustup-home:ro,Z" "-m" "1610612736" "--network" "none" "ghcr.io/rust-lang/crates-build-env/linux@sha256:77db811e55d90add9212f6832c23229e3de5f1c1f9905e8cb07319ea15df73ac" "sleep" "infinity", kill_on_drop: false }`
[INFO] [stdout] 51a4151bf25b83dc3a337f8b5d5af733cbbd96d1ec255592518bd6917b109439
[INFO] running `Command { std: "docker" "start" "51a4151bf25b83dc3a337f8b5d5af733cbbd96d1ec255592518bd6917b109439", kill_on_drop: false }`
[INFO] running `Command { std: "docker" "inspect" "51a4151bf25b83dc3a337f8b5d5af733cbbd96d1ec255592518bd6917b109439", kill_on_drop: false }`
[INFO] running `Command { std: "docker" "exec" "-e" "SOURCE_DIR=/opt/rustwide/workdir" "-e" "CARGO_HOME=/opt/rustwide/cargo-home" "-e" "RUSTUP_HOME=/opt/rustwide/rustup-home" "-e" "CARGO_TARGET_DIR=/opt/rustwide/target" "-w" "/opt/rustwide/workdir" "--user" "0:0" "51a4151bf25b83dc3a337f8b5d5af733cbbd96d1ec255592518bd6917b109439" "/opt/rustwide/cargo-home/bin/cargo" "+1.100.0-beta.1" "metadata" "--no-deps" "--format-version=1", kill_on_drop: false }`
[INFO] running `Command { std: "docker" "inspect" "51a4151bf25b83dc3a337f8b5d5af733cbbd96d1ec255592518bd6917b109439", kill_on_drop: false }`
[INFO] running `Command { std: "docker" "exec" "-e" "SOURCE_DIR=/opt/rustwide/workdir" "-e" "CARGO_HOME=/opt/rustwide/cargo-home" "-e" "RUSTUP_HOME=/opt/rustwide/rustup-home" "-e" "CARGO_TARGET_DIR=/opt/rustwide/target" "-e" "CARGO_INCREMENTAL=0" "-e" "RUST_BACKTRACE=full" "-e" "RUSTFLAGS=--cap-lints=warn" "-e" "RUSTDOCFLAGS=--cap-lints=warn" "-w" "/opt/rustwide/workdir" "--user" "0:0" "51a4151bf25b83dc3a337f8b5d5af733cbbd96d1ec255592518bd6917b109439" "/opt/rustwide/cargo-home/bin/cargo" "+1.100.0-beta.1" "build" "--frozen" "--message-format=json" "--release", kill_on_drop: false }`
[INFO] [stderr]    Compiling proc-macro2 v1.0.86
[INFO] [stderr]    Compiling unicode-ident v1.0.13
[INFO] [stderr]    Compiling anstyle-query v1.1.1
[INFO] [stderr]    Compiling colorchoice v1.0.2
[INFO] [stderr]    Compiling is_terminal_polyfill v1.70.1
[INFO] [stderr]    Compiling clap_lex v0.7.2
[INFO] [stderr]    Compiling anstyle-parse v0.2.5
[INFO] [stderr]    Compiling anstream v0.6.15
[INFO] [stderr]    Compiling clap_builder v4.5.18
[INFO] [stderr]    Compiling quote v1.0.37
[INFO] [stderr]    Compiling syn v2.0.77
[INFO] [stderr]    Compiling clap_derive v4.5.18
[INFO] [stderr]    Compiling clap v4.5.18
[INFO] [stderr]    Compiling sbcut v1.0.1 (/opt/rustwide/workdir)
[INFO] [stderr]     Finished `release` profile [optimized] target(s) in 12.91s
[INFO] running `Command { std: "docker" "inspect" "51a4151bf25b83dc3a337f8b5d5af733cbbd96d1ec255592518bd6917b109439", kill_on_drop: false }`
[INFO] running `Command { std: "docker" "exec" "-e" "SOURCE_DIR=/opt/rustwide/workdir" "-e" "CARGO_HOME=/opt/rustwide/cargo-home" "-e" "RUSTUP_HOME=/opt/rustwide/rustup-home" "-e" "CARGO_TARGET_DIR=/opt/rustwide/target" "-e" "CARGO_INCREMENTAL=0" "-e" "RUST_BACKTRACE=full" "-e" "RUSTFLAGS=--cap-lints=warn" "-e" "RUSTDOCFLAGS=--cap-lints=warn" "-w" "/opt/rustwide/workdir" "--user" "0:0" "51a4151bf25b83dc3a337f8b5d5af733cbbd96d1ec255592518bd6917b109439" "/opt/rustwide/cargo-home/bin/cargo" "+1.100.0-beta.1" "test" "--frozen" "--no-run" "--message-format=json" "--release", kill_on_drop: false }`
[INFO] [stderr]    Compiling sbcut v1.0.1 (/opt/rustwide/workdir)
[INFO] [stderr]     Finished `release` profile [optimized] target(s) in 2.26s
[INFO] running `Command { std: "docker" "inspect" "51a4151bf25b83dc3a337f8b5d5af733cbbd96d1ec255592518bd6917b109439", kill_on_drop: false }`
[INFO] running `Command { std: "docker" "exec" "-e" "SOURCE_DIR=/opt/rustwide/workdir" "-e" "CARGO_HOME=/opt/rustwide/cargo-home" "-e" "RUSTUP_HOME=/opt/rustwide/rustup-home" "-e" "CARGO_TARGET_DIR=/opt/rustwide/target" "-e" "CARGO_INCREMENTAL=0" "-e" "RUST_BACKTRACE=full" "-e" "RUSTFLAGS=--cap-lints=warn" "-e" "RUSTDOCFLAGS=--cap-lints=warn" "-w" "/opt/rustwide/workdir" "--user" "0:0" "51a4151bf25b83dc3a337f8b5d5af733cbbd96d1ec255592518bd6917b109439" "/opt/rustwide/cargo-home/bin/cargo" "+1.100.0-beta.1" "test" "--frozen" "--release", kill_on_drop: false }`
[INFO] [stderr]     Finished `release` profile [optimized] target(s) in 0.05s
[INFO] [stderr]      Running unittests src/main.rs (/opt/rustwide/target/release/build/sbcut/be28262091b3c88a/out/sbcut-be28262091b3c88a)
[INFO] [stdout] 
[INFO] [stdout] running 223 tests
[INFO] [stdout] test cut::unit_tests_cut_line_with_bytes::test_06_start_a_end_a_step_b ... ok
[INFO] [stdout] test cut::unit_tests_cut_line_with_bytes::test_07_start_a_end_b_step_b ... ok
[INFO] [stdout] test cut::unit_tests_cut_line_with_bytes::test_02_start_a_end_b_step_a ... ok
[INFO] [stdout] test cut::unit_tests_cut_line_with_bytes::test_11_start_b_end_a_step_a ... ok
[INFO] [stdout] test cut::unit_tests_cut_line_with_bytes::test_13_start_b_end_c_step_a ... ok
[INFO] [stdout] test cut::unit_tests_cut_line_with_bytes::test_16_start_b_end_a_step_b ... ok
[INFO] [stdout] test cut::unit_tests_cut_line_with_bytes::test_05_start_a_end_e_step_a ... ok
[INFO] [stdout] test cut::unit_tests_cut_line_with_bytes::test_01_start_a_end_a_step_a ... ok
[INFO] [stdout] test cut::unit_tests_cut_line_with_bytes::test_08_start_a_end_c_step_b ... ok
[INFO] [stdout] test cut::unit_tests_cut_line_with_bytes::test_10_start_a_end_e_step_b ... ok
[INFO] [stdout] test cut::unit_tests_cut_line_with_bytes::test_04_start_a_end_d_step_a ... ok
[INFO] [stdout] test cut::unit_tests_cut_line_with_bytes::test_23_start_c_end_c_step_a ... ok
[INFO] [stdout] test cut::unit_tests_cut_line_with_bytes::test_25_start_c_end_e_step_a ... ok
[INFO] [stdout] test cut::unit_tests_cut_line_with_bytes::test_15_start_b_end_e_step_a ... ok
[INFO] [stdout] test cut::unit_tests_cut_line_with_bytes::test_19_start_b_end_d_step_b ... ok
[INFO] [stdout] test cut::unit_tests_cut_line_with_bytes::test_22_start_c_end_b_step_a ... ok
[INFO] [stdout] test cut::unit_tests_cut_line_with_bytes::test_12_start_b_end_b_step_a ... ok
[INFO] [stdout] test cut::unit_tests_cut_line_with_bytes::test_03_start_a_end_c_step_a ... ok
[INFO] [stdout] test cut::unit_tests_cut_line_with_bytes::test_24_start_c_end_d_step_a ... ok
[INFO] [stdout] test cut::unit_tests_cut_line_with_bytes::test_14_start_b_end_d_step_a ... ok
[INFO] [stdout] test cut::unit_tests_cut_line_with_bytes::test_35_start_d_end_e_step_a ... ok
[INFO] [stdout] test cut::unit_tests_cut_line_with_bytes::test_09_start_a_end_d_step_b ... ok
[INFO] [stdout] test cut::unit_tests_cut_line_with_bytes::test_26_start_c_end_a_step_b ... ok
[INFO] [stdout] test cut::unit_tests_cut_line_with_bytes::test_31_start_d_end_a_step_a ... ok
[INFO] [stdout] test cut::unit_tests_cut_line_with_bytes::test_27_start_c_end_b_step_b ... ok
[INFO] [stdout] test cut::unit_tests_cut_line_with_bytes::test_32_start_d_end_b_step_a ... ok
[INFO] [stdout] test cut::unit_tests_cut_line_with_bytes::test_28_start_c_end_c_step_b ... ok
[INFO] [stdout] test cut::unit_tests_cut_line_with_bytes::test_33_start_d_end_c_step_a ... ok
[INFO] [stdout] test cut::unit_tests_cut_line_with_bytes::test_38_start_d_end_c_step_b ... ok
[INFO] [stdout] test cut::unit_tests_cut_line_with_bytes::test_34_start_d_end_d_step_a ... ok
[INFO] [stdout] test cut::unit_tests_cut_line_with_bytes::test_40_start_d_end_e_step_b ... ok
[INFO] [stdout] test cut::unit_tests_cut_line_with_bytes::test_17_start_b_end_b_step_b ... ok
[INFO] [stdout] test cut::unit_tests_cut_line_with_bytes::test_43_start_e_end_c_step_a ... ok
[INFO] [stdout] test cut::unit_tests_cut_line_with_bytes::test_44_start_e_end_d_step_a ... ok
[INFO] [stdout] test cut::unit_tests_cut_line_with_bytes::test_45_start_e_end_e_step_a ... ok
[INFO] [stdout] test cut::unit_tests_cut_line_with_bytes::test_18_start_b_end_c_step_b ... ok
[INFO] [stdout] test cut::unit_tests_cut_line_with_bytes::test_48_start_e_end_c_step_b ... ok
[INFO] [stdout] test cut::unit_tests_cut_line_with_bytes::test_49_start_e_end_d_step_b ... ok
[INFO] [stdout] test cut::unit_tests_cut_line_with_bytes::test_41_start_e_end_a_step_a ... ok
[INFO] [stdout] test cut::unit_tests_cut_line_with_bytes::test_42_start_e_end_b_step_a ... ok
[INFO] [stdout] test cut::unit_tests_cut_line_with_bytes::test_46_start_e_end_a_step_b ... ok
[INFO] [stdout] test cut::unit_tests_cut_line_with_bytes::test_52_start_b_end_d_step_c ... ok
[INFO] [stdout] test cut::unit_tests_cut_line_with_bytes::test_21_start_c_end_a_step_a ... ok
[INFO] [stdout] test cut::unit_tests_cut_line_with_bytes::test_54_start_c_end_d_step_c ... ok
[INFO] [stdout] test cut::unit_tests_cut_line_with_bytes::test_55_start_b_end_b_step_d ... ok
[INFO] [stdout] test cut::unit_tests_cut_line_with_bytes::test_57_start_c_end_b_step_d ... ok
[INFO] [stdout] test cut::unit_tests_cut_line_with_bytes::test_59_start_b_end_b_step_e ... ok
[INFO] [stdout] test cut::unit_tests_cut_line_with_bytes::test_20_start_b_end_e_step_b ... ok
[INFO] [stdout] test cut::unit_tests_cut_line_with_bytes::test_56_start_b_end_d_step_d ... ok
[INFO] [stdout] test cut::unit_tests_cut_line_with_bytes::test_50_start_e_end_e_step_b ... ok
[INFO] [stdout] test cut::unit_tests_cut_line_with_bytes::test_58_start_c_end_d_step_d ... ok
[INFO] [stdout] test cut::unit_tests_cut_line_with_bytes::test_62_start_c_end_d_step_e ... ok
[INFO] [stdout] test cut::unit_tests_cut_line_with_bytes::test_60_start_b_end_d_step_e ... ok
[INFO] [stdout] test cut::unit_tests_cut_line_with_bytes::test_51_start_b_end_b_step_c ... ok
[INFO] [stdout] test cut::unit_tests_cut_line_with_bytes::test_64_start_c_end_d_step_a_complement ... ok
[INFO] [stdout] test cut::unit_tests_cut_line_with_bytes::test_61_start_c_end_b_step_e ... ok
[INFO] [stdout] test cut::unit_tests_cut_line_with_bytes::test_65_start_c_end_f_step_c_complement ... ok
[INFO] [stdout] test cut::unit_tests_cut_line_with_bytes::test_66_start_c_end_f_step_b_complement ... ok
[INFO] [stdout] test cut::unit_tests_cut_line_with_bytes::test_53_start_c_end_b_step_c ... ok
[INFO] [stdout] test cut::unit_tests_cut_line_with_characters::test_01_start_a_end_a_step_a ... ok
[INFO] [stdout] test cut::unit_tests_cut_line_with_characters::test_02_start_a_end_b_step_a ... ok
[INFO] [stdout] test cut::unit_tests_cut_line_with_characters::test_04_start_a_end_d_step_a ... ok
[INFO] [stdout] test cut::unit_tests_cut_line_with_characters::test_05_start_a_end_e_step_a ... ok
[INFO] [stdout] test cut::unit_tests_cut_line_with_characters::test_06_start_a_end_a_step_b ... ok
[INFO] [stdout] test cut::unit_tests_cut_line_with_characters::test_09_start_a_end_d_step_b ... ok
[INFO] [stdout] test cut::unit_tests_cut_line_with_characters::test_07_start_a_end_b_step_b ... ok
[INFO] [stdout] test cut::unit_tests_cut_line_with_characters::test_11_start_b_end_a_step_a ... ok
[INFO] [stdout] test cut::unit_tests_cut_line_with_characters::test_08_start_a_end_c_step_b ... ok
[INFO] [stdout] test cut::unit_tests_cut_line_with_bytes::test_29_start_c_end_d_step_b ... ok
[INFO] [stdout] test cut::unit_tests_cut_line_with_characters::test_12_start_b_end_b_step_a ... ok
[INFO] [stdout] test cut::unit_tests_cut_line_with_characters::test_15_start_b_end_e_step_a ... ok
[INFO] [stdout] test cut::unit_tests_cut_line_with_characters::test_16_start_b_end_a_step_b ... ok
[INFO] [stdout] test cut::unit_tests_cut_line_with_characters::test_14_start_b_end_d_step_a ... ok
[INFO] [stdout] test cut::unit_tests_cut_line_with_characters::test_17_start_b_end_b_step_b ... ok
[INFO] [stdout] test cut::unit_tests_cut_line_with_characters::test_18_start_b_end_c_step_b ... ok
[INFO] [stdout] test cut::unit_tests_cut_line_with_bytes::test_39_start_d_end_d_step_b ... ok
[INFO] [stdout] test cut::unit_tests_cut_line_with_characters::test_22_start_c_end_b_step_a ... ok
[INFO] [stdout] test cut::unit_tests_cut_line_with_bytes::test_67_start_e_end_e_step_a_complement ... ok
[INFO] [stdout] test cut::unit_tests_cut_line_with_bytes::test_68_non_utf_8_bytes ... ok
[INFO] [stdout] test cut::unit_tests_cut_line_with_characters::test_23_start_c_end_c_step_a ... ok
[INFO] [stdout] test cut::unit_tests_cut_line_with_characters::test_03_start_a_end_c_step_a ... ok
[INFO] [stdout] test cut::unit_tests_cut_line_with_characters::test_10_start_a_end_e_step_b ... ok
[INFO] [stdout] test cut::unit_tests_cut_line_with_characters::test_13_start_b_end_c_step_a ... ok
[INFO] [stdout] test cut::unit_tests_cut_line_with_characters::test_19_start_b_end_d_step_b ... ok
[INFO] [stdout] test cut::unit_tests_cut_line_with_characters::test_20_start_b_end_e_step_b ... ok
[INFO] [stdout] test cut::unit_tests_cut_line_with_characters::test_21_start_c_end_a_step_a ... ok
[INFO] [stdout] test cut::unit_tests_cut_line_with_characters::test_25_start_c_end_e_step_a ... ok
[INFO] [stdout] test cut::unit_tests_cut_line_with_characters::test_28_start_c_end_c_step_b ... ok
[INFO] [stdout] test cut::unit_tests_cut_line_with_characters::test_30_start_c_end_e_step_b ... ok
[INFO] [stdout] test cut::unit_tests_cut_line_with_characters::test_26_start_c_end_a_step_b ... ok
[INFO] [stdout] test cut::unit_tests_cut_line_with_characters::test_29_start_c_end_d_step_b ... ok
[INFO] [stdout] test cut::unit_tests_cut_line_with_characters::test_27_start_c_end_b_step_b ... ok
[INFO] [stdout] test cut::unit_tests_cut_line_with_characters::test_24_start_c_end_d_step_a ... ok
[INFO] [stdout] test cut::unit_tests_cut_line_with_bytes::test_63_start_a_end_d_step_a_complement ... ok
[INFO] [stdout] test cut::unit_tests_cut_line_with_bytes::test_30_start_c_end_e_step_b ... ok
[INFO] [stdout] test cut::unit_tests_cut_line_with_bytes::test_36_start_d_end_a_step_b ... ok
[INFO] [stdout] test cut::unit_tests_cut_line_with_characters::test_33_start_d_end_c_step_a ... ok
[INFO] [stdout] test cut::unit_tests_cut_line_with_characters::test_36_start_d_end_a_step_b ... ok
[INFO] [stdout] test cut::unit_tests_cut_line_with_characters::test_37_start_d_end_b_step_b ... ok
[INFO] [stdout] test cut::unit_tests_cut_line_with_characters::test_34_start_d_end_d_step_a ... ok
[INFO] [stdout] test cut::unit_tests_cut_line_with_characters::test_40_start_d_end_e_step_b ... ok
[INFO] [stdout] test cut::unit_tests_cut_line_with_characters::test_35_start_d_end_e_step_a ... ok
[INFO] [stdout] test cut::unit_tests_cut_line_with_characters::test_41_start_e_end_a_step_a ... ok
[INFO] [stdout] test cut::unit_tests_cut_line_with_characters::test_43_start_e_end_c_step_a ... ok
[INFO] [stdout] test cut::unit_tests_cut_line_with_characters::test_31_start_d_end_a_step_a ... ok
[INFO] [stdout] test cut::unit_tests_cut_line_with_bytes::test_47_start_e_end_b_step_b ... ok
[INFO] [stdout] test cut::unit_tests_cut_line_with_bytes::test_37_start_d_end_b_step_b ... ok
[INFO] [stdout] test cut::unit_tests_cut_line_with_characters::test_39_start_d_end_d_step_b ... ok
[INFO] [stdout] test cut::unit_tests_cut_line_with_characters::test_42_start_e_end_b_step_a ... ok
[INFO] [stdout] test cut::unit_tests_cut_line_with_characters::test_44_start_e_end_d_step_a ... ok
[INFO] [stdout] test cut::unit_tests_cut_line_with_characters::test_45_start_e_end_e_step_a ... ok
[INFO] [stdout] test cut::unit_tests_cut_line_with_characters::test_47_start_e_end_b_step_b ... ok
[INFO] [stdout] test cut::unit_tests_cut_line_with_characters::test_48_start_e_end_c_step_b ... ok
[INFO] [stdout] test cut::unit_tests_cut_line_with_characters::test_49_start_e_end_d_step_b ... ok
[INFO] [stdout] test cut::unit_tests_cut_line_with_characters::test_50_start_e_end_e_step_b ... ok
[INFO] [stdout] test cut::unit_tests_cut_line_with_characters::test_46_start_e_end_a_step_b ... ok
[INFO] [stdout] test cut::unit_tests_cut_line_with_characters::test_54_start_c_end_d_step_c ... ok
[INFO] [stdout] test cut::unit_tests_cut_line_with_characters::test_51_start_b_end_b_step_c ... ok
[INFO] [stdout] test cut::unit_tests_cut_line_with_characters::test_55_start_b_end_b_step_d ... ok
[INFO] [stdout] test cut::unit_tests_cut_line_with_characters::test_52_start_b_end_d_step_c ... ok
[INFO] [stdout] test cut::unit_tests_cut_line_with_characters::test_56_start_b_end_d_step_d ... ok
[INFO] [stdout] test cut::unit_tests_cut_line_with_characters::test_53_start_c_end_b_step_c ... ok
[INFO] [stdout] test cut::unit_tests_cut_line_with_characters::test_60_start_b_end_d_step_e ... ok
[INFO] [stdout] test cut::unit_tests_cut_line_with_characters::test_61_start_c_end_b_step_e ... ok
[INFO] [stdout] test cut::unit_tests_cut_line_with_characters::test_57_start_c_end_b_step_d ... ok
[INFO] [stdout] test cut::unit_tests_cut_line_with_characters::test_58_start_c_end_d_step_d ... ok
[INFO] [stdout] test cut::unit_tests_cut_line_with_characters::test_64_start_c_end_d_step_a_complement ... ok
[INFO] [stdout] test cut::unit_tests_cut_line_with_characters::test_65_start_c_end_f_step_c_complement ... ok
[INFO] [stdout] test cut::unit_tests_cut_line_with_characters::test_59_start_b_end_b_step_e ... ok
[INFO] [stdout] test cut::unit_tests_cut_line_with_characters::test_66_start_c_end_f_step_b_complement ... ok
[INFO] [stdout] test cut::unit_tests_cut_line_with_characters::test_67_start_e_end_e_step_a_complement ... ok
[INFO] [stdout] test cut::unit_tests_cut_line_with_delimiter::test_01_start_a_end_a_step_a ... ok
[INFO] [stdout] test cut::unit_tests_cut_line_with_delimiter::test_02_start_a_end_b_step_a ... ok
[INFO] [stdout] test cut::unit_tests_cut_line_with_delimiter::test_07_start_a_end_b_step_b ... ok
[INFO] [stdout] test cut::unit_tests_cut_line_with_delimiter::test_08_start_a_end_c_step_b ... ok
[INFO] [stdout] test cut::unit_tests_cut_line_with_delimiter::test_06_start_a_end_a_step_b ... ok
[INFO] [stdout] test cut::unit_tests_cut_line_with_characters::test_32_start_d_end_b_step_a ... ok
[INFO] [stdout] test cut::unit_tests_cut_line_with_delimiter::test_05_start_a_end_e_step_a ... ok
[INFO] [stdout] test cut::unit_tests_cut_line_with_characters::test_62_start_c_end_d_step_e ... ok
[INFO] [stdout] test cut::unit_tests_cut_line_with_characters::test_38_start_d_end_c_step_b ... ok
[INFO] [stdout] test cut::unit_tests_cut_line_with_characters::test_63_start_a_end_d_step_a_complement ... ok
[INFO] [stdout] test cut::unit_tests_cut_line_with_delimiter::test_03_start_a_end_c_step_a ... ok
[INFO] [stdout] test cut::unit_tests_cut_line_with_delimiter::test_04_start_a_end_d_step_a ... ok
[INFO] [stdout] test cut::unit_tests_cut_line_with_delimiter::test_09_start_a_end_d_step_b ... ok
[INFO] [stdout] test cut::unit_tests_cut_line_with_delimiter::test_23_start_c_end_c_step_a ... ok
[INFO] [stdout] test cut::unit_tests_cut_line_with_delimiter::test_15_start_b_end_e_step_a ... ok
[INFO] [stdout] test cut::unit_tests_cut_line_with_delimiter::test_17_start_b_end_b_step_b ... ok
[INFO] [stdout] test cut::unit_tests_cut_line_with_delimiter::test_22_start_c_end_b_step_a ... ok
[INFO] [stdout] test cut::unit_tests_cut_line_with_delimiter::test_24_start_c_end_d_step_a ... ok
[INFO] [stdout] test cut::unit_tests_cut_line_with_delimiter::test_16_start_b_end_a_step_b ... ok
[INFO] [stdout] test cut::unit_tests_cut_line_with_delimiter::test_10_start_a_end_e_step_b ... ok
[INFO] [stdout] test cut::unit_tests_cut_line_with_delimiter::test_26_start_c_end_a_step_b ... ok
[INFO] [stdout] test cut::unit_tests_cut_line_with_delimiter::test_11_start_b_end_a_step_a ... ok
[INFO] [stdout] test cut::unit_tests_cut_line_with_delimiter::test_13_start_b_end_c_step_a ... ok
[INFO] [stdout] test cut::unit_tests_cut_line_with_delimiter::test_29_start_c_end_d_step_b ... ok
[INFO] [stdout] test cut::unit_tests_cut_line_with_delimiter::test_18_start_b_end_c_step_b ... ok
[INFO] [stdout] test cut::unit_tests_cut_line_with_delimiter::test_32_start_d_end_b_step_a ... ok
[INFO] [stdout] test cut::unit_tests_cut_line_with_delimiter::test_30_start_c_end_e_step_b ... ok
[INFO] [stdout] test cut::unit_tests_cut_line_with_delimiter::test_31_start_d_end_a_step_a ... ok
[INFO] [stdout] test cut::unit_tests_cut_line_with_delimiter::test_39_start_d_end_d_step_b ... ok
[INFO] [stdout] test cut::unit_tests_cut_line_with_delimiter::test_12_start_b_end_b_step_a ... ok
[INFO] [stdout] test cut::unit_tests_cut_line_with_delimiter::test_33_start_d_end_c_step_a ... ok
[INFO] [stdout] test cut::unit_tests_cut_line_with_delimiter::test_19_start_b_end_d_step_b ... ok
[INFO] [stdout] test cut::unit_tests_cut_line_with_delimiter::test_34_start_d_end_d_step_a ... ok
[INFO] [stdout] test cut::unit_tests_cut_line_with_delimiter::test_14_start_b_end_d_step_a ... ok
[INFO] [stdout] test cut::unit_tests_cut_line_with_delimiter::test_20_start_b_end_e_step_b ... ok
[INFO] [stdout] test cut::unit_tests_cut_line_with_delimiter::test_36_start_d_end_a_step_b ... ok
[INFO] [stdout] test cut::unit_tests_cut_line_with_delimiter::test_21_start_c_end_a_step_a ... ok
[INFO] [stdout] test cut::unit_tests_cut_line_with_delimiter::test_37_start_d_end_b_step_b ... ok
[INFO] [stdout] test cut::unit_tests_cut_line_with_delimiter::test_40_start_d_end_e_step_b ... ok
[INFO] [stdout] test cut::unit_tests_cut_line_with_delimiter::test_25_start_c_end_e_step_a ... ok
[INFO] [stdout] test cut::unit_tests_cut_line_with_delimiter::test_41_start_e_end_a_step_a ... ok
[INFO] [stdout] test cut::unit_tests_cut_line_with_delimiter::test_42_start_e_end_b_step_a ... ok
[INFO] [stdout] test cut::unit_tests_cut_line_with_delimiter::test_45_start_e_end_e_step_a ... ok
[INFO] [stdout] test cut::unit_tests_cut_line_with_delimiter::test_43_start_e_end_c_step_a ... ok
[INFO] [stdout] test cut::unit_tests_cut_line_with_delimiter::test_27_start_c_end_b_step_b ... ok
[INFO] [stdout] test cut::unit_tests_cut_line_with_delimiter::test_44_start_e_end_d_step_a ... ok
[INFO] [stdout] test cut::unit_tests_cut_line_with_delimiter::test_55_start_b_end_b_step_d ... ok
[INFO] [stdout] test cut::unit_tests_cut_line_with_delimiter::test_28_start_c_end_c_step_b ... ok
[INFO] [stdout] test cut::unit_tests_cut_line_with_delimiter::test_60_start_b_end_d_step_e ... ok
[INFO] [stdout] test cut::unit_tests_cut_line_with_delimiter::test_49_start_e_end_d_step_b ... ok
[INFO] [stdout] test cut::unit_tests_cut_line_with_delimiter::test_51_start_b_end_b_step_c ... ok
[INFO] [stdout] test cut::unit_tests_cut_line_with_delimiter::test_46_start_e_end_a_step_b ... ok
[INFO] [stdout] test cut::unit_tests_cut_line_with_delimiter::test_48_start_e_end_c_step_b ... ok
[INFO] [stdout] test cut::unit_tests_cut_line_with_delimiter::test_54_start_c_end_d_step_c ... ok
[INFO] [stdout] test cut::unit_tests_cut_line_with_delimiter::test_50_start_e_end_e_step_b ... ok
[INFO] [stdout] test cut::unit_tests_cut_line_with_delimiter::test_47_start_e_end_b_step_b ... ok
[INFO] [stdout] test cut::unit_tests_cut_line_with_delimiter::test_52_start_b_end_d_step_c ... ok
[INFO] [stdout] test cut::unit_tests_cut_line_with_delimiter::test_53_start_c_end_b_step_c ... ok
[INFO] [stdout] test cut::unit_tests_cut_line_with_delimiter::test_35_start_d_end_e_step_a ... ok
[INFO] [stdout] test cut::unit_tests_cut_line_with_delimiter::test_38_start_d_end_c_step_b ... ok
[INFO] [stdout] test cut::unit_tests_cut_line_with_delimiter::test_58_start_c_end_d_step_d ... ok
[INFO] [stdout] test cut::unit_tests_cut_line_with_delimiter::test_59_start_b_end_b_step_e ... ok
[INFO] [stdout] test range_parser::unit_tests_parse_range::test_02_1_invalid_range ... ok
[INFO] [stdout] test cut::unit_tests_cut_line_with_delimiter::test_56_start_b_end_d_step_d ... ok
[INFO] [stdout] test range_parser::unit_tests_parse_range::test_04_multiple_ranges_with_1_invalid ... ok
[INFO] [stdout] test cut::unit_tests_cut_line_with_delimiter::test_57_start_c_end_b_step_d ... ok
[INFO] [stdout] test range_parser::unit_tests_parse_single_range::test_01_positive_positive_positive ... ok
[INFO] [stdout] test range_parser::unit_tests_parse_single_range::test_02_positive_positive_negative ... ok
[INFO] [stdout] test range_parser::unit_tests_parse_single_range::test_03_positive_positive_separator ... ok
[INFO] [stdout] test cut::unit_tests_cut_line_with_delimiter::test_66_start_c_end_f_step_b_complement ... ok
[INFO] [stdout] test range_parser::unit_tests_parse_range::test_03_multiple_ranges ... ok
[INFO] [stdout] test range_parser::unit_tests_parse_range::test_01_1_range ... ok
[INFO] [stdout] test cut::unit_tests_cut_line_with_delimiter::test_61_start_c_end_b_step_e ... ok
[INFO] [stdout] test cut::unit_tests_cut_line_with_delimiter::test_62_start_c_end_d_step_e ... ok
[INFO] [stdout] test cut::unit_tests_cut_line_with_delimiter::test_65_start_c_end_f_step_c_complement ... ok
[INFO] [stdout] test cut::unit_tests_cut_line_with_delimiter::test_67_start_e_end_e_step_a_complement ... ok
[INFO] [stdout] test cut::unit_tests_cut_line_with_delimiter::test_63_start_a_end_d_step_a_complement ... ok
[INFO] [stdout] test cut::unit_tests_cut_line_with_delimiter::test_64_start_c_end_d_step_a_complement ... ok
[INFO] [stdout] test range_parser::unit_tests_parse_single_range::test_04_positive_positive ... ok
[INFO] [stdout] test range_parser::unit_tests_parse_single_range::test_14_start_with_alphabetical ... ok
[INFO] [stdout] test range_parser::unit_tests_parse_single_range::test_07_positive ... ok
[INFO] [stdout] test range_parser::unit_tests_parse_single_range::test_15_ends_with_alphabetical ... ok
[INFO] [stdout] test range_parser::unit_tests_parse_single_range::test_16_triple_separator ... ok
[INFO] [stdout] test range_parser::unit_tests_parse_single_range::test_17_negative_one ... ok
[INFO] [stdout] test range_parser::unit_tests_parse_single_range::test_13_empty_string ... ok
[INFO] [stdout] test range_parser::unit_tests_parse_single_range::test_06_positive_separator ... ok
[INFO] [stdout] test range_parser::unit_tests_parse_single_range::test_05_positive_negative ... ok
[INFO] [stdout] test range_parser::unit_tests_parse_single_range::test_11_positive_negative_positive_all_double_digits ... ok
[INFO] [stdout] test range_parser::unit_tests_parse_single_range::test_09_separator_positive ... ok
[INFO] [stdout] test range_parser::unit_tests_parse_single_range::test_08_negative ... ok
[INFO] [stdout] test range_parser::unit_tests_parse_single_range::test_10_separator_separator_positive ... ok
[INFO] [stdout] test range_parser::unit_tests_parse_single_range::test_12_positive_separator_separator_positive ... ok
[INFO] [stdout] 
[INFO] [stdout] test result: ok. 223 passed; 0 failed; 0 ignored; 0 measured; 0 filtered out; finished in 0.05s
[INFO] [stdout] 
[INFO] [stderr]      Running tests/coreutils_cut_compatibility.rs (/opt/rustwide/target/release/build/sbcut/3951fb2f68178c70/out/coreutils_cut_compatibility-3951fb2f68178c70)
[INFO] [stdout] 
[INFO] [stdout] running 34 tests
[INFO] [stdout] test functional_tests_coreutils_cut_compatibility::test_02_5_characters_single_start_range ... FAILED
[INFO] [stdout] test functional_tests_coreutils_cut_compatibility::test_01_6_bytes_single_single_start_range ... FAILED
[INFO] [stdout] test functional_tests_coreutils_cut_compatibility::test_01_3_bytes_start_end_range ... FAILED
[INFO] [stdout] test functional_tests_coreutils_cut_compatibility::test_01_1_bytes_single_range ... FAILED
[INFO] [stdout] test functional_tests_coreutils_cut_compatibility::test_03_4_fields_end_range ... FAILED
[INFO] [stdout] test functional_tests_coreutils_cut_compatibility::test_01_4_bytes_end_range ... FAILED
[INFO] [stdout] test functional_tests_coreutils_cut_compatibility::test_02_3_characters_start_end_range ... FAILED
[INFO] [stdout] test functional_tests_coreutils_cut_compatibility::test_02_4_characters_end_range ... FAILED
[INFO] [stdout] test functional_tests_coreutils_cut_compatibility::test_01_5_bytes_single_start_range ... FAILED
[INFO] [stdout] test functional_tests_coreutils_cut_compatibility::test_04_5_complement_singe_start_range ... ignored, https://github.com/lyubolp/slightly-better-cut/issues/1
[INFO] [stdout] test functional_tests_coreutils_cut_compatibility::test_04_6_complement_single_single_start_range ... ignored, https://github.com/lyubolp/slightly-better-cut/issues/1
[INFO] [stdout] test functional_tests_coreutils_cut_compatibility::test_04_2_complement_start_range ... FAILED
[INFO] [stdout] test functional_tests_coreutils_cut_compatibility::test_02_1_characters_single_range ... FAILED
[INFO] [stdout] test functional_tests_coreutils_cut_compatibility::test_03_6_fields_single_single_start_range ... FAILED
[INFO] [stdout] test functional_tests_coreutils_cut_compatibility::test_02_6_characters_single_single_start_range ... FAILED
[INFO] [stdout] test functional_tests_coreutils_cut_compatibility::test_01_2_bytes_start_range ... FAILED
[INFO] [stdout] test functional_tests_coreutils_cut_compatibility::test_02_2_characters_start_range ... FAILED
[INFO] [stdout] test functional_tests_coreutils_cut_compatibility::test_04_1_complement_single_range ... FAILED
[INFO] [stdout] test functional_tests_coreutils_cut_compatibility::test_03_1_fields_single_range ... FAILED
[INFO] [stdout] test functional_tests_coreutils_cut_compatibility::test_06_3_output_delimiter_one_range ... FAILED
[INFO] [stdout] test functional_tests_coreutils_cut_compatibility::test_06_2_output_delimiter_two_single_ranges ... FAILED
[INFO] [stdout] test functional_tests_coreutils_cut_compatibility::test_06_1_output_delimiter_single_range ... FAILED
[INFO] [stdout] test functional_tests_coreutils_cut_compatibility::test_03_5_fields_single_start_range ... FAILED
[INFO] [stdout] test functional_tests_coreutils_cut_compatibility::test_04_3_complement_start_end_range ... FAILED
[INFO] [stdout] test functional_tests_coreutils_cut_compatibility::test_05_only_delimited ... FAILED
[INFO] [stdout] test functional_tests_coreutils_cut_compatibility::test_07_2_nul_terminated_start_range ... FAILED
[INFO] [stdout] test functional_tests_coreutils_cut_compatibility::test_07_6_nul_terminated_single_single_start_range ... FAILED
[INFO] [stdout] test functional_tests_coreutils_cut_compatibility::test_03_2_fields_start_range ... FAILED
[INFO] [stdout] test functional_tests_coreutils_cut_compatibility::test_07_5_nul_terminated_single_start_range ... FAILED
[INFO] [stdout] test functional_tests_coreutils_cut_compatibility::test_07_1_nul_terminated_single_range ... FAILED
[INFO] [stdout] test functional_tests_coreutils_cut_compatibility::test_07_4_nul_terminated_end_range ... FAILED
[INFO] [stdout] test functional_tests_coreutils_cut_compatibility::test_04_4_complement_end_range ... FAILED
[INFO] [stdout] test functional_tests_coreutils_cut_compatibility::test_07_3_nul_terminated_start_end_range ... FAILED
[INFO] [stdout] test functional_tests_coreutils_cut_compatibility::test_03_3_fields_start_end_range ... FAILED
[INFO] [stdout] 
[INFO] [stdout] failures:
[INFO] [stdout] 
[INFO] [stdout] ---- functional_tests_coreutils_cut_compatibility::test_02_5_characters_single_start_range stdout ----
[INFO] [stdout] cut: -c 2,3- sample.csv
[INFO] [stdout] sbcut: -c 1,2: sample.csv
[INFO] [stdout] 
[INFO] [stdout] thread 'functional_tests_coreutils_cut_compatibility::test_02_5_characters_single_start_range' (697) panicked at tests/coreutils_cut_compatibility.rs:196:9:
[INFO] [stdout] assertion `left == right` failed
[INFO] [stdout]   left: Ok(("ame,Age,Salary,City,Email\nohn Doe,35,75000,New York,john.doe@example.com\nane Smith,28,60000,Los Angeles,jane.smith@example.com\nichael Johnson,42,90000,Chicago,michael.johnson@example.com\nmily Davis,31,55000,Houston,emily.davis@example.com\navid Lee,27,65000,Phoenix,david.lee@example.com\narah Wilson,39,80000,Philadelphia,sarah.wilson@example.com\nom Brown,25,50000,San Diego,tom.brown@example.com\nlivia Taylor,33,72000,Seattle,olivia.taylor@example.com\naniel Anderson,29,62000,Denver,daniel.anderson@example.com\nample\nophia Martinez,36,85000,Miami,sophia.martinez@example.com\n", "", 0))
[INFO] [stdout]  right: Err("Can't execute command")
[INFO] [stdout] stack backtrace:
[INFO] [stdout]    0:     0x63341f5c0dc1 - <<std[617be2ca0a6fd877]::sys::backtrace::BacktraceLock>::print::DisplayBacktrace as core[a373ad73a504971]::fmt::Display>::fmt
[INFO] [stdout]    1:     0x63341f5d4f9a - core[a373ad73a504971]::fmt::write
[INFO] [stdout]    2:     0x63341f5c4fdc - <alloc[2e1b2a31b91974c5]::vec::Vec<u8> as core[a373ad73a504971]::io::write::Write>::write_fmt
[INFO] [stdout]    3:     0x63341f59d126 - std[617be2ca0a6fd877]::panicking::default_hook::{closure#0}
[INFO] [stdout]    4:     0x63341f5b9459 - std[617be2ca0a6fd877]::panicking::default_hook
[INFO] [stdout]    5:     0x63341f555a00 - test[aada8e7e76ba119b]::test_main_inner::{closure#0}
[INFO] [stdout]    6:     0x63341f5b9612 - std[617be2ca0a6fd877]::panicking::panic_with_hook
[INFO] [stdout]    7:     0x63341f59d1d2 - std[617be2ca0a6fd877]::panicking::panic_handler::{closure#0}
[INFO] [stdout]    8:     0x63341f595ee9 - std[617be2ca0a6fd877]::sys::backtrace::__rust_end_short_backtrace::<std[617be2ca0a6fd877]::panicking::panic_handler::{closure#0}, !>
[INFO] [stdout]    9:     0x63341f59dddd - __rustc[ea4f61d10b84890b]::rust_begin_unwind
[INFO] [stdout]   10:     0x63341f5d56cc - core[a373ad73a504971]::panicking::panic_fmt
[INFO] [stdout]   11:     0x63341f5d55e3 - core[a373ad73a504971]::panicking::assert_failed_inner
[INFO] [stdout]   12:     0x63341f54824d - core[a373ad73a504971]::panicking::assert_failed::<core[a373ad73a504971]::result::Result<(alloc[2e1b2a31b91974c5]::string::String, alloc[2e1b2a31b91974c5]::string::String, i32), alloc[2e1b2a31b91974c5]::string::String>, core[a373ad73a504971]::result::Result<(alloc[2e1b2a31b91974c5]::string::String, alloc[2e1b2a31b91974c5]::string::String, i32), alloc[2e1b2a31b91974c5]::string::String>>
[INFO] [stdout]   13:     0x63341f545e42 - <coreutils_cut_compatibility[84b525b785aaea46]::functional_tests_coreutils_cut_compatibility::test_02_5_characters_single_start_range::{closure#0} as core[a373ad73a504971]::ops::function::FnOnce<()>>::call_once
[INFO] [stdout]   14:     0x63341f548e4b - test[aada8e7e76ba119b]::__rust_begin_short_backtrace::<core[a373ad73a504971]::result::Result<(), alloc[2e1b2a31b91974c5]::string::String>, fn() -> core[a373ad73a504971]::result::Result<(), alloc[2e1b2a31b91974c5]::string::String>>
[INFO] [stdout]   15:     0x63341f556025 - test[aada8e7e76ba119b]::run_test::{closure#0}
[INFO] [stdout]   16:     0x63341f54f914 - std[617be2ca0a6fd877]::sys::backtrace::__rust_begin_short_backtrace::<test[aada8e7e76ba119b]::run_test::{closure#1}, ()>
[INFO] [stdout]   17:     0x63341f5590b2 - <std[617be2ca0a6fd877]::thread::lifecycle::spawn_unchecked<test[aada8e7e76ba119b]::run_test::{closure#1}, ()>::{closure#1} as core[a373ad73a504971]::ops::function::FnOnce<()>>::call_once::{shim:vtable#0}
[INFO] [stdout]   18:     0x63341f5c061f - <std[617be2ca0a6fd877]::sys::thread::unix::Thread>::new::thread_start
[INFO] [stdout]   19:     0x7abc0f199dfa - <unknown>
[INFO] [stdout]   20:     0x7abc0f22d3d4 - clone
[INFO] [stdout]   21:                0x0 - <unknown>
[INFO] [stdout] 
[INFO] [stdout] ---- functional_tests_coreutils_cut_compatibility::test_01_6_bytes_single_single_start_range stdout ----
[INFO] [stdout] cut: -b 1,2,4- sample.csv
[INFO] [stdout] sbcut: -b 0,1,3: sample.csv
[INFO] [stdout] 
[INFO] [stdout] thread 'functional_tests_coreutils_cut_compatibility::test_01_6_bytes_single_single_start_range' (692) panicked at tests/coreutils_cut_compatibility.rs:126:9:
[INFO] [stdout] assertion `left == right` failed
[INFO] [stdout]   left: Ok(("Nae,Age,Salary,City,Email\nJon Doe,35,75000,New York,john.doe@example.com\nJae Smith,28,60000,Los Angeles,jane.smith@example.com\nMihael Johnson,42,90000,Chicago,michael.johnson@example.com\nEmly Davis,31,55000,Houston,emily.davis@example.com\nDaid Lee,27,65000,Phoenix,david.lee@example.com\nSaah Wilson,39,80000,Philadelphia,sarah.wilson@example.com\nTo Brown,25,50000,San Diego,tom.brown@example.com\nOlvia Taylor,33,72000,Seattle,olivia.taylor@example.com\nDaiel Anderson,29,62000,Denver,daniel.anderson@example.com\nsaple\nSohia Martinez,36,85000,Miami,sophia.martinez@example.com\n", "", 0))
[INFO] [stdout]  right: Err("Can't execute command")
[INFO] [stdout] stack backtrace:
[INFO] [stdout]    0:     0x63341f5c0dc1 - <<std[617be2ca0a6fd877]::sys::backtrace::BacktraceLock>::print::DisplayBacktrace as core[a373ad73a504971]::fmt::Display>::fmt
[INFO] [stdout]    1:     0x63341f5d4f9a - core[a373ad73a504971]::fmt::write
[INFO] [stdout]    2:     0x63341f5c4fdc - <alloc[2e1b2a31b91974c5]::vec::Vec<u8> as core[a373ad73a504971]::io::write::Write>::write_fmt
[INFO] [stdout]    3:     0x63341f59d126 - std[617be2ca0a6fd877]::panicking::default_hook::{closure#0}
[INFO] [stdout]    4:     0x63341f5b9459 - std[617be2ca0a6fd877]::panicking::default_hook
[INFO] [stdout]    5:     0x63341f555a00 - test[aada8e7e76ba119b]::test_main_inner::{closure#0}
[INFO] [stdout]    6:     0x63341f5b9612 - std[617be2ca0a6fd877]::panicking::panic_with_hook
[INFO] [stdout]    7:     0x63341f59d1d2 - std[617be2ca0a6fd877]::panicking::panic_handler::{closure#0}
[INFO] [stdout]    8:     0x63341f595ee9 - std[617be2ca0a6fd877]::sys::backtrace::__rust_end_short_backtrace::<std[617be2ca0a6fd877]::panicking::panic_handler::{closure#0}, !>
[INFO] [stdout]    9:     0x63341f59dddd - __rustc[ea4f61d10b84890b]::rust_begin_unwind
[INFO] [stdout]   10:     0x63341f5d56cc - core[a373ad73a504971]::panicking::panic_fmt
[INFO] [stdout]   11:     0x63341f5d55e3 - core[a373ad73a504971]::panicking::assert_failed_inner
[INFO] [stdout]   12:     0x63341f54824d - core[a373ad73a504971]::panicking::assert_failed::<core[a373ad73a504971]::result::Result<(alloc[2e1b2a31b91974c5]::string::String, alloc[2e1b2a31b91974c5]::string::String, i32), alloc[2e1b2a31b91974c5]::string::String>, core[a373ad73a504971]::result::Result<(alloc[2e1b2a31b91974c5]::string::String, alloc[2e1b2a31b91974c5]::string::String, i32), alloc[2e1b2a31b91974c5]::string::String>>
[INFO] [stdout]   13:     0x63341f546842 - <coreutils_cut_compatibility[84b525b785aaea46]::functional_tests_coreutils_cut_compatibility::test_01_6_bytes_single_single_start_range::{closure#0} as core[a373ad73a504971]::ops::function::FnOnce<()>>::call_once
[INFO] [stdout]   14:     0x63341f548e4b - test[aada8e7e76ba119b]::__rust_begin_short_backtrace::<core[a373ad73a504971]::result::Result<(), alloc[2e1b2a31b91974c5]::string::String>, fn() -> core[a373ad73a504971]::result::Result<(), alloc[2e1b2a31b91974c5]::string::String>>
[INFO] [stdout]   15:     0x63341f556025 - test[aada8e7e76ba119b]::run_test::{closure#0}
[INFO] [stdout]   16:     0x63341f54f914 - std[617be2ca0a6fd877]::sys::backtrace::__rust_begin_short_backtrace::<test[aada8e7e76ba119b]::run_test::{closure#1}, ()>
[INFO] [stdout]   17:     0x63341f5590b2 - <std[617be2ca0a6fd877]::thread::lifecycle::spawn_unchecked<test[aada8e7e76ba119b]::run_test::{closure#1}, ()>::{closure#1} as core[a373ad73a504971]::ops::function::FnOnce<()>>::call_once::{shim:vtable#0}
[INFO] [stdout]   18:     0x63341f5c061f - <std[617be2ca0a6fd877]::sys::thread::unix::Thread>::new::thread_start
[INFO] [stdout]   19:     0x7abc0f199dfa - <unknown>
[INFO] [stdout]   20:     0x7abc0f22d3d4 - clone
[INFO] [stdout]   21:                0x0 - <unknown>
[INFO] [stdout] 
[INFO] [stdout] ---- functional_tests_coreutils_cut_compatibility::test_01_3_bytes_start_end_range stdout ----
[INFO] [stdout] cut: -b 2-4 sample.csv
[INFO] [stdout] sbcut: -b 1:4 sample.csv
[INFO] [stdout] 
[INFO] [stdout] thread 'functional_tests_coreutils_cut_compatibility::test_01_3_bytes_start_end_range' (688) panicked at tests/coreutils_cut_compatibility.rs:84:9:
[INFO] [stdout] assertion `left == right` failed
[INFO] [stdout]   left: Ok(("ame\nohn\nane\nich\nmil\navi\nara\nom \nliv\nani\namp\noph\n", "", 0))
[INFO] [stdout]  right: Err("Can't execute command")
[INFO] [stdout] stack backtrace:
[INFO] [stdout]    0:     0x63341f5c0dc1 - <<std[617be2ca0a6fd877]::sys::backtrace::BacktraceLock>::print::DisplayBacktrace as core[a373ad73a504971]::fmt::Display>::fmt
[INFO] [stdout]    1:     0x63341f5d4f9a - core[a373ad73a504971]::fmt::write
[INFO] [stdout]    2:     0x63341f5c4fdc - <alloc[2e1b2a31b91974c5]::vec::Vec<u8> as core[a373ad73a504971]::io::write::Write>::write_fmt
[INFO] [stdout]    3:     0x63341f59d126 - std[617be2ca0a6fd877]::panicking::default_hook::{closure#0}
[INFO] [stdout]    4:     0x63341f5b9459 - std[617be2ca0a6fd877]::panicking::default_hook
[INFO] [stdout]    5:     0x63341f555a00 - test[aada8e7e76ba119b]::test_main_inner::{closure#0}
[INFO] [stdout]    6:     0x63341f5b9612 - std[617be2ca0a6fd877]::panicking::panic_with_hook
[INFO] [stdout]    7:     0x63341f59d1d2 - std[617be2ca0a6fd877]::panicking::panic_handler::{closure#0}
[INFO] [stdout]    8:     0x63341f595ee9 - std[617be2ca0a6fd877]::sys::backtrace::__rust_end_short_backtrace::<std[617be2ca0a6fd877]::panicking::panic_handler::{closure#0}, !>
[INFO] [stdout]    9:     0x63341f59dddd - __rustc[ea4f61d10b84890b]::rust_begin_unwind
[INFO] [stdout]   10:     0x63341f5d56cc - core[a373ad73a504971]::panicking::panic_fmt
[INFO] [stdout]   11:     0x63341f5d55e3 - core[a373ad73a504971]::panicking::assert_failed_inner
[INFO] [stdout]   12:     0x63341f54824d - core[a373ad73a504971]::panicking::assert_failed::<core[a373ad73a504971]::result::Result<(alloc[2e1b2a31b91974c5]::string::String, alloc[2e1b2a31b91974c5]::string::String, i32), alloc[2e1b2a31b91974c5]::string::String>, core[a373ad73a504971]::result::Result<(alloc[2e1b2a31b91974c5]::string::String, alloc[2e1b2a31b91974c5]::string::String, i32), alloc[2e1b2a31b91974c5]::string::String>>
[INFO] [stdout]   13:     0x63341f542c42 - <coreutils_cut_compatibility[84b525b785aaea46]::functional_tests_coreutils_cut_compatibility::test_01_3_bytes_start_end_range::{closure#0} as core[a373ad73a504971]::ops::function::FnOnce<()>>::call_once
[INFO] [stdout]   14:     0x63341f548e4b - test[aada8e7e76ba119b]::__rust_begin_short_backtrace::<core[a373ad73a504971]::result::Result<(), alloc[2e1b2a31b91974c5]::string::String>, fn() -> core[a373ad73a504971]::result::Result<(), alloc[2e1b2a31b91974c5]::string::String>>
[INFO] [stdout]   15:     0x63341f556025 - test[aada8e7e76ba119b]::run_test::{closure#0}
[INFO] [stdout]   16:     0x63341f54f914 - std[617be2ca0a6fd877]::sys::backtrace::__rust_begin_short_backtrace::<test[aada8e7e76ba119b]::run_test::{closure#1}, ()>
[INFO] [stdout]   17:     0x63341f5590b2 - <std[617be2ca0a6fd877]::thread::lifecycle::spawn_unchecked<test[aada8e7e76ba119b]::run_test::{closure#1}, ()>::{closure#1} as core[a373ad73a504971]::ops::function::FnOnce<()>>::call_once::{shim:vtable#0}
[INFO] [stdout]   18:     0x63341f5c061f - <std[617be2ca0a6fd877]::sys::thread::unix::Thread>::new::thread_start
[INFO] [stdout]   19:     0x7abc0f199dfa - <unknown>
[INFO] [stdout]   20:     0x7abc0f22d3d4 - clone
[INFO] [stdout]   21:                0x0 - <unknown>
[INFO] [stdout] 
[INFO] [stdout] ---- functional_tests_coreutils_cut_compatibility::test_01_1_bytes_single_range stdout ----
[INFO] [stdout] cut: -b 2 sample.csv
[INFO] [stdout] sbcut: -b 1 sample.csv
[INFO] [stdout] 
[INFO] [stdout] thread 'functional_tests_coreutils_cut_compatibility::test_01_1_bytes_single_range' (686) panicked at tests/coreutils_cut_compatibility.rs:56:9:
[INFO] [stdout] assertion `left == right` failed
[INFO] [stdout]   left: Ok(("a\no\na\ni\nm\na\na\no\nl\na\na\no\n", "", 0))
[INFO] [stdout]  right: Err("Can't execute command")
[INFO] [stdout] stack backtrace:
[INFO] [stdout]    0:     0x63341f5c0dc1 - <<std[617be2ca0a6fd877]::sys::backtrace::BacktraceLock>::print::DisplayBacktrace as core[a373ad73a504971]::fmt::Display>::fmt
[INFO] [stdout]    1:     0x63341f5d4f9a - core[a373ad73a504971]::fmt::write
[INFO] [stdout]    2:     0x63341f5c4fdc - <alloc[2e1b2a31b91974c5]::vec::Vec<u8> as core[a373ad73a504971]::io::write::Write>::write_fmt
[INFO] [stdout]    3:     0x63341f59d126 - std[617be2ca0a6fd877]::panicking::default_hook::{closure#0}
[INFO] [stdout]    4:     0x63341f5b9459 - std[617be2ca0a6fd877]::panicking::default_hook
[INFO] [stdout]    5:     0x63341f555a00 - test[aada8e7e76ba119b]::test_main_inner::{closure#0}
[INFO] [stdout]    6:     0x63341f5b9612 - std[617be2ca0a6fd877]::panicking::panic_with_hook
[INFO] [stdout]    7:     0x63341f59d1d2 - std[617be2ca0a6fd877]::panicking::panic_handler::{closure#0}
[INFO] [stdout]    8:     0x63341f595ee9 - std[617be2ca0a6fd877]::sys::backtrace::__rust_end_short_backtrace::<std[617be2ca0a6fd877]::panicking::panic_handler::{closure#0}, !>
[INFO] [stdout]    9:     0x63341f59dddd - __rustc[ea4f61d10b84890b]::rust_begin_unwind
[INFO] [stdout]   10:     0x63341f5d56cc - core[a373ad73a504971]::panicking::panic_fmt
[INFO] [stdout]   11:     0x63341f5d55e3 - core[a373ad73a504971]::panicking::assert_failed_inner
[INFO] [stdout]   12:     0x63341f54824d - core[a373ad73a504971]::panicking::assert_failed::<core[a373ad73a504971]::result::Result<(alloc[2e1b2a31b91974c5]::string::String, alloc[2e1b2a31b91974c5]::string::String, i32), alloc[2e1b2a31b91974c5]::string::String>, core[a373ad73a504971]::result::Result<(alloc[2e1b2a31b91974c5]::string::String, alloc[2e1b2a31b91974c5]::string::String, i32), alloc[2e1b2a31b91974c5]::string::String>>
[INFO] [stdout]   13:     0x63341f541b92 - <coreutils_cut_compatibility[84b525b785aaea46]::functional_tests_coreutils_cut_compatibility::test_01_1_bytes_single_range::{closure#0} as core[a373ad73a504971]::ops::function::FnOnce<()>>::call_once
[INFO] [stdout]   14:     0x63341f548e4b - test[aada8e7e76ba119b]::__rust_begin_short_backtrace::<core[a373ad73a504971]::result::Result<(), alloc[2e1b2a31b91974c5]::string::String>, fn() -> core[a373ad73a504971]::result::Result<(), alloc[2e1b2a31b91974c5]::string::String>>
[INFO] [stdout]   15:     0x63341f556025 - test[aada8e7e76ba119b]::run_test::{closure#0}
[INFO] [stdout]   16:     0x63341f54f914 - std[617be2ca0a6fd877]::sys::backtrace::__rust_begin_short_backtrace::<test[aada8e7e76ba119b]::run_test::{closure#1}, ()>
[INFO] [stdout]   17:     0x63341f5590b2 - <std[617be2ca0a6fd877]::thread::lifecycle::spawn_unchecked<test[aada8e7e76ba119b]::run_test::{closure#1}, ()>::{closure#1} as core[a373ad73a504971]::ops::function::FnOnce<()>>::call_once::{shim:vtable#0}
[INFO] [stdout]   18:     0x63341f5c061f - <std[617be2ca0a6fd877]::sys::thread::unix::Thread>::new::thread_start
[INFO] [stdout]   19:     0x7abc0f199dfa - <unknown>
[INFO] [stdout]   20:     0x7abc0f22d3d4 - clone
[INFO] [stdout]   21:                0x0 - <unknown>
[INFO] [stdout] 
[INFO] [stdout] ---- functional_tests_coreutils_cut_compatibility::test_03_4_fields_end_range stdout ----
[INFO] [stdout] cut: -d , -f -4 sample.csv
[INFO] [stdout] sbcut: -d , -f :4 sample.csv
[INFO] [stdout] 
[INFO] [stdout] thread 'functional_tests_coreutils_cut_compatibility::test_03_4_fields_end_range' (702) panicked at tests/coreutils_cut_compatibility.rs:266:9:
[INFO] [stdout] assertion `left == right` failed
[INFO] [stdout]   left: Ok(("Name,Age,Salary,City\nJohn Doe,35,75000,New York\nJane Smith,28,60000,Los Angeles\nMichael Johnson,42,90000,Chicago\nEmily Davis,31,55000,Houston\nDavid Lee,27,65000,Phoenix\nSarah Wilson,39,80000,Philadelphia\nTom Brown,25,50000,San Diego\nOlivia Taylor,33,72000,Seattle\nDaniel Anderson,29,62000,Denver\nsample\nSophia Martinez,36,85000,Miami\n", "", 0))
[INFO] [stdout]  right: Err("Can't execute command")
[INFO] [stdout] stack backtrace:
[INFO] [stdout]    0:     0x63341f5c0dc1 - <<std[617be2ca0a6fd877]::sys::backtrace::BacktraceLock>::print::DisplayBacktrace as core[a373ad73a504971]::fmt::Display>::fmt
[INFO] [stdout]    1:     0x63341f5d4f9a - core[a373ad73a504971]::fmt::write
[INFO] [stdout]    2:     0x63341f5c4fdc - <alloc[2e1b2a31b91974c5]::vec::Vec<u8> as core[a373ad73a504971]::io::write::Write>::write_fmt
[INFO] [stdout]    3:     0x63341f59d126 - std[617be2ca0a6fd877]::panicking::default_hook::{closure#0}
[INFO] [stdout]    4:     0x63341f5b9459 - std[617be2ca0a6fd877]::panicking::default_hook
[INFO] [stdout]    5:     0x63341f555a00 - test[aada8e7e76ba119b]::test_main_inner::{closure#0}
[INFO] [stdout]    6:     0x63341f5b9612 - std[617be2ca0a6fd877]::panicking::panic_with_hook
[INFO] [stdout]    7:     0x63341f59d1d2 - std[617be2ca0a6fd877]::panicking::panic_handler::{closure#0}
[INFO] [stdout]    8:     0x63341f595ee9 - std[617be2ca0a6fd877]::sys::backtrace::__rust_end_short_backtrace::<std[617be2ca0a6fd877]::panicking::panic_handler::{closure#0}, !>
[INFO] [stdout]    9:     0x63341f59dddd - __rustc[ea4f61d10b84890b]::rust_begin_unwind
[INFO] [stdout]   10:     0x63341f5d56cc - core[a373ad73a504971]::panicking::panic_fmt
[INFO] [stdout]   11:     0x63341f5d55e3 - core[a373ad73a504971]::panicking::assert_failed_inner
[INFO] [stdout]   12:     0x63341f54824d - core[a373ad73a504971]::panicking::assert_failed::<core[a373ad73a504971]::result::Result<(alloc[2e1b2a31b91974c5]::string::String, alloc[2e1b2a31b91974c5]::string::String, i32), alloc[2e1b2a31b91974c5]::string::String>, core[a373ad73a504971]::result::Result<(alloc[2e1b2a31b91974c5]::string::String, alloc[2e1b2a31b91974c5]::string::String, i32), alloc[2e1b2a31b91974c5]::string::String>>
[INFO] [stdout]   13:     0x63341f541555 - <coreutils_cut_compatibility[84b525b785aaea46]::functional_tests_coreutils_cut_compatibility::test_03_4_fields_end_range::{closure#0} as core[a373ad73a504971]::ops::function::FnOnce<()>>::call_once
[INFO] [stdout]   14:     0x63341f548e4b - test[aada8e7e76ba119b]::__rust_begin_short_backtrace::<core[a373ad73a504971]::result::Result<(), alloc[2e1b2a31b91974c5]::string::String>, fn() -> core[a373ad73a504971]::result::Result<(), alloc[2e1b2a31b91974c5]::string::String>>
[INFO] [stdout]   15:     0x63341f556025 - test[aada8e7e76ba119b]::run_test::{closure#0}
[INFO] [stdout]   16:     0x63341f54f914 - std[617be2ca0a6fd877]::sys::backtrace::__rust_begin_short_backtrace::<test[aada8e7e76ba119b]::run_test::{closure#1}, ()>
[INFO] [stdout]   17:     0x63341f5590b2 - <std[617be2ca0a6fd877]::thread::lifecycle::spawn_unchecked<test[aada8e7e76ba119b]::run_test::{closure#1}, ()>::{closure#1} as core[a373ad73a504971]::ops::function::FnOnce<()>>::call_once::{shim:vtable#0}
[INFO] [stdout]   18:     0x63341f5c061f - <std[617be2ca0a6fd877]::sys::thread::unix::Thread>::new::thread_start
[INFO] [stdout]   19:     0x7abc0f199dfa - <unknown>
[INFO] [stdout]   20:     0x7abc0f22d3d4 - clone
[INFO] [stdout]   21:                0x0 - <unknown>
[INFO] [stdout] 
[INFO] [stdout] ---- functional_tests_coreutils_cut_compatibility::test_01_4_bytes_end_range stdout ----
[INFO] [stdout] cut: -b -4 sample.csv
[INFO] [stdout] sbcut: -b :4 sample.csv
[INFO] [stdout] 
[INFO] [stdout] thread 'functional_tests_coreutils_cut_compatibility::test_01_4_bytes_end_range' (689) panicked at tests/coreutils_cut_compatibility.rs:98:9:
[INFO] [stdout] assertion `left == right` failed
[INFO] [stdout]   left: Ok(("Name\nJohn\nJane\nMich\nEmil\nDavi\nSara\nTom \nOliv\nDani\nsamp\nSoph\n", "", 0))
[INFO] [stdout]  right: Err("Can't execute command")
[INFO] [stdout] stack backtrace:
[INFO] [stdout]    0:     0x63341f5c0dc1 - <<std[617be2ca0a6fd877]::sys::backtrace::BacktraceLock>::print::DisplayBacktrace as core[a373ad73a504971]::fmt::Display>::fmt
[INFO] [stdout]    1:     0x63341f5d4f9a - core[a373ad73a504971]::fmt::write
[INFO] [stdout]    2:     0x63341f5c4fdc - <alloc[2e1b2a31b91974c5]::vec::Vec<u8> as core[a373ad73a504971]::io::write::Write>::write_fmt
[INFO] [stdout]    3:     0x63341f59d126 - std[617be2ca0a6fd877]::panicking::default_hook::{closure#0}
[INFO] [stdout]    4:     0x63341f5b9459 - std[617be2ca0a6fd877]::panicking::default_hook
[INFO] [stdout]    5:     0x63341f555a00 - test[aada8e7e76ba119b]::test_main_inner::{closure#0}
[INFO] [stdout]    6:     0x63341f5b9612 - std[617be2ca0a6fd877]::panicking::panic_with_hook
[INFO] [stdout]    7:     0x63341f59d1d2 - std[617be2ca0a6fd877]::panicking::panic_handler::{closure#0}
[INFO] [stdout]    8:     0x63341f595ee9 - std[617be2ca0a6fd877]::sys::backtrace::__rust_end_short_backtrace::<std[617be2ca0a6fd877]::panicking::panic_handler::{closure#0}, !>
[INFO] [stdout]    9:     0x63341f59dddd - __rustc[ea4f61d10b84890b]::rust_begin_unwind
[INFO] [stdout]   10:     0x63341f5d56cc - core[a373ad73a504971]::panicking::panic_fmt
[INFO] [stdout]   11:     0x63341f5d55e3 - core[a373ad73a504971]::panicking::assert_failed_inner
[INFO] [stdout]   12:     0x63341f54824d - core[a373ad73a504971]::panicking::assert_failed::<core[a373ad73a504971]::result::Result<(alloc[2e1b2a31b91974c5]::string::String, alloc[2e1b2a31b91974c5]::string::String, i32), alloc[2e1b2a31b91974c5]::string::String>, core[a373ad73a504971]::result::Result<(alloc[2e1b2a31b91974c5]::string::String, alloc[2e1b2a31b91974c5]::string::String, i32), alloc[2e1b2a31b91974c5]::string::String>>
[INFO] [stdout]   13:     0x63341f5411e2 - <coreutils_cut_compatibility[84b525b785aaea46]::functional_tests_coreutils_cut_compatibility::test_01_4_bytes_end_range::{closure#0} as core[a373ad73a504971]::ops::function::FnOnce<()>>::call_once
[INFO] [stdout]   14:     0x63341f548e4b - test[aada8e7e76ba119b]::__rust_begin_short_backtrace::<core[a373ad73a504971]::result::Result<(), alloc[2e1b2a31b91974c5]::string::String>, fn() -> core[a373ad73a504971]::result::Result<(), alloc[2e1b2a31b91974c5]::string::String>>
[INFO] [stdout]   15:     0x63341f556025 - test[aada8e7e76ba119b]::run_test::{closure#0}
[INFO] [stdout]   16:     0x63341f54f914 - std[617be2ca0a6fd877]::sys::backtrace::__rust_begin_short_backtrace::<test[aada8e7e76ba119b]::run_test::{closure#1}, ()>
[INFO] [stdout]   17:     0x63341f5590b2 - <std[617be2ca0a6fd877]::thread::lifecycle::spawn_unchecked<test[aada8e7e76ba119b]::run_test::{closure#1}, ()>::{closure#1} as core[a373ad73a504971]::ops::function::FnOnce<()>>::call_once::{shim:vtable#0}
[INFO] [stdout]   18:     0x63341f5c061f - <std[617be2ca0a6fd877]::sys::thread::unix::Thread>::new::thread_start
[INFO] [stdout]   19:     0x7abc0f199dfa - <unknown>
[INFO] [stdout]   20:     0x7abc0f22d3d4 - clone
[INFO] [stdout]   21:                0x0 - <unknown>
[INFO] [stdout] 
[INFO] [stdout] ---- functional_tests_coreutils_cut_compatibility::test_02_3_characters_start_end_range stdout ----
[INFO] [stdout] cut: -c 2-4 sample.csv
[INFO] [stdout] sbcut: -c 1:4 sample.csv
[INFO] [stdout] 
[INFO] [stdout] thread 'functional_tests_coreutils_cut_compatibility::test_02_3_characters_start_end_range' (695) panicked at tests/coreutils_cut_compatibility.rs:168:9:
[INFO] [stdout] assertion `left == right` failed
[INFO] [stdout]   left: Ok(("ame\nohn\nane\nich\nmil\navi\nara\nom \nliv\nani\namp\noph\n", "", 0))
[INFO] [stdout]  right: Err("Can't execute command")
[INFO] [stdout] stack backtrace:
[INFO] [stdout]    0:     0x63341f5c0dc1 - <<std[617be2ca0a6fd877]::sys::backtrace::BacktraceLock>::print::DisplayBacktrace as core[a373ad73a504971]::fmt::Display>::fmt
[INFO] [stdout]    1:     0x63341f5d4f9a - core[a373ad73a504971]::fmt::write
[INFO] [stdout]    2:     0x63341f5c4fdc - <alloc[2e1b2a31b91974c5]::vec::Vec<u8> as core[a373ad73a504971]::io::write::Write>::write_fmt
[INFO] [stdout]    3:     0x63341f59d126 - std[617be2ca0a6fd877]::panicking::default_hook::{closure#0}
[INFO] [stdout]    4:     0x63341f5b9459 - std[617be2ca0a6fd877]::panicking::default_hook
[INFO] [stdout]    5:     0x63341f555a00 - test[aada8e7e76ba119b]::test_main_inner::{closure#0}
[INFO] [stdout]    6:     0x63341f5b9612 - std[617be2ca0a6fd877]::panicking::panic_with_hook
[INFO] [stdout]    7:     0x63341f59d1d2 - std[617be2ca0a6fd877]::panicking::panic_handler::{closure#0}
[INFO] [stdout]    8:     0x63341f595ee9 - std[617be2ca0a6fd877]::sys::backtrace::__rust_end_short_backtrace::<std[617be2ca0a6fd877]::panicking::panic_handler::{closure#0}, !>
[INFO] [stdout]    9:     0x63341f59dddd - __rustc[ea4f61d10b84890b]::rust_begin_unwind
[INFO] [stdout]   10:     0x63341f5d56cc - core[a373ad73a504971]::panicking::panic_fmt
[INFO] [stdout]   11:     0x63341f5d55e3 - core[a373ad73a504971]::panicking::assert_failed_inner
[INFO] [stdout]   12:     0x63341f54824d - core[a373ad73a504971]::panicking::assert_failed::<core[a373ad73a504971]::result::Result<(alloc[2e1b2a31b91974c5]::string::String, alloc[2e1b2a31b91974c5]::string::String, i32), alloc[2e1b2a31b91974c5]::string::String>, core[a373ad73a504971]::result::Result<(alloc[2e1b2a31b91974c5]::string::String, alloc[2e1b2a31b91974c5]::string::String, i32), alloc[2e1b2a31b91974c5]::string::String>>
[INFO] [stdout]   13:     0x63341f5449f2 - <coreutils_cut_compatibility[84b525b785aaea46]::functional_tests_coreutils_cut_compatibility::test_02_3_characters_start_end_range::{closure#0} as core[a373ad73a504971]::ops::function::FnOnce<()>>::call_once
[INFO] [stdout]   14:     0x63341f548e4b - test[aada8e7e76ba119b]::__rust_begin_short_backtrace::<core[a373ad73a504971]::result::Result<(), alloc[2e1b2a31b91974c5]::string::String>, fn() -> core[a373ad73a504971]::result::Result<(), alloc[2e1b2a31b91974c5]::string::String>>
[INFO] [stdout]   15:     0x63341f556025 - test[aada8e7e76ba119b]::run_test::{closure#0}
[INFO] [stdout]   16:     0x63341f54f914 - std[617be2ca0a6fd877]::sys::backtrace::__rust_begin_short_backtrace::<test[aada8e7e76ba119b]::run_test::{closure#1}, ()>
[INFO] [stdout]   17:     0x63341f5590b2 - <std[617be2ca0a6fd877]::thread::lifecycle::spawn_unchecked<test[aada8e7e76ba119b]::run_test::{closure#1}, ()>::{closure#1} as core[a373ad73a504971]::ops::function::FnOnce<()>>::call_once::{shim:vtable#0}
[INFO] [stdout]   18:     0x63341f5c061f - <std[617be2ca0a6fd877]::sys::thread::unix::Thread>::new::thread_start
[INFO] [stdout]   19:     0x7abc0f199dfa - <unknown>
[INFO] [stdout]   20:     0x7abc0f22d3d4 - clone
[INFO] [stdout]   21:                0x0 - <unknown>
[INFO] [stdout] 
[INFO] [stdout] ---- functional_tests_coreutils_cut_compatibility::test_02_4_characters_end_range stdout ----
[INFO] [stdout] cut: -c -4 sample.csv
[INFO] [stdout] sbcut: -c :4 sample.csv
[INFO] [stdout] 
[INFO] [stdout] thread 'functional_tests_coreutils_cut_compatibility::test_02_4_characters_end_range' (696) panicked at tests/coreutils_cut_compatibility.rs:182:9:
[INFO] [stdout] assertion `left == right` failed
[INFO] [stdout]   left: Ok(("Name\nJohn\nJane\nMich\nEmil\nDavi\nSara\nTom \nOliv\nDani\nsamp\nSoph\n", "", 0))
[INFO] [stdout]  right: Err("Can't execute command")
[INFO] [stdout] stack backtrace:
[INFO] [stdout]    0:     0x63341f5c0dc1 - <<std[617be2ca0a6fd877]::sys::backtrace::BacktraceLock>::print::DisplayBacktrace as core[a373ad73a504971]::fmt::Display>::fmt
[INFO] [stdout]    1:     0x63341f5d4f9a - core[a373ad73a504971]::fmt::write
[INFO] [stdout]    2:     0x63341f5c4fdc - <alloc[2e1b2a31b91974c5]::vec::Vec<u8> as core[a373ad73a504971]::io::write::Write>::write_fmt
[INFO] [stdout]    3:     0x63341f59d126 - std[617be2ca0a6fd877]::panicking::default_hook::{closure#0}
[INFO] [stdout]    4:     0x63341f5b9459 - std[617be2ca0a6fd877]::panicking::default_hook
[INFO] [stdout]    5:     0x63341f555a00 - test[aada8e7e76ba119b]::test_main_inner::{closure#0}
[INFO] [stdout]    6:     0x63341f5b9612 - std[617be2ca0a6fd877]::panicking::panic_with_hook
[INFO] [stdout]    7:     0x63341f59d1d2 - std[617be2ca0a6fd877]::panicking::panic_handler::{closure#0}
[INFO] [stdout]    8:     0x63341f595ee9 - std[617be2ca0a6fd877]::sys::backtrace::__rust_end_short_backtrace::<std[617be2ca0a6fd877]::panicking::panic_handler::{closure#0}, !>
[INFO] [stdout]    9:     0x63341f59dddd - __rustc[ea4f61d10b84890b]::rust_begin_unwind
[INFO] [stdout]   10:     0x63341f5d56cc - core[a373ad73a504971]::panicking::panic_fmt
[INFO] [stdout]   11:     0x63341f5d55e3 - core[a373ad73a504971]::panicking::assert_failed_inner
[INFO] [stdout]   12:     0x63341f54824d - core[a373ad73a504971]::panicking::assert_failed::<core[a373ad73a504971]::result::Result<(alloc[2e1b2a31b91974c5]::string::String, alloc[2e1b2a31b91974c5]::string::String, i32), alloc[2e1b2a31b91974c5]::string::String>, core[a373ad73a504971]::result::Result<(alloc[2e1b2a31b91974c5]::string::String, alloc[2e1b2a31b91974c5]::string::String, i32), alloc[2e1b2a31b91974c5]::string::String>>
[INFO] [stdout]   13:     0x63341f542592 - <coreutils_cut_compatibility[84b525b785aaea46]::functional_tests_coreutils_cut_compatibility::test_02_4_characters_end_range::{closure#0} as core[a373ad73a504971]::ops::function::FnOnce<()>>::call_once
[INFO] [stdout]   14:     0x63341f548e4b - test[aada8e7e76ba119b]::__rust_begin_short_backtrace::<core[a373ad73a504971]::result::Result<(), alloc[2e1b2a31b91974c5]::string::String>, fn() -> core[a373ad73a504971]::result::Result<(), alloc[2e1b2a31b91974c5]::string::String>>
[INFO] [stdout]   15:     0x63341f556025 - test[aada8e7e76ba119b]::run_test::{closure#0}
[INFO] [stdout]   16:     0x63341f54f914 - std[617be2ca0a6fd877]::sys::backtrace::__rust_begin_short_backtrace::<test[aada8e7e76ba119b]::run_test::{closure#1}, ()>
[INFO] [stdout]   17:     0x63341f5590b2 - <std[617be2ca0a6fd877]::thread::lifecycle::spawn_unchecked<test[aada8e7e76ba119b]::run_test::{closure#1}, ()>::{closure#1} as core[a373ad73a504971]::ops::function::FnOnce<()>>::call_once::{shim:vtable#0}
[INFO] [stdout]   18:     0x63341f5c061f - <std[617be2ca0a6fd877]::sys::thread::unix::Thread>::new::thread_start
[INFO] [stdout]   19:     0x7abc0f199dfa - <unknown>
[INFO] [stdout]   20:     0x7abc0f22d3d4 - clone
[INFO] [stdout]   21:                0x0 - <unknown>
[INFO] [stdout] 
[INFO] [stdout] ---- functional_tests_coreutils_cut_compatibility::test_01_5_bytes_single_start_range stdout ----
[INFO] [stdout] cut: -b 2,3- sample.csv
[INFO] [stdout] sbcut: -b 1,2: sample.csv
[INFO] [stdout] 
[INFO] [stdout] thread 'functional_tests_coreutils_cut_compatibility::test_01_5_bytes_single_start_range' (691) panicked at tests/coreutils_cut_compatibility.rs:112:9:
[INFO] [stdout] assertion `left == right` failed
[INFO] [stdout]   left: Ok(("ame,Age,Salary,City,Email\nohn Doe,35,75000,New York,john.doe@example.com\nane Smith,28,60000,Los Angeles,jane.smith@example.com\nichael Johnson,42,90000,Chicago,michael.johnson@example.com\nmily Davis,31,55000,Houston,emily.davis@example.com\navid Lee,27,65000,Phoenix,david.lee@example.com\narah Wilson,39,80000,Philadelphia,sarah.wilson@example.com\nom Brown,25,50000,San Diego,tom.brown@example.com\nlivia Taylor,33,72000,Seattle,olivia.taylor@example.com\naniel Anderson,29,62000,Denver,daniel.anderson@example.com\nample\nophia Martinez,36,85000,Miami,sophia.martinez@example.com\n", "", 0))
[INFO] [stdout]  right: Err("Can't execute command")
[INFO] [stdout] stack backtrace:
[INFO] [stdout]    0:     0x63341f5c0dc1 - <<std[617be2ca0a6fd877]::sys::backtrace::BacktraceLock>::print::DisplayBacktrace as core[a373ad73a504971]::fmt::Display>::fmt
[INFO] [stdout]    1:     0x63341f5d4f9a - core[a373ad73a504971]::fmt::write
[INFO] [stdout]    2:     0x63341f5c4fdc - <alloc[2e1b2a31b91974c5]::vec::Vec<u8> as core[a373ad73a504971]::io::write::Write>::write_fmt
[INFO] [stdout]    3:     0x63341f59d126 - std[617be2ca0a6fd877]::panicking::default_hook::{closure#0}
[INFO] [stdout]    4:     0x63341f5b9459 - std[617be2ca0a6fd877]::panicking::default_hook
[INFO] [stdout]    5:     0x63341f555a00 - test[aada8e7e76ba119b]::test_main_inner::{closure#0}
[INFO] [stdout]    6:     0x63341f5b9612 - std[617be2ca0a6fd877]::panicking::panic_with_hook
[INFO] [stdout]    7:     0x63341f59d1d2 - std[617be2ca0a6fd877]::panicking::panic_handler::{closure#0}
[INFO] [stdout]    8:     0x63341f595ee9 - std[617be2ca0a6fd877]::sys::backtrace::__rust_end_short_backtrace::<std[617be2ca0a6fd877]::panicking::panic_handler::{closure#0}, !>
[INFO] [stdout]    9:     0x63341f59dddd - __rustc[ea4f61d10b84890b]::rust_begin_unwind
[INFO] [stdout]   10:     0x63341f5d56cc - core[a373ad73a504971]::panicking::panic_fmt
[INFO] [stdout]   11:     0x63341f5d55e3 - core[a373ad73a504971]::panicking::assert_failed_inner
[INFO] [stdout]   12:     0x63341f54824d - core[a373ad73a504971]::panicking::assert_failed::<core[a373ad73a504971]::result::Result<(alloc[2e1b2a31b91974c5]::string::String, alloc[2e1b2a31b91974c5]::string::String, i32), alloc[2e1b2a31b91974c5]::string::String>, core[a373ad73a504971]::result::Result<(alloc[2e1b2a31b91974c5]::string::String, alloc[2e1b2a31b91974c5]::string::String, i32), alloc[2e1b2a31b91974c5]::string::String>>
[INFO] [stdout]   13:     0x63341f544032 - <coreutils_cut_compatibility[84b525b785aaea46]::functional_tests_coreutils_cut_compatibility::test_01_5_bytes_single_start_range::{closure#0} as core[a373ad73a504971]::ops::function::FnOnce<()>>::call_once
[INFO] [stdout]   14:     0x63341f548e4b - test[aada8e7e76ba119b]::__rust_begin_short_backtrace::<core[a373ad73a504971]::result::Result<(), alloc[2e1b2a31b91974c5]::string::String>, fn() -> core[a373ad73a504971]::result::Result<(), alloc[2e1b2a31b91974c5]::string::String>>
[INFO] [stdout]   15:     0x63341f556025 - test[aada8e7e76ba119b]::run_test::{closure#0}
[INFO] [stdout]   16:     0x63341f54f914 - std[617be2ca0a6fd877]::sys::backtrace::__rust_begin_short_backtrace::<test[aada8e7e76ba119b]::run_test::{closure#1}, ()>
[INFO] [stdout]   17:     0x63341f5590b2 - <std[617be2ca0a6fd877]::thread::lifecycle::spawn_unchecked<test[aada8e7e76ba119b]::run_test::{closure#1}, ()>::{closure#1} as core[a373ad73a504971]::ops::function::FnOnce<()>>::call_once::{shim:vtable#0}
[INFO] [stdout]   18:     0x63341f5c061f - <std[617be2ca0a6fd877]::sys::thread::unix::Thread>::new::thread_start
[INFO] [stdout]   19:     0x7abc0f199dfa - <unknown>
[INFO] [stdout]   20:     0x7abc0f22d3d4 - clone
[INFO] [stdout]   21:                0x0 - <unknown>
[INFO] [stdout] 
[INFO] [stdout] ---- functional_tests_coreutils_cut_compatibility::test_04_2_complement_start_range stdout ----
[INFO] [stdout] cut: -d , -f 2- sample.csv --complement
[INFO] [stdout] sbcut: -d , -f 1: sample.csv --complement
[INFO] [stdout] 
[INFO] [stdout] thread 'functional_tests_coreutils_cut_compatibility::test_04_2_complement_start_range' (729) panicked at tests/coreutils_cut_compatibility.rs:356:9:
[INFO] [stdout] assertion `left == right` failed
[INFO] [stdout]   left: Ok(("Name\nJohn Doe\nJane Smith\nMichael Johnson\nEmily Davis\nDavid Lee\nSarah Wilson\nTom Brown\nOlivia Taylor\nDaniel Anderson\nsample\nSophia Martinez\n", "", 0))
[INFO] [stdout]  right: Err("Can't execute command")
[INFO] [stdout] stack backtrace:
[INFO] [stdout]    0:     0x63341f5c0dc1 - <<std[617be2ca0a6fd877]::sys::backtrace::BacktraceLock>::print::DisplayBacktrace as core[a373ad73a504971]::fmt::Display>::fmt
[INFO] [stdout]    1:     0x63341f5d4f9a - core[a373ad73a504971]::fmt::write
[INFO] [stdout]    2:     0x63341f5c4fdc - <alloc[2e1b2a31b91974c5]::vec::Vec<u8> as core[a373ad73a504971]::io::write::Write>::write_fmt
[INFO] [stdout]    3:     0x63341f59d126 - std[617be2ca0a6fd877]::panicking::default_hook::{closure#0}
[INFO] [stdout]    4:     0x63341f5b9459 - std[617be2ca0a6fd877]::panicking::default_hook
[INFO] [stdout]    5:     0x63341f555a00 - test[aada8e7e76ba119b]::test_main_inner::{closure#0}
[INFO] [stdout]    6:     0x63341f5b9612 - std[617be2ca0a6fd877]::panicking::panic_with_hook
[INFO] [stdout]    7:     0x63341f59d1d2 - std[617be2ca0a6fd877]::panicking::panic_handler::{closure#0}
[INFO] [stdout]    8:     0x63341f595ee9 - std[617be2ca0a6fd877]::sys::backtrace::__rust_end_short_backtrace::<std[617be2ca0a6fd877]::panicking::panic_handler::{closure#0}, !>
[INFO] [stdout]    9:     0x63341f59dddd - __rustc[ea4f61d10b84890b]::rust_begin_unwind
[INFO] [stdout]   10:     0x63341f5d56cc - core[a373ad73a504971]::panicking::panic_fmt
[INFO] [stdout]   11:     0x63341f5d55e3 - core[a373ad73a504971]::panicking::assert_failed_inner
[INFO] [stdout]   12:     0x63341f54824d - core[a373ad73a504971]::panicking::assert_failed::<core[a373ad73a504971]::result::Result<(alloc[2e1b2a31b91974c5]::string::String, alloc[2e1b2a31b91974c5]::string::String, i32), alloc[2e1b2a31b91974c5]::string::String>, core[a373ad73a504971]::result::Result<(alloc[2e1b2a31b91974c5]::string::String, alloc[2e1b2a31b91974c5]::string::String, i32), alloc[2e1b2a31b91974c5]::string::String>>
[INFO] [stdout]   13:     0x63341f543663 - <coreutils_cut_compatibility[84b525b785aaea46]::functional_tests_coreutils_cut_compatibility::test_04_2_complement_start_range::{closure#0} as core[a373ad73a504971]::ops::function::FnOnce<()>>::call_once
[INFO] [stdout]   14:     0x63341f548e4b - test[aada8e7e76ba119b]::__rust_begin_short_backtrace::<core[a373ad73a504971]::result::Result<(), alloc[2e1b2a31b91974c5]::string::String>, fn() -> core[a373ad73a504971]::result::Result<(), alloc[2e1b2a31b91974c5]::string::String>>
[INFO] [stdout]   15:     0x63341f556025 - test[aada8e7e76ba119b]::run_test::{closure#0}
[INFO] [stdout]   16:     0x63341f54f914 - std[617be2ca0a6fd877]::sys::backtrace::__rust_begin_short_backtrace::<test[aada8e7e76ba119b]::run_test::{closure#1}, ()>
[INFO] [stdout]   17:     0x63341f5590b2 - <std[617be2ca0a6fd877]::thread::lifecycle::spawn_unchecked<test[aada8e7e76ba119b]::run_test::{closure#1}, ()>::{closure#1} as core[a373ad73a504971]::ops::function::FnOnce<()>>::call_once::{shim:vtable#0}
[INFO] [stdout]   18:     0x63341f5c061f - <std[617be2ca0a6fd877]::sys::thread::unix::Thread>::new::thread_start
[INFO] [stdout]   19:     0x7abc0f199dfa - <unknown>
[INFO] [stdout]   20:     0x7abc0f22d3d4 - clone
[INFO] [stdout]   21:                0x0 - <unknown>
[INFO] [stdout] 
[INFO] [stdout] ---- functional_tests_coreutils_cut_compatibility::test_02_1_characters_single_range stdout ----
[INFO] [stdout] cut: -c 2 sample.csv
[INFO] [stdout] sbcut: -c 1 sample.csv
[INFO] [stdout] 
[INFO] [stdout] thread 'functional_tests_coreutils_cut_compatibility::test_02_1_characters_single_range' (693) panicked at tests/coreutils_cut_compatibility.rs:140:9:
[INFO] [stdout] assertion `left == right` failed
[INFO] [stdout]   left: Ok(("a\no\na\ni\nm\na\na\no\nl\na\na\no\n", "", 0))
[INFO] [stdout]  right: Err("Can't execute command")
[INFO] [stdout] stack backtrace:
[INFO] [stdout]    0:     0x63341f5c0dc1 - <<std[617be2ca0a6fd877]::sys::backtrace::BacktraceLock>::print::DisplayBacktrace as core[a373ad73a504971]::fmt::Display>::fmt
[INFO] [stdout]    1:     0x63341f5d4f9a - core[a373ad73a504971]::fmt::write
[INFO] [stdout]    2:     0x63341f5c4fdc - <alloc[2e1b2a31b91974c5]::vec::Vec<u8> as core[a373ad73a504971]::io::write::Write>::write_fmt
[INFO] [stdout]    3:     0x63341f59d126 - std[617be2ca0a6fd877]::panicking::default_hook::{closure#0}
[INFO] [stdout]    4:     0x63341f5b9459 - std[617be2ca0a6fd877]::panicking::default_hook
[INFO] [stdout]    5:     0x63341f555a00 - test[aada8e7e76ba119b]::test_main_inner::{closure#0}
[INFO] [stdout]    6:     0x63341f5b9612 - std[617be2ca0a6fd877]::panicking::panic_with_hook
[INFO] [stdout]    7:     0x63341f59d1d2 - std[617be2ca0a6fd877]::panicking::panic_handler::{closure#0}
[INFO] [stdout]    8:     0x63341f595ee9 - std[617be2ca0a6fd877]::sys::backtrace::__rust_end_short_backtrace::<std[617be2ca0a6fd877]::panicking::panic_handler::{closure#0}, !>
[INFO] [stdout]    9:     0x63341f59dddd - __rustc[ea4f61d10b84890b]::rust_begin_unwind
[INFO] [stdout]   10:     0x63341f5d56cc - core[a373ad73a504971]::panicking::panic_fmt
[INFO] [stdout]   11:     0x63341f5d55e3 - core[a373ad73a504971]::panicking::assert_failed_inner
[INFO] [stdout]   12:     0x63341f54824d - core[a373ad73a504971]::panicking::assert_failed::<core[a373ad73a504971]::result::Result<(alloc[2e1b2a31b91974c5]::string::String, alloc[2e1b2a31b91974c5]::string::String, i32), alloc[2e1b2a31b91974c5]::string::String>, core[a373ad73a504971]::result::Result<(alloc[2e1b2a31b91974c5]::string::String, alloc[2e1b2a31b91974c5]::string::String, i32), alloc[2e1b2a31b91974c5]::string::String>>
[INFO] [stdout]   13:     0x63341f543982 - <coreutils_cut_compatibility[84b525b785aaea46]::functional_tests_coreutils_cut_compatibility::test_02_1_characters_single_range::{closure#0} as core[a373ad73a504971]::ops::function::FnOnce<()>>::call_once
[INFO] [stdout]   14:     0x63341f548e4b - test[aada8e7e76ba119b]::__rust_begin_short_backtrace::<core[a373ad73a504971]::result::Result<(), alloc[2e1b2a31b91974c5]::string::String>, fn() -> core[a373ad73a504971]::result::Result<(), alloc[2e1b2a31b91974c5]::string::String>>
[INFO] [stdout]   15:     0x63341f556025 - test[aada8e7e76ba119b]::run_test::{closure#0}
[INFO] [stdout]   16:     0x63341f54f914 - std[617be2ca0a6fd877]::sys::backtrace::__rust_begin_short_backtrace::<test[aada8e7e76ba119b]::run_test::{closure#1}, ()>
[INFO] [stdout]   17:     0x63341f5590b2 - <std[617be2ca0a6fd877]::thread::lifecycle::spawn_unchecked<test[aada8e7e76ba119b]::run_test::{closure#1}, ()>::{closure#1} as core[a373ad73a504971]::ops::function::FnOnce<()>>::call_once::{shim:vtable#0}
[INFO] [stdout]   18:     0x63341f5c061f - <std[617be2ca0a6fd877]::sys::thread::unix::Thread>::new::thread_start
[INFO] [stdout]   19:     0x7abc0f199dfa - <unknown>
[INFO] [stdout]   20:     0x7abc0f22d3d4 - clone
[INFO] [stdout]   21:                0x0 - <unknown>
[INFO] [stdout] 
[INFO] [stdout] ---- functional_tests_coreutils_cut_compatibility::test_03_6_fields_single_single_start_range stdout ----
[INFO] [stdout] cut: -d , -f 1,2,4- sample.csv
[INFO] [stdout] sbcut: -d , -f 0,1,3: sample.csv
[INFO] [stdout] 
[INFO] [stdout] thread 'functional_tests_coreutils_cut_compatibility::test_03_6_fields_single_single_start_range' (721) panicked at tests/coreutils_cut_compatibility.rs:300:9:
[INFO] [stdout] assertion `left == right` failed
[INFO] [stdout]   left: Ok(("Name,Age,City,Email\nJohn Doe,35,New York,john.doe@example.com\nJane Smith,28,Los Angeles,jane.smith@example.com\nMichael Johnson,42,Chicago,michael.johnson@example.com\nEmily Davis,31,Houston,emily.davis@example.com\nDavid Lee,27,Phoenix,david.lee@example.com\nSarah Wilson,39,Philadelphia,sarah.wilson@example.com\nTom Brown,25,San Diego,tom.brown@example.com\nOlivia Taylor,33,Seattle,olivia.taylor@example.com\nDaniel Anderson,29,Denver,daniel.anderson@example.com\nsample\nSophia Martinez,36,Miami,sophia.martinez@example.com\n", "", 0))
[INFO] [stdout]  right: Err("Can't execute command")
[INFO] [stdout] stack backtrace:
[INFO] [stdout]    0:     0x63341f5c0dc1 - <<std[617be2ca0a6fd877]::sys::backtrace::BacktraceLock>::print::DisplayBacktrace as core[a373ad73a504971]::fmt::Display>::fmt
[INFO] [stdout]    1:     0x63341f5d4f9a - core[a373ad73a504971]::fmt::write
[INFO] [stdout]    2:     0x63341f5c4fdc - <alloc[2e1b2a31b91974c5]::vec::Vec<u8> as core[a373ad73a504971]::io::write::Write>::write_fmt
[INFO] [stdout]    3:     0x63341f59d126 - std[617be2ca0a6fd877]::panicking::default_hook::{closure#0}
[INFO] [stdout]    4:     0x63341f5b9459 - std[617be2ca0a6fd877]::panicking::default_hook
[INFO] [stdout]    5:     0x63341f555a00 - test[aada8e7e76ba119b]::test_main_inner::{closure#0}
[INFO] [stdout]    6:     0x63341f5b9612 - std[617be2ca0a6fd877]::panicking::panic_with_hook
[INFO] [stdout]    7:     0x63341f59d1d2 - std[617be2ca0a6fd877]::panicking::panic_handler::{closure#0}
[INFO] [stdout]    8:     0x63341f595ee9 - std[617be2ca0a6fd877]::sys::backtrace::__rust_end_short_backtrace::<std[617be2ca0a6fd877]::panicking::panic_handler::{closure#0}, !>
[INFO] [stdout]    9:     0x63341f59dddd - __rustc[ea4f61d10b84890b]::rust_begin_unwind
[INFO] [stdout]   10:     0x63341f5d56cc - core[a373ad73a504971]::panicking::panic_fmt
[INFO] [stdout]   11:     0x63341f5d55e3 - core[a373ad73a504971]::panicking::assert_failed_inner
[INFO] [stdout]   12:     0x63341f54824d - core[a373ad73a504971]::panicking::assert_failed::<core[a373ad73a504971]::result::Result<(alloc[2e1b2a31b91974c5]::string::String, alloc[2e1b2a31b91974c5]::string::String, i32), alloc[2e1b2a31b91974c5]::string::String>, core[a373ad73a504971]::result::Result<(alloc[2e1b2a31b91974c5]::string::String, alloc[2e1b2a31b91974c5]::string::String, i32), alloc[2e1b2a31b91974c5]::string::String>>
[INFO] [stdout]   13:     0x63341f546bb5 - <coreutils_cut_compatibility[84b525b785aaea46]::functional_tests_coreutils_cut_compatibility::test_03_6_fields_single_single_start_range::{closure#0} as core[a373ad73a504971]::ops::function::FnOnce<()>>::call_once
[INFO] [stdout]   14:     0x63341f548e4b - test[aada8e7e76ba119b]::__rust_begin_short_backtrace::<core[a373ad73a504971]::result::Result<(), alloc[2e1b2a31b91974c5]::string::String>, fn() -> core[a373ad73a504971]::result::Result<(), alloc[2e1b2a31b91974c5]::string::String>>
[INFO] [stdout]   15:     0x63341f556025 - test[aada8e7e76ba119b]::run_test::{closure#0}
[INFO] [stdout]   16:     0x63341f54f914 - std[617be2ca0a6fd877]::sys::backtrace::__rust_begin_short_backtrace::<test[aada8e7e76ba119b]::run_test::{closure#1}, ()>
[INFO] [stdout]   17:     0x63341f5590b2 - <std[617be2ca0a6fd877]::thread::lifecycle::spawn_unchecked<test[aada8e7e76ba119b]::run_test::{closure#1}, ()>::{closure#1} as core[a373ad73a504971]::ops::function::FnOnce<()>>::call_once::{shim:vtable#0}
[INFO] [stdout]   18:     0x63341f5c061f - <std[617be2ca0a6fd877]::sys::thread::unix::Thread>::new::thread_start
[INFO] [stdout]   19:     0x7abc0f199dfa - <unknown>
[INFO] [stdout]   20:     0x7abc0f22d3d4 - clone
[INFO] [stdout]   21:                0x0 - <unknown>
[INFO] [stdout] 
[INFO] [stdout] ---- functional_tests_coreutils_cut_compatibility::test_02_6_characters_single_single_start_range stdout ----
[INFO] [stdout] cut: -c 1,2,4- sample.csv
[INFO] [stdout] sbcut: -c 0,1,3: sample.csv
[INFO] [stdout] 
[INFO] [stdout] thread 'functional_tests_coreutils_cut_compatibility::test_02_6_characters_single_single_start_range' (698) panicked at tests/coreutils_cut_compatibility.rs:210:9:
[INFO] [stdout] assertion `left == right` failed
[INFO] [stdout]   left: Ok(("Nae,Age,Salary,City,Email\nJon Doe,35,75000,New York,john.doe@example.com\nJae Smith,28,60000,Los Angeles,jane.smith@example.com\nMihael Johnson,42,90000,Chicago,michael.johnson@example.com\nEmly Davis,31,55000,Houston,emily.davis@example.com\nDaid Lee,27,65000,Phoenix,david.lee@example.com\nSaah Wilson,39,80000,Philadelphia,sarah.wilson@example.com\nTo Brown,25,50000,San Diego,tom.brown@example.com\nOlvia Taylor,33,72000,Seattle,olivia.taylor@example.com\nDaiel Anderson,29,62000,Denver,daniel.anderson@example.com\nsaple\nSohia Martinez,36,85000,Miami,sophia.martinez@example.com\n", "", 0))
[INFO] [stdout]  right: Err("Can't execute command")
[INFO] [stdout] stack backtrace:
[INFO] [stdout]    0:     0x63341f5c0dc1 - <<std[617be2ca0a6fd877]::sys::backtrace::BacktraceLock>::print::DisplayBacktrace as core[a373ad73a504971]::fmt::Display>::fmt
[INFO] [stdout]    1:     0x63341f5d4f9a - core[a373ad73a504971]::fmt::write
[INFO] [stdout]    2:     0x63341f5c4fdc - <alloc[2e1b2a31b91974c5]::vec::Vec<u8> as core[a373ad73a504971]::io::write::Write>::write_fmt
[INFO] [stdout]    3:     0x63341f59d126 - std[617be2ca0a6fd877]::panicking::default_hook::{closure#0}
[INFO] [stdout]    4:     0x63341f5b9459 - std[617be2ca0a6fd877]::panicking::default_hook
[INFO] [stdout]    5:     0x63341f555a00 - test[aada8e7e76ba119b]::test_main_inner::{closure#0}
[INFO] [stdout]    6:     0x63341f5b9612 - std[617be2ca0a6fd877]::panicking::panic_with_hook
[INFO] [stdout]    7:     0x63341f59d1d2 - std[617be2ca0a6fd877]::panicking::panic_handler::{closure#0}
[INFO] [stdout]    8:     0x63341f595ee9 - std[617be2ca0a6fd877]::sys::backtrace::__rust_end_short_backtrace::<std[617be2ca0a6fd877]::panicking::panic_handler::{closure#0}, !>
[INFO] [stdout]    9:     0x63341f59dddd - __rustc[ea4f61d10b84890b]::rust_begin_unwind
[INFO] [stdout]   10:     0x63341f5d56cc - core[a373ad73a504971]::panicking::panic_fmt
[INFO] [stdout]   11:     0x63341f5d55e3 - core[a373ad73a504971]::panicking::assert_failed_inner
[INFO] [stdout]   12:     0x63341f54824d - core[a373ad73a504971]::panicking::assert_failed::<core[a373ad73a504971]::result::Result<(alloc[2e1b2a31b91974c5]::string::String, alloc[2e1b2a31b91974c5]::string::String, i32), alloc[2e1b2a31b91974c5]::string::String>, core[a373ad73a504971]::result::Result<(alloc[2e1b2a31b91974c5]::string::String, alloc[2e1b2a31b91974c5]::string::String, i32), alloc[2e1b2a31b91974c5]::string::String>>
[INFO] [stdout]   13:     0x63341f5475b2 - <coreutils_cut_compatibility[84b525b785aaea46]::functional_tests_coreutils_cut_compatibility::test_02_6_characters_single_single_start_range::{closure#0} as core[a373ad73a504971]::ops::function::FnOnce<()>>::call_once
[INFO] [stdout]   14:     0x63341f548e4b - test[aada8e7e76ba119b]::__rust_begin_short_backtrace::<core[a373ad73a504971]::result::Result<(), alloc[2e1b2a31b91974c5]::string::String>, fn() -> core[a373ad73a504971]::result::Result<(), alloc[2e1b2a31b91974c5]::string::String>>
[INFO] [stdout]   15:     0x63341f556025 - test[aada8e7e76ba119b]::run_test::{closure#0}
[INFO] [stdout]   16:     0x63341f54f914 - std[617be2ca0a6fd877]::sys::backtrace::__rust_begin_short_backtrace::<test[aada8e7e76ba119b]::run_test::{closure#1}, ()>
[INFO] [stdout]   17:     0x63341f5590b2 - <std[617be2ca0a6fd877]::thread::lifecycle::spawn_unchecked<test[aada8e7e76ba119b]::run_test::{closure#1}, ()>::{closure#1} as core[a373ad73a504971]::ops::function::FnOnce<()>>::call_once::{shim:vtable#0}
[INFO] [stdout]   18:     0x63341f5c061f - <std[617be2ca0a6fd877]::sys::thread::unix::Thread>::new::thread_start
[INFO] [stdout]   19:     0x7abc0f199dfa - <unknown>
[INFO] [stdout]   20:     0x7abc0f22d3d4 - clone
[INFO] [stdout]   21:                0x0 - <unknown>
[INFO] [stdout] 
[INFO] [stdout] ---- functional_tests_coreutils_cut_compatibility::test_01_2_bytes_start_range stdout ----
[INFO] [stdout] cut: -b 2- sample.csv
[INFO] [stdout] sbcut: -b 1: sample.csv
[INFO] [stdout] 
[INFO] [stdout] thread 'functional_tests_coreutils_cut_compatibility::test_01_2_bytes_start_range' (687) panicked at tests/coreutils_cut_compatibility.rs:70:9:
[INFO] [stdout] assertion `left == right` failed
[INFO] [stdout]   left: Ok(("ame,Age,Salary,City,Email\nohn Doe,35,75000,New York,john.doe@example.com\nane Smith,28,60000,Los Angeles,jane.smith@example.com\nichael Johnson,42,90000,Chicago,michael.johnson@example.com\nmily Davis,31,55000,Houston,emily.davis@example.com\navid Lee,27,65000,Phoenix,david.lee@example.com\narah Wilson,39,80000,Philadelphia,sarah.wilson@example.com\nom Brown,25,50000,San Diego,tom.brown@example.com\nlivia Taylor,33,72000,Seattle,olivia.taylor@example.com\naniel Anderson,29,62000,Denver,daniel.anderson@example.com\nample\nophia Martinez,36,85000,Miami,sophia.martinez@example.com\n", "", 0))
[INFO] [stdout]  right: Err("Can't execute command")
[INFO] [stdout] stack backtrace:
[INFO] [stdout]    0:     0x63341f5c0dc1 - <<std[617be2ca0a6fd877]::sys::backtrace::BacktraceLock>::print::DisplayBacktrace as core[a373ad73a504971]::fmt::Display>::fmt
[INFO] [stdout]    1:     0x63341f5d4f9a - core[a373ad73a504971]::fmt::write
[INFO] [stdout]    2:     0x63341f5c4fdc - <alloc[2e1b2a31b91974c5]::vec::Vec<u8> as core[a373ad73a504971]::io::write::Write>::write_fmt
[INFO] [stdout]    3:     0x63341f59d126 - std[617be2ca0a6fd877]::panicking::default_hook::{closure#0}
[INFO] [stdout]    4:     0x63341f5b9459 - std[617be2ca0a6fd877]::panicking::default_hook
[INFO] [stdout]    5:     0x63341f555a00 - test[aada8e7e76ba119b]::test_main_inner::{closure#0}
[INFO] [stdout]    6:     0x63341f5b9612 - std[617be2ca0a6fd877]::panicking::panic_with_hook
[INFO] [stdout]    7:     0x63341f59d1d2 - std[617be2ca0a6fd877]::panicking::panic_handler::{closure#0}
[INFO] [stdout]    8:     0x63341f595ee9 - std[617be2ca0a6fd877]::sys::backtrace::__rust_end_short_backtrace::<std[617be2ca0a6fd877]::panicking::panic_handler::{closure#0}, !>
[INFO] [stdout]    9:     0x63341f59dddd - __rustc[ea4f61d10b84890b]::rust_begin_unwind
[INFO] [stdout]   10:     0x63341f5d56cc - core[a373ad73a504971]::panicking::panic_fmt
[INFO] [stdout]   11:     0x63341f5d55e3 - core[a373ad73a504971]::panicking::assert_failed_inner
[INFO] [stdout]   12:     0x63341f54824d - core[a373ad73a504971]::panicking::assert_failed::<core[a373ad73a504971]::result::Result<(alloc[2e1b2a31b91974c5]::string::String, alloc[2e1b2a31b91974c5]::string::String, i32), alloc[2e1b2a31b91974c5]::string::String>, core[a373ad73a504971]::result::Result<(alloc[2e1b2a31b91974c5]::string::String, alloc[2e1b2a31b91974c5]::string::String, i32), alloc[2e1b2a31b91974c5]::string::String>>
[INFO] [stdout]   13:     0x63341f541872 - <coreutils_cut_compatibility[84b525b785aaea46]::functional_tests_coreutils_cut_compatibility::test_01_2_bytes_start_range::{closure#0} as core[a373ad73a504971]::ops::function::FnOnce<()>>::call_once
[INFO] [stdout]   14:     0x63341f548e4b - test[aada8e7e76ba119b]::__rust_begin_short_backtrace::<core[a373ad73a504971]::result::Result<(), alloc[2e1b2a31b91974c5]::string::String>, fn() -> core[a373ad73a504971]::result::Result<(), alloc[2e1b2a31b91974c5]::string::String>>
[INFO] [stdout]   15:     0x63341f556025 - test[aada8e7e76ba119b]::run_test::{closure#0}
[INFO] [stdout]   16:     0x63341f54f914 - std[617be2ca0a6fd877]::sys::backtrace::__rust_begin_short_backtrace::<test[aada8e7e76ba119b]::run_test::{closure#1}, ()>
[INFO] [stdout]   17:     0x63341f5590b2 - <std[617be2ca0a6fd877]::thread::lifecycle::spawn_unchecked<test[aada8e7e76ba119b]::run_test::{closure#1}, ()>::{closure#1} as core[a373ad73a504971]::ops::function::FnOnce<()>>::call_once::{shim:vtable#0}
[INFO] [stdout]   18:     0x63341f5c061f - <std[617be2ca0a6fd877]::sys::thread::unix::Thread>::new::thread_start
[INFO] [stdout]   19:     0x7abc0f199dfa - <unknown>
[INFO] [stdout]   20:     0x7abc0f22d3d4 - clone
[INFO] [stdout]   21:                0x0 - <unknown>
[INFO] [stdout] 
[INFO] [stdout] ---- functional_tests_coreutils_cut_compatibility::test_02_2_characters_start_range stdout ----
[INFO] [stdout] cut: -c 2- sample.csv
[INFO] [stdout] sbcut: -c 1: sample.csv
[INFO] [stdout] 
[INFO] [stdout] thread 'functional_tests_coreutils_cut_compatibility::test_02_2_characters_start_range' (694) panicked at tests/coreutils_cut_compatibility.rs:154:9:
[INFO] [stdout] assertion `left == right` failed
[INFO] [stdout]   left: Ok(("ame,Age,Salary,City,Email\nohn Doe,35,75000,New York,john.doe@example.com\nane Smith,28,60000,Los Angeles,jane.smith@example.com\nichael Johnson,42,90000,Chicago,michael.johnson@example.com\nmily Davis,31,55000,Houston,emily.davis@example.com\navid Lee,27,65000,Phoenix,david.lee@example.com\narah Wilson,39,80000,Philadelphia,sarah.wilson@example.com\nom Brown,25,50000,San Diego,tom.brown@example.com\nlivia Taylor,33,72000,Seattle,olivia.taylor@example.com\naniel Anderson,29,62000,Denver,daniel.anderson@example.com\nample\nophia Martinez,36,85000,Miami,sophia.martinez@example.com\n", "", 0))
[INFO] [stdout]  right: Err("Can't execute command")
[INFO] [stdout] stack backtrace:
[INFO] [stdout]    0:     0x63341f5c0dc1 - <<std[617be2ca0a6fd877]::sys::backtrace::BacktraceLock>::print::DisplayBacktrace as core[a373ad73a504971]::fmt::Display>::fmt
[INFO] [stdout]    1:     0x63341f5d4f9a - core[a373ad73a504971]::fmt::write
[INFO] [stdout]    2:     0x63341f5c4fdc - <alloc[2e1b2a31b91974c5]::vec::Vec<u8> as core[a373ad73a504971]::io::write::Write>::write_fmt
[INFO] [stdout]    3:     0x63341f59d126 - std[617be2ca0a6fd877]::panicking::default_hook::{closure#0}
[INFO] [stdout]    4:     0x63341f5b9459 - std[617be2ca0a6fd877]::panicking::default_hook
[INFO] [stdout]    5:     0x63341f555a00 - test[aada8e7e76ba119b]::test_main_inner::{closure#0}
[INFO] [stdout]    6:     0x63341f5b9612 - std[617be2ca0a6fd877]::panicking::panic_with_hook
[INFO] [stdout]    7:     0x63341f59d1d2 - std[617be2ca0a6fd877]::panicking::panic_handler::{closure#0}
[INFO] [stdout]    8:     0x63341f595ee9 - std[617be2ca0a6fd877]::sys::backtrace::__rust_end_short_backtrace::<std[617be2ca0a6fd877]::panicking::panic_handler::{closure#0}, !>
[INFO] [stdout]    9:     0x63341f59dddd - __rustc[ea4f61d10b84890b]::rust_begin_unwind
[INFO] [stdout]   10:     0x63341f5d56cc - core[a373ad73a504971]::panicking::panic_fmt
[INFO] [stdout]   11:     0x63341f5d55e3 - core[a373ad73a504971]::panicking::assert_failed_inner
[INFO] [stdout]   12:     0x63341f54824d - core[a373ad73a504971]::panicking::assert_failed::<core[a373ad73a504971]::result::Result<(alloc[2e1b2a31b91974c5]::string::String, alloc[2e1b2a31b91974c5]::string::String, i32), alloc[2e1b2a31b91974c5]::string::String>, core[a373ad73a504971]::result::Result<(alloc[2e1b2a31b91974c5]::string::String, alloc[2e1b2a31b91974c5]::string::String, i32), alloc[2e1b2a31b91974c5]::string::String>>
[INFO] [stdout]   13:     0x63341f542f62 - <coreutils_cut_compatibility[84b525b785aaea46]::functional_tests_coreutils_cut_compatibility::test_02_2_characters_start_range::{closure#0} as core[a373ad73a504971]::ops::function::FnOnce<()>>::call_once
[INFO] [stdout]   14:     0x63341f548e4b - test[aada8e7e76ba119b]::__rust_begin_short_backtrace::<core[a373ad73a504971]::result::Result<(), alloc[2e1b2a31b91974c5]::string::String>, fn() -> core[a373ad73a504971]::result::Result<(), alloc[2e1b2a31b91974c5]::string::String>>
[INFO] [stdout]   15:     0x63341f556025 - test[aada8e7e76ba119b]::run_test::{closure#0}
[INFO] [stdout]   16:     0x63341f54f914 - std[617be2ca0a6fd877]::sys::backtrace::__rust_begin_short_backtrace::<test[aada8e7e76ba119b]::run_test::{closure#1}, ()>
[INFO] [stdout]   17:     0x63341f5590b2 - <std[617be2ca0a6fd877]::thread::lifecycle::spawn_unchecked<test[aada8e7e76ba119b]::run_test::{closure#1}, ()>::{closure#1} as core[a373ad73a504971]::ops::function::FnOnce<()>>::call_once::{shim:vtable#0}
[INFO] [stdout]   18:     0x63341f5c061f - <std[617be2ca0a6fd877]::sys::thread::unix::Thread>::new::thread_start
[INFO] [stdout]   19:     0x7abc0f199dfa - <unknown>
[INFO] [stdout]   20:     0x7abc0f22d3d4 - clone
[INFO] [stdout]   21:                0x0 - <unknown>
[INFO] [stdout] 
[INFO] [stdout] ---- functional_tests_coreutils_cut_compatibility::test_04_1_complement_single_range stdout ----
[INFO] [stdout] cut: -d , -f 2 sample.csv --complement
[INFO] [stdout] sbcut: -d , -f 1 sample.csv --complement
[INFO] [stdout] 
[INFO] [stdout] thread 'functional_tests_coreutils_cut_compatibility::test_04_1_complement_single_range' (724) panicked at tests/coreutils_cut_compatibility.rs:328:9:
[INFO] [stdout] assertion `left == right` failed
[INFO] [stdout]   left: Ok(("Name,Salary,City,Email\nJohn Doe,75000,New York,john.doe@example.com\nJane Smith,60000,Los Angeles,jane.smith@example.com\nMichael Johnson,90000,Chicago,michael.johnson@example.com\nEmily Davis,55000,Houston,emily.davis@example.com\nDavid Lee,65000,Phoenix,david.lee@example.com\nSarah Wilson,80000,Philadelphia,sarah.wilson@example.com\nTom Brown,50000,San Diego,tom.brown@example.com\nOlivia Taylor,72000,Seattle,olivia.taylor@example.com\nDaniel Anderson,62000,Denver,daniel.anderson@example.com\nsample\nSophia Martinez,85000,Miami,sophia.martinez@example.com\n", "", 0))
[INFO] [stdout]  right: Err("Can't execute command")
[INFO] [stdout] stack backtrace:
[INFO] [stdout]    0:     0x63341f5c0dc1 - <<std[617be2ca0a6fd877]::sys::backtrace::BacktraceLock>::print::DisplayBacktrace as core[a373ad73a504971]::fmt::Display>::fmt
[INFO] [stdout]    1:     0x63341f5d4f9a - core[a373ad73a504971]::fmt::write
[INFO] [stdout]    2:     0x63341f5c4fdc - <alloc[2e1b2a31b91974c5]::vec::Vec<u8> as core[a373ad73a504971]::io::write::Write>::write_fmt
[INFO] [stdout]    3:     0x63341f59d126 - std[617be2ca0a6fd877]::panicking::default_hook::{closure#0}
[INFO] [stdout]    4:     0x63341f5b9459 - std[617be2ca0a6fd877]::panicking::default_hook
[INFO] [stdout]    5:     0x63341f555a00 - test[aada8e7e76ba119b]::test_main_inner::{closure#0}
[INFO] [stdout]    6:     0x63341f5b9612 - std[617be2ca0a6fd877]::panicking::panic_with_hook
[INFO] [stdout]    7:     0x63341f59d1d2 - std[617be2ca0a6fd877]::panicking::panic_handler::{closure#0}
[INFO] [stdout]    8:     0x63341f595ee9 - std[617be2ca0a6fd877]::sys::backtrace::__rust_end_short_backtrace::<std[617be2ca0a6fd877]::panicking::panic_handler::{closure#0}, !>
[INFO] [stdout]    9:     0x63341f59dddd - __rustc[ea4f61d10b84890b]::rust_begin_unwind
[INFO] [stdout]   10:     0x63341f5d56cc - core[a373ad73a504971]::panicking::panic_fmt
[INFO] [stdout]   11:     0x63341f5d55e3 - core[a373ad73a504971]::panicking::assert_failed_inner
[INFO] [stdout]   12:     0x63341f54824d - core[a373ad73a504971]::panicking::assert_failed::<core[a373ad73a504971]::result::Result<(alloc[2e1b2a31b91974c5]::string::String, alloc[2e1b2a31b91974c5]::string::String, i32), alloc[2e1b2a31b91974c5]::string::String>, core[a373ad73a504971]::result::Result<(alloc[2e1b2a31b91974c5]::string::String, alloc[2e1b2a31b91974c5]::string::String, i32), alloc[2e1b2a31b91974c5]::string::String>>
[INFO] [stdout]   13:     0x63341f543d13 - <coreutils_cut_compatibility[84b525b785aaea46]::functional_tests_coreutils_cut_compatibility::test_04_1_complement_single_range::{closure#0} as core[a373ad73a504971]::ops::function::FnOnce<()>>::call_once
[INFO] [stdout]   14:     0x63341f548e4b - test[aada8e7e76ba119b]::__rust_begin_short_backtrace::<core[a373ad73a504971]::result::Result<(), alloc[2e1b2a31b91974c5]::string::String>, fn() -> core[a373ad73a504971]::result::Result<(), alloc[2e1b2a31b91974c5]::string::String>>
[INFO] [stdout]   15:     0x63341f556025 - test[aada8e7e76ba119b]::run_test::{closure#0}
[INFO] [stdout]   16:     0x63341f54f914 - std[617be2ca0a6fd877]::sys::backtrace::__rust_begin_short_backtrace::<test[aada8e7e76ba119b]::run_test::{closure#1}, ()>
[INFO] [stdout]   17:     0x63341f5590b2 - <std[617be2ca0a6fd877]::thread::lifecycle::spawn_unchecked<test[aada8e7e76ba119b]::run_test::{closure#1}, ()>::{closure#1} as core[a373ad73a504971]::ops::function::FnOnce<()>>::call_once::{shim:vtable#0}
[INFO] [stdout]   18:     0x63341f5c061f - <std[617be2ca0a6fd877]::sys::thread::unix::Thread>::new::thread_start
[INFO] [stdout]   19:     0x7abc0f199dfa - <unknown>
[INFO] [stdout]   20:     0x7abc0f22d3d4 - clone
[INFO] [stdout]   21:                0x0 - <unknown>
[INFO] [stdout] 
[INFO] [stdout] ---- functional_tests_coreutils_cut_compatibility::test_03_1_fields_single_range stdout ----
[INFO] [stdout] cut: -d , -f 2 sample.csv
[INFO] [stdout] sbcut: -d , -f 1 sample.csv
[INFO] [stdout] 
[INFO] [stdout] thread 'functional_tests_coreutils_cut_compatibility::test_03_1_fields_single_range' (699) panicked at tests/coreutils_cut_compatibility.rs:224:9:
[INFO] [stdout] assertion `left == right` failed
[INFO] [stdout]   left: Ok(("Age\n35\n28\n42\n31\n27\n39\n25\n33\n29\nsample\n36\n", "", 0))
[INFO] [stdout]  right: Err("Can't execute command")
[INFO] [stdout] stack backtrace:
[INFO] [stdout]    0:     0x63341f5c0dc1 - <<std[617be2ca0a6fd877]::sys::backtrace::BacktraceLock>::print::DisplayBacktrace as core[a373ad73a504971]::fmt::Display>::fmt
[INFO] [stdout]    1:     0x63341f5d4f9a - core[a373ad73a504971]::fmt::write
[INFO] [stdout]    2:     0x63341f5c4fdc - <alloc[2e1b2a31b91974c5]::vec::Vec<u8> as core[a373ad73a504971]::io::write::Write>::write_fmt
[INFO] [stdout]    3:     0x63341f59d126 - std[617be2ca0a6fd877]::panicking::default_hook::{closure#0}
[INFO] [stdout]    4:     0x63341f5b9459 - std[617be2ca0a6fd877]::panicking::default_hook
[INFO] [stdout]    5:     0x63341f555a00 - test[aada8e7e76ba119b]::test_main_inner::{closure#0}
[INFO] [stdout]    6:     0x63341f5b9612 - std[617be2ca0a6fd877]::panicking::panic_with_hook
[INFO] [stdout]    7:     0x63341f59d1d2 - std[617be2ca0a6fd877]::panicking::panic_handler::{closure#0}
[INFO] [stdout]    8:     0x63341f595ee9 - std[617be2ca0a6fd877]::sys::backtrace::__rust_end_short_backtrace::<std[617be2ca0a6fd877]::panicking::panic_handler::{closure#0}, !>
[INFO] [stdout]    9:     0x63341f59dddd - __rustc[ea4f61d10b84890b]::rust_begin_unwind
[INFO] [stdout]   10:     0x63341f5d56cc - core[a373ad73a504971]::panicking::panic_fmt
[INFO] [stdout]   11:     0x63341f5d55e3 - core[a373ad73a504971]::panicking::assert_failed_inner
[INFO] [stdout]   12:     0x63341f54824d - core[a373ad73a504971]::panicking::assert_failed::<core[a373ad73a504971]::result::Result<(alloc[2e1b2a31b91974c5]::string::String, alloc[2e1b2a31b91974c5]::string::String, i32), alloc[2e1b2a31b91974c5]::string::String>, core[a373ad73a504971]::result::Result<(alloc[2e1b2a31b91974c5]::string::String, alloc[2e1b2a31b91974c5]::string::String, i32), alloc[2e1b2a31b91974c5]::string::String>>
[INFO] [stdout]   13:     0x63341f542275 - <coreutils_cut_compatibility[84b525b785aaea46]::functional_tests_coreutils_cut_compatibility::test_03_1_fields_single_range::{closure#0} as core[a373ad73a504971]::ops::function::FnOnce<()>>::call_once
[INFO] [stdout]   14:     0x63341f548e4b - test[aada8e7e76ba119b]::__rust_begin_short_backtrace::<core[a373ad73a504971]::result::Result<(), alloc[2e1b2a31b91974c5]::string::String>, fn() -> core[a373ad73a504971]::result::Result<(), alloc[2e1b2a31b91974c5]::string::String>>
[INFO] [stdout]   15:     0x63341f556025 - test[aada8e7e76ba119b]::run_test::{closure#0}
[INFO] [stdout]   16:     0x63341f54f914 - std[617be2ca0a6fd877]::sys::backtrace::__rust_begin_short_backtrace::<test[aada8e7e76ba119b]::run_test::{closure#1}, ()>
[INFO] [stdout]   17:     0x63341f5590b2 - <std[617be2ca0a6fd877]::thread::lifecycle::spawn_unchecked<test[aada8e7e76ba119b]::run_test::{closure#1}, ()>::{closure#1} as core[a373ad73a504971]::ops::function::FnOnce<()>>::call_once::{shim:vtable#0}
[INFO] [stdout]   18:     0x63341f5c061f - <std[617be2ca0a6fd877]::sys::thread::unix::Thread>::new::thread_start
[INFO] [stdout]   19:     0x7abc0f199dfa - <unknown>
[INFO] [stdout]   20:     0x7abc0f22d3d4 - clone
[INFO] [stdout]   21:                0x0 - <unknown>
[INFO] [stdout] 
[INFO] [stdout] ---- functional_tests_coreutils_cut_compatibility::test_06_3_output_delimiter_one_range stdout ----
[INFO] [stdout] cut: -d , -f 2-4 sample.csv --output-delimiter -
[INFO] [stdout] sbcut: -d , -f 1:4 sample.csv --output_delimiter -
[INFO] [stdout] 
[INFO] [stdout] thread 'functional_tests_coreutils_cut_compatibility::test_06_3_output_delimiter_one_range' (746) panicked at tests/coreutils_cut_compatibility.rs:567:9:
[INFO] [stdout] assertion `left == right` failed
[INFO] [stdout]   left: Ok(("Age-Salary-City\n35-75000-New York\n28-60000-Los Angeles\n42-90000-Chicago\n31-55000-Houston\n27-65000-Phoenix\n39-80000-Philadelphia\n25-50000-San Diego\n33-72000-Seattle\n29-62000-Denver\nsample\n36-85000-Miami\n", "", 0))
[INFO] [stdout]  right: Err("Can't execute command")
[INFO] [stdout] stack backtrace:
[INFO] [stdout]    0:     0x63341f5c0dc1 - <<std[617be2ca0a6fd877]::sys::backtrace::BacktraceLock>::print::DisplayBacktrace as core[a373ad73a504971]::fmt::Display>::fmt
[INFO] [stdout]    1:     0x63341f5d4f9a - core[a373ad73a504971]::fmt::write
[INFO] [stdout]    2:     0x63341f5c4fdc - <alloc[2e1b2a31b91974c5]::vec::Vec<u8> as core[a373ad73a504971]::io::write::Write>::write_fmt
[INFO] [stdout]    3:     0x63341f59d126 - std[617be2ca0a6fd877]::panicking::default_hook::{closure#0}
[INFO] [stdout]    4:     0x63341f5b9459 - std[617be2ca0a6fd877]::panicking::default_hook
[INFO] [stdout]    5:     0x63341f555a00 - test[aada8e7e76ba119b]::test_main_inner::{closure#0}
[INFO] [stdout]    6:     0x63341f5b9612 - std[617be2ca0a6fd877]::panicking::panic_with_hook
[INFO] [stdout]    7:     0x63341f59d1d2 - std[617be2ca0a6fd877]::panicking::panic_handler::{closure#0}
[INFO] [stdout]    8:     0x63341f595ee9 - std[617be2ca0a6fd877]::sys::backtrace::__rust_end_short_backtrace::<std[617be2ca0a6fd877]::panicking::panic_handler::{closure#0}, !>
[INFO] [stdout]    9:     0x63341f59dddd - __rustc[ea4f61d10b84890b]::rust_begin_unwind
[INFO] [stdout]   10:     0x63341f5d56cc - core[a373ad73a504971]::panicking::panic_fmt
[INFO] [stdout]   11:     0x63341f5d55e3 - core[a373ad73a504971]::panicking::assert_failed_inner
[INFO] [stdout]   12:     0x63341f54824d - core[a373ad73a504971]::panicking::assert_failed::<core[a373ad73a504971]::result::Result<(alloc[2e1b2a31b91974c5]::string::String, alloc[2e1b2a31b91974c5]::string::String, i32), alloc[2e1b2a31b91974c5]::string::String>, core[a373ad73a504971]::result::Result<(alloc[2e1b2a31b91974c5]::string::String, alloc[2e1b2a31b91974c5]::string::String, i32), alloc[2e1b2a31b91974c5]::string::String>>
[INFO] [stdout]   13:     0x63341f545139 - <coreutils_cut_compatibility[84b525b785aaea46]::functional_tests_coreutils_cut_compatibility::test_06_3_output_delimiter_one_range::{closure#0} as core[a373ad73a504971]::ops::function::FnOnce<()>>::call_once
[INFO] [stdout]   14:     0x63341f548e4b - test[aada8e7e76ba119b]::__rust_begin_short_backtrace::<core[a373ad73a504971]::result::Result<(), alloc[2e1b2a31b91974c5]::string::String>, fn() -> core[a373ad73a504971]::result::Result<(), alloc[2e1b2a31b91974c5]::string::String>>
[INFO] [stdout]   15:     0x63341f556025 - test[aada8e7e76ba119b]::run_test::{closure#0}
[INFO] [stdout]   16:     0x63341f54f914 - std[617be2ca0a6fd877]::sys::backtrace::__rust_begin_short_backtrace::<test[aada8e7e76ba119b]::run_test::{closure#1}, ()>
[INFO] [stdout]   17:     0x63341f5590b2 - <std[617be2ca0a6fd877]::thread::lifecycle::spawn_unchecked<test[aada8e7e76ba119b]::run_test::{closure#1}, ()>::{closure#1} as core[a373ad73a504971]::ops::function::FnOnce<()>>::call_once::{shim:vtable#0}
[INFO] [stdout]   18:     0x63341f5c061f - <std[617be2ca0a6fd877]::sys::thread::unix::Thread>::new::thread_start
[INFO] [stdout]   19:     0x7abc0f199dfa - <unknown>
[INFO] [stdout]   20:     0x7abc0f22d3d4 - clone
[INFO] [stdout]   21:                0x0 - <unknown>
[INFO] [stdout] 
[INFO] [stdout] ---- functional_tests_coreutils_cut_compatibility::test_06_2_output_delimiter_two_single_ranges stdout ----
[INFO] [stdout] cut: -d , -f 2,4 sample.csv --output-delimiter -
[INFO] [stdout] sbcut: -d , -f 1,3 sample.csv --output_delimiter -
[INFO] [stdout] 
[INFO] [stdout] thread 'functional_tests_coreutils_cut_compatibility::test_06_2_output_delimiter_two_single_ranges' (740) panicked at tests/coreutils_cut_compatibility.rs:537:9:
[INFO] [stdout] assertion `left == right` failed
[INFO] [stdout]   left: Ok(("Age-City\n35-New York\n28-Los Angeles\n42-Chicago\n31-Houston\n27-Phoenix\n39-Philadelphia\n25-San Diego\n33-Seattle\n29-Denver\nsample\n36-Miami\n", "", 0))
[INFO] [stdout]  right: Err("Can't execute command")
[INFO] [stdout] stack backtrace:
[INFO] [stdout]    0:     0x63341f5c0dc1 - <<std[617be2ca0a6fd877]::sys::backtrace::BacktraceLock>::print::DisplayBacktrace as core[a373ad73a504971]::fmt::Display>::fmt
[INFO] [stdout]    1:     0x63341f5d4f9a - core[a373ad73a504971]::fmt::write
[INFO] [stdout]    2:     0x63341f5c4fdc - <alloc[2e1b2a31b91974c5]::vec::Vec<u8> as core[a373ad73a504971]::io::write::Write>::write_fmt
[INFO] [stdout]    3:     0x63341f59d126 - std[617be2ca0a6fd877]::panicking::default_hook::{closure#0}
[INFO] [stdout]    4:     0x63341f5b9459 - std[617be2ca0a6fd877]::panicking::default_hook
[INFO] [stdout]    5:     0x63341f555a00 - test[aada8e7e76ba119b]::test_main_inner::{closure#0}
[INFO] [stderr] error: test failed, to rerun pass `--test coreutils_cut_compatibility`
[INFO] [stdout]    6:     0x63341f5b9612 - std[617be2ca0a6fd877]::panicking::panic_with_hook
[INFO] [stdout]    7:     0x63341f59d1d2 - std[617be2ca0a6fd877]::panicking::panic_handler::{closure#0}
[INFO] [stdout]    8:     0x63341f595ee9 - std[617be2ca0a6fd877]::sys::backtrace::__rust_end_short_backtrace::<std[617be2ca0a6fd877]::panicking::panic_handler::{closure#0}, !>
[INFO] [stdout]    9:     0x63341f59dddd - __rustc[ea4f61d10b84890b]::rust_begin_unwind
[INFO] [stdout]   10:     0x63341f5d56cc - core[a373ad73a504971]::panicking::panic_fmt
[INFO] [stdout]   11:     0x63341f5d55e3 - core[a373ad73a504971]::panicking::assert_failed_inner
[INFO] [stdout]   12:     0x63341f54824d - core[a373ad73a504971]::panicking::assert_failed::<core[a373ad73a504971]::result::Result<(alloc[2e1b2a31b91974c5]::string::String, alloc[2e1b2a31b91974c5]::string::String, i32), alloc[2e1b2a31b91974c5]::string::String>, core[a373ad73a504971]::result::Result<(alloc[2e1b2a31b91974c5]::string::String, alloc[2e1b2a31b91974c5]::string::String, i32), alloc[2e1b2a31b91974c5]::string::String>>
[INFO] [stdout]   13:     0x63341f547299 - <coreutils_cut_compatibility[84b525b785aaea46]::functional_tests_coreutils_cut_compatibility::test_06_2_output_delimiter_two_single_ranges::{closure#0} as core[a373ad73a504971]::ops::function::FnOnce<()>>::call_once
[INFO] [stdout]   14:     0x63341f548e4b - test[aada8e7e76ba119b]::__rust_begin_short_backtrace::<core[a373ad73a504971]::result::Result<(), alloc[2e1b2a31b91974c5]::string::String>, fn() -> core[a373ad73a504971]::result::Result<(), alloc[2e1b2a31b91974c5]::string::String>>
[INFO] [stdout]   15:     0x63341f556025 - test[aada8e7e76ba119b]::run_test::{closure#0}
[INFO] [stdout]   16:     0x63341f54f914 - std[617be2ca0a6fd877]::sys::backtrace::__rust_begin_short_backtrace::<test[aada8e7e76ba119b]::run_test::{closure#1}, ()>
[INFO] [stdout]   17:     0x63341f5590b2 - <std[617be2ca0a6fd877]::thread::lifecycle::spawn_unchecked<test[aada8e7e76ba119b]::run_test::{closure#1}, ()>::{closure#1} as core[a373ad73a504971]::ops::function::FnOnce<()>>::call_once::{shim:vtable#0}
[INFO] [stdout]   18:     0x63341f5c061f - <std[617be2ca0a6fd877]::sys::thread::unix::Thread>::new::thread_start
[INFO] [stdout]   19:     0x7abc0f199dfa - <unknown>
[INFO] [stdout]   20:     0x7abc0f22d3d4 - clone
[INFO] [stdout]   21:                0x0 - <unknown>
[INFO] [stdout] 
[INFO] [stdout] ---- functional_tests_coreutils_cut_compatibility::test_06_1_output_delimiter_single_range stdout ----
[INFO] [stdout] cut: -d , -f 2 sample.csv --output-delimiter -
[INFO] [stdout] sbcut: -d , -f 1 sample.csv --output_delimiter -
[INFO] [stdout] 
[INFO] [stdout] thread 'functional_tests_coreutils_cut_compatibility::test_06_1_output_delimiter_single_range' (739) panicked at tests/coreutils_cut_compatibility.rs:507:9:
[INFO] [stdout] assertion `left == right` failed
[INFO] [stdout]   left: Ok(("Age\n35\n28\n42\n31\n27\n39\n25\n33\n29\nsample\n36\n", "", 0))
[INFO] [stdout]  right: Err("Can't execute command")
[INFO] [stdout] stack backtrace:
[INFO] [stdout]    0:     0x63341f5c0dc1 - <<std[617be2ca0a6fd877]::sys::backtrace::BacktraceLock>::print::DisplayBacktrace as core[a373ad73a504971]::fmt::Display>::fmt
[INFO] [stdout]    1:     0x63341f5d4f9a - core[a373ad73a504971]::fmt::write
[INFO] [stdout]    2:     0x63341f5c4fdc - <alloc[2e1b2a31b91974c5]::vec::Vec<u8> as core[a373ad73a504971]::io::write::Write>::write_fmt
[INFO] [stdout]    3:     0x63341f59d126 - std[617be2ca0a6fd877]::panicking::default_hook::{closure#0}
[INFO] [stdout]    4:     0x63341f5b9459 - std[617be2ca0a6fd877]::panicking::default_hook
[INFO] [stdout]    5:     0x63341f555a00 - test[aada8e7e76ba119b]::test_main_inner::{closure#0}
[INFO] [stdout]    6:     0x63341f5b9612 - std[617be2ca0a6fd877]::panicking::panic_with_hook
[INFO] [stdout]    7:     0x63341f59d1d2 - std[617be2ca0a6fd877]::panicking::panic_handler::{closure#0}
[INFO] [stdout]    8:     0x63341f595ee9 - std[617be2ca0a6fd877]::sys::backtrace::__rust_end_short_backtrace::<std[617be2ca0a6fd877]::panicking::panic_handler::{closure#0}, !>
[INFO] [stdout]    9:     0x63341f59dddd - __rustc[ea4f61d10b84890b]::rust_begin_unwind
[INFO] [stdout]   10:     0x63341f5d56cc - core[a373ad73a504971]::panicking::panic_fmt
[INFO] [stdout]   11:     0x63341f5d55e3 - core[a373ad73a504971]::panicking::assert_failed_inner
[INFO] [stdout]   12:     0x63341f54824d - core[a373ad73a504971]::panicking::assert_failed::<core[a373ad73a504971]::result::Result<(alloc[2e1b2a31b91974c5]::string::String, alloc[2e1b2a31b91974c5]::string::String, i32), alloc[2e1b2a31b91974c5]::string::String>, core[a373ad73a504971]::result::Result<(alloc[2e1b2a31b91974c5]::string::String, alloc[2e1b2a31b91974c5]::string::String, i32), alloc[2e1b2a31b91974c5]::string::String>>
[INFO] [stdout]   13:     0x63341f5461f9 - <coreutils_cut_compatibility[84b525b785aaea46]::functional_tests_coreutils_cut_compatibility::test_06_1_output_delimiter_single_range::{closure#0} as core[a373ad73a504971]::ops::function::FnOnce<()>>::call_once
[INFO] [stdout]   14:     0x63341f548e4b - test[aada8e7e76ba119b]::__rust_begin_short_backtrace::<core[a373ad73a504971]::result::Result<(), alloc[2e1b2a31b91974c5]::string::String>, fn() -> core[a373ad73a504971]::result::Result<(), alloc[2e1b2a31b91974c5]::string::String>>
[INFO] [stdout]   15:     0x63341f556025 - test[aada8e7e76ba119b]::run_test::{closure#0}
[INFO] [stdout]   16:     0x63341f54f914 - std[617be2ca0a6fd877]::sys::backtrace::__rust_begin_short_backtrace::<test[aada8e7e76ba119b]::run_test::{closure#1}, ()>
[INFO] [stdout]   17:     0x63341f5590b2 - <std[617be2ca0a6fd877]::thread::lifecycle::spawn_unchecked<test[aada8e7e76ba119b]::run_test::{closure#1}, ()>::{closure#1} as core[a373ad73a504971]::ops::function::FnOnce<()>>::call_once::{shim:vtable#0}
[INFO] [stdout]   18:     0x63341f5c061f - <std[617be2ca0a6fd877]::sys::thread::unix::Thread>::new::thread_start
[INFO] [stdout]   19:     0x7abc0f199dfa - <unknown>
[INFO] [stdout]   20:     0x7abc0f22d3d4 - clone
[INFO] [stdout]   21:                0x0 - <unknown>
[INFO] [stdout] 
[INFO] [stdout] ---- functional_tests_coreutils_cut_compatibility::test_03_5_fields_single_start_range stdout ----
[INFO] [stdout] cut: -d , -f 2,3- sample.csv
[INFO] [stdout] sbcut: -d , -f 1,2: sample.csv
[INFO] [stdout] 
[INFO] [stdout] thread 'functional_tests_coreutils_cut_compatibility::test_03_5_fields_single_start_range' (720) panicked at tests/coreutils_cut_compatibility.rs:280:9:
[INFO] [stdout] assertion `left == right` failed
[INFO] [stdout]   left: Ok(("Age,Salary,City,Email\n35,75000,New York,john.doe@example.com\n28,60000,Los Angeles,jane.smith@example.com\n42,90000,Chicago,michael.johnson@example.com\n31,55000,Houston,emily.davis@example.com\n27,65000,Phoenix,david.lee@example.com\n39,80000,Philadelphia,sarah.wilson@example.com\n25,50000,San Diego,tom.brown@example.com\n33,72000,Seattle,olivia.taylor@example.com\n29,62000,Denver,daniel.anderson@example.com\nsample\n36,85000,Miami,sophia.martinez@example.com\n", "", 0))
[INFO] [stdout]  right: Err("Can't execute command")
[INFO] [stdout] stack backtrace:
[INFO] [stdout]    0:     0x63341f5c0dc1 - <<std[617be2ca0a6fd877]::sys::backtrace::BacktraceLock>::print::DisplayBacktrace as core[a373ad73a504971]::fmt::Display>::fmt
[INFO] [stdout]    1:     0x63341f5d4f9a - core[a373ad73a504971]::fmt::write
[INFO] [stdout]    2:     0x63341f5c4fdc - <alloc[2e1b2a31b91974c5]::vec::Vec<u8> as core[a373ad73a504971]::io::write::Write>::write_fmt
[INFO] [stdout]    3:     0x63341f59d126 - std[617be2ca0a6fd877]::panicking::default_hook::{closure#0}
[INFO] [stdout]    4:     0x63341f5b9459 - std[617be2ca0a6fd877]::panicking::default_hook
[INFO] [stdout]    5:     0x63341f555a00 - test[aada8e7e76ba119b]::test_main_inner::{closure#0}
[INFO] [stdout]    6:     0x63341f5b9612 - std[617be2ca0a6fd877]::panicking::panic_with_hook
[INFO] [stdout]    7:     0x63341f59d1d2 - std[617be2ca0a6fd877]::panicking::panic_handler::{closure#0}
[INFO] [stdout]    8:     0x63341f595ee9 - std[617be2ca0a6fd877]::sys::backtrace::__rust_end_short_backtrace::<std[617be2ca0a6fd877]::panicking::panic_handler::{closure#0}, !>
[INFO] [stdout]    9:     0x63341f59dddd - __rustc[ea4f61d10b84890b]::rust_begin_unwind
[INFO] [stdout]   10:     0x63341f5d56cc - core[a373ad73a504971]::panicking::panic_fmt
[INFO] [stdout]   11:     0x63341f5d55e3 - core[a373ad73a504971]::panicking::assert_failed_inner
[INFO] [stdout]   12:     0x63341f54824d - core[a373ad73a504971]::panicking::assert_failed::<core[a373ad73a504971]::result::Result<(alloc[2e1b2a31b91974c5]::string::String, alloc[2e1b2a31b91974c5]::string::String, i32), alloc[2e1b2a31b91974c5]::string::String>, core[a373ad73a504971]::result::Result<(alloc[2e1b2a31b91974c5]::string::String, alloc[2e1b2a31b91974c5]::string::String, i32), alloc[2e1b2a31b91974c5]::string::String>>
[INFO] [stdout]   13:     0x63341f5446d5 - <coreutils_cut_compatibility[84b525b785aaea46]::functional_tests_coreutils_cut_compatibility::test_03_5_fields_single_start_range::{closure#0} as core[a373ad73a504971]::ops::function::FnOnce<()>>::call_once
[INFO] [stdout]   14:     0x63341f548e4b - test[aada8e7e76ba119b]::__rust_begin_short_backtrace::<core[a373ad73a504971]::result::Result<(), alloc[2e1b2a31b91974c5]::string::String>, fn() -> core[a373ad73a504971]::result::Result<(), alloc[2e1b2a31b91974c5]::string::String>>
[INFO] [stdout]   15:     0x63341f556025 - test[aada8e7e76ba119b]::run_test::{closure#0}
[INFO] [stdout]   16:     0x63341f54f914 - std[617be2ca0a6fd877]::sys::backtrace::__rust_begin_short_backtrace::<test[aada8e7e76ba119b]::run_test::{closure#1}, ()>
[INFO] [stdout]   17:     0x63341f5590b2 - <std[617be2ca0a6fd877]::thread::lifecycle::spawn_unchecked<test[aada8e7e76ba119b]::run_test::{closure#1}, ()>::{closure#1} as core[a373ad73a504971]::ops::function::FnOnce<()>>::call_once::{shim:vtable#0}
[INFO] [stdout]   18:     0x63341f5c061f - <std[617be2ca0a6fd877]::sys::thread::unix::Thread>::new::thread_start
[INFO] [stdout]   19:     0x7abc0f199dfa - <unknown>
[INFO] [stdout]   20:     0x7abc0f22d3d4 - clone
[INFO] [stdout]   21:                0x0 - <unknown>
[INFO] [stdout] 
[INFO] [stdout] ---- functional_tests_coreutils_cut_compatibility::test_04_3_complement_start_end_range stdout ----
[INFO] [stdout] cut: -d , -f 2-4 sample.csv --complement
[INFO] [stdout] sbcut: -d , -f 1:4 sample.csv --complement
[INFO] [stdout] 
[INFO] [stdout] thread 'functional_tests_coreutils_cut_compatibility::test_04_3_complement_start_end_range' (731) panicked at tests/coreutils_cut_compatibility.rs:384:9:
[INFO] [stdout] assertion `left == right` failed
[INFO] [stdout]   left: Ok(("Name,Email\nJohn Doe,john.doe@example.com\nJane Smith,jane.smith@example.com\nMichael Johnson,michael.johnson@example.com\nEmily Davis,emily.davis@example.com\nDavid Lee,david.lee@example.com\nSarah Wilson,sarah.wilson@example.com\nTom Brown,tom.brown@example.com\nOlivia Taylor,olivia.taylor@example.com\nDaniel Anderson,daniel.anderson@example.com\nsample\nSophia Martinez,sophia.martinez@example.com\n", "", 0))
[INFO] [stdout]  right: Err("Can't execute command")
[INFO] [stdout] stack backtrace:
[INFO] [stdout]    0:     0x63341f5c0dc1 - <<std[617be2ca0a6fd877]::sys::backtrace::BacktraceLock>::print::DisplayBacktrace as core[a373ad73a504971]::fmt::Display>::fmt
[INFO] [stdout]    1:     0x63341f5d4f9a - core[a373ad73a504971]::fmt::write
[INFO] [stdout]    2:     0x63341f5c4fdc - <alloc[2e1b2a31b91974c5]::vec::Vec<u8> as core[a373ad73a504971]::io::write::Write>::write_fmt
[INFO] [stdout]    3:     0x63341f59d126 - std[617be2ca0a6fd877]::panicking::default_hook::{closure#0}
[INFO] [stdout]    4:     0x63341f5b9459 - std[617be2ca0a6fd877]::panicking::default_hook
[INFO] [stdout]    5:     0x63341f555a00 - test[aada8e7e76ba119b]::test_main_inner::{closure#0}
[INFO] [stdout]    6:     0x63341f5b9612 - std[617be2ca0a6fd877]::panicking::panic_with_hook
[INFO] [stdout]    7:     0x63341f59d1d2 - std[617be2ca0a6fd877]::panicking::panic_handler::{closure#0}
[INFO] [stdout]    8:     0x63341f595ee9 - std[617be2ca0a6fd877]::sys::backtrace::__rust_end_short_backtrace::<std[617be2ca0a6fd877]::panicking::panic_handler::{closure#0}, !>
[INFO] [stdout]    9:     0x63341f59dddd - __rustc[ea4f61d10b84890b]::rust_begin_unwind
[INFO] [stdout]   10:     0x63341f5d56cc - core[a373ad73a504971]::panicking::panic_fmt
[INFO] [stdout]   11:     0x63341f5d55e3 - core[a373ad73a504971]::panicking::assert_failed_inner
[INFO] [stdout]   12:     0x63341f54824d - core[a373ad73a504971]::panicking::assert_failed::<core[a373ad73a504971]::result::Result<(alloc[2e1b2a31b91974c5]::string::String, alloc[2e1b2a31b91974c5]::string::String, i32), alloc[2e1b2a31b91974c5]::string::String>, core[a373ad73a504971]::result::Result<(alloc[2e1b2a31b91974c5]::string::String, alloc[2e1b2a31b91974c5]::string::String, i32), alloc[2e1b2a31b91974c5]::string::String>>
[INFO] [stdout]   13:     0x63341f544d83 - <coreutils_cut_compatibility[84b525b785aaea46]::functional_tests_coreutils_cut_compatibility::test_04_3_complement_start_end_range::{closure#0} as core[a373ad73a504971]::ops::function::FnOnce<()>>::call_once
[INFO] [stdout]   14:     0x63341f548e4b - test[aada8e7e76ba119b]::__rust_begin_short_backtrace::<core[a373ad73a504971]::result::Result<(), alloc[2e1b2a31b91974c5]::string::String>, fn() -> core[a373ad73a504971]::result::Result<(), alloc[2e1b2a31b91974c5]::string::String>>
[INFO] [stdout]   15:     0x63341f556025 - test[aada8e7e76ba119b]::run_test::{closure#0}
[INFO] [stdout]   16:     0x63341f54f914 - std[617be2ca0a6fd877]::sys::backtrace::__rust_begin_short_backtrace::<test[aada8e7e76ba119b]::run_test::{closure#1}, ()>
[INFO] [stdout]   17:     0x63341f5590b2 - <std[617be2ca0a6fd877]::thread::lifecycle::spawn_unchecked<test[aada8e7e76ba119b]::run_test::{closure#1}, ()>::{closure#1} as core[a373ad73a504971]::ops::function::FnOnce<()>>::call_once::{shim:vtable#0}
[INFO] [stdout]   18:     0x63341f5c061f - <std[617be2ca0a6fd877]::sys::thread::unix::Thread>::new::thread_start
[INFO] [stdout]   19:     0x7abc0f199dfa - <unknown>
[INFO] [stdout]   20:     0x7abc0f22d3d4 - clone
[INFO] [stdout]   21:                0x0 - <unknown>
[INFO] [stdout] 
[INFO] [stdout] ---- functional_tests_coreutils_cut_compatibility::test_05_only_delimited stdout ----
[INFO] [stdout] cut: -d , -f 2 sample.csv -s
[INFO] [stdout] sbcut: -d , -f 1 sample.csv -s
[INFO] [stdout] 
[INFO] [stdout] thread 'functional_tests_coreutils_cut_compatibility::test_05_only_delimited' (738) panicked at tests/coreutils_cut_compatibility.rs:477:9:
[INFO] [stdout] assertion `left == right` failed
[INFO] [stdout]   left: Ok(("Age\n35\n28\n42\n31\n27\n39\n25\n33\n29\n36\n", "", 0))
[INFO] [stdout]  right: Err("Can't execute command")
[INFO] [stdout] stack backtrace:
[INFO] [stdout]    0:     0x63341f5c0dc1 - <<std[617be2ca0a6fd877]::sys::backtrace::BacktraceLock>::print::DisplayBacktrace as core[a373ad73a504971]::fmt::Display>::fmt
[INFO] [stdout]    1:     0x63341f5d4f9a - core[a373ad73a504971]::fmt::write
[INFO] [stdout]    2:     0x63341f5c4fdc - <alloc[2e1b2a31b91974c5]::vec::Vec<u8> as core[a373ad73a504971]::io::write::Write>::write_fmt
[INFO] [stdout]    3:     0x63341f59d126 - std[617be2ca0a6fd877]::panicking::default_hook::{closure#0}
[INFO] [stdout]    4:     0x63341f5b9459 - std[617be2ca0a6fd877]::panicking::default_hook
[INFO] [stdout]    5:     0x63341f555a00 - test[aada8e7e76ba119b]::test_main_inner::{closure#0}
[INFO] [stdout]    6:     0x63341f5b9612 - std[617be2ca0a6fd877]::panicking::panic_with_hook
[INFO] [stdout]    7:     0x63341f59d1d2 - std[617be2ca0a6fd877]::panicking::panic_handler::{closure#0}
[INFO] [stdout]    8:     0x63341f595ee9 - std[617be2ca0a6fd877]::sys::backtrace::__rust_end_short_backtrace::<std[617be2ca0a6fd877]::panicking::panic_handler::{closure#0}, !>
[INFO] [stdout]    9:     0x63341f59dddd - __rustc[ea4f61d10b84890b]::rust_begin_unwind
[INFO] [stdout]   10:     0x63341f5d56cc - core[a373ad73a504971]::panicking::panic_fmt
[INFO] [stdout]   11:     0x63341f5d55e3 - core[a373ad73a504971]::panicking::assert_failed_inner
[INFO] [stdout]   12:     0x63341f54824d - core[a373ad73a504971]::panicking::assert_failed::<core[a373ad73a504971]::result::Result<(alloc[2e1b2a31b91974c5]::string::String, alloc[2e1b2a31b91974c5]::string::String, i32), alloc[2e1b2a31b91974c5]::string::String>, core[a373ad73a504971]::result::Result<(alloc[2e1b2a31b91974c5]::string::String, alloc[2e1b2a31b91974c5]::string::String, i32), alloc[2e1b2a31b91974c5]::string::String>>
[INFO] [stdout]   13:     0x63341f540ec3 - <coreutils_cut_compatibility[84b525b785aaea46]::functional_tests_coreutils_cut_compatibility::test_05_only_delimited::{closure#0} as core[a373ad73a504971]::ops::function::FnOnce<()>>::call_once
[INFO] [stdout]   14:     0x63341f548e4b - test[aada8e7e76ba119b]::__rust_begin_short_backtrace::<core[a373ad73a504971]::result::Result<(), alloc[2e1b2a31b91974c5]::string::String>, fn() -> core[a373ad73a504971]::result::Result<(), alloc[2e1b2a31b91974c5]::string::String>>
[INFO] [stdout]   15:     0x63341f556025 - test[aada8e7e76ba119b]::run_test::{closure#0}
[INFO] [stdout]   16:     0x63341f54f914 - std[617be2ca0a6fd877]::sys::backtrace::__rust_begin_short_backtrace::<test[aada8e7e76ba119b]::run_test::{closure#1}, ()>
[INFO] [stdout]   17:     0x63341f5590b2 - <std[617be2ca0a6fd877]::thread::lifecycle::spawn_unchecked<test[aada8e7e76ba119b]::run_test::{closure#1}, ()>::{closure#1} as core[a373ad73a504971]::ops::function::FnOnce<()>>::call_once::{shim:vtable#0}
[INFO] [stdout]   18:     0x63341f5c061f - <std[617be2ca0a6fd877]::sys::thread::unix::Thread>::new::thread_start
[INFO] [stdout]   19:     0x7abc0f199dfa - <unknown>
[INFO] [stdout]   20:     0x7abc0f22d3d4 - clone
[INFO] [stdout]   21:                0x0 - <unknown>
[INFO] [stdout] 
[INFO] [stdout] ---- functional_tests_coreutils_cut_compatibility::test_07_2_nul_terminated_start_range stdout ----
[INFO] [stdout] cut: -c 2- sample_zero_terminated.txt -z
[INFO] [stdout] sbcut: -c 1: sample_zero_terminated.txt -z
[INFO] [stdout] 
[INFO] [stdout] thread 'functional_tests_coreutils_cut_compatibility::test_07_2_nul_terminated_start_range' (756) panicked at tests/coreutils_cut_compatibility.rs:595:9:
[INFO] [stdout] assertion `left == right` failed
[INFO] [stdout]   left: Ok(("irst,second,third\nourth,fifth,sixth\nevent,eight,ninth\n", "", 0))
[INFO] [stdout]  right: Err("Can't execute command")
[INFO] [stdout] stack backtrace:
[INFO] [stdout]    0:     0x63341f5c0dc1 - <<std[617be2ca0a6fd877]::sys::backtrace::BacktraceLock>::print::DisplayBacktrace as core[a373ad73a504971]::fmt::Display>::fmt
[INFO] [stdout]    1:     0x63341f5d4f9a - core[a373ad73a504971]::fmt::write
[INFO] [stdout]    2:     0x63341f5c4fdc - <alloc[2e1b2a31b91974c5]::vec::Vec<u8> as core[a373ad73a504971]::io::write::Write>::write_fmt
[INFO] [stdout]    3:     0x63341f59d126 - std[617be2ca0a6fd877]::panicking::default_hook::{closure#0}
[INFO] [stdout]    4:     0x63341f5b9459 - std[617be2ca0a6fd877]::panicking::default_hook
[INFO] [stdout]    5:     0x63341f555a00 - test[aada8e7e76ba119b]::test_main_inner::{closure#0}
[INFO] [stdout]    6:     0x63341f5b9612 - std[617be2ca0a6fd877]::panicking::panic_with_hook
[INFO] [stdout]    7:     0x63341f59d1d2 - std[617be2ca0a6fd877]::panicking::panic_handler::{closure#0}
[INFO] [stdout]    8:     0x63341f595ee9 - std[617be2ca0a6fd877]::sys::backtrace::__rust_end_short_backtrace::<std[617be2ca0a6fd877]::panicking::panic_handler::{closure#0}, !>
[INFO] [stdout]    9:     0x63341f59dddd - __rustc[ea4f61d10b84890b]::rust_begin_unwind
[INFO] [stdout]   10:     0x63341f5d56cc - core[a373ad73a504971]::panicking::panic_fmt
[INFO] [stdout]   11:     0x63341f5d55e3 - core[a373ad73a504971]::panicking::assert_failed_inner
[INFO] [stdout]   12:     0x63341f54824d - core[a373ad73a504971]::panicking::assert_failed::<core[a373ad73a504971]::result::Result<(alloc[2e1b2a31b91974c5]::string::String, alloc[2e1b2a31b91974c5]::string::String, i32), alloc[2e1b2a31b91974c5]::string::String>, core[a373ad73a504971]::result::Result<(alloc[2e1b2a31b91974c5]::string::String, alloc[2e1b2a31b91974c5]::string::String, i32), alloc[2e1b2a31b91974c5]::string::String>>
[INFO] [stdout]   13:     0x63341f545468 - <coreutils_cut_compatibility[84b525b785aaea46]::functional_tests_coreutils_cut_compatibility::test_07_2_nul_terminated_start_range::{closure#0} as core[a373ad73a504971]::ops::function::FnOnce<()>>::call_once
[INFO] [stdout]   14:     0x63341f548e4b - test[aada8e7e76ba119b]::__rust_begin_short_backtrace::<core[a373ad73a504971]::result::Result<(), alloc[2e1b2a31b91974c5]::string::String>, fn() -> core[a373ad73a504971]::result::Result<(), alloc[2e1b2a31b91974c5]::string::String>>
[INFO] [stdout]   15:     0x63341f556025 - test[aada8e7e76ba119b]::run_test::{closure#0}
[INFO] [stdout]   16:     0x63341f54f914 - std[617be2ca0a6fd877]::sys::backtrace::__rust_begin_short_backtrace::<test[aada8e7e76ba119b]::run_test::{closure#1}, ()>
[INFO] [stdout]   17:     0x63341f5590b2 - <std[617be2ca0a6fd877]::thread::lifecycle::spawn_unchecked<test[aada8e7e76ba119b]::run_test::{closure#1}, ()>::{closure#1} as core[a373ad73a504971]::ops::function::FnOnce<()>>::call_once::{shim:vtable#0}
[INFO] [stdout]   18:     0x63341f5c061f - <std[617be2ca0a6fd877]::sys::thread::unix::Thread>::new::thread_start
[INFO] [stdout]   19:     0x7abc0f199dfa - <unknown>
[INFO] [stdout]   20:     0x7abc0f22d3d4 - clone
[INFO] [stdout]   21:                0x0 - <unknown>
[INFO] [stdout] 
[INFO] [stdout] ---- functional_tests_coreutils_cut_compatibility::test_07_6_nul_terminated_single_single_start_range stdout ----
[INFO] [stdout] cut: -c 1,2,4- sample_zero_terminated.txt -z
[INFO] [stdout] sbcut: -c 0,1,3: sample_zero_terminated.txt -z
[INFO] [stdout] 
[INFO] [stdout] thread 'functional_tests_coreutils_cut_compatibility::test_07_6_nul_terminated_single_single_start_range' (764) panicked at tests/coreutils_cut_compatibility.rs:676:9:
[INFO] [stdout] assertion `left == right` failed
[INFO] [stdout]   left: Ok(("fist,second,third\nforth,fifth,sixth\nseent,eight,ninth\n", "", 0))
[INFO] [stdout]  right: Err("Can't execute command")
[INFO] [stdout] stack backtrace:
[INFO] [stdout]    0:     0x63341f5c0dc1 - <<std[617be2ca0a6fd877]::sys::backtrace::BacktraceLock>::print::DisplayBacktrace as core[a373ad73a504971]::fmt::Display>::fmt
[INFO] [stdout]    1:     0x63341f5d4f9a - core[a373ad73a504971]::fmt::write
[INFO] [stdout]    2:     0x63341f5c4fdc - <alloc[2e1b2a31b91974c5]::vec::Vec<u8> as core[a373ad73a504971]::io::write::Write>::write_fmt
[INFO] [stdout]    3:     0x63341f59d126 - std[617be2ca0a6fd877]::panicking::default_hook::{closure#0}
[INFO] [stdout]    4:     0x63341f5b9459 - std[617be2ca0a6fd877]::panicking::default_hook
[INFO] [stdout]    5:     0x63341f555a00 - test[aada8e7e76ba119b]::test_main_inner::{closure#0}
[INFO] [stdout]    6:     0x63341f5b9612 - std[617be2ca0a6fd877]::panicking::panic_with_hook
[INFO] [stdout]    7:     0x63341f59d1d2 - std[617be2ca0a6fd877]::panicking::panic_handler::{closure#0}
[INFO] [stdout]    8:     0x63341f595ee9 - std[617be2ca0a6fd877]::sys::backtrace::__rust_end_short_backtrace::<std[617be2ca0a6fd877]::panicking::panic_handler::{closure#0}, !>
[INFO] [stdout]    9:     0x63341f59dddd - __rustc[ea4f61d10b84890b]::rust_begin_unwind
[INFO] [stdout]   10:     0x63341f5d56cc - core[a373ad73a504971]::panicking::panic_fmt
[INFO] [stdout]   11:     0x63341f5d55e3 - core[a373ad73a504971]::panicking::assert_failed_inner
[INFO] [stdout]   12:     0x63341f54824d - core[a373ad73a504971]::panicking::assert_failed::<core[a373ad73a504971]::result::Result<(alloc[2e1b2a31b91974c5]::string::String, alloc[2e1b2a31b91974c5]::string::String, i32), alloc[2e1b2a31b91974c5]::string::String>, core[a373ad73a504971]::result::Result<(alloc[2e1b2a31b91974c5]::string::String, alloc[2e1b2a31b91974c5]::string::String, i32), alloc[2e1b2a31b91974c5]::string::String>>
[INFO] [stdout]   13:     0x63341f547c78 - <coreutils_cut_compatibility[84b525b785aaea46]::functional_tests_coreutils_cut_compatibility::test_07_6_nul_terminated_single_single_start_range::{closure#0} as core[a373ad73a504971]::ops::function::FnOnce<()>>::call_once
[INFO] [stdout]   14:     0x63341f548e4b - test[aada8e7e76ba119b]::__rust_begin_short_backtrace::<core[a373ad73a504971]::result::Result<(), alloc[2e1b2a31b91974c5]::string::String>, fn() -> core[a373ad73a504971]::result::Result<(), alloc[2e1b2a31b91974c5]::string::String>>
[INFO] [stdout]   15:     0x63341f556025 - test[aada8e7e76ba119b]::run_test::{closure#0}
[INFO] [stdout]   16:     0x63341f54f914 - std[617be2ca0a6fd877]::sys::backtrace::__rust_begin_short_backtrace::<test[aada8e7e76ba119b]::run_test::{closure#1}, ()>
[INFO] [stdout]   17:     0x63341f5590b2 - <std[617be2ca0a6fd877]::thread::lifecycle::spawn_unchecked<test[aada8e7e76ba119b]::run_test::{closure#1}, ()>::{closure#1} as core[a373ad73a504971]::ops::function::FnOnce<()>>::call_once::{shim:vtable#0}
[INFO] [stdout]   18:     0x63341f5c061f - <std[617be2ca0a6fd877]::sys::thread::unix::Thread>::new::thread_start
[INFO] [stdout]   19:     0x7abc0f199dfa - <unknown>
[INFO] [stdout]   20:     0x7abc0f22d3d4 - clone
[INFO] [stdout]   21:                0x0 - <unknown>
[INFO] [stdout] 
[INFO] [stdout] ---- functional_tests_coreutils_cut_compatibility::test_03_2_fields_start_range stdout ----
[INFO] [stdout] cut: -d , -f 2- sample.csv
[INFO] [stdout] sbcut: -d , -f 1: sample.csv
[INFO] [stdout] 
[INFO] [stdout] thread 'functional_tests_coreutils_cut_compatibility::test_03_2_fields_start_range' (700) panicked at tests/coreutils_cut_compatibility.rs:238:9:
[INFO] [stdout] assertion `left == right` failed
[INFO] [stdout]   left: Ok(("Age,Salary,City,Email\n35,75000,New York,john.doe@example.com\n28,60000,Los Angeles,jane.smith@example.com\n42,90000,Chicago,michael.johnson@example.com\n31,55000,Houston,emily.davis@example.com\n27,65000,Phoenix,david.lee@example.com\n39,80000,Philadelphia,sarah.wilson@example.com\n25,50000,San Diego,tom.brown@example.com\n33,72000,Seattle,olivia.taylor@example.com\n29,62000,Denver,daniel.anderson@example.com\nsample\n36,85000,Miami,sophia.martinez@example.com\n", "", 0))
[INFO] [stdout]  right: Err("Can't execute command")
[INFO] [stdout] stack backtrace:
[INFO] [stdout]    0:     0x63341f5c0dc1 - <<std[617be2ca0a6fd877]::sys::backtrace::BacktraceLock>::print::DisplayBacktrace as core[a373ad73a504971]::fmt::Display>::fmt
[INFO] [stdout]    1:     0x63341f5d4f9a - core[a373ad73a504971]::fmt::write
[INFO] [stdout]    2:     0x63341f5c4fdc - <alloc[2e1b2a31b91974c5]::vec::Vec<u8> as core[a373ad73a504971]::io::write::Write>::write_fmt
[INFO] [stdout]    3:     0x63341f59d126 - std[617be2ca0a6fd877]::panicking::default_hook::{closure#0}
[INFO] [stdout]    4:     0x63341f5b9459 - std[617be2ca0a6fd877]::panicking::default_hook
[INFO] [stdout]    5:     0x63341f555a00 - test[aada8e7e76ba119b]::test_main_inner::{closure#0}
[INFO] [stdout]    6:     0x63341f5b9612 - std[617be2ca0a6fd877]::panicking::panic_with_hook
[INFO] [stdout]    7:     0x63341f59d1d2 - std[617be2ca0a6fd877]::panicking::panic_handler::{closure#0}
[INFO] [stdout]    8:     0x63341f595ee9 - std[617be2ca0a6fd877]::sys::backtrace::__rust_end_short_backtrace::<std[617be2ca0a6fd877]::panicking::panic_handler::{closure#0}, !>
[INFO] [stdout]    9:     0x63341f59dddd - __rustc[ea4f61d10b84890b]::rust_begin_unwind
[INFO] [stdout]   10:     0x63341f5d56cc - core[a373ad73a504971]::panicking::panic_fmt
[INFO] [stdout]   11:     0x63341f5d55e3 - core[a373ad73a504971]::panicking::assert_failed_inner
[INFO] [stdout]   12:     0x63341f54824d - core[a373ad73a504971]::panicking::assert_failed::<core[a373ad73a504971]::result::Result<(alloc[2e1b2a31b91974c5]::string::String, alloc[2e1b2a31b91974c5]::string::String, i32), alloc[2e1b2a31b91974c5]::string::String>, core[a373ad73a504971]::result::Result<(alloc[2e1b2a31b91974c5]::string::String, alloc[2e1b2a31b91974c5]::string::String, i32), alloc[2e1b2a31b91974c5]::string::String>>
[INFO] [stdout]   13:     0x63341f541f05 - <coreutils_cut_compatibility[84b525b785aaea46]::functional_tests_coreutils_cut_compatibility::test_03_2_fields_start_range::{closure#0} as core[a373ad73a504971]::ops::function::FnOnce<()>>::call_once
[INFO] [stdout]   14:     0x63341f548e4b - test[aada8e7e76ba119b]::__rust_begin_short_backtrace::<core[a373ad73a504971]::result::Result<(), alloc[2e1b2a31b91974c5]::string::String>, fn() -> core[a373ad73a504971]::result::Result<(), alloc[2e1b2a31b91974c5]::string::String>>
[INFO] [stdout]   15:     0x63341f556025 - test[aada8e7e76ba119b]::run_test::{closure#0}
[INFO] [stdout]   16:     0x63341f54f914 - std[617be2ca0a6fd877]::sys::backtrace::__rust_begin_short_backtrace::<test[aada8e7e76ba119b]::run_test::{closure#1}, ()>
[INFO] [stdout]   17:     0x63341f5590b2 - <std[617be2ca0a6fd877]::thread::lifecycle::spawn_unchecked<test[aada8e7e76ba119b]::run_test::{closure#1}, ()>::{closure#1} as core[a373ad73a504971]::ops::function::FnOnce<()>>::call_once::{shim:vtable#0}
[INFO] [stdout]   18:     0x63341f5c061f - <std[617be2ca0a6fd877]::sys::thread::unix::Thread>::new::thread_start
[INFO] [stdout]   19:     0x7abc0f199dfa - <unknown>
[INFO] [stdout]   20:     0x7abc0f22d3d4 - clone
[INFO] [stdout]   21:                0x0 - <unknown>
[INFO] [stdout] 
[INFO] [stdout] ---- functional_tests_coreutils_cut_compatibility::test_07_5_nul_terminated_single_start_range stdout ----
[INFO] [stdout] cut: -c 2,3- sample_zero_terminated.txt -z
[INFO] [stdout] sbcut: -c 1,2: sample_zero_terminated.txt -z
[INFO] [stdout] 
[INFO] [stdout] thread 'functional_tests_coreutils_cut_compatibility::test_07_5_nul_terminated_single_start_range' (762) panicked at tests/coreutils_cut_compatibility.rs:652:9:
[INFO] [stdout] assertion `left == right` failed
[INFO] [stdout]   left: Ok(("irst,second,third\nourth,fifth,sixth\nevent,eight,ninth\n", "", 0))
[INFO] [stdout]  right: Err("Can't execute command")
[INFO] [stdout] stack backtrace:
[INFO] [stdout]    0:     0x63341f5c0dc1 - <<std[617be2ca0a6fd877]::sys::backtrace::BacktraceLock>::print::DisplayBacktrace as core[a373ad73a504971]::fmt::Display>::fmt
[INFO] [stdout]    1:     0x63341f5d4f9a - core[a373ad73a504971]::fmt::write
[INFO] [stdout]    2:     0x63341f5c4fdc - <alloc[2e1b2a31b91974c5]::vec::Vec<u8> as core[a373ad73a504971]::io::write::Write>::write_fmt
[INFO] [stdout]    3:     0x63341f59d126 - std[617be2ca0a6fd877]::panicking::default_hook::{closure#0}
[INFO] [stdout]    4:     0x63341f5b9459 - std[617be2ca0a6fd877]::panicking::default_hook
[INFO] [stdout]    5:     0x63341f555a00 - test[aada8e7e76ba119b]::test_main_inner::{closure#0}
[INFO] [stdout]    6:     0x63341f5b9612 - std[617be2ca0a6fd877]::panicking::panic_with_hook
[INFO] [stdout]    7:     0x63341f59d1d2 - std[617be2ca0a6fd877]::panicking::panic_handler::{closure#0}
[INFO] [stdout]    8:     0x63341f595ee9 - std[617be2ca0a6fd877]::sys::backtrace::__rust_end_short_backtrace::<std[617be2ca0a6fd877]::panicking::panic_handler::{closure#0}, !>
[INFO] [stdout]    9:     0x63341f59dddd - __rustc[ea4f61d10b84890b]::rust_begin_unwind
[INFO] [stdout]   10:     0x63341f5d56cc - core[a373ad73a504971]::panicking::panic_fmt
[INFO] [stdout]   11:     0x63341f5d55e3 - core[a373ad73a504971]::panicking::assert_failed_inner
[INFO] [stdout]   12:     0x63341f54824d - core[a373ad73a504971]::panicking::assert_failed::<core[a373ad73a504971]::result::Result<(alloc[2e1b2a31b91974c5]::string::String, alloc[2e1b2a31b91974c5]::string::String, i32), alloc[2e1b2a31b91974c5]::string::String>, core[a373ad73a504971]::result::Result<(alloc[2e1b2a31b91974c5]::string::String, alloc[2e1b2a31b91974c5]::string::String, i32), alloc[2e1b2a31b91974c5]::string::String>>
[INFO] [stdout]   13:     0x63341f546ee8 - <coreutils_cut_compatibility[84b525b785aaea46]::functional_tests_coreutils_cut_compatibility::test_07_5_nul_terminated_single_start_range::{closure#0} as core[a373ad73a504971]::ops::function::FnOnce<()>>::call_once
[INFO] [stdout]   14:     0x63341f548e4b - test[aada8e7e76ba119b]::__rust_begin_short_backtrace::<core[a373ad73a504971]::result::Result<(), alloc[2e1b2a31b91974c5]::string::String>, fn() -> core[a373ad73a504971]::result::Result<(), alloc[2e1b2a31b91974c5]::string::String>>
[INFO] [stdout]   15:     0x63341f556025 - test[aada8e7e76ba119b]::run_test::{closure#0}
[INFO] [stdout]   16:     0x63341f54f914 - std[617be2ca0a6fd877]::sys::backtrace::__rust_begin_short_backtrace::<test[aada8e7e76ba119b]::run_test::{closure#1}, ()>
[INFO] [stdout]   17:     0x63341f5590b2 - <std[617be2ca0a6fd877]::thread::lifecycle::spawn_unchecked<test[aada8e7e76ba119b]::run_test::{closure#1}, ()>::{closure#1} as core[a373ad73a504971]::ops::function::FnOnce<()>>::call_once::{shim:vtable#0}
[INFO] [stdout]   18:     0x63341f5c061f - <std[617be2ca0a6fd877]::sys::thread::unix::Thread>::new::thread_start
[INFO] [stdout]   19:     0x7abc0f199dfa - <unknown>
[INFO] [stdout]   20:     0x7abc0f22d3d4 - clone
[INFO] [stdout]   21:                0x0 - <unknown>
[INFO] [stdout] 
[INFO] [stdout] ---- functional_tests_coreutils_cut_compatibility::test_07_1_nul_terminated_single_range stdout ----
[INFO] [stdout] cut: -c 2 sample_zero_terminated.txt -z
[INFO] [stdout] sbcut: -c 1 sample_zero_terminated.txt -z
[INFO] [stdout] 
[INFO] [stdout] thread 'functional_tests_coreutils_cut_compatibility::test_07_1_nul_terminated_single_range' (751) panicked at tests/coreutils_cut_compatibility.rs:581:9:
[INFO] [stdout] assertion `left == right` failed
[INFO] [stdout]   left: Ok(("i\no\ne\n", "", 0))
[INFO] [stdout]  right: Err("Can't execute command")
[INFO] [stdout] stack backtrace:
[INFO] [stdout]    0:     0x63341f5c0dc1 - <<std[617be2ca0a6fd877]::sys::backtrace::BacktraceLock>::print::DisplayBacktrace as core[a373ad73a504971]::fmt::Display>::fmt
[INFO] [stdout]    1:     0x63341f5d4f9a - core[a373ad73a504971]::fmt::write
[INFO] [stdout]    2:     0x63341f5c4fdc - <alloc[2e1b2a31b91974c5]::vec::Vec<u8> as core[a373ad73a504971]::io::write::Write>::write_fmt
[INFO] [stdout]    3:     0x63341f59d126 - std[617be2ca0a6fd877]::panicking::default_hook::{closure#0}
[INFO] [stdout]    4:     0x63341f5b9459 - std[617be2ca0a6fd877]::panicking::default_hook
[INFO] [stdout]    5:     0x63341f555a00 - test[aada8e7e76ba119b]::test_main_inner::{closure#0}
[INFO] [stdout]    6:     0x63341f5b9612 - std[617be2ca0a6fd877]::panicking::panic_with_hook
[INFO] [stdout]    7:     0x63341f59d1d2 - std[617be2ca0a6fd877]::panicking::panic_handler::{closure#0}
[INFO] [stdout]    8:     0x63341f595ee9 - std[617be2ca0a6fd877]::sys::backtrace::__rust_end_short_backtrace::<std[617be2ca0a6fd877]::panicking::panic_handler::{closure#0}, !>
[INFO] [stdout]    9:     0x63341f59dddd - __rustc[ea4f61d10b84890b]::rust_begin_unwind
[INFO] [stdout]   10:     0x63341f5d56cc - core[a373ad73a504971]::panicking::panic_fmt
[INFO] [stdout]   11:     0x63341f5d55e3 - core[a373ad73a504971]::panicking::assert_failed_inner
[INFO] [stdout]   12:     0x63341f54824d - core[a373ad73a504971]::panicking::assert_failed::<core[a373ad73a504971]::result::Result<(alloc[2e1b2a31b91974c5]::string::String, alloc[2e1b2a31b91974c5]::string::String, i32), alloc[2e1b2a31b91974c5]::string::String>, core[a373ad73a504971]::result::Result<(alloc[2e1b2a31b91974c5]::string::String, alloc[2e1b2a31b91974c5]::string::String, i32), alloc[2e1b2a31b91974c5]::string::String>>
[INFO] [stdout]   13:     0x63341f545798 - <coreutils_cut_compatibility[84b525b785aaea46]::functional_tests_coreutils_cut_compatibility::test_07_1_nul_terminated_single_range::{closure#0} as core[a373ad73a504971]::ops::function::FnOnce<()>>::call_once
[INFO] [stdout]   14:     0x63341f548e4b - test[aada8e7e76ba119b]::__rust_begin_short_backtrace::<core[a373ad73a504971]::result::Result<(), alloc[2e1b2a31b91974c5]::string::String>, fn() -> core[a373ad73a504971]::result::Result<(), alloc[2e1b2a31b91974c5]::string::String>>
[INFO] [stdout]   15:     0x63341f556025 - test[aada8e7e76ba119b]::run_test::{closure#0}
[INFO] [stdout]   16:     0x63341f54f914 - std[617be2ca0a6fd877]::sys::backtrace::__rust_begin_short_backtrace::<test[aada8e7e76ba119b]::run_test::{closure#1}, ()>
[INFO] [stdout]   17:     0x63341f5590b2 - <std[617be2ca0a6fd877]::thread::lifecycle::spawn_unchecked<test[aada8e7e76ba119b]::run_test::{closure#1}, ()>::{closure#1} as core[a373ad73a504971]::ops::function::FnOnce<()>>::call_once::{shim:vtable#0}
[INFO] [stdout]   18:     0x63341f5c061f - <std[617be2ca0a6fd877]::sys::thread::unix::Thread>::new::thread_start
[INFO] [stdout]   19:     0x7abc0f199dfa - <unknown>
[INFO] [stdout]   20:     0x7abc0f22d3d4 - clone
[INFO] [stdout]   21:                0x0 - <unknown>
[INFO] [stdout] 
[INFO] [stdout] ---- functional_tests_coreutils_cut_compatibility::test_07_4_nul_terminated_end_range stdout ----
[INFO] [stdout] cut: -c -4 sample_zero_terminated.txt -z
[INFO] [stdout] sbcut: -c :4 sample_zero_terminated.txt -z
[INFO] [stdout] 
[INFO] [stdout] thread 'functional_tests_coreutils_cut_compatibility::test_07_4_nul_terminated_end_range' (760) panicked at tests/coreutils_cut_compatibility.rs:628:9:
[INFO] [stdout] assertion `left == right` failed
[INFO] [stdout]   left: Ok(("firs\nfour\nseve\n", "", 0))
[INFO] [stdout]  right: Err("Can't execute command")
[INFO] [stdout] stack backtrace:
[INFO] [stdout]    0:     0x63341f5c0dc1 - <<std[617be2ca0a6fd877]::sys::backtrace::BacktraceLock>::print::DisplayBacktrace as core[a373ad73a504971]::fmt::Display>::fmt
[INFO] [stdout]    1:     0x63341f5d4f9a - core[a373ad73a504971]::fmt::write
[INFO] [stdout]    2:     0x63341f5c4fdc - <alloc[2e1b2a31b91974c5]::vec::Vec<u8> as core[a373ad73a504971]::io::write::Write>::write_fmt
[INFO] [stdout]    3:     0x63341f59d126 - std[617be2ca0a6fd877]::panicking::default_hook::{closure#0}
[INFO] [stdout]    4:     0x63341f5b9459 - std[617be2ca0a6fd877]::panicking::default_hook
[INFO] [stdout]    5:     0x63341f555a00 - test[aada8e7e76ba119b]::test_main_inner::{closure#0}
[INFO] [stdout]    6:     0x63341f5b9612 - std[617be2ca0a6fd877]::panicking::panic_with_hook
[INFO] [stdout]    7:     0x63341f59d1d2 - std[617be2ca0a6fd877]::panicking::panic_handler::{closure#0}
[INFO] [stdout]    8:     0x63341f595ee9 - std[617be2ca0a6fd877]::sys::backtrace::__rust_end_short_backtrace::<std[617be2ca0a6fd877]::panicking::panic_handler::{closure#0}, !>
[INFO] [stdout]    9:     0x63341f59dddd - __rustc[ea4f61d10b84890b]::rust_begin_unwind
[INFO] [stdout]   10:     0x63341f5d56cc - core[a373ad73a504971]::panicking::panic_fmt
[INFO] [stdout]   11:     0x63341f5d55e3 - core[a373ad73a504971]::panicking::assert_failed_inner
[INFO] [stdout]   12:     0x63341f54824d - core[a373ad73a504971]::panicking::assert_failed::<core[a373ad73a504971]::result::Result<(alloc[2e1b2a31b91974c5]::string::String, alloc[2e1b2a31b91974c5]::string::String, i32), alloc[2e1b2a31b91974c5]::string::String>, core[a373ad73a504971]::result::Result<(alloc[2e1b2a31b91974c5]::string::String, alloc[2e1b2a31b91974c5]::string::String, i32), alloc[2e1b2a31b91974c5]::string::String>>
[INFO] [stdout]   13:     0x63341f544368 - <coreutils_cut_compatibility[84b525b785aaea46]::functional_tests_coreutils_cut_compatibility::test_07_4_nul_terminated_end_range::{closure#0} as core[a373ad73a504971]::ops::function::FnOnce<()>>::call_once
[INFO] [stdout]   14:     0x63341f548e4b - test[aada8e7e76ba119b]::__rust_begin_short_backtrace::<core[a373ad73a504971]::result::Result<(), alloc[2e1b2a31b91974c5]::string::String>, fn() -> core[a373ad73a504971]::result::Result<(), alloc[2e1b2a31b91974c5]::string::String>>
[INFO] [stdout]   15:     0x63341f556025 - test[aada8e7e76ba119b]::run_test::{closure#0}
[INFO] [stdout]   16:     0x63341f54f914 - std[617be2ca0a6fd877]::sys::backtrace::__rust_begin_short_backtrace::<test[aada8e7e76ba119b]::run_test::{closure#1}, ()>
[INFO] [stdout]   17:     0x63341f5590b2 - <std[617be2ca0a6fd877]::thread::lifecycle::spawn_unchecked<test[aada8e7e76ba119b]::run_test::{closure#1}, ()>::{closure#1} as core[a373ad73a504971]::ops::function::FnOnce<()>>::call_once::{shim:vtable#0}
[INFO] [stdout]   18:     0x63341f5c061f - <std[617be2ca0a6fd877]::sys::thread::unix::Thread>::new::thread_start
[INFO] [stdout]   19:     0x7abc0f199dfa - <unknown>
[INFO] [stdout]   20:     0x7abc0f22d3d4 - clone
[INFO] [stdout]   21:                0x0 - <unknown>
[INFO] [stdout] 
[INFO] [stdout] ---- functional_tests_coreutils_cut_compatibility::test_04_4_complement_end_range stdout ----
[INFO] [stdout] cut: -d , -f -4 sample.csv --complement
[INFO] [stdout] sbcut: -d , -f :4 sample.csv --complement
[INFO] [stdout] 
[INFO] [stdout] thread 'functional_tests_coreutils_cut_compatibility::test_04_4_complement_end_range' (735) panicked at tests/coreutils_cut_compatibility.rs:405:9:
[INFO] [stdout] assertion `left == right` failed
[INFO] [stdout]   left: Ok(("Email\njohn.doe@example.com\njane.smith@example.com\nmichael.johnson@example.com\nemily.davis@example.com\ndavid.lee@example.com\nsarah.wilson@example.com\ntom.brown@example.com\nolivia.taylor@example.com\ndaniel.anderson@example.com\nsample\nsophia.martinez@example.com\n", "", 0))
[INFO] [stdout]  right: Err("Can't execute command")
[INFO] [stdout] stack backtrace:
[INFO] [stdout]    0:     0x63341f5c0dc1 - <<std[617be2ca0a6fd877]::sys::backtrace::BacktraceLock>::print::DisplayBacktrace as core[a373ad73a504971]::fmt::Display>::fmt
[INFO] [stdout]    1:     0x63341f5d4f9a - core[a373ad73a504971]::fmt::write
[INFO] [stdout]    2:     0x63341f5c4fdc - <alloc[2e1b2a31b91974c5]::vec::Vec<u8> as core[a373ad73a504971]::io::write::Write>::write_fmt
[INFO] [stdout]    3:     0x63341f59d126 - std[617be2ca0a6fd877]::panicking::default_hook::{closure#0}
[INFO] [stdout]    4:     0x63341f5b9459 - std[617be2ca0a6fd877]::panicking::default_hook
[INFO] [stdout]    5:     0x63341f555a00 - test[aada8e7e76ba119b]::test_main_inner::{closure#0}
[INFO] [stdout]    6:     0x63341f5b9612 - std[617be2ca0a6fd877]::panicking::panic_with_hook
[INFO] [stdout]    7:     0x63341f59d1d2 - std[617be2ca0a6fd877]::panicking::panic_handler::{closure#0}
[INFO] [stdout]    8:     0x63341f595ee9 - std[617be2ca0a6fd877]::sys::backtrace::__rust_end_short_backtrace::<std[617be2ca0a6fd877]::panicking::panic_handler::{closure#0}, !>
[INFO] [stdout]    9:     0x63341f59dddd - __rustc[ea4f61d10b84890b]::rust_begin_unwind
[INFO] [stdout]   10:     0x63341f5d56cc - core[a373ad73a504971]::panicking::panic_fmt
[INFO] [stdout]   11:     0x63341f5d55e3 - core[a373ad73a504971]::panicking::assert_failed_inner
[INFO] [stdout]   12:     0x63341f54824d - core[a373ad73a504971]::panicking::assert_failed::<core[a373ad73a504971]::result::Result<(alloc[2e1b2a31b91974c5]::string::String, alloc[2e1b2a31b91974c5]::string::String, i32), alloc[2e1b2a31b91974c5]::string::String>, core[a373ad73a504971]::result::Result<(alloc[2e1b2a31b91974c5]::string::String, alloc[2e1b2a31b91974c5]::string::String, i32), alloc[2e1b2a31b91974c5]::string::String>>
[INFO] [stdout]   13:     0x63341f542923 - <coreutils_cut_compatibility[84b525b785aaea46]::functional_tests_coreutils_cut_compatibility::test_04_4_complement_end_range::{closure#0} as core[a373ad73a504971]::ops::function::FnOnce<()>>::call_once
[INFO] [stdout]   14:     0x63341f548e4b - test[aada8e7e76ba119b]::__rust_begin_short_backtrace::<core[a373ad73a504971]::result::Result<(), alloc[2e1b2a31b91974c5]::string::String>, fn() -> core[a373ad73a504971]::result::Result<(), alloc[2e1b2a31b91974c5]::string::String>>
[INFO] [stdout]   15:     0x63341f556025 - test[aada8e7e76ba119b]::run_test::{closure#0}
[INFO] [stdout]   16:     0x63341f54f914 - std[617be2ca0a6fd877]::sys::backtrace::__rust_begin_short_backtrace::<test[aada8e7e76ba119b]::run_test::{closure#1}, ()>
[INFO] [stdout]   17:     0x63341f5590b2 - <std[617be2ca0a6fd877]::thread::lifecycle::spawn_unchecked<test[aada8e7e76ba119b]::run_test::{closure#1}, ()>::{closure#1} as core[a373ad73a504971]::ops::function::FnOnce<()>>::call_once::{shim:vtable#0}
[INFO] [stdout]   18:     0x63341f5c061f - <std[617be2ca0a6fd877]::sys::thread::unix::Thread>::new::thread_start
[INFO] [stdout]   19:     0x7abc0f199dfa - <unknown>
[INFO] [stdout]   20:     0x7abc0f22d3d4 - clone
[INFO] [stdout]   21:                0x0 - <unknown>
[INFO] [stdout] 
[INFO] [stdout] ---- functional_tests_coreutils_cut_compatibility::test_07_3_nul_terminated_start_end_range stdout ----
[INFO] [stdout] cut: -c 2-4 sample_zero_terminated.txt -z
[INFO] [stdout] sbcut: -c 1:4 sample_zero_terminated.txt -z
[INFO] [stdout] 
[INFO] [stdout] thread 'functional_tests_coreutils_cut_compatibility::test_07_3_nul_terminated_start_end_range' (759) panicked at tests/coreutils_cut_compatibility.rs:614:9:
[INFO] [stdout] assertion `left == right` failed
[INFO] [stdout]   left: Ok(("irs\nour\neve\n", "", 0))
[INFO] [stdout]  right: Err("Can't execute command")
[INFO] [stdout] stack backtrace:
[INFO] [stdout]    0:     0x63341f5c0dc1 - <<std[617be2ca0a6fd877]::sys::backtrace::BacktraceLock>::print::DisplayBacktrace as core[a373ad73a504971]::fmt::Display>::fmt
[INFO] [stdout]    1:     0x63341f5d4f9a - core[a373ad73a504971]::fmt::write
[INFO] [stdout]    2:     0x63341f5c4fdc - <alloc[2e1b2a31b91974c5]::vec::Vec<u8> as core[a373ad73a504971]::io::write::Write>::write_fmt
[INFO] [stdout]    3:     0x63341f59d126 - std[617be2ca0a6fd877]::panicking::default_hook::{closure#0}
[INFO] [stdout]    4:     0x63341f5b9459 - std[617be2ca0a6fd877]::panicking::default_hook
[INFO] [stdout]    5:     0x63341f555a00 - test[aada8e7e76ba119b]::test_main_inner::{closure#0}
[INFO] [stdout]    6:     0x63341f5b9612 - std[617be2ca0a6fd877]::panicking::panic_with_hook
[INFO] [stdout]    7:     0x63341f59d1d2 - std[617be2ca0a6fd877]::panicking::panic_handler::{closure#0}
[INFO] [stdout]    8:     0x63341f595ee9 - std[617be2ca0a6fd877]::sys::backtrace::__rust_end_short_backtrace::<std[617be2ca0a6fd877]::panicking::panic_handler::{closure#0}, !>
[INFO] [stdout]    9:     0x63341f59dddd - __rustc[ea4f61d10b84890b]::rust_begin_unwind
[INFO] [stdout]   10:     0x63341f5d56cc - core[a373ad73a504971]::panicking::panic_fmt
[INFO] [stdout]   11:     0x63341f5d55e3 - core[a373ad73a504971]::panicking::assert_failed_inner
[INFO] [stdout]   12:     0x63341f54824d - core[a373ad73a504971]::panicking::assert_failed::<core[a373ad73a504971]::result::Result<(alloc[2e1b2a31b91974c5]::string::String, alloc[2e1b2a31b91974c5]::string::String, i32), alloc[2e1b2a31b91974c5]::string::String>, core[a373ad73a504971]::result::Result<(alloc[2e1b2a31b91974c5]::string::String, alloc[2e1b2a31b91974c5]::string::String, i32), alloc[2e1b2a31b91974c5]::string::String>>
[INFO] [stdout]   13:     0x63341f546528 - <coreutils_cut_compatibility[84b525b785aaea46]::functional_tests_coreutils_cut_compatibility::test_07_3_nul_terminated_start_end_range::{closure#0} as core[a373ad73a504971]::ops::function::FnOnce<()>>::call_once
[INFO] [stdout]   14:     0x63341f548e4b - test[aada8e7e76ba119b]::__rust_begin_short_backtrace::<core[a373ad73a504971]::result::Result<(), alloc[2e1b2a31b91974c5]::string::String>, fn() -> core[a373ad73a504971]::result::Result<(), alloc[2e1b2a31b91974c5]::string::String>>
[INFO] [stdout]   15:     0x63341f556025 - test[aada8e7e76ba119b]::run_test::{closure#0}
[INFO] [stdout]   16:     0x63341f54f914 - std[617be2ca0a6fd877]::sys::backtrace::__rust_begin_short_backtrace::<test[aada8e7e76ba119b]::run_test::{closure#1}, ()>
[INFO] [stdout]   17:     0x63341f5590b2 - <std[617be2ca0a6fd877]::thread::lifecycle::spawn_unchecked<test[aada8e7e76ba119b]::run_test::{closure#1}, ()>::{closure#1} as core[a373ad73a504971]::ops::function::FnOnce<()>>::call_once::{shim:vtable#0}
[INFO] [stdout]   18:     0x63341f5c061f - <std[617be2ca0a6fd877]::sys::thread::unix::Thread>::new::thread_start
[INFO] [stdout]   19:     0x7abc0f199dfa - <unknown>
[INFO] [stdout]   20:     0x7abc0f22d3d4 - clone
[INFO] [stdout]   21:                0x0 - <unknown>
[INFO] [stdout] 
[INFO] [stdout] ---- functional_tests_coreutils_cut_compatibility::test_03_3_fields_start_end_range stdout ----
[INFO] [stdout] cut: -d , -f 2-4 sample.csv
[INFO] [stdout] sbcut: -d , -f 1:4 sample.csv
[INFO] [stdout] 
[INFO] [stdout] thread 'functional_tests_coreutils_cut_compatibility::test_03_3_fields_start_end_range' (701) panicked at tests/coreutils_cut_compatibility.rs:252:9:
[INFO] [stdout] assertion `left == right` failed
[INFO] [stdout]   left: Ok(("Age,Salary,City\n35,75000,New York\n28,60000,Los Angeles\n42,90000,Chicago\n31,55000,Houston\n27,65000,Phoenix\n39,80000,Philadelphia\n25,50000,San Diego\n33,72000,Seattle\n29,62000,Denver\nsample\n36,85000,Miami\n", "", 0))
[INFO] [stdout]  right: Err("Can't execute command")
[INFO] [stdout] stack backtrace:
[INFO] [stdout]    0:     0x63341f5c0dc1 - <<std[617be2ca0a6fd877]::sys::backtrace::BacktraceLock>::print::DisplayBacktrace as core[a373ad73a504971]::fmt::Display>::fmt
[INFO] [stdout]    1:     0x63341f5d4f9a - core[a373ad73a504971]::fmt::write
[INFO] [stdout]    2:     0x63341f5c4fdc - <alloc[2e1b2a31b91974c5]::vec::Vec<u8> as core[a373ad73a504971]::io::write::Write>::write_fmt
[INFO] [stdout]    3:     0x63341f59d126 - std[617be2ca0a6fd877]::panicking::default_hook::{closure#0}
[INFO] [stdout]    4:     0x63341f5b9459 - std[617be2ca0a6fd877]::panicking::default_hook
[INFO] [stdout]    5:     0x63341f555a00 - test[aada8e7e76ba119b]::test_main_inner::{closure#0}
[INFO] [stdout]    6:     0x63341f5b9612 - std[617be2ca0a6fd877]::panicking::panic_with_hook
[INFO] [stdout]    7:     0x63341f59d1d2 - std[617be2ca0a6fd877]::panicking::panic_handler::{closure#0}
[INFO] [stdout]    8:     0x63341f595ee9 - std[617be2ca0a6fd877]::sys::backtrace::__rust_end_short_backtrace::<std[617be2ca0a6fd877]::panicking::panic_handler::{closure#0}, !>
[INFO] [stdout]    9:     0x63341f59dddd - __rustc[ea4f61d10b84890b]::rust_begin_unwind
[INFO] [stdout]   10:     0x63341f5d56cc - core[a373ad73a504971]::panicking::panic_fmt
[INFO] [stdout]   11:     0x63341f5d55e3 - core[a373ad73a504971]::panicking::assert_failed_inner
[INFO] [stdout]   12:     0x63341f54824d - core[a373ad73a504971]::panicking::assert_failed::<core[a373ad73a504971]::result::Result<(alloc[2e1b2a31b91974c5]::string::String, alloc[2e1b2a31b91974c5]::string::String, i32), alloc[2e1b2a31b91974c5]::string::String>, core[a373ad73a504971]::result::Result<(alloc[2e1b2a31b91974c5]::string::String, alloc[2e1b2a31b91974c5]::string::String, i32), alloc[2e1b2a31b91974c5]::string::String>>
[INFO] [stdout]   13:     0x63341f5432d5 - <coreutils_cut_compatibility[84b525b785aaea46]::functional_tests_coreutils_cut_compatibility::test_03_3_fields_start_end_range::{closure#0} as core[a373ad73a504971]::ops::function::FnOnce<()>>::call_once
[INFO] [stdout]   14:     0x63341f548e4b - test[aada8e7e76ba119b]::__rust_begin_short_backtrace::<core[a373ad73a504971]::result::Result<(), alloc[2e1b2a31b91974c5]::string::String>, fn() -> core[a373ad73a504971]::result::Result<(), alloc[2e1b2a31b91974c5]::string::String>>
[INFO] [stdout]   15:     0x63341f556025 - test[aada8e7e76ba119b]::run_test::{closure#0}
[INFO] [stdout]   16:     0x63341f54f914 - std[617be2ca0a6fd877]::sys::backtrace::__rust_begin_short_backtrace::<test[aada8e7e76ba119b]::run_test::{closure#1}, ()>
[INFO] [stdout]   17:     0x63341f5590b2 - <std[617be2ca0a6fd877]::thread::lifecycle::spawn_unchecked<test[aada8e7e76ba119b]::run_test::{closure#1}, ()>::{closure#1} as core[a373ad73a504971]::ops::function::FnOnce<()>>::call_once::{shim:vtable#0}
[INFO] [stdout]   18:     0x63341f5c061f - <std[617be2ca0a6fd877]::sys::thread::unix::Thread>::new::thread_start
[INFO] [stdout]   19:     0x7abc0f199dfa - <unknown>
[INFO] [stdout]   20:     0x7abc0f22d3d4 - clone
[INFO] [stdout]   21:                0x0 - <unknown>
[INFO] [stdout] 
[INFO] [stdout] 
[INFO] [stdout] failures:
[INFO] [stdout]     functional_tests_coreutils_cut_compatibility::test_01_1_bytes_single_range
[INFO] [stdout]     functional_tests_coreutils_cut_compatibility::test_01_2_bytes_start_range
[INFO] [stdout]     functional_tests_coreutils_cut_compatibility::test_01_3_bytes_start_end_range
[INFO] [stdout]     functional_tests_coreutils_cut_compatibility::test_01_4_bytes_end_range
[INFO] [stdout]     functional_tests_coreutils_cut_compatibility::test_01_5_bytes_single_start_range
[INFO] [stdout]     functional_tests_coreutils_cut_compatibility::test_01_6_bytes_single_single_start_range
[INFO] [stdout]     functional_tests_coreutils_cut_compatibility::test_02_1_characters_single_range
[INFO] [stdout]     functional_tests_coreutils_cut_compatibility::test_02_2_characters_start_range
[INFO] [stdout]     functional_tests_coreutils_cut_compatibility::test_02_3_characters_start_end_range
[INFO] [stdout]     functional_tests_coreutils_cut_compatibility::test_02_4_characters_end_range
[INFO] [stdout]     functional_tests_coreutils_cut_compatibility::test_02_5_characters_single_start_range
[INFO] [stdout]     functional_tests_coreutils_cut_compatibility::test_02_6_characters_single_single_start_range
[INFO] [stdout]     functional_tests_coreutils_cut_compatibility::test_03_1_fields_single_range
[INFO] [stdout]     functional_tests_coreutils_cut_compatibility::test_03_2_fields_start_range
[INFO] [stdout]     functional_tests_coreutils_cut_compatibility::test_03_3_fields_start_end_range
[INFO] [stdout]     functional_tests_coreutils_cut_compatibility::test_03_4_fields_end_range
[INFO] [stdout]     functional_tests_coreutils_cut_compatibility::test_03_5_fields_single_start_range
[INFO] [stdout]     functional_tests_coreutils_cut_compatibility::test_03_6_fields_single_single_start_range
[INFO] [stdout]     functional_tests_coreutils_cut_compatibility::test_04_1_complement_single_range
[INFO] [stdout]     functional_tests_coreutils_cut_compatibility::test_04_2_complement_start_range
[INFO] [stdout]     functional_tests_coreutils_cut_compatibility::test_04_3_complement_start_end_range
[INFO] [stdout]     functional_tests_coreutils_cut_compatibility::test_04_4_complement_end_range
[INFO] [stdout]     functional_tests_coreutils_cut_compatibility::test_05_only_delimited
[INFO] [stdout]     functional_tests_coreutils_cut_compatibility::test_06_1_output_delimiter_single_range
[INFO] [stdout]     functional_tests_coreutils_cut_compatibility::test_06_2_output_delimiter_two_single_ranges
[INFO] [stdout]     functional_tests_coreutils_cut_compatibility::test_06_3_output_delimiter_one_range
[INFO] [stdout]     functional_tests_coreutils_cut_compatibility::test_07_1_nul_terminated_single_range
[INFO] [stdout]     functional_tests_coreutils_cut_compatibility::test_07_2_nul_terminated_start_range
[INFO] [stdout]     functional_tests_coreutils_cut_compatibility::test_07_3_nul_terminated_start_end_range
[INFO] [stdout]     functional_tests_coreutils_cut_compatibility::test_07_4_nul_terminated_end_range
[INFO] [stdout]     functional_tests_coreutils_cut_compatibility::test_07_5_nul_terminated_single_start_range
[INFO] [stdout]     functional_tests_coreutils_cut_compatibility::test_07_6_nul_terminated_single_single_start_range
[INFO] [stdout] 
[INFO] [stdout] test result: FAILED. 0 passed; 32 failed; 2 ignored; 0 measured; 0 filtered out; finished in 0.05s
[INFO] [stdout] 
[INFO] running `Command { std: "docker" "inspect" "51a4151bf25b83dc3a337f8b5d5af733cbbd96d1ec255592518bd6917b109439", kill_on_drop: false }`
[INFO] running `Command { std: "docker" "rm" "-f" "51a4151bf25b83dc3a337f8b5d5af733cbbd96d1ec255592518bd6917b109439", kill_on_drop: false }`
[INFO] [stdout] 51a4151bf25b83dc3a337f8b5d5af733cbbd96d1ec255592518bd6917b109439
