[INFO] fetching crate sbash 0.0.0...
[INFO] testing sbash-0.0.0 against 1.99.0-beta.8+cargoflags=--release for beta-release-1.100-2
[INFO] extracting crate sbash 0.0.0 into /workspace/builds/worker-7-tc1/source
[INFO] started tweaking crates.io crate sbash 0.0.0
[INFO] finished tweaking crates.io crate sbash 0.0.0
[INFO] tweaked toml for crates.io crate sbash 0.0.0 written to /workspace/builds/worker-7-tc1/source/Cargo.toml
[INFO] validating manifest of crates.io crate sbash 0.0.0 on toolchain 1.99.0-beta.8
[INFO] running `Command { std: CARGO_HOME="/workspace/cargo-home" RUSTUP_HOME="/workspace/rustup-home" "/workspace/cargo-home/bin/cargo" "+1.99.0-beta.8" "metadata" "--manifest-path" "Cargo.toml" "--no-deps", kill_on_drop: false }`
[INFO] crate crates.io crate sbash 0.0.0 already has a lockfile, it will not be regenerated
[INFO] running `Command { std: CARGO_HOME="/workspace/cargo-home" RUSTUP_HOME="/workspace/rustup-home" "/workspace/cargo-home/bin/cargo" "+1.99.0-beta.8" "fetch" "--manifest-path" "Cargo.toml", kill_on_drop: false }`
[INFO] [stderr]  Downloading crates ...
[INFO] [stderr]   Downloaded similar v2.2.1
[INFO] [stderr]   Downloaded console v0.15.5
[INFO] [stderr]   Downloaded insta v1.28.0
[INFO] [stderr]   Downloaded libc v0.2.140
[INFO] [stderr]   Downloaded windows-sys v0.42.0
[INFO] running `Command { std: "docker" "create" "-v" "/var/lib/crater-agent-workspace/builds/worker-7-tc1/source:/opt/rustwide/workdir:ro,Z" "-v" "/var/lib/crater-agent-workspace/builds/worker-7-tc1/target:/opt/rustwide/target:rw,Z" "-v" "/var/lib/crater-agent-workspace/cargo-home:/opt/rustwide/cargo-home:ro,Z" "-v" "/var/lib/crater-agent-workspace/rustup-home:/opt/rustwide/rustup-home:ro,Z" "-m" "1610612736" "--network" "none" "ghcr.io/rust-lang/crates-build-env/linux@sha256:77db811e55d90add9212f6832c23229e3de5f1c1f9905e8cb07319ea15df73ac" "sleep" "infinity", kill_on_drop: false }`
[INFO] [stdout] 7e2fc4c73cc5d4a0c7d5c8024f15a837ba41c6afb6322759d1f314cf4dfb6e33
[INFO] running `Command { std: "docker" "start" "7e2fc4c73cc5d4a0c7d5c8024f15a837ba41c6afb6322759d1f314cf4dfb6e33", kill_on_drop: false }`
[INFO] running `Command { std: "docker" "inspect" "7e2fc4c73cc5d4a0c7d5c8024f15a837ba41c6afb6322759d1f314cf4dfb6e33", kill_on_drop: false }`
[INFO] running `Command { std: "docker" "exec" "-e" "SOURCE_DIR=/opt/rustwide/workdir" "-e" "CARGO_HOME=/opt/rustwide/cargo-home" "-e" "RUSTUP_HOME=/opt/rustwide/rustup-home" "-e" "CARGO_TARGET_DIR=/opt/rustwide/target" "-w" "/opt/rustwide/workdir" "--user" "0:0" "7e2fc4c73cc5d4a0c7d5c8024f15a837ba41c6afb6322759d1f314cf4dfb6e33" "/opt/rustwide/cargo-home/bin/cargo" "+1.99.0-beta.8" "metadata" "--no-deps" "--format-version=1", kill_on_drop: false }`
[INFO] running `Command { std: "docker" "inspect" "7e2fc4c73cc5d4a0c7d5c8024f15a837ba41c6afb6322759d1f314cf4dfb6e33", kill_on_drop: false }`
[INFO] running `Command { std: "docker" "exec" "-e" "SOURCE_DIR=/opt/rustwide/workdir" "-e" "CARGO_HOME=/opt/rustwide/cargo-home" "-e" "RUSTUP_HOME=/opt/rustwide/rustup-home" "-e" "CARGO_TARGET_DIR=/opt/rustwide/target" "-e" "CARGO_INCREMENTAL=0" "-e" "RUST_BACKTRACE=full" "-e" "RUSTFLAGS=--cap-lints=warn" "-e" "RUSTDOCFLAGS=--cap-lints=warn" "-w" "/opt/rustwide/workdir" "--user" "0:0" "7e2fc4c73cc5d4a0c7d5c8024f15a837ba41c6afb6322759d1f314cf4dfb6e33" "/opt/rustwide/cargo-home/bin/cargo" "+1.99.0-beta.8" "build" "--frozen" "--message-format=json" "--release", kill_on_drop: false }`
[INFO] [stderr]    Compiling sbash v0.0.0 (/opt/rustwide/workdir)
[INFO] [stdout] warning: unused import: `ast::parser::ir::*`
[INFO] [stdout]  --> src/main.rs:6:5
[INFO] [stdout]   |
[INFO] [stdout] 6 | use ast::parser::ir::*;
[INFO] [stdout]   |     ^^^^^^^^^^^^^^^^^^
[INFO] [stdout]   |
[INFO] [stdout]   = note: `#[warn(unused_imports)]` (part of `#[warn(unused)]`) on by default
[INFO] [stdout] 
[INFO] [stdout] 
[INFO] [stdout] warning: fields `row` and `col` are never read
[INFO] [stdout]  --> src/ast/errors.rs:4:21
[INFO] [stdout]   |
[INFO] [stdout] 4 |     UnclosedQuote { row: usize, col: usize },
[INFO] [stdout]   |     -------------   ^^^         ^^^
[INFO] [stdout]   |     |
[INFO] [stdout]   |     fields in this variant
[INFO] [stdout]   |
[INFO] [stdout]   = note: `LexingError` has a derived impl for the trait `Debug`, but this is intentionally ignored during dead code analysis
[INFO] [stdout]   = note: `#[warn(dead_code)]` (part of `#[warn(unused)]`) on by default
[INFO] [stdout] 
[INFO] [stdout] 
[INFO] [stdout] warning: fields `row` and `col` are never read
[INFO] [stdout]  --> src/ast/errors.rs:5:21
[INFO] [stdout]   |
[INFO] [stdout] 5 |     UnclosedBlock { row: usize, col: usize },
[INFO] [stdout]   |     -------------   ^^^         ^^^
[INFO] [stdout]   |     |
[INFO] [stdout]   |     fields in this variant
[INFO] [stdout]   |
[INFO] [stdout]   = note: `LexingError` has a derived impl for the trait `Debug`, but this is intentionally ignored during dead code analysis
[INFO] [stdout] 
[INFO] [stdout] 
[INFO] [stdout] warning: variant `InvalidVar` is never constructed
[INFO] [stdout]  --> src/ast/errors.rs:3:5
[INFO] [stdout]   |
[INFO] [stdout] 2 | pub enum LexingError {
[INFO] [stdout]   |          ----------- variant in this enum
[INFO] [stdout] 3 |     InvalidVar { row: usize, col: usize },
[INFO] [stdout]   |     ^^^^^^^^^^
[INFO] [stdout]   |
[INFO] [stdout]   = note: `LexingError` has a derived impl for the trait `Debug`, but this is intentionally ignored during dead code analysis
[INFO] [stdout] 
[INFO] [stdout] 
[INFO] [stdout] warning: function `print_symbols` is never used
[INFO] [stdout]   --> src/ast/tokens.rs:39:8
[INFO] [stdout]    |
[INFO] [stdout] 39 | pub fn print_symbols(symbols: &Symbols) {
[INFO] [stdout]    |        ^^^^^^^^^^^^^
[INFO] [stdout] 
[INFO] [stdout] 
[INFO] [stdout] warning: function `symbols_to_string` is never used
[INFO] [stdout]   --> src/ast/tokens.rs:43:8
[INFO] [stdout]    |
[INFO] [stdout] 43 | pub fn symbols_to_string(symbols: &Symbols) -> String {
[INFO] [stdout]    |        ^^^^^^^^^^^^^^^^^
[INFO] [stdout] 
[INFO] [stdout] 
[INFO] [stderr]     Finished `release` profile [optimized] target(s) in 0.88s
[INFO] running `Command { std: "docker" "inspect" "7e2fc4c73cc5d4a0c7d5c8024f15a837ba41c6afb6322759d1f314cf4dfb6e33", kill_on_drop: false }`
[INFO] running `Command { std: "docker" "exec" "-e" "SOURCE_DIR=/opt/rustwide/workdir" "-e" "CARGO_HOME=/opt/rustwide/cargo-home" "-e" "RUSTUP_HOME=/opt/rustwide/rustup-home" "-e" "CARGO_TARGET_DIR=/opt/rustwide/target" "-e" "CARGO_INCREMENTAL=0" "-e" "RUST_BACKTRACE=full" "-e" "RUSTFLAGS=--cap-lints=warn" "-e" "RUSTDOCFLAGS=--cap-lints=warn" "-w" "/opt/rustwide/workdir" "--user" "0:0" "7e2fc4c73cc5d4a0c7d5c8024f15a837ba41c6afb6322759d1f314cf4dfb6e33" "/opt/rustwide/cargo-home/bin/cargo" "+1.99.0-beta.8" "test" "--frozen" "--no-run" "--message-format=json" "--release", kill_on_drop: false }`
[INFO] [stderr]    Compiling libc v0.2.140
[INFO] [stderr]    Compiling linked-hash-map v0.5.6
[INFO] [stderr]    Compiling lazy_static v1.4.0
[INFO] [stderr]    Compiling similar v2.2.1
[INFO] [stderr]    Compiling yaml-rust v0.4.5
[INFO] [stderr]    Compiling console v0.15.5
[INFO] [stderr]    Compiling insta v1.28.0
[INFO] [stderr]    Compiling sbash v0.0.0 (/opt/rustwide/workdir)
[INFO] [stdout] warning: unused import: `ast::parser::ir::*`
[INFO] [stdout]  --> src/main.rs:6:5
[INFO] [stdout]   |
[INFO] [stdout] 6 | use ast::parser::ir::*;
[INFO] [stdout]   |     ^^^^^^^^^^^^^^^^^^
[INFO] [stdout]   |
[INFO] [stdout]   = note: `#[warn(unused_imports)]` (part of `#[warn(unused)]`) on by default
[INFO] [stdout] 
[INFO] [stdout] 
[INFO] [stdout] warning: fields `row` and `col` are never read
[INFO] [stdout]  --> src/ast/errors.rs:4:21
[INFO] [stdout]   |
[INFO] [stdout] 4 |     UnclosedQuote { row: usize, col: usize },
[INFO] [stdout]   |     -------------   ^^^         ^^^
[INFO] [stdout]   |     |
[INFO] [stdout]   |     fields in this variant
[INFO] [stdout]   |
[INFO] [stdout]   = note: `LexingError` has a derived impl for the trait `Debug`, but this is intentionally ignored during dead code analysis
[INFO] [stdout]   = note: `#[warn(dead_code)]` (part of `#[warn(unused)]`) on by default
[INFO] [stdout] 
[INFO] [stdout] 
[INFO] [stdout] warning: fields `row` and `col` are never read
[INFO] [stdout]  --> src/ast/errors.rs:5:21
[INFO] [stdout]   |
[INFO] [stdout] 5 |     UnclosedBlock { row: usize, col: usize },
[INFO] [stdout]   |     -------------   ^^^         ^^^
[INFO] [stdout]   |     |
[INFO] [stdout]   |     fields in this variant
[INFO] [stdout]   |
[INFO] [stdout]   = note: `LexingError` has a derived impl for the trait `Debug`, but this is intentionally ignored during dead code analysis
[INFO] [stdout] 
[INFO] [stdout] 
[INFO] [stdout] warning: variant `InvalidVar` is never constructed
[INFO] [stdout]  --> src/ast/errors.rs:3:5
[INFO] [stdout]   |
[INFO] [stdout] 2 | pub enum LexingError {
[INFO] [stdout]   |          ----------- variant in this enum
[INFO] [stdout] 3 |     InvalidVar { row: usize, col: usize },
[INFO] [stdout]   |     ^^^^^^^^^^
[INFO] [stdout]   |
[INFO] [stdout]   = note: `LexingError` has a derived impl for the trait `Debug`, but this is intentionally ignored during dead code analysis
[INFO] [stdout] 
[INFO] [stdout] 
[INFO] [stdout] warning: function `print_symbols` is never used
[INFO] [stdout]   --> src/ast/tokens.rs:39:8
[INFO] [stdout]    |
[INFO] [stdout] 39 | pub fn print_symbols(symbols: &Symbols) {
[INFO] [stdout]    |        ^^^^^^^^^^^^^
[INFO] [stdout] 
[INFO] [stdout] 
[INFO] [stderr]     Finished `release` profile [optimized] target(s) in 8.48s
[INFO] running `Command { std: "docker" "inspect" "7e2fc4c73cc5d4a0c7d5c8024f15a837ba41c6afb6322759d1f314cf4dfb6e33", kill_on_drop: false }`
[INFO] running `Command { std: "docker" "exec" "-e" "SOURCE_DIR=/opt/rustwide/workdir" "-e" "CARGO_HOME=/opt/rustwide/cargo-home" "-e" "RUSTUP_HOME=/opt/rustwide/rustup-home" "-e" "CARGO_TARGET_DIR=/opt/rustwide/target" "-e" "CARGO_INCREMENTAL=0" "-e" "RUST_BACKTRACE=full" "-e" "RUSTFLAGS=--cap-lints=warn" "-e" "RUSTDOCFLAGS=--cap-lints=warn" "-w" "/opt/rustwide/workdir" "--user" "0:0" "7e2fc4c73cc5d4a0c7d5c8024f15a837ba41c6afb6322759d1f314cf4dfb6e33" "/opt/rustwide/cargo-home/bin/cargo" "+1.99.0-beta.8" "test" "--frozen" "--release", kill_on_drop: false }`
[INFO] [stderr] warning: unused import: `ast::parser::ir::*`
[INFO] [stderr]  --> src/main.rs:6:5
[INFO] [stderr]   |
[INFO] [stderr] 6 | use ast::parser::ir::*;
[INFO] [stderr]   |     ^^^^^^^^^^^^^^^^^^
[INFO] [stderr]   |
[INFO] [stderr]   = note: `#[warn(unused_imports)]` (part of `#[warn(unused)]`) on by default
[INFO] [stderr] 
[INFO] [stderr] warning: fields `row` and `col` are never read
[INFO] [stderr]  --> src/ast/errors.rs:4:21
[INFO] [stderr]   |
[INFO] [stderr] 4 |     UnclosedQuote { row: usize, col: usize },
[INFO] [stderr]   |     -------------   ^^^         ^^^
[INFO] [stderr]   |     |
[INFO] [stderr]   |     fields in this variant
[INFO] [stderr]   |
[INFO] [stderr]   = note: `LexingError` has a derived impl for the trait `Debug`, but this is intentionally ignored during dead code analysis
[INFO] [stderr]   = note: `#[warn(dead_code)]` (part of `#[warn(unused)]`) on by default
[INFO] [stderr] 
[INFO] [stderr] warning: fields `row` and `col` are never read
[INFO] [stderr]  --> src/ast/errors.rs:5:21
[INFO] [stderr]   |
[INFO] [stderr] 5 |     UnclosedBlock { row: usize, col: usize },
[INFO] [stderr]   |     -------------   ^^^         ^^^
[INFO] [stderr]   |     |
[INFO] [stderr]   |     fields in this variant
[INFO] [stderr]   |
[INFO] [stderr]   = note: `LexingError` has a derived impl for the trait `Debug`, but this is intentionally ignored during dead code analysis
[INFO] [stderr] 
[INFO] [stderr] warning: variant `InvalidVar` is never constructed
[INFO] [stderr]  --> src/ast/errors.rs:3:5
[INFO] [stderr]   |
[INFO] [stderr] 2 | pub enum LexingError {
[INFO] [stderr]   |          ----------- variant in this enum
[INFO] [stderr] 3 |     InvalidVar { row: usize, col: usize },
[INFO] [stderr]   |     ^^^^^^^^^^
[INFO] [stderr]   |
[INFO] [stderr]   = note: `LexingError` has a derived impl for the trait `Debug`, but this is intentionally ignored during dead code analysis
[INFO] [stderr] 
[INFO] [stderr] warning: function `print_symbols` is never used
[INFO] [stderr]   --> src/ast/tokens.rs:39:8
[INFO] [stderr]    |
[INFO] [stderr] 39 | pub fn print_symbols(symbols: &Symbols) {
[INFO] [stderr]    |        ^^^^^^^^^^^^^
[INFO] [stderr] 
[INFO] [stderr] warning: `sbash` (bin "sbash" test) generated 5 warnings (run `cargo fix --bin "sbash" -p sbash --tests` to apply 1 suggestion)
[INFO] [stderr]     Finished `release` profile [optimized] target(s) in 0.03s
[INFO] [stderr]      Running unittests src/main.rs (/opt/rustwide/target/release/deps/sbash-01e175dc618439ac)
[INFO] [stdout] 
[INFO] [stdout] running 3 tests
[INFO] [stdout] test ast::lexer::lexer_tests::it_trims_spaces ... ok
[INFO] [stdout] test ast::parser::parser_tests::it_can_parse_a_basic_script ... FAILED
[INFO] [stdout] test ast::lexer::lexer_tests::it_can_extract_symbols_from_a_file ... FAILED
[INFO] [stdout] 
[INFO] [stdout] failures:
[INFO] [stdout] 
[INFO] [stdout] ---- ast::parser::parser_tests::it_can_parse_a_basic_script stdout ----
[INFO] [stdout] ━━━━━━━━━━━━━━━━━━━━━━━━━━━━━━━ Snapshot Summary ━━━━━━━━━━━━━━━━━━━━━━━━━━━━━━━
[INFO] [stdout] Snapshot file: src/ast/parser/../../../tests/snapshots/sbash__ast__parser__parser_tests__it_can_parse_a_basic_script.snap
[INFO] [stdout] Snapshot: it_can_parse_a_basic_script
[INFO] [stdout] Source: src/ast/parser/mod.rs:55
[INFO] [stdout] ────────────────────────────────────────────────────────────────────────────────
[INFO] [stdout] Expression: ast.to_string()
[INFO] [stdout] ────────────────────────────────────────────────────────────────────────────────
[INFO] [stdout] line number: beginning_token_index-> wnd_token_index InstructioType(name)
[INFO] [stdout] ────────────────────────────────────────────────────────────────────────────────
[INFO] [stdout] +new results
[INFO] [stdout] ────────────┬───────────────────────────────────────────────────────────────────
[INFO] [stdout]           0 │+3: 0->3 GlobalAssignement(GLOB)
[INFO] [stdout]           1 │+5: 8->20 Function(say (3))
[INFO] [stdout]           2 │+7: 8->11 LocalAssignement(_loc)
[INFO] [stdout]           3 │+10: 11->14 Command(echo)
[INFO] [stdout]           4 │+13: 14->19 Command(echo)
[INFO] [stdout]           5 │+15: 20->23 GlobalAssignement(USELESS_VAR)
[INFO] [stdout]           6 │+17: 23->26 Command(echo)
[INFO] [stdout]           7 │+18: 26->28 Command(say)
[INFO] [stdout] ────────────┴───────────────────────────────────────────────────────────────────
[INFO] [stdout] 
[INFO] [stdout] thread 'ast::parser::parser_tests::it_can_parse_a_basic_script' (343) panicked at src/ast/parser/mod.rs:55:26:
[INFO] [stdout] called `Result::unwrap()` on an `Err` value: Os { code: 30, kind: ReadOnlyFilesystem, message: "Read-only file system" }
[INFO] [stdout] stack backtrace:
[INFO] [stdout]    0:     0x6536da614ed1 - <<std[70759c8f55707aa4]::sys::backtrace::BacktraceLock>::print::DisplayBacktrace as core[df12db4294e9bfd3]::fmt::Display>::fmt
[INFO] [stdout]    1:     0x6536da62b73a - core[df12db4294e9bfd3]::fmt::write
[INFO] [stdout]    2:     0x6536da6194ac - <alloc[2182bb758b4b3781]::vec::Vec<u8> as core[df12db4294e9bfd3]::io::write::Write>::write_fmt
[INFO] [stdout]    3:     0x6536da5efb76 - std[70759c8f55707aa4]::panicking::default_hook::{closure#0}
[INFO] [stdout]    4:     0x6536da60cf59 - std[70759c8f55707aa4]::panicking::default_hook
[INFO] [stdout]    5:     0x6536da53b780 - test[9d35eded1c95d3be]::test_main_inner::<test[9d35eded1c95d3be]::test_main_static::{closure#0}>::{closure#0}
[INFO] [stdout]    6:     0x6536da60d112 - std[70759c8f55707aa4]::panicking::panic_with_hook
[INFO] [stdout]    7:     0x6536da5efc22 - std[70759c8f55707aa4]::panicking::panic_handler::{closure#0}
[INFO] [stdout]    8:     0x6536da5e86c9 - std[70759c8f55707aa4]::sys::backtrace::__rust_end_short_backtrace::<std[70759c8f55707aa4]::panicking::panic_handler::{closure#0}, !>
[INFO] [stdout]    9:     0x6536da5f081d - __rustc[8fa7c3cbc660c2b3]::rust_begin_unwind
[INFO] [stdout]   10:     0x6536da62be9c - core[df12db4294e9bfd3]::panicking::panic_fmt
[INFO] [stdout]   11:     0x6536da62bc72 - core[df12db4294e9bfd3]::result::unwrap_failed
[INFO] [stdout]   12:     0x6536da52c15d - <insta[a25f8ef7262d6193]::settings::Settings>::bind::<sbash[81d21c6bb2c7a8ee]::ast::parser::parser_tests::it_can_parse_a_basic_script::{closure#0}, ()>
[INFO] [stdout]   13:     0x6536da52bb1c - <sbash[81d21c6bb2c7a8ee]::ast::parser::parser_tests::it_can_parse_a_basic_script::{closure#0} as core[df12db4294e9bfd3]::ops::function::FnOnce<()>>::call_once
[INFO] [stdout]   14:     0x6536da52ea6b - test[9d35eded1c95d3be]::__rust_begin_short_backtrace::<core[df12db4294e9bfd3]::result::Result<(), alloc[2182bb758b4b3781]::string::String>, fn() -> core[df12db4294e9bfd3]::result::Result<(), alloc[2182bb758b4b3781]::string::String>>
[INFO] [stdout]   15:     0x6536da53c0d5 - test[9d35eded1c95d3be]::run_test::{closure#0}
[INFO] [stdout]   16:     0x6536da535994 - std[70759c8f55707aa4]::sys::backtrace::__rust_begin_short_backtrace::<test[9d35eded1c95d3be]::run_test::{closure#1}, ()>
[INFO] [stdout]   17:     0x6536da53f232 - <std[70759c8f55707aa4]::thread::lifecycle::spawn_unchecked<test[9d35eded1c95d3be]::run_test::{closure#1}, ()>::{closure#1} as core[df12db4294e9bfd3]::ops::function::FnOnce<()>>::call_once::{shim:vtable#0}
[INFO] [stdout]   18:     0x6536da614249 - <std[70759c8f55707aa4]::sys::thread::unix::Thread>::new::thread_start
[INFO] [stdout]   19:     0x7269471d7dfa - <unknown>
[INFO] [stdout]   20:     0x72694726b3d4 - clone
[INFO] [stdout]   21:                0x0 - <unknown>
[INFO] [stdout] 
[INFO] [stdout] ---- ast::lexer::lexer_tests::it_can_extract_symbols_from_a_file stdout ----
[INFO] [stdout] ━━━━━━━━━━━━━━━━━━━━━━━━━━━━━━━ Snapshot Summary ━━━━━━━━━━━━━━━━━━━━━━━━━━━━━━━
[INFO] [stdout] Snapshot file: src/ast/../../tests/snapshots/sbash__ast__lexer__lexer_tests__it_can_extract_symbols_from_a_file.snap
[INFO] [stdout] Snapshot: it_can_extract_symbols_from_a_file
[INFO] [stdout] Source: src/ast/lexer.rs:359
[INFO] [stdout] ────────────────────────────────────────────────────────────────────────────────
[INFO] [stdout] Expression: symbols_to_string(&symbols)
[INFO] [stdout] ────────────────────────────────────────────────────────────────────────────────
[INFO] [stdout] line number: for each token in the line  TokenType(value), literal tokens like {} as displayed as is
[INFO] [stdout] ────────────────────────────────────────────────────────────────────────────────
[INFO] [stdout] +new results
[INFO] [stdout] ────────────┬───────────────────────────────────────────────────────────────────
[INFO] [stdout]           0 │+
[INFO] [stdout]           1 │+3: WORD(glob) = WORD(world)  
[INFO] [stdout]           2 │+5: WORD(function) WORD(say) ( ) {  
[INFO] [stdout]           3 │+6: WORD(_loc) = VAR(1:-hello)  
[INFO] [stdout]           4 │+8: WORD(_res) = VarOrWords([Var("_loc"), Word(" "), Var("glob")])  
[INFO] [stdout]           5 │+10: WORD(echo) VAR(_res) | WORD(cut) WORD(-d) WORD( ) WORD(-f1)  
[INFO] [stdout]           6 │+11: WORD(echo) WORD(single quoted string ${_loc} &> must not be expanded) & > WORD(/dev/null)  
[INFO] [stdout]           7 │+12: }  
[INFO] [stdout]           8 │+15: WORD(say) & > WORD(/dev/null)  
[INFO] [stdout]           9 │+17: WORD(res1) = SubCmd([WORD(say), WORD(hellow)])  
[INFO] [stdout]          10 │+18: WORD(res2) = SubCmd([WORD(echo), WORD(hello-world), |, WORD(cut), WORD(-d-), WORD(-f2)])  
[INFO] [stdout]          11 │+20: WORD(echo) VarOrWords([Word("should print hellow world: "), Var("res1"), Word(" "), Var("res2")])  
[INFO] [stdout]          12 │+21: WORD(echo) WORD(should print hello :) SubCmd([WORD(say)])  
[INFO] [stdout]          13 │+23: WORD(echo) VarOrWords([Word("should fail as trying to access a local variable of method say: "), Var("_loc")])  
[INFO] [stdout]          14 │+24: WORD(echo) WORD(should also report the error and not print this message) 
[INFO] [stdout] ────────────┴───────────────────────────────────────────────────────────────────
[INFO] [stdout] 
[INFO] [stdout] thread 'ast::lexer::lexer_tests::it_can_extract_symbols_from_a_file' (341) panicked at src/ast/lexer.rs:359:26:
[INFO] [stdout] called `Result::unwrap()` on an `Err` value: Os { code: 30, kind: ReadOnlyFilesystem, message: "Read-only file system" }
[INFO] [stdout] stack backtrace:
[INFO] [stdout]    0:     0x6536da614ed1 - <<std[70759c8f55707aa4]::sys::backtrace::BacktraceLock>::print::DisplayBacktrace as core[df12db4294e9bfd3]::fmt::Display>::fmt
[INFO] [stdout]    1:     0x6536da62b73a - core[df12db4294e9bfd3]::fmt::write
[INFO] [stdout]    2:     0x6536da6194ac - <alloc[2182bb758b4b3781]::vec::Vec<u8> as core[df12db4294e9bfd3]::io::write::Write>::write_fmt
[INFO] [stdout]    3:     0x6536da5efb76 - std[70759c8f55707aa4]::panicking::default_hook::{closure#0}
[INFO] [stdout]    4:     0x6536da60cf59 - std[70759c8f55707aa4]::panicking::default_hook
[INFO] [stdout]    5:     0x6536da53b780 - test[9d35eded1c95d3be]::test_main_inner::<test[9d35eded1c95d3be]::test_main_static::{closure#0}>::{closure#0}
[INFO] [stdout]    6:     0x6536da60d112 - std[70759c8f55707aa4]::panicking::panic_with_hook
[INFO] [stdout]    7:     0x6536da5efc22 - std[70759c8f55707aa4]::panicking::panic_handler::{closure#0}
[INFO] [stdout]    8:     0x6536da5e86c9 - std[70759c8f55707aa4]::sys::backtrace::__rust_end_short_backtrace::<std[70759c8f55707aa4]::panicking::panic_handler::{closure#0}, !>
[INFO] [stdout]    9:     0x6536da5f081d - __rustc[8fa7c3cbc660c2b3]::rust_begin_unwind
[INFO] [stdout]   10:     0x6536da62be9c - core[df12db4294e9bfd3]::panicking::panic_fmt
[INFO] [stdout]   11:     0x6536da62bc72 - core[df12db4294e9bfd3]::result::unwrap_failed
[INFO] [stdout]   12:     0x6536da52bf36 - <insta[a25f8ef7262d6193]::settings::Settings>::bind::<sbash[81d21c6bb2c7a8ee]::ast::lexer::lexer_tests::it_can_extract_symbols_from_a_file::{closure#0}, ()>
[INFO] [stdout]   13:     0x6536da52b716 - <sbash[81d21c6bb2c7a8ee]::ast::lexer::lexer_tests::it_can_extract_symbols_from_a_file::{closure#0} as core[df12db4294e9bfd3]::ops::function::FnOnce<()>>::call_once
[INFO] [stdout]   14:     0x6536da52ea6b - test[9d35eded1c95d3be]::__rust_begin_short_backtrace::<core[df12db4294e9bfd3]::result::Result<(), alloc[2182bb758b4b3781]::string::String>, fn() -> core[df12db4294e9bfd3]::result::Result<(), alloc[2182bb758b4b3781]::string::String>>
[INFO] [stdout]   15:     0x6536da53c0d5 - test[9d35eded1c95d3be]::run_test::{closure#0}
[INFO] [stdout]   16:     0x6536da535994 - std[70759c8f55707aa4]::sys::backtrace::__rust_begin_short_backtrace::<test[9d35eded1c95d3be]::run_test::{closure#1}, ()>
[INFO] [stdout]   17:     0x6536da53f232 - <std[70759c8f55707aa4]::thread::lifecycle::spawn_unchecked<test[9d35eded1c95d3be]::run_test::{closure#1}, ()>::{closure#1} as core[df12db4294e9bfd3]::ops::function::FnOnce<()>>::call_once::{shim:vtable#0}
[INFO] [stdout]   18:     0x6536da614249 - <std[70759c8f55707aa4]::sys::thread::unix::Thread>::new::thread_start
[INFO] [stdout]   19:     0x7269471d7dfa - <unknown>
[INFO] [stdout]   20:     0x72694726b3d4 - clone
[INFO] [stdout]   21:                0x0 - <unknown>
[INFO] [stdout] 
[INFO] [stdout] 
[INFO] [stdout] failures:
[INFO] [stdout]     ast::lexer::lexer_tests::it_can_extract_symbols_from_a_file
[INFO] [stdout]     ast::parser::parser_tests::it_can_parse_a_basic_script
[INFO] [stdout] 
[INFO] [stdout] test result: FAILED. 1 passed; 2 failed; 0 ignored; 0 measured; 0 filtered out; finished in 0.33s
[INFO] [stdout] 
[INFO] [stderr] error: test failed, to rerun pass `--bin sbash`
[INFO] running `Command { std: "docker" "inspect" "7e2fc4c73cc5d4a0c7d5c8024f15a837ba41c6afb6322759d1f314cf4dfb6e33", kill_on_drop: false }`
[INFO] running `Command { std: "docker" "rm" "-f" "7e2fc4c73cc5d4a0c7d5c8024f15a837ba41c6afb6322759d1f314cf4dfb6e33", kill_on_drop: false }`
[INFO] [stdout] 7e2fc4c73cc5d4a0c7d5c8024f15a837ba41c6afb6322759d1f314cf4dfb6e33
