[INFO] fetching crate sb-cli 0.2.1...
[INFO] testing sb-cli-0.2.1 against 1.100.0-beta.1+cargoflags=--release for beta-release-1.100-2
[INFO] extracting crate sb-cli 0.2.1 into /workspace/builds/worker-4-tc2/source
[INFO] started tweaking crates.io crate sb-cli 0.2.1
[INFO] finished tweaking crates.io crate sb-cli 0.2.1
[INFO] tweaked toml for crates.io crate sb-cli 0.2.1 written to /workspace/builds/worker-4-tc2/source/Cargo.toml
[INFO] validating manifest of crates.io crate sb-cli 0.2.1 on toolchain 1.100.0-beta.1
[INFO] running `Command { std: CARGO_HOME="/workspace/cargo-home" RUSTUP_HOME="/workspace/rustup-home" "/workspace/cargo-home/bin/cargo" "+1.100.0-beta.1" "metadata" "--manifest-path" "Cargo.toml" "--no-deps", kill_on_drop: false }`
[INFO] crate crates.io crate sb-cli 0.2.1 already has a lockfile, it will not be regenerated
[INFO] running `Command { std: CARGO_HOME="/workspace/cargo-home" RUSTUP_HOME="/workspace/rustup-home" "/workspace/cargo-home/bin/cargo" "+1.100.0-beta.1" "fetch" "--manifest-path" "Cargo.toml", kill_on_drop: false }`
[INFO] running `Command { std: "docker" "create" "-v" "/var/lib/crater-agent-workspace/builds/worker-4-tc2/source:/opt/rustwide/workdir:ro,Z" "-v" "/var/lib/crater-agent-workspace/builds/worker-4-tc2/target:/opt/rustwide/target:rw,Z" "-v" "/var/lib/crater-agent-workspace/cargo-home:/opt/rustwide/cargo-home:ro,Z" "-v" "/var/lib/crater-agent-workspace/rustup-home:/opt/rustwide/rustup-home:ro,Z" "-m" "1610612736" "--network" "none" "ghcr.io/rust-lang/crates-build-env/linux@sha256:77db811e55d90add9212f6832c23229e3de5f1c1f9905e8cb07319ea15df73ac" "sleep" "infinity", kill_on_drop: false }`
[INFO] [stdout] 3b6c53b6eb867ac225ade2f251061064729222a40f88dc749b966e11db85e574
[INFO] running `Command { std: "docker" "start" "3b6c53b6eb867ac225ade2f251061064729222a40f88dc749b966e11db85e574", kill_on_drop: false }`
[INFO] running `Command { std: "docker" "inspect" "3b6c53b6eb867ac225ade2f251061064729222a40f88dc749b966e11db85e574", kill_on_drop: false }`
[INFO] running `Command { std: "docker" "exec" "-e" "SOURCE_DIR=/opt/rustwide/workdir" "-e" "CARGO_HOME=/opt/rustwide/cargo-home" "-e" "RUSTUP_HOME=/opt/rustwide/rustup-home" "-e" "CARGO_TARGET_DIR=/opt/rustwide/target" "-w" "/opt/rustwide/workdir" "--user" "0:0" "3b6c53b6eb867ac225ade2f251061064729222a40f88dc749b966e11db85e574" "/opt/rustwide/cargo-home/bin/cargo" "+1.100.0-beta.1" "metadata" "--no-deps" "--format-version=1", kill_on_drop: false }`
[INFO] running `Command { std: "docker" "inspect" "3b6c53b6eb867ac225ade2f251061064729222a40f88dc749b966e11db85e574", kill_on_drop: false }`
[INFO] running `Command { std: "docker" "exec" "-e" "SOURCE_DIR=/opt/rustwide/workdir" "-e" "CARGO_HOME=/opt/rustwide/cargo-home" "-e" "RUSTUP_HOME=/opt/rustwide/rustup-home" "-e" "CARGO_TARGET_DIR=/opt/rustwide/target" "-e" "CARGO_INCREMENTAL=0" "-e" "RUST_BACKTRACE=full" "-e" "RUSTFLAGS=--cap-lints=warn" "-e" "RUSTDOCFLAGS=--cap-lints=warn" "-w" "/opt/rustwide/workdir" "--user" "0:0" "3b6c53b6eb867ac225ade2f251061064729222a40f88dc749b966e11db85e574" "/opt/rustwide/cargo-home/bin/cargo" "+1.100.0-beta.1" "build" "--frozen" "--message-format=json" "--release", kill_on_drop: false }`
[INFO] [stderr]    Compiling signal-hook v0.3.18
[INFO] [stderr]    Compiling syn v3.0.6
[INFO] [stderr]    Compiling rustix v1.1.5
[INFO] [stderr]    Compiling smallvec v1.16.1
[INFO] [stderr]    Compiling mio v1.2.3
[INFO] [stderr]    Compiling crossbeam-utils v0.8.23
[INFO] [stderr]    Compiling inotify-sys v0.1.8
[INFO] [stderr]    Compiling either v1.18.0
[INFO] [stderr]    Compiling rustix v0.38.44
[INFO] [stderr]    Compiling zerocopy v0.8.58
[INFO] [stderr]    Compiling parking_lot_core v0.9.12
[INFO] [stderr]    Compiling cc v1.4.7
[INFO] [stderr]    Compiling generic-array v0.14.7
[INFO] [stderr]    Compiling syn v2.0.119
[INFO] [stderr]    Compiling parking_lot v0.12.5
[INFO] [stderr]    Compiling crc32fast v1.5.2
[INFO] [stderr]    Compiling linux-raw-sys v0.4.15
[INFO] [stderr]    Compiling clap_lex v1.1.1
[INFO] [stderr]    Compiling dirs-sys v0.5.0
[INFO] [stderr]    Compiling clap_builder v4.6.7
[INFO] [stderr]    Compiling signal-hook-mio v0.2.5
[INFO] [stderr]    Compiling blake3 v1.8.7
[INFO] [stderr]    Compiling itertools v0.13.0
[INFO] [stderr]    Compiling castaway v0.2.4
[INFO] [stderr]    Compiling getrandom v0.2.17
[INFO] [stderr]    Compiling filetime v0.2.29
[INFO] [stderr]    Compiling indoc v2.0.7
[INFO] [stderr]    Compiling static_assertions v1.1.0
[INFO] [stderr]    Compiling simd-adler32 v0.3.10
[INFO] [stderr]    Compiling unicode-segmentation v1.13.3
[INFO] [stderr]    Compiling miniz_oxide v0.9.1
[INFO] [stderr]    Compiling inotify v0.9.6
[INFO] [stderr]    Compiling strum_macros v0.26.4
[INFO] [stderr]    Compiling darling_core v0.24.1
[INFO] [stderr]    Compiling unicode-truncate v1.1.0
[INFO] [stderr]    Compiling serde_json v1.0.151
[INFO] [stderr]    Compiling compact_str v0.8.2
[INFO] [stderr]    Compiling xattr v1.6.1
[INFO] [stderr]    Compiling rand_core v0.6.4
[INFO] [stderr]    Compiling serde_derive v1.0.229
[INFO] [stderr]    Compiling clap_derive v4.6.7
[INFO] [stderr]    Compiling strum v0.26.3
[INFO] [stderr]    Compiling tokio-macros v2.7.2
[INFO] [stderr]    Compiling crossbeam-channel v0.5.17
[INFO] [stderr]    Compiling crossterm v0.28.1
[INFO] [stderr]    Compiling ppv-lite86 v0.2.21
[INFO] [stderr]    Compiling lru v0.12.5
[INFO] [stderr]    Compiling crypto-common v0.1.7
[INFO] [stderr]    Compiling block-buffer v0.10.4
[INFO] [stderr]    Compiling dirs v6.0.0
[INFO] [stderr]    Compiling clap v4.6.7
[INFO] [stderr]    Compiling mio v0.8.11
[INFO] [stderr]    Compiling colored v3.1.1
[INFO] [stderr]    Compiling unicode-width v0.2.0
[INFO] [stderr]    Compiling arrayvec v0.7.8
[INFO] [stderr]    Compiling darling_macro v0.24.1
[INFO] [stderr]    Compiling cassowary v0.3.0
[INFO] [stderr]    Compiling darling v0.24.1
[INFO] [stderr]    Compiling instability v0.3.14
[INFO] [stderr]    Compiling notify v6.1.1
[INFO] [stderr]    Compiling tokio v1.53.1
[INFO] [stderr]    Compiling ratatui v0.29.0
[INFO] [stderr]    Compiling which v7.0.3
[INFO] [stderr]    Compiling serde v1.0.229
[INFO] [stderr]    Compiling digest v0.10.7
[INFO] [stderr]    Compiling clap_complete v4.6.11
[INFO] [stderr]    Compiling uuid v1.26.1
[INFO] [stderr]    Compiling serde_spanned v0.6.9
[INFO] [stderr]    Compiling toml_datetime v0.6.11
[INFO] [stderr]    Compiling chrono v0.4.45
[INFO] [stderr]    Compiling rand_chacha v0.3.1
[INFO] [stderr]    Compiling toml_edit v0.22.27
[INFO] [stderr]    Compiling flate2 v1.1.10
[INFO] [stderr]    Compiling tar v0.4.46
[INFO] [stderr]    Compiling toml v0.8.23
[INFO] [stderr]    Compiling sha2 v0.10.9
[INFO] [stderr]    Compiling rand v0.8.8
[INFO] [stderr]    Compiling sb-core v0.2.0
[INFO] [stderr]    Compiling sb-code v0.1.0
[INFO] [stderr]    Compiling sb-cli v0.2.1 (/opt/rustwide/workdir)
[INFO] [stdout] warning: unused import: `std::process::Command`
[INFO] [stdout]  --> src/commands/status.rs:5:5
[INFO] [stdout]   |
[INFO] [stdout] 5 | use std::process::Command;
[INFO] [stdout]   |     ^^^^^^^^^^^^^^^^^^^^^
[INFO] [stdout]   |
[INFO] [stdout]   = note: `#[warn(unused_imports)]` (part of `#[warn(unused)]`) on by default
[INFO] [stdout] 
[INFO] [stdout] 
[INFO] [stderr] warning: unused dependency `sb-code`
[INFO] [stderr]   --> Cargo.toml:34:15
[INFO] [stderr]    |
[INFO] [stderr] 34 | [dependencies.sb-code]
[INFO] [stderr]    |               ^^^^^^^^
[INFO] [stderr]    |
[INFO] [stderr]    = note: `cargo::unused_dependencies` is set to `warn` by default
[INFO] [stderr] help: consider removing the dependency on `sb-code`
[INFO] [stderr] warning: `sb-cli` (manifest) generated 1 warning
[INFO] [stderr]     Finished `release` profile [optimized] target(s) in 3m 04s
[INFO] running `Command { std: "docker" "inspect" "3b6c53b6eb867ac225ade2f251061064729222a40f88dc749b966e11db85e574", kill_on_drop: false }`
[INFO] running `Command { std: "docker" "exec" "-e" "SOURCE_DIR=/opt/rustwide/workdir" "-e" "CARGO_HOME=/opt/rustwide/cargo-home" "-e" "RUSTUP_HOME=/opt/rustwide/rustup-home" "-e" "CARGO_TARGET_DIR=/opt/rustwide/target" "-e" "CARGO_INCREMENTAL=0" "-e" "RUST_BACKTRACE=full" "-e" "RUSTFLAGS=--cap-lints=warn" "-e" "RUSTDOCFLAGS=--cap-lints=warn" "-w" "/opt/rustwide/workdir" "--user" "0:0" "3b6c53b6eb867ac225ade2f251061064729222a40f88dc749b966e11db85e574" "/opt/rustwide/cargo-home/bin/cargo" "+1.100.0-beta.1" "test" "--frozen" "--no-run" "--message-format=json" "--release", kill_on_drop: false }`
[INFO] [stderr]    Compiling sb-cli v0.2.1 (/opt/rustwide/workdir)
[INFO] [stdout] warning: unused import: `std::process::Command`
[INFO] [stdout]  --> src/commands/status.rs:5:5
[INFO] [stdout]   |
[INFO] [stdout] 5 | use std::process::Command;
[INFO] [stdout]   |     ^^^^^^^^^^^^^^^^^^^^^
[INFO] [stdout]   |
[INFO] [stdout]   = note: `#[warn(unused_imports)]` (part of `#[warn(unused)]`) on by default
[INFO] [stdout] 
[INFO] [stdout] 
[INFO] [stderr] warning: unused dependency `sb-code`
[INFO] [stderr]   --> Cargo.toml:34:15
[INFO] [stderr]    |
[INFO] [stderr] 34 | [dependencies.sb-code]
[INFO] [stderr]    |               ^^^^^^^^
[INFO] [stderr]    |
[INFO] [stderr]    = note: `cargo::unused_dependencies` is set to `warn` by default
[INFO] [stderr] help: consider removing the dependency on `sb-code`
[INFO] [stderr] warning: `sb-cli` (manifest) generated 1 warning
[INFO] [stderr]     Finished `release` profile [optimized] target(s) in 10.15s
[INFO] running `Command { std: "docker" "inspect" "3b6c53b6eb867ac225ade2f251061064729222a40f88dc749b966e11db85e574", kill_on_drop: false }`
[INFO] running `Command { std: "docker" "exec" "-e" "SOURCE_DIR=/opt/rustwide/workdir" "-e" "CARGO_HOME=/opt/rustwide/cargo-home" "-e" "RUSTUP_HOME=/opt/rustwide/rustup-home" "-e" "CARGO_TARGET_DIR=/opt/rustwide/target" "-e" "CARGO_INCREMENTAL=0" "-e" "RUST_BACKTRACE=full" "-e" "RUSTFLAGS=--cap-lints=warn" "-e" "RUSTDOCFLAGS=--cap-lints=warn" "-w" "/opt/rustwide/workdir" "--user" "0:0" "3b6c53b6eb867ac225ade2f251061064729222a40f88dc749b966e11db85e574" "/opt/rustwide/cargo-home/bin/cargo" "+1.100.0-beta.1" "test" "--frozen" "--release", kill_on_drop: false }`
[INFO] [stderr] warning: unused import: `std::process::Command`
[INFO] [stderr]  --> src/commands/status.rs:5:5
[INFO] [stderr]   |
[INFO] [stderr] 5 | use std::process::Command;
[INFO] [stderr]   |     ^^^^^^^^^^^^^^^^^^^^^
[INFO] [stderr]   |
[INFO] [stderr]   = note: `#[warn(unused_imports)]` (part of `#[warn(unused)]`) on by default
[INFO] [stderr] 
[INFO] [stderr] warning: `sb-cli` (bin "sb" test) generated 1 warning (run `cargo fix --bin "sb" -p sb-cli --tests` to apply 1 suggestion)
[INFO] [stderr] warning: unused dependency `sb-code`
[INFO] [stderr]   --> Cargo.toml:34:15
[INFO] [stderr]    |
[INFO] [stderr] 34 | [dependencies.sb-code]
[INFO] [stderr]    |               ^^^^^^^^
[INFO] [stderr]    |
[INFO] [stderr]    = note: `cargo::unused_dependencies` is set to `warn` by default
[INFO] [stderr] help: consider removing the dependency on `sb-code`
[INFO] [stderr] warning: `sb-cli` (manifest) generated 1 warning
[INFO] [stderr]     Finished `release` profile [optimized] target(s) in 0.22s
[INFO] [stderr]      Running unittests src/main.rs (/opt/rustwide/target/release/build/sb-cli/d14605ef56ef7fcd/out/sb-d14605ef56ef7fcd)
[INFO] [stdout] 
[INFO] [stdout] running 25 tests
[INFO] [stdout] test logs::tests::test_python_traceback_detection ... ok
[INFO] [stdout] test logs::tests::test_rust_panic_detection ... ok
[INFO] [stdout] test logs::tests::test_log_line_classification ... ok
[INFO] [stdout] test logs::tests::test_oom_killer_detection ... ok
[INFO] [stdout] test quorum::tests::test_pending_proposals_helpers ... ok
[INFO] [stdout] test cockpit::tests::test_cockpit_app_initialization ... ok
[INFO] [stdout] test logs::tests::test_nodejs_unhandled_rejection_detection ... ok
[INFO] [stdout] test quorum::tests::test_proposal_lifecycle_in_memory ... ok
[INFO] [stdout] test quorum::tests::test_proposal_rejection ... ok
[INFO] [stdout] test context::tests::test_context_lifecycle_and_switching ... ok
[INFO] [stdout] test process_ledger::tests::test_spawn_and_track ... FAILED
[INFO] [stdout] test cockpit::tests::test_cockpit_tab_switching ... ok
[INFO] [stdout] test quorum::tests::test_proposal_expiration ... ok
[INFO] [stdout] test quorum::tests::test_quorum_category_parsing ... ok
[INFO] [stdout] test tests::test_build_and_parse_base64_pairing_token ... ok
[INFO] [stdout] test tests::test_compute_required_quorum ... ok
[INFO] [stdout] test tests::test_can_rename_running_exe ... ok
[INFO] [stdout] test trace::tests::test_format_uptime ... ok
[INFO] [stdout] test tests::test_parse_dotenv_content ... ok
[INFO] [stdout] test tests::test_parse_pairing_token_roundtrip ... ok
[INFO] [stdout] test tests::test_resolve_tools ... ok
[INFO] [stdout] test tests::test_team_request_quorum_transition ... ok
[INFO] [stdout] test trace::tests::test_render_ascii_bar_bounds ... ok
[INFO] [stdout] test tests::test_sync_mesh_network_with_context ... ok
[INFO] [stdout] test process_ledger::tests::test_is_pid_alive ... ok
[INFO] [stdout] 
[INFO] [stdout] failures:
[INFO] [stdout] 
[INFO] [stdout] ---- process_ledger::tests::test_spawn_and_track stdout ----
[INFO] [stdout] 
[INFO] [stdout] thread 'process_ledger::tests::test_spawn_and_track' (1620) panicked at src/process_ledger.rs:316:14:
[INFO] [stdout] failed to spawn child: Os { code: 2, kind: NotFound, message: "No such file or directory" }
[INFO] [stdout] stack backtrace:
[INFO] [stdout]    0:     0x596ad5983cd1 - <<std[617be2ca0a6fd877]::sys::backtrace::BacktraceLock>::print::DisplayBacktrace as core[a373ad73a504971]::fmt::Display>::fmt
[INFO] [stdout]    1:     0x596ad599ac3a - core[a373ad73a504971]::fmt::write
[INFO] [stdout]    2:     0x596ad598825c - <alloc[2e1b2a31b91974c5]::vec::Vec<u8> as core[a373ad73a504971]::io::write::Write>::write_fmt
[INFO] [stdout]    3:     0x596ad595d496 - std[617be2ca0a6fd877]::panicking::default_hook::{closure#0}
[INFO] [stdout]    4:     0x596ad597b219 - std[617be2ca0a6fd877]::panicking::default_hook
[INFO] [stdout]    5:     0x596ad58e9940 - test[aada8e7e76ba119b]::test_main_inner::{closure#0}
[INFO] [stdout]    6:     0x596ad597b3d2 - std[617be2ca0a6fd877]::panicking::panic_with_hook
[INFO] [stdout]    7:     0x596ad595d542 - std[617be2ca0a6fd877]::panicking::panic_handler::{closure#0}
[INFO] [stdout]    8:     0x596ad5955ea9 - std[617be2ca0a6fd877]::sys::backtrace::__rust_end_short_backtrace::<std[617be2ca0a6fd877]::panicking::panic_handler::{closure#0}, !>
[INFO] [stdout]    9:     0x596ad595e23d - __rustc[ea4f61d10b84890b]::rust_begin_unwind
[INFO] [stdout]   10:     0x596ad599b36c - core[a373ad73a504971]::panicking::panic_fmt
[INFO] [stdout]   11:     0x596ad599b142 - core[a373ad73a504971]::result::unwrap_failed
[INFO] [stdout]   12:     0x596ad58b864d - <sb[cc53fd32b3bddf87]::process_ledger::tests::test_spawn_and_track::{closure#0} as core[a373ad73a504971]::ops::function::FnOnce<()>>::call_once
[INFO] [stdout]   13:     0x596ad58dcd8b - test[aada8e7e76ba119b]::__rust_begin_short_backtrace::<core[a373ad73a504971]::result::Result<(), alloc[2e1b2a31b91974c5]::string::String>, fn() -> core[a373ad73a504971]::result::Result<(), alloc[2e1b2a31b91974c5]::string::String>>
[INFO] [stderr] error: test failed, to rerun pass `--bin sb`
[INFO] [stdout]   14:     0x596ad58e9f65 - test[aada8e7e76ba119b]::run_test::{closure#0}
[INFO] [stdout]   15:     0x596ad58e3854 - std[617be2ca0a6fd877]::sys::backtrace::__rust_begin_short_backtrace::<test[aada8e7e76ba119b]::run_test::{closure#1}, ()>
[INFO] [stdout]   16:     0x596ad58ecff2 - <std[617be2ca0a6fd877]::thread::lifecycle::spawn_unchecked<test[aada8e7e76ba119b]::run_test::{closure#1}, ()>::{closure#1} as core[a373ad73a504971]::ops::function::FnOnce<()>>::call_once::{shim:vtable#0}
[INFO] [stdout]   17:     0x596ad5982fef - <std[617be2ca0a6fd877]::sys::thread::unix::Thread>::new::thread_start
[INFO] [stdout]   18:     0x75c202740dfa - <unknown>
[INFO] [stdout]   19:     0x75c2027d43d4 - clone
[INFO] [stdout]   20:                0x0 - <unknown>
[INFO] [stdout] 
[INFO] [stdout] 
[INFO] [stdout] failures:
[INFO] [stdout]     process_ledger::tests::test_spawn_and_track
[INFO] [stdout] 
[INFO] [stdout] test result: FAILED. 24 passed; 1 failed; 0 ignored; 0 measured; 0 filtered out; finished in 0.01s
[INFO] [stdout] 
[INFO] running `Command { std: "docker" "inspect" "3b6c53b6eb867ac225ade2f251061064729222a40f88dc749b966e11db85e574", kill_on_drop: false }`
[INFO] running `Command { std: "docker" "rm" "-f" "3b6c53b6eb867ac225ade2f251061064729222a40f88dc749b966e11db85e574", kill_on_drop: false }`
[INFO] [stdout] 3b6c53b6eb867ac225ade2f251061064729222a40f88dc749b966e11db85e574
