[INFO] fetching crate saya-config 0.4.1...
[INFO] testing saya-config-0.4.1 against 1.99.0-beta.8+cargoflags=--release for beta-release-1.100-2
[INFO] extracting crate saya-config 0.4.1 into /workspace/builds/worker-5-tc1/source
[INFO] started tweaking crates.io crate saya-config 0.4.1
[INFO] removed 0 missing tests
[INFO] finished tweaking crates.io crate saya-config 0.4.1
[INFO] tweaked toml for crates.io crate saya-config 0.4.1 written to /workspace/builds/worker-5-tc1/source/Cargo.toml
[INFO] validating manifest of crates.io crate saya-config 0.4.1 on toolchain 1.99.0-beta.8
[INFO] running `Command { std: CARGO_HOME="/workspace/cargo-home" RUSTUP_HOME="/workspace/rustup-home" "/workspace/cargo-home/bin/cargo" "+1.99.0-beta.8" "metadata" "--manifest-path" "Cargo.toml" "--no-deps", kill_on_drop: false }`
[INFO] crate crates.io crate saya-config 0.4.1 already has a lockfile, it will not be regenerated
[INFO] running `Command { std: CARGO_HOME="/workspace/cargo-home" RUSTUP_HOME="/workspace/rustup-home" "/workspace/cargo-home/bin/cargo" "+1.99.0-beta.8" "fetch" "--manifest-path" "Cargo.toml", kill_on_drop: false }`
[INFO] [stderr]     Updating crates.io index
[INFO] [stderr]  Downloading crates ...
[INFO] [stderr]   Downloaded saya-types v0.4.1
[INFO] running `Command { std: "docker" "create" "-v" "/var/lib/crater-agent-workspace/builds/worker-5-tc1/source:/opt/rustwide/workdir:ro,Z" "-v" "/var/lib/crater-agent-workspace/builds/worker-5-tc1/target:/opt/rustwide/target:rw,Z" "-v" "/var/lib/crater-agent-workspace/cargo-home:/opt/rustwide/cargo-home:ro,Z" "-v" "/var/lib/crater-agent-workspace/rustup-home:/opt/rustwide/rustup-home:ro,Z" "-m" "1610612736" "--network" "none" "ghcr.io/rust-lang/crates-build-env/linux@sha256:77db811e55d90add9212f6832c23229e3de5f1c1f9905e8cb07319ea15df73ac" "sleep" "infinity", kill_on_drop: false }`
[INFO] [stdout] f84e81fcdda7bca86f2840fdde0fb0a06907b883f03567150b7ebc50d0b8632e
[INFO] running `Command { std: "docker" "start" "f84e81fcdda7bca86f2840fdde0fb0a06907b883f03567150b7ebc50d0b8632e", kill_on_drop: false }`
[INFO] running `Command { std: "docker" "inspect" "f84e81fcdda7bca86f2840fdde0fb0a06907b883f03567150b7ebc50d0b8632e", kill_on_drop: false }`
[INFO] running `Command { std: "docker" "exec" "-e" "SOURCE_DIR=/opt/rustwide/workdir" "-e" "CARGO_HOME=/opt/rustwide/cargo-home" "-e" "RUSTUP_HOME=/opt/rustwide/rustup-home" "-e" "CARGO_TARGET_DIR=/opt/rustwide/target" "-w" "/opt/rustwide/workdir" "--user" "0:0" "f84e81fcdda7bca86f2840fdde0fb0a06907b883f03567150b7ebc50d0b8632e" "/opt/rustwide/cargo-home/bin/cargo" "+1.99.0-beta.8" "metadata" "--no-deps" "--format-version=1", kill_on_drop: false }`
[INFO] running `Command { std: "docker" "inspect" "f84e81fcdda7bca86f2840fdde0fb0a06907b883f03567150b7ebc50d0b8632e", kill_on_drop: false }`
[INFO] running `Command { std: "docker" "exec" "-e" "SOURCE_DIR=/opt/rustwide/workdir" "-e" "CARGO_HOME=/opt/rustwide/cargo-home" "-e" "RUSTUP_HOME=/opt/rustwide/rustup-home" "-e" "CARGO_TARGET_DIR=/opt/rustwide/target" "-e" "CARGO_INCREMENTAL=0" "-e" "RUST_BACKTRACE=full" "-e" "RUSTFLAGS=--cap-lints=warn" "-e" "RUSTDOCFLAGS=--cap-lints=warn" "-w" "/opt/rustwide/workdir" "--user" "0:0" "f84e81fcdda7bca86f2840fdde0fb0a06907b883f03567150b7ebc50d0b8632e" "/opt/rustwide/cargo-home/bin/cargo" "+1.99.0-beta.8" "build" "--frozen" "--message-format=json" "--release", kill_on_drop: false }`
[INFO] [stderr]    Compiling const-oid v0.9.6
[INFO] [stderr]    Compiling winnow v1.0.4
[INFO] [stderr]    Compiling serde v1.0.229
[INFO] [stderr]    Compiling digest v0.10.7
[INFO] [stderr]    Compiling sha2 v0.10.9
[INFO] [stderr]    Compiling toml_parser v1.1.3+spec-1.1.0
[INFO] [stderr]    Compiling saya-types v0.4.1
[INFO] [stderr]    Compiling toml v1.1.4+spec-1.1.0
[INFO] [stderr]    Compiling saya-config v0.4.1 (/opt/rustwide/workdir)
[INFO] [stderr]     Finished `release` profile [optimized] target(s) in 18.36s
[INFO] running `Command { std: "docker" "inspect" "f84e81fcdda7bca86f2840fdde0fb0a06907b883f03567150b7ebc50d0b8632e", kill_on_drop: false }`
[INFO] running `Command { std: "docker" "exec" "-e" "SOURCE_DIR=/opt/rustwide/workdir" "-e" "CARGO_HOME=/opt/rustwide/cargo-home" "-e" "RUSTUP_HOME=/opt/rustwide/rustup-home" "-e" "CARGO_TARGET_DIR=/opt/rustwide/target" "-e" "CARGO_INCREMENTAL=0" "-e" "RUST_BACKTRACE=full" "-e" "RUSTFLAGS=--cap-lints=warn" "-e" "RUSTDOCFLAGS=--cap-lints=warn" "-w" "/opt/rustwide/workdir" "--user" "0:0" "f84e81fcdda7bca86f2840fdde0fb0a06907b883f03567150b7ebc50d0b8632e" "/opt/rustwide/cargo-home/bin/cargo" "+1.99.0-beta.8" "test" "--frozen" "--no-run" "--message-format=json" "--release", kill_on_drop: false }`
[INFO] [stderr]    Compiling saya-config v0.4.1 (/opt/rustwide/workdir)
[INFO] [stderr]     Finished `release` profile [optimized] target(s) in 10.67s
[INFO] running `Command { std: "docker" "inspect" "f84e81fcdda7bca86f2840fdde0fb0a06907b883f03567150b7ebc50d0b8632e", kill_on_drop: false }`
[INFO] running `Command { std: "docker" "exec" "-e" "SOURCE_DIR=/opt/rustwide/workdir" "-e" "CARGO_HOME=/opt/rustwide/cargo-home" "-e" "RUSTUP_HOME=/opt/rustwide/rustup-home" "-e" "CARGO_TARGET_DIR=/opt/rustwide/target" "-e" "CARGO_INCREMENTAL=0" "-e" "RUST_BACKTRACE=full" "-e" "RUSTFLAGS=--cap-lints=warn" "-e" "RUSTDOCFLAGS=--cap-lints=warn" "-w" "/opt/rustwide/workdir" "--user" "0:0" "f84e81fcdda7bca86f2840fdde0fb0a06907b883f03567150b7ebc50d0b8632e" "/opt/rustwide/cargo-home/bin/cargo" "+1.99.0-beta.8" "test" "--frozen" "--release", kill_on_drop: false }`
[INFO] [stderr]     Finished `release` profile [optimized] target(s) in 0.05s
[INFO] [stderr]      Running unittests src/lib.rs (/opt/rustwide/target/release/deps/saya_config-6ebdd3b1a5f51ea4)
[INFO] [stdout] 
[INFO] [stdout] running 6 tests
[INFO] [stdout] test context_window::tests::no_entry_reports_a_zero_window ... ok
[INFO] [stdout] test context_window::tests::entries_are_unique_per_model ... ok
[INFO] [stdout] test secret::tests::nonregular_file_secret_is_rejected ... ok
[INFO] [stdout] test context_window::tests::lookup_answers_for_every_input ... ok
[INFO] [stdout] test secret::tests::file_secret_is_trimmed ... ok
[INFO] [stdout] test secret::tests::oversized_file_secret_is_rejected_without_payload ... ok
[INFO] [stdout] 
[INFO] [stdout] test result: ok. 6 passed; 0 failed; 0 ignored; 0 measured; 0 filtered out; finished in 0.00s
[INFO] [stdout] 
[INFO] [stderr]      Running tests/candidates.rs (/opt/rustwide/target/release/deps/candidates-370e4881daaa3a57)
[INFO] [stdout] 
[INFO] [stdout] running 9 tests
[INFO] [stdout] test candidates_resolve_from_file ... ok
[INFO] [stdout] test candidates_above_the_maximum_is_rejected_naming_the_range ... ok
[INFO] [stdout] test candidates_below_one_is_rejected_naming_the_range ... ok
[INFO] [stdout] test cli_candidates_flag_overrides_the_config_file_value ... ok
[INFO] [stdout] test candidates_bounds_are_inclusive ... ok
[INFO] [stdout] test diagnostics_report_candidates_like_their_neighbours ... ok
[INFO] [stdout] test project_layer_candidates_applies_because_it_is_not_protected ... ok
[INFO] [stdout] test candidates_env_var_overrides_the_file_value ... ok
[INFO] [stdout] test candidates_default_to_one_when_absent ... ok
[INFO] [stdout] 
[INFO] [stdout] test result: ok. 9 passed; 0 failed; 0 ignored; 0 measured; 0 filtered out; finished in 0.00s
[INFO] [stdout] 
[INFO] [stderr]      Running tests/compaction.rs (/opt/rustwide/target/release/deps/compaction-57a828a00479fc3b)
[INFO] [stdout] 
[INFO] [stdout] running 4 tests
[INFO] [stdout] test compaction_defaults_to_auto_and_resolves_each_spelling ... ok
[INFO] [stdout] test compaction_is_visible_in_config_show_and_doctor ... ok
[INFO] [stdout] test compaction_spelling_round_trips_and_rejects_unknown_words ... ok
[INFO] [stdout] test compaction_follows_the_existing_config_layering ... ok
[INFO] [stdout] 
[INFO] [stdout] test result: ok. 4 passed; 0 failed; 0 ignored; 0 measured; 0 filtered out; finished in 0.00s
[INFO] [stdout] 
[INFO] [stderr]      Running tests/context_window.rs (/opt/rustwide/target/release/deps/context_window-32c0553b311ae671)
[INFO] [stdout] 
[INFO] [stdout] running 9 tests
[INFO] [stdout] test models_sharing_a_prefix_do_not_share_a_window ... ok
[INFO] [stdout] test resolution_leaves_the_field_absent_when_unconfigured ... ok
[INFO] [stdout] test windows_match_their_documented_sources ... ok
[INFO] [stdout] test known_model_returns_its_documented_window ... ok
[INFO] [stdout] test a_declared_zero_window_is_rejected ... ok
[INFO] [stdout] test another_known_family_resolves_too ... ok
[INFO] [stdout] test unknown_models_are_not_guessed ... ok
[INFO] [stdout] test the_lookup_and_the_resolved_field_agree_on_absence ... ok
[INFO] [stdout] test a_config_declared_window_overrides_the_table ... ok
[INFO] [stdout] 
[INFO] [stdout] test result: ok. 9 passed; 0 failed; 0 ignored; 0 measured; 0 filtered out; finished in 0.00s
[INFO] [stdout] 
[INFO] [stderr]      Running tests/endpoints.rs (/opt/rustwide/target/release/deps/endpoints-80c777defc45c3ad)
[INFO] [stdout] 
[INFO] [stdout] running 16 tests
[INFO] [stdout] test duplicate_endpoint_names_are_rejected_not_last_wins ... ok
[INFO] [stdout] test endpoint_base_url_is_bounded_at_resolution ... ok
[INFO] [stdout] test an_absent_endpoints_section_resolves_an_orchestrator_from_the_ai_block ... ok
[INFO] [stdout] test a_malformed_endpoint_name_is_rejected ... ok
[INFO] [stdout] test inherited_endpoint_strings_are_bounded_without_losing_inheritance ... ok
[INFO] [stdout] test inherited_endpoint_diagnostics_remain_redacted ... ok
[INFO] [stdout] test the_endpoint_pool_is_bounded ... ok
[INFO] [stdout] test an_endpoint_without_a_name_is_rejected_at_parse ... ok
[INFO] [stdout] test with_nothing_declared_the_orchestrator_still_resolves ... ok
[INFO] [stdout] test a_declared_endpoint_inherits_unset_fields_from_the_ai_block ... ok
[INFO] [stdout] test endpoint_diagnostics_never_carry_a_secret_value ... ok
[INFO] [stdout] test endpoint_secret_reference_is_bounded_at_resolution ... ok
[INFO] [stdout] test inherited_endpoint_secret_reference_is_bounded_at_resolution ... ok
[INFO] [stdout] test endpoint_model_is_bounded_at_resolution ... ok
[INFO] [stdout] test an_endpoint_named_orchestrator_replaces_the_fallback ... ok
[INFO] [stdout] test unknown_keys_inside_an_endpoint_are_rejected ... ok
[INFO] [stdout] 
[INFO] [stdout] test result: ok. 16 passed; 0 failed; 0 ignored; 0 measured; 0 filtered out; finished in 0.01s
[INFO] [stdout] 
[INFO] [stderr]      Running tests/environment_profiles.rs (/opt/rustwide/target/release/deps/environment_profiles-187c215c8ad6b766)
[INFO] [stdout] 
[INFO] [stdout] running 17 tests
[INFO] [stdout] test duckdb_read_only_environment_rejects_non_boolean_values ... ok
[INFO] [stdout] test environment_database_fields_overlay_env_file_then_named_profile ... ok
[INFO] [stdout] test environment_only_profiles_support_mysql_and_duckdb ... ok
[INFO] [stdout] test named_environment_profile_succeeds_without_a_connections_file_entry ... ok
[INFO] [stdout] test builds_a_postgres_profile_from_environment_without_retaining_the_password ... ok
[INFO] [stdout] test duckdb_path_environment_overlay_preserves_profile_read_only_setting ... ok
[INFO] [stdout] test duckdb_read_only_environment_override_is_typed ... ok
[INFO] [stdout] test mysql_tls_environment_overrides_profile_without_retaining_secret_values ... ok
[INFO] [stdout] test snowflake_auth_type_transitions_clear_irrelevant_secret_refs ... ok
[INFO] [stdout] test environment_profiles_report_typed_configuration_errors ... ok
[INFO] [stdout] test environment_only_profiles_support_sqlite ... ok
[INFO] [stdout] test snowflake_environment_overlay_validates_auth_specific_fields ... ok
[INFO] [stdout] test snowflake_externalbrowser_environment_needs_no_secret ... ok
[INFO] [stdout] test sqlite_read_only_environment_rejects_non_boolean_values ... ok
[INFO] [stdout] test sqlite_read_only_environment_override_is_typed ... ok
[INFO] [stdout] test sqlite_path_environment_overlay_preserves_profile_read_only_setting ... ok
[INFO] [stdout] test snowflake_environment_overlay_preserves_profile_fields_and_only_stores_secret_refs ... ok
[INFO] [stdout] 
[INFO] [stdout] test result: ok. 17 passed; 0 failed; 0 ignored; 0 measured; 0 filtered out; finished in 0.00s
[INFO] [stdout] 
[INFO] [stderr]      Running tests/inline_secrets.rs (/opt/rustwide/target/release/deps/inline_secrets-44037d97c492504f)
[INFO] [stdout] 
[INFO] [stdout] running 4 tests
[INFO] [stdout] test inline_endpoint_api_key_error_names_the_endpoint_and_the_fix ... ok
[INFO] [stdout] test inline_profile_password_error_names_the_profile ... ok
[INFO] [stdout] test inline_api_key_error_names_the_field_and_the_fix ... ok
[INFO] [stdout] test reference_form_still_parses ... ok
[INFO] [stdout] 
[INFO] [stdout] test result: ok. 4 passed; 0 failed; 0 ignored; 0 measured; 0 filtered out; finished in 0.00s
[INFO] [stdout] 
[INFO] [stderr]      Running tests/jobs.rs (/opt/rustwide/target/release/deps/jobs-4721d1bc1b66cb2f)
[INFO] [stdout] 
[INFO] [stdout] running 32 tests
[INFO] [stdout] test jobs_interpreter_allow_without_program_dir_refuses ... ok
[INFO] [stdout] test jobs_more_than_the_contract_endpoint_count_is_rejected ... ok
[INFO] [stdout] test jobs_other_budget_dimensions_are_unchanged ... ok
[INFO] [stdout] test jobs_fetch_below_one_is_rejected_naming_the_field ... ok
[INFO] [stdout] test jobs_below_one_is_rejected_naming_the_field ... ok
[INFO] [stdout] test jobs_runner_allow_refuses_duplicates ... ok
[INFO] [stdout] test diagnostics_report_jobs_like_their_neighbours ... ok
[INFO] [stdout] test jobs_runner_dangling_program_dir_resolves ... ok
[INFO] [stdout] test diagnostics_report_the_runner_settings_like_their_neighbours ... ok
[INFO] [stdout] test host_commands_default_to_shaping_defaults ... ok
[INFO] [stdout] test jobs_fetch_resolves_defaults_and_declared_values ... ok
[INFO] [stdout] test a_stale_enable_key_is_a_typed_parse_error ... ok
[INFO] [stdout] test jobs_runner_allow_above_the_contract_count_is_rejected ... ok
[INFO] [stdout] test jobs_endpoint_key_outside_the_name_shape_is_rejected ... ok
[INFO] [stdout] test jobs_runner_allow_outside_the_name_shape_is_rejected ... ok
[INFO] [stdout] test jobs_fetch_unknown_keys_are_rejected_naming_the_key ... ok
[INFO] [stdout] test jobs_interpreter_allow_refuses_programs_the_runner_can_run ... ok
[INFO] [stdout] test jobs_runner_allow_without_program_dir_is_rejected ... ok
[INFO] [stdout] test jobs_unknown_keys_are_rejected_naming_the_key ... ok
[INFO] [stdout] test jobs_runner_timeout_below_one_is_rejected_naming_the_field ... ok
[INFO] [stdout] test resolved_jobs_convert_into_contract_budgets_that_validate ... ok
[INFO] [stdout] test jobs_runner_unknown_keys_are_rejected_naming_the_key ... ok
[INFO] [stdout] test user_layer_pass_env_and_timeout_shape_the_lane ... ok
[INFO] [stdout] test jobs_turn_ceiling_is_independent_of_run_max_iterations ... ok
[INFO] [stdout] test jobs_turns_unset_means_unlimited ... ok
[INFO] [stdout] test jobs_runner_program_dir_alone_resolves ... ok
[INFO] [stdout] test max_iterations_below_one_is_rejected_even_without_a_reader ... ok
[INFO] [stdout] test jobs_runner_resolves_defaults_and_declared_values ... ok
[INFO] [stdout] test project_layer_jobs_applies_and_is_not_protected ... ok
[INFO] [stdout] test jobs_zero_token_ceiling_is_rejected ... ok
[INFO] [stdout] test jobs_runner_program_dir_relative_is_rejected_naming_the_field ... ok
[INFO] [stderr]      Running tests/memory_config.rs (/opt/rustwide/target/release/deps/memory_config-45b8252be3df0286)
[INFO] [stdout] test jobs_runner_allow_refuses_shells_and_interpreters ... ok
[INFO] [stdout] 
[INFO] [stdout] test result: ok. 32 passed; 0 failed; 0 ignored; 0 measured; 0 filtered out; finished in 0.01s
[INFO] [stdout] 
[INFO] [stdout] 
[INFO] [stdout] running 11 tests
[INFO] [stdout] test a_fully_set_memory_section_round_trips ... ok
[INFO] [stdout] test a_partial_memory_section_fills_unspecified_fields_from_the_defaults ... ok
[INFO] [stdout] test out_of_range_numbers_are_typed_errors_naming_the_field_and_range ... ok
[INFO] [stdout] test resolved_memory_values_appear_in_redacted_diagnostics ... ok
[INFO] [stdout] test each_valid_mode_string_parses_to_its_variant ... ok
[INFO] [stdout] test the_numeric_bounds_are_inclusive_at_both_ends ... ok
[INFO] [stdout] test legacy_two_axis_configuration_fails_loudly_at_parse_time ... ok
[INFO] [stdout] test max_context_bytes_at_the_floor_is_accepted ... ok
[INFO] [stdout] test max_context_bytes_has_no_upper_ceiling ... ok
[INFO] [stderr]      Running tests/resolution.rs (/opt/rustwide/target/release/deps/resolution-86d2d1e214d4939a)
[INFO] [stdout] test an_unknown_mode_string_names_the_accepted_values ... ok
[INFO] [stdout] test an_empty_config_upgrades_to_the_safe_memory_defaults ... ok
[INFO] [stdout] 
[INFO] [stdout] test result: ok. 11 passed; 0 failed; 0 ignored; 0 measured; 0 filtered out; finished in 0.01s
[INFO] [stdout] 
[INFO] [stdout] 
[INFO] [stdout] running 5 tests
[INFO] [stdout] test a_single_profile_is_selected_without_an_explicit_default ... ok
[INFO] [stdout] test multiple_profiles_require_explicit_selection ... ok
[INFO] [stdout] test cli_values_override_every_other_source ... ok
[INFO] [stdout] test process_environment_overrides_the_explicit_env_file ... ok
[INFO] [stdout] test profile_selection_prefers_flag_then_environment_then_config ... ok
[INFO] [stdout] 
[INFO] [stdout] test result: ok. 5 passed; 0 failed; 0 ignored; 0 measured; 0 filtered out; finished in 0.00s
[INFO] [stdout] 
[INFO] [stderr]      Running tests/runtime_settings.rs (/opt/rustwide/target/release/deps/runtime_settings-e12e390a15603978)
[INFO] [stdout] 
[INFO] [stdout] running 14 tests
[INFO] [stdout] test ai_context_byte_budget_resolves_from_file_with_unchanged_default ... ok
[INFO] [stdout] test resolved_diagnostics_redact_file_secret_paths ... ok
[INFO] [stdout] test process_environment_overrides_env_file_for_all_mapped_runtime_settings ... ok
[INFO] [stdout] test cli_theme_flag_overrides_the_config_file_value ... ok
[INFO] [stdout] test ai_retry_delays_default_when_unset_matches_today ... ok
[INFO] [stdout] test resolved_diagnostics_masks_base_url_userinfo_and_query_string ... ok
[INFO] [stdout] test ai_request_budgets_resolve_from_file_with_defaults ... ok
[INFO] [stdout] test provider_environment_names_resolve_to_runtime_secret_references ... ok
[INFO] [stdout] test resolved_diagnostics_report_effective_provider_settings_without_secrets ... ok
[INFO] [stdout] test ai_retry_delays_above_the_limit_is_a_typed_error ... ok
[INFO] [stdout] test ai_context_byte_budget_below_the_floor_is_a_typed_error ... ok
[INFO] [stdout] test ai_retry_delays_empty_list_means_do_not_retry ... ok
[INFO] [stdout] test ui_theme_resolves_from_file_with_auto_default ... ok
[INFO] [stdout] test ai_retry_delays_resolves_from_file ... ok
[INFO] [stdout] 
[INFO] [stdout] test result: ok. 14 passed; 0 failed; 0 ignored; 0 measured; 0 filtered out; finished in 0.00s
[INFO] [stdout] 
[INFO] [stderr]      Running tests/secrets.rs (/opt/rustwide/target/release/deps/secrets-fd23db22cf8172ea)
[INFO] [stderr]      Running tests/trust_boundary.rs (/opt/rustwide/target/release/deps/trust_boundary-fca4f01232613189)
[INFO] [stdout] 
[INFO] [stdout] running 3 tests
[INFO] [stdout] test env_files_are_parsed_only_when_explicitly_supplied ... ok
[INFO] [stdout] test secret_references_parse_without_inline_secret_support ... ok
[INFO] [stdout] test diagnostics_reveal_references_but_not_resolved_values ... ok
[INFO] [stdout] 
[INFO] [stdout] test result: ok. 3 passed; 0 failed; 0 ignored; 0 measured; 0 filtered out; finished in 0.00s
[INFO] [stdout] 
[INFO] [stdout] 
[INFO] [stdout] running 13 tests
[INFO] [stdout] test explicit_trust_restores_project_overrides_and_reports_nothing ... ok
[INFO] [stdout] test project_layer_cannot_add_an_endpoint ... ok
[INFO] [stdout] test any_project_host_commands_key_still_refuses_hard ... ok
[INFO] [stdout] test explicit_trust_restores_project_endpoints ... ok
[INFO] [stdout] test project_override_of_user_value_is_reverted_to_user_value ... ok
[INFO] [stdout] test trusted_layers_may_declare_the_interpreter_universe ... ok
[INFO] [stdout] test project_layer_cannot_disable_read_only ... ok
[INFO] [stdout] test project_layer_cannot_declare_the_interpreter_universe ... ok
[INFO] [stdout] test user_layer_may_still_set_the_protected_keys ... ok
[INFO] [stdout] test project_layer_cannot_enable_data_sharing_or_replace_api_key ... ok
[INFO] [stdout] test project_layer_cannot_redirect_ai_traffic ... ok
[INFO] [stdout] test project_layer_cannot_retarget_or_rekey_an_existing_endpoint ... ok
[INFO] [stdout] test project_layer_may_change_an_endpoints_ordinary_fields ... ok
[INFO] [stdout] 
[INFO] [stdout] test result: ok. 13 passed; 0 failed; 0 ignored; 0 measured; 0 filtered out; finished in 0.00s
[INFO] [stdout] 
[INFO] [stderr]      Running tests/unknown_keys.rs (/opt/rustwide/target/release/deps/unknown_keys-b4c57eafd73602be)
[INFO] [stdout] 
[INFO] [stdout] running 10 tests
[INFO] [stdout] test config_file_rejects_unknown_keys_with_the_key_named ... ok
[INFO] [stdout] test connections_rejects_unknown_profile_keys_per_backend ... ok
[INFO] [stdout] test ui_section_rejects_unknown_keys_with_the_key_named ... ok
[INFO] [stdout] test rejected_profile_key_error_names_the_types_own_fields ... ok
[INFO] [stdout] test shipped_connections_docker_example_parses_end_to_end ... FAILED
[INFO] [stdout] test connections_rejects_unknown_top_level_keys ... ok
[INFO] [stdout] test shipped_connections_example_parses_end_to_end ... FAILED
[INFO] [stdout] test config_file_still_accepts_known_sections_and_keys ... ok
[INFO] [stdout] test connections_still_accepts_every_documented_backend_key ... ok
[INFO] [stdout] test parse_errors_are_typed_as_config_parse_failures ... ok
[INFO] [stdout] 
[INFO] [stdout] failures:
[INFO] [stdout] 
[INFO] [stdout] ---- shipped_connections_docker_example_parses_end_to_end stdout ----
[INFO] [stdout] 
[INFO] [stdout] thread 'shipped_connections_docker_example_parses_end_to_end' (932) panicked at tests/unknown_keys.rs:123:29:
[INFO] [stdout] failed to read /opt/rustwide/workdir/../../examples/connections.docker.toml: No such file or directory (os error 2)
[INFO] [stdout] stack backtrace:
[INFO] [stdout]    0:     0x638e6e3c74e1 - <<std[70759c8f55707aa4]::sys::backtrace::BacktraceLock>::print::DisplayBacktrace as core[df12db4294e9bfd3]::fmt::Display>::fmt
[INFO] [stdout]    1:     0x638e6e3dd71a - core[df12db4294e9bfd3]::fmt::write
[INFO] [stdout]    2:     0x638e6e3cb99c - <alloc[2182bb758b4b3781]::vec::Vec<u8> as core[df12db4294e9bfd3]::io::write::Write>::write_fmt
[INFO] [stdout]    3:     0x638e6e3a35d6 - std[70759c8f55707aa4]::panicking::default_hook::{closure#0}
[INFO] [stdout]    4:     0x638e6e3bf8d9 - std[70759c8f55707aa4]::panicking::default_hook
[INFO] [stdout]    5:     0x638e6e2d1fb0 - test[9d35eded1c95d3be]::test_main_inner::<test[9d35eded1c95d3be]::test_main_static::{closure#0}>::{closure#0}
[INFO] [stdout]    6:     0x638e6e3bfa92 - std[70759c8f55707aa4]::panicking::panic_with_hook
[INFO] [stdout]    7:     0x638e6e3a3682 - std[70759c8f55707aa4]::panicking::panic_handler::{closure#0}
[INFO] [stdout]    8:     0x638e6e39c279 - std[70759c8f55707aa4]::sys::backtrace::__rust_end_short_backtrace::<std[70759c8f55707aa4]::panicking::panic_handler::{closure#0}, !>
[INFO] [stdout]    9:     0x638e6e3a427d - __rustc[8fa7c3cbc660c2b3]::rust_begin_unwind
[INFO] [stdout]   10:     0x638e6e3dde8c - core[df12db4294e9bfd3]::panicking::panic_fmt
[INFO] [stdout]   11:     0x638e6e2c1f79 - unknown_keys[482e7b50a133dbb3]::example::{closure#0}
[INFO] [stdout]   12:     0x638e6e2c2233 - unknown_keys[482e7b50a133dbb3]::example
[INFO] [stdout]   13:     0x638e6e2c4d03 - <unknown_keys[482e7b50a133dbb3]::shipped_connections_docker_example_parses_end_to_end::{closure#0} as core[df12db4294e9bfd3]::ops::function::FnOnce<()>>::call_once
[INFO] [stdout]   14:     0x638e6e2c529b - test[9d35eded1c95d3be]::__rust_begin_short_backtrace::<core[df12db4294e9bfd3]::result::Result<(), alloc[2182bb758b4b3781]::string::String>, fn() -> core[df12db4294e9bfd3]::result::Result<(), alloc[2182bb758b4b3781]::string::String>>
[INFO] [stdout]   15:     0x638e6e2d2905 - test[9d35eded1c95d3be]::run_test::{closure#0}
[INFO] [stdout]   16:     0x638e6e2cc1c4 - std[70759c8f55707aa4]::sys::backtrace::__rust_begin_short_backtrace::<test[9d35eded1c95d3be]::run_test::{closure#1}, ()>
[INFO] [stdout]   17:     0x638e6e2d5a62 - <std[70759c8f55707aa4]::thread::lifecycle::spawn_unchecked<test[9d35eded1c95d3be]::run_test::{closure#1}, ()>::{closure#1} as core[df12db4294e9bfd3]::ops::function::FnOnce<()>>::call_once::{shim:vtable#0}
[INFO] [stdout]   18:     0x638e6e3c6a49 - <std[70759c8f55707aa4]::sys::thread::unix::Thread>::new::thread_start
[INFO] [stdout]   19:     0x758b35775dfa - <unknown>
[INFO] [stdout]   20:     0x758b358093d4 - clone
[INFO] [stdout]   21:                0x0 - <unknown>
[INFO] [stdout] 
[INFO] [stdout] ---- shipped_connections_example_parses_end_to_end stdout ----
[INFO] [stdout] 
[INFO] [stdout] thread 'shipped_connections_example_parses_end_to_end' (933) panicked at tests/unknown_keys.rs:123:29:
[INFO] [stdout] failed to read /opt/rustwide/workdir/../../examples/connections.toml: No such file or directory (os error 2)
[INFO] [stdout] stack backtrace:
[INFO] [stdout]    0:     0x638e6e3c74e1 - <<std[70759c8f55707aa4]::sys::backtrace::BacktraceLock>::print::DisplayBacktrace as core[df12db4294e9bfd3]::fmt::Display>::fmt
[INFO] [stdout]    1:     0x638e6e3dd71a - core[df12db4294e9bfd3]::fmt::write
[INFO] [stdout]    2:     0x638e6e3cb99c - <alloc[2182bb758b4b3781]::vec::Vec<u8> as core[df12db4294e9bfd3]::io::write::Write>::write_fmt
[INFO] [stdout]    3:     0x638e6e3a35d6 - std[70759c8f55707aa4]::panicking::default_hook::{closure#0}
[INFO] [stdout]    4:     0x638e6e3bf8d9 - std[70759c8f55707aa4]::panicking::default_hook
[INFO] [stdout]    5:     0x638e6e2d1fb0 - test[9d35eded1c95d3be]::test_main_inner::<test[9d35eded1c95d3be]::test_main_static::{closure#0}>::{closure#0}
[INFO] [stdout]    6:     0x638e6e3bfa92 - std[70759c8f55707aa4]::panicking::panic_with_hook
[INFO] [stdout]    7:     0x638e6e3a3682 - std[70759c8f55707aa4]::panicking::panic_handler::{closure#0}
[INFO] [stdout]    8:     0x638e6e39c279 - std[70759c8f55707aa4]::sys::backtrace::__rust_end_short_backtrace::<std[70759c8f55707aa4]::panicking::panic_handler::{closure#0}, !>
[INFO] [stdout]    9:     0x638e6e3a427d - __rustc[8fa7c3cbc660c2b3]::rust_begin_unwind
[INFO] [stdout]   10:     0x638e6e3dde8c - core[df12db4294e9bfd3]::panicking::panic_fmt
[INFO] [stdout]   11:     0x638e6e2c1f79 - unknown_keys[482e7b50a133dbb3]::example::{closure#0}
[INFO] [stdout]   12:     0x638e6e2c2233 - unknown_keys[482e7b50a133dbb3]::example
[INFO] [stdout]   13:     0x638e6e2c4143 - <unknown_keys[482e7b50a133dbb3]::shipped_connections_example_parses_end_to_end::{closure#0} as core[df12db4294e9bfd3]::ops::function::FnOnce<()>>::call_once
[INFO] [stdout]   14:     0x638e6e2c529b - test[9d35eded1c95d3be]::__rust_begin_short_backtrace::<core[df12db4294e9bfd3]::result::Result<(), alloc[2182bb758b4b3781]::string::String>, fn() -> core[df12db4294e9bfd3]::result::Result<(), alloc[2182bb758b4b3781]::string::String>>
[INFO] [stdout]   15:     0x638e6e2d2905 - test[9d35eded1c95d3be]::run_test::{closure#0}
[INFO] [stdout]   16:     0x638e6e2cc1c4 - std[70759c8f55707aa4]::sys::backtrace::__rust_begin_short_backtrace::<test[9d35eded1c95d3be]::run_test::{closure#1}, ()>
[INFO] [stdout]   17:     0x638e6e2d5a62 - <std[70759c8f55707aa4]::thread::lifecycle::spawn_unchecked<test[9d35eded1c95d3be]::run_test::{closure#1}, ()>::{closure#1} as core[df12db4294e9bfd3]::ops::function::FnOnce<()>>::call_once::{shim:vtable#0}
[INFO] [stdout]   18:     0x638e6e3c6a49 - <std[70759c8f55707aa4]::sys::thread::unix::Thread>::new::thread_start
[INFO] [stdout]   19:     0x758b35775dfa - <unknown>
[INFO] [stdout]   20:     0x758b358093d4 - clone
[INFO] [stdout]   21:                0x0 - <unknown>
[INFO] [stdout] 
[INFO] [stdout] 
[INFO] [stdout] failures:
[INFO] [stdout]     shipped_connections_docker_example_parses_end_to_end
[INFO] [stdout]     shipped_connections_example_parses_end_to_end
[INFO] [stdout] 
[INFO] [stdout] test result: FAILED. 8 passed; 2 failed; 0 ignored; 0 measured; 0 filtered out; finished in 0.00s
[INFO] [stdout] 
[INFO] [stderr] error: test failed, to rerun pass `--test unknown_keys`
[INFO] running `Command { std: "docker" "inspect" "f84e81fcdda7bca86f2840fdde0fb0a06907b883f03567150b7ebc50d0b8632e", kill_on_drop: false }`
[INFO] running `Command { std: "docker" "rm" "-f" "f84e81fcdda7bca86f2840fdde0fb0a06907b883f03567150b7ebc50d0b8632e", kill_on_drop: false }`
[INFO] [stdout] f84e81fcdda7bca86f2840fdde0fb0a06907b883f03567150b7ebc50d0b8632e
