[INFO] fetching crate savvy-cli 0.11.0...
[INFO] testing savvy-cli-0.11.0 against 1.99.0-beta.8+cargoflags=--release for beta-release-1.100-2
[INFO] extracting crate savvy-cli 0.11.0 into /workspace/builds/worker-3-tc1/source
[INFO] started tweaking crates.io crate savvy-cli 0.11.0
[INFO] finished tweaking crates.io crate savvy-cli 0.11.0
[INFO] tweaked toml for crates.io crate savvy-cli 0.11.0 written to /workspace/builds/worker-3-tc1/source/Cargo.toml
[INFO] validating manifest of crates.io crate savvy-cli 0.11.0 on toolchain 1.99.0-beta.8
[INFO] running `Command { std: CARGO_HOME="/workspace/cargo-home" RUSTUP_HOME="/workspace/rustup-home" "/workspace/cargo-home/bin/cargo" "+1.99.0-beta.8" "metadata" "--manifest-path" "Cargo.toml" "--no-deps", kill_on_drop: false }`
[INFO] crate crates.io crate savvy-cli 0.11.0 already has a lockfile, it will not be regenerated
[INFO] running `Command { std: CARGO_HOME="/workspace/cargo-home" RUSTUP_HOME="/workspace/rustup-home" "/workspace/cargo-home/bin/cargo" "+1.99.0-beta.8" "fetch" "--manifest-path" "Cargo.toml", kill_on_drop: false }`
[INFO] [stderr]     Updating crates.io index
[INFO] [stderr]  Downloading crates ...
[INFO] [stderr]   Downloaded toml v1.1.5+spec-1.1.0
[INFO] [stderr]   Downloaded savvy-bindgen v0.11.0
[INFO] running `Command { std: "docker" "create" "-v" "/var/lib/crater-agent-workspace/builds/worker-3-tc1/source:/opt/rustwide/workdir:ro,Z" "-v" "/var/lib/crater-agent-workspace/builds/worker-3-tc1/target:/opt/rustwide/target:rw,Z" "-v" "/var/lib/crater-agent-workspace/cargo-home:/opt/rustwide/cargo-home:ro,Z" "-v" "/var/lib/crater-agent-workspace/rustup-home:/opt/rustwide/rustup-home:ro,Z" "-m" "1610612736" "--network" "none" "ghcr.io/rust-lang/crates-build-env/linux@sha256:77db811e55d90add9212f6832c23229e3de5f1c1f9905e8cb07319ea15df73ac" "sleep" "infinity", kill_on_drop: false }`
[INFO] [stdout] ea48e7fbaef5bfb6822d816d6cfaa0747373961c8ccac72f4e9077c3ee843c9f
[INFO] running `Command { std: "docker" "start" "ea48e7fbaef5bfb6822d816d6cfaa0747373961c8ccac72f4e9077c3ee843c9f", kill_on_drop: false }`
[INFO] running `Command { std: "docker" "inspect" "ea48e7fbaef5bfb6822d816d6cfaa0747373961c8ccac72f4e9077c3ee843c9f", kill_on_drop: false }`
[INFO] running `Command { std: "docker" "exec" "-e" "SOURCE_DIR=/opt/rustwide/workdir" "-e" "CARGO_HOME=/opt/rustwide/cargo-home" "-e" "RUSTUP_HOME=/opt/rustwide/rustup-home" "-e" "CARGO_TARGET_DIR=/opt/rustwide/target" "-w" "/opt/rustwide/workdir" "--user" "0:0" "ea48e7fbaef5bfb6822d816d6cfaa0747373961c8ccac72f4e9077c3ee843c9f" "/opt/rustwide/cargo-home/bin/cargo" "+1.99.0-beta.8" "metadata" "--no-deps" "--format-version=1", kill_on_drop: false }`
[INFO] running `Command { std: "docker" "inspect" "ea48e7fbaef5bfb6822d816d6cfaa0747373961c8ccac72f4e9077c3ee843c9f", kill_on_drop: false }`
[INFO] running `Command { std: "docker" "exec" "-e" "SOURCE_DIR=/opt/rustwide/workdir" "-e" "CARGO_HOME=/opt/rustwide/cargo-home" "-e" "RUSTUP_HOME=/opt/rustwide/rustup-home" "-e" "CARGO_TARGET_DIR=/opt/rustwide/target" "-e" "CARGO_INCREMENTAL=0" "-e" "RUST_BACKTRACE=full" "-e" "RUSTFLAGS=--cap-lints=warn" "-e" "RUSTDOCFLAGS=--cap-lints=warn" "-w" "/opt/rustwide/workdir" "--user" "0:0" "ea48e7fbaef5bfb6822d816d6cfaa0747373961c8ccac72f4e9077c3ee843c9f" "/opt/rustwide/cargo-home/bin/cargo" "+1.99.0-beta.8" "build" "--frozen" "--message-format=json" "--release", kill_on_drop: false }`
[INFO] [stderr]    Compiling crossbeam-utils v0.8.23
[INFO] [stderr]    Compiling rustix v1.1.4
[INFO] [stderr]    Compiling proc-macro2 v1.0.107
[INFO] [stderr]    Compiling serde_core v1.0.229
[INFO] [stderr]    Compiling linux-raw-sys v0.12.1
[INFO] [stderr]    Compiling event-listener v5.4.2
[INFO] [stderr]    Compiling quote v1.0.47
[INFO] [stderr]    Compiling futures-io v0.3.34
[INFO] [stderr]    Compiling async-io v2.6.0
[INFO] [stderr]    Compiling fastrand v2.5.0
[INFO] [stderr]    Compiling prettyplease v0.3.0
[INFO] [stderr]    Compiling syn v3.0.5
[INFO] [stderr]    Compiling clap_builder v4.6.6
[INFO] [stderr]    Compiling async-task v4.7.1
[INFO] [stderr]    Compiling futures-lite v2.6.1
[INFO] [stderr]    Compiling event-listener-strategy v0.5.4
[INFO] [stderr]    Compiling async-lock v3.4.2
[INFO] [stderr]    Compiling concurrent-queue v2.5.0
[INFO] [stderr]    Compiling async-channel v2.5.0
[INFO] [stderr]    Compiling toml_datetime v1.1.1+spec-1.1.0
[INFO] [stderr]    Compiling serde_spanned v1.1.1
[INFO] [stderr]    Compiling toml v1.1.5+spec-1.1.0
[INFO] [stderr]    Compiling clap_derive v4.6.4
[INFO] [stderr]    Compiling clap v4.6.6
[INFO] [stderr]    Compiling savvy-bindgen v0.11.0
[INFO] [stderr]    Compiling polling v3.11.0
[INFO] [stderr]    Compiling async-signal v0.2.14
[INFO] [stderr]    Compiling async-process v2.5.0
[INFO] [stderr]    Compiling savvy-cli v0.11.0 (/opt/rustwide/workdir)
[INFO] [stderr]     Finished `release` profile [optimized] target(s) in 1m 07s
[INFO] running `Command { std: "docker" "inspect" "ea48e7fbaef5bfb6822d816d6cfaa0747373961c8ccac72f4e9077c3ee843c9f", kill_on_drop: false }`
[INFO] running `Command { std: "docker" "exec" "-e" "SOURCE_DIR=/opt/rustwide/workdir" "-e" "CARGO_HOME=/opt/rustwide/cargo-home" "-e" "RUSTUP_HOME=/opt/rustwide/rustup-home" "-e" "CARGO_TARGET_DIR=/opt/rustwide/target" "-e" "CARGO_INCREMENTAL=0" "-e" "RUST_BACKTRACE=full" "-e" "RUSTFLAGS=--cap-lints=warn" "-e" "RUSTDOCFLAGS=--cap-lints=warn" "-w" "/opt/rustwide/workdir" "--user" "0:0" "ea48e7fbaef5bfb6822d816d6cfaa0747373961c8ccac72f4e9077c3ee843c9f" "/opt/rustwide/cargo-home/bin/cargo" "+1.99.0-beta.8" "test" "--frozen" "--no-run" "--message-format=json" "--release", kill_on_drop: false }`
[INFO] [stderr]    Compiling savvy-cli v0.11.0 (/opt/rustwide/workdir)
[INFO] [stderr]     Finished `release` profile [optimized] target(s) in 1.31s
[INFO] running `Command { std: "docker" "inspect" "ea48e7fbaef5bfb6822d816d6cfaa0747373961c8ccac72f4e9077c3ee843c9f", kill_on_drop: false }`
[INFO] running `Command { std: "docker" "exec" "-e" "SOURCE_DIR=/opt/rustwide/workdir" "-e" "CARGO_HOME=/opt/rustwide/cargo-home" "-e" "RUSTUP_HOME=/opt/rustwide/rustup-home" "-e" "CARGO_TARGET_DIR=/opt/rustwide/target" "-e" "CARGO_INCREMENTAL=0" "-e" "RUST_BACKTRACE=full" "-e" "RUSTFLAGS=--cap-lints=warn" "-e" "RUSTDOCFLAGS=--cap-lints=warn" "-w" "/opt/rustwide/workdir" "--user" "0:0" "ea48e7fbaef5bfb6822d816d6cfaa0747373961c8ccac72f4e9077c3ee843c9f" "/opt/rustwide/cargo-home/bin/cargo" "+1.99.0-beta.8" "test" "--frozen" "--release", kill_on_drop: false }`
[INFO] [stderr]     Finished `release` profile [optimized] target(s) in 0.12s
[INFO] [stderr]      Running unittests src/main.rs (/opt/rustwide/target/release/deps/savvy_cli-0dd7d47c299b933a)
[INFO] [stdout] 
[INFO] [stdout] running 3 tests
[INFO] [stdout] test utils::tests::test_camel_case ... ok
[INFO] [stdout] test parse_manifest::tests::test_parse_manifest ... FAILED
[INFO] [stdout] test utils::tests::test_snake_case ... ok
[INFO] [stderr] error: test failed, to rerun pass `--bin savvy-cli`
[INFO] [stdout] 
[INFO] [stdout] failures:
[INFO] [stdout] 
[INFO] [stdout] ---- parse_manifest::tests::test_parse_manifest stdout ----
[INFO] [stdout] 
[INFO] [stdout] thread 'parse_manifest::tests::test_parse_manifest' (845) panicked at src/parse_manifest.rs:100:61:
[INFO] [stdout] Failed to canonicalize path: Os { code: 2, kind: NotFound, message: "No such file or directory" }
[INFO] [stdout] stack backtrace:
[INFO] [stdout]    0:     0x5757d2a04451 - <<std[70759c8f55707aa4]::sys::backtrace::BacktraceLock>::print::DisplayBacktrace as core[df12db4294e9bfd3]::fmt::Display>::fmt
[INFO] [stdout]    1:     0x5757d2a19aaa - core[df12db4294e9bfd3]::fmt::write
[INFO] [stdout]    2:     0x5757d2a088ec - <alloc[2182bb758b4b3781]::vec::Vec<u8> as core[df12db4294e9bfd3]::io::write::Write>::write_fmt
[INFO] [stdout]    3:     0x5757d29e0816 - std[70759c8f55707aa4]::panicking::default_hook::{closure#0}
[INFO] [stdout]    4:     0x5757d29fcb19 - std[70759c8f55707aa4]::panicking::default_hook
[INFO] [stdout]    5:     0x5757d2979a20 - test[9d35eded1c95d3be]::test_main_inner::<test[9d35eded1c95d3be]::test_main_static::{closure#0}>::{closure#0}
[INFO] [stdout]    6:     0x5757d29fccd2 - std[70759c8f55707aa4]::panicking::panic_with_hook
[INFO] [stdout]    7:     0x5757d29e08c2 - std[70759c8f55707aa4]::panicking::panic_handler::{closure#0}
[INFO] [stdout]    8:     0x5757d29d9649 - std[70759c8f55707aa4]::sys::backtrace::__rust_end_short_backtrace::<std[70759c8f55707aa4]::panicking::panic_handler::{closure#0}, !>
[INFO] [stdout]    9:     0x5757d29e14bd - __rustc[8fa7c3cbc660c2b3]::rust_begin_unwind
[INFO] [stdout]   10:     0x5757d2a1a21c - core[df12db4294e9bfd3]::panicking::panic_fmt
[INFO] [stdout]   11:     0x5757d2a19ff2 - core[df12db4294e9bfd3]::result::unwrap_failed
[INFO] [stdout]   12:     0x5757d296c0d0 - <savvy_cli[8ebd650f9cdf1fc2]::parse_manifest::Manifest>::from_str
[INFO] [stdout]   13:     0x5757d2966643 - savvy_cli[8ebd650f9cdf1fc2]::parse_manifest::tests::assert_manifest
[INFO] [stdout]   14:     0x5757d296815b - <savvy_cli[8ebd650f9cdf1fc2]::parse_manifest::tests::test_parse_manifest::{closure#0} as core[df12db4294e9bfd3]::ops::function::FnOnce<()>>::call_once
[INFO] [stdout]   15:     0x5757d296cd0b - test[9d35eded1c95d3be]::__rust_begin_short_backtrace::<core[df12db4294e9bfd3]::result::Result<(), alloc[2182bb758b4b3781]::string::String>, fn() -> core[df12db4294e9bfd3]::result::Result<(), alloc[2182bb758b4b3781]::string::String>>
[INFO] [stdout]   16:     0x5757d297a375 - test[9d35eded1c95d3be]::run_test::{closure#0}
[INFO] [stdout]   17:     0x5757d2973c34 - std[70759c8f55707aa4]::sys::backtrace::__rust_begin_short_backtrace::<test[9d35eded1c95d3be]::run_test::{closure#1}, ()>
[INFO] [stdout]   18:     0x5757d297d4d2 - <std[70759c8f55707aa4]::thread::lifecycle::spawn_unchecked<test[9d35eded1c95d3be]::run_test::{closure#1}, ()>::{closure#1} as core[df12db4294e9bfd3]::ops::function::FnOnce<()>>::call_once::{shim:vtable#0}
[INFO] [stdout]   19:     0x5757d2a03d29 - <std[70759c8f55707aa4]::sys::thread::unix::Thread>::new::thread_start
[INFO] [stdout]   20:     0x731645b72dfa - <unknown>
[INFO] [stdout]   21:     0x731645c063d4 - clone
[INFO] [stdout]   22:                0x0 - <unknown>
[INFO] [stdout] 
[INFO] [stdout] 
[INFO] [stdout] failures:
[INFO] [stdout]     parse_manifest::tests::test_parse_manifest
[INFO] [stdout] 
[INFO] [stdout] test result: FAILED. 2 passed; 1 failed; 0 ignored; 0 measured; 0 filtered out; finished in 0.01s
[INFO] [stdout] 
[INFO] running `Command { std: "docker" "inspect" "ea48e7fbaef5bfb6822d816d6cfaa0747373961c8ccac72f4e9077c3ee843c9f", kill_on_drop: false }`
[INFO] running `Command { std: "docker" "rm" "-f" "ea48e7fbaef5bfb6822d816d6cfaa0747373961c8ccac72f4e9077c3ee843c9f", kill_on_drop: false }`
[INFO] [stdout] ea48e7fbaef5bfb6822d816d6cfaa0747373961c8ccac72f4e9077c3ee843c9f
