[INFO] fetching crate savgol-rs 0.1.0...
[INFO] testing savgol-rs-0.1.0 against 1.99.0-beta.8+cargoflags=--release for beta-release-1.100-2
[INFO] extracting crate savgol-rs 0.1.0 into /workspace/builds/worker-5-tc1/source
[INFO] started tweaking crates.io crate savgol-rs 0.1.0
[INFO] finished tweaking crates.io crate savgol-rs 0.1.0
[INFO] tweaked toml for crates.io crate savgol-rs 0.1.0 written to /workspace/builds/worker-5-tc1/source/Cargo.toml
[INFO] validating manifest of crates.io crate savgol-rs 0.1.0 on toolchain 1.99.0-beta.8
[INFO] running `Command { std: CARGO_HOME="/workspace/cargo-home" RUSTUP_HOME="/workspace/rustup-home" "/workspace/cargo-home/bin/cargo" "+1.99.0-beta.8" "metadata" "--manifest-path" "Cargo.toml" "--no-deps", kill_on_drop: false }`
[INFO] running `Command { std: CARGO_HOME="/workspace/cargo-home" RUSTUP_HOME="/workspace/rustup-home" "/workspace/cargo-home/bin/cargo" "+1.99.0-beta.8" "generate-lockfile" "--manifest-path" "Cargo.toml", kill_on_drop: false }`
[INFO] [stderr]     Updating crates.io index
[INFO] [stderr]      Locking 59 packages to highest compatible versions
[INFO] [stderr]       Adding itertools v0.11.0 (available: v0.15.0)
[INFO] [stderr]       Adding lstsq v0.5.0 (available: v0.8.0)
[INFO] [stderr]       Adding nalgebra v0.32.6 (available: v0.35.0)
[INFO] [stderr]       Adding subprocess v0.2.15 (available: v1.2.1)
[INFO] running `Command { std: CARGO_HOME="/workspace/cargo-home" RUSTUP_HOME="/workspace/rustup-home" "/workspace/cargo-home/bin/cargo" "+1.99.0-beta.8" "fetch" "--manifest-path" "Cargo.toml", kill_on_drop: false }`
[INFO] [stderr]  Downloading crates ...
[INFO] [stderr]   Downloaded subprocess v0.2.15
[INFO] [stderr]   Downloaded polyfit-rs v0.2.2
[INFO] [stderr]   Downloaded nalgebra-macros v0.3.0
[INFO] [stderr]   Downloaded lstsq v0.5.0
[INFO] [stderr]   Downloaded glam v0.17.3
[INFO] [stderr]   Downloaded glam v0.14.0
[INFO] [stderr]   Downloaded glam v0.16.0
[INFO] [stderr]   Downloaded glam v0.15.2
[INFO] [stderr]   Downloaded glam v0.20.5
[INFO] [stderr]   Downloaded glam v0.19.0
[INFO] [stderr]   Downloaded glam v0.18.0
[INFO] [stderr]   Downloaded glam v0.22.0
[INFO] [stderr]   Downloaded glam v0.23.0
[INFO] [stderr]   Downloaded nalgebra v0.34.2
[INFO] [stderr]   Downloaded glam v0.24.2
[INFO] [stderr]   Downloaded glam v0.27.0
[INFO] [stderr]   Downloaded glam v0.25.0
[INFO] [stderr]   Downloaded glam v0.28.0
[INFO] [stderr]   Downloaded glam v0.29.3
[INFO] [stderr]   Downloaded glam v0.31.1
[INFO] running `Command { std: "docker" "create" "-v" "/var/lib/crater-agent-workspace/builds/worker-5-tc1/source:/opt/rustwide/workdir:ro,Z" "-v" "/var/lib/crater-agent-workspace/builds/worker-5-tc1/target:/opt/rustwide/target:rw,Z" "-v" "/var/lib/crater-agent-workspace/cargo-home:/opt/rustwide/cargo-home:ro,Z" "-v" "/var/lib/crater-agent-workspace/rustup-home:/opt/rustwide/rustup-home:ro,Z" "-m" "1610612736" "--network" "none" "ghcr.io/rust-lang/crates-build-env/linux@sha256:77db811e55d90add9212f6832c23229e3de5f1c1f9905e8cb07319ea15df73ac" "sleep" "infinity", kill_on_drop: false }`
[INFO] [stdout] 6e6a66e09bbfd955b300832145b6b396934decc2a04af0242fece647443311dd
[INFO] running `Command { std: "docker" "start" "6e6a66e09bbfd955b300832145b6b396934decc2a04af0242fece647443311dd", kill_on_drop: false }`
[INFO] running `Command { std: "docker" "inspect" "6e6a66e09bbfd955b300832145b6b396934decc2a04af0242fece647443311dd", kill_on_drop: false }`
[INFO] running `Command { std: "docker" "exec" "-e" "SOURCE_DIR=/opt/rustwide/workdir" "-e" "CARGO_HOME=/opt/rustwide/cargo-home" "-e" "RUSTUP_HOME=/opt/rustwide/rustup-home" "-e" "CARGO_TARGET_DIR=/opt/rustwide/target" "-w" "/opt/rustwide/workdir" "--user" "0:0" "6e6a66e09bbfd955b300832145b6b396934decc2a04af0242fece647443311dd" "/opt/rustwide/cargo-home/bin/cargo" "+1.99.0-beta.8" "metadata" "--no-deps" "--format-version=1", kill_on_drop: false }`
[INFO] running `Command { std: "docker" "inspect" "6e6a66e09bbfd955b300832145b6b396934decc2a04af0242fece647443311dd", kill_on_drop: false }`
[INFO] running `Command { std: "docker" "exec" "-e" "SOURCE_DIR=/opt/rustwide/workdir" "-e" "CARGO_HOME=/opt/rustwide/cargo-home" "-e" "RUSTUP_HOME=/opt/rustwide/rustup-home" "-e" "CARGO_TARGET_DIR=/opt/rustwide/target" "-e" "CARGO_INCREMENTAL=0" "-e" "RUST_BACKTRACE=full" "-e" "RUSTFLAGS=--cap-lints=warn" "-e" "RUSTDOCFLAGS=--cap-lints=warn" "-w" "/opt/rustwide/workdir" "--user" "0:0" "6e6a66e09bbfd955b300832145b6b396934decc2a04af0242fece647443311dd" "/opt/rustwide/cargo-home/bin/cargo" "+1.99.0-beta.8" "build" "--frozen" "--message-format=json" "--release", kill_on_drop: false }`
[INFO] [stderr]    Compiling bytemuck v1.25.2
[INFO] [stderr]    Compiling approx v0.5.1
[INFO] [stderr]    Compiling num-complex v0.4.6
[INFO] [stderr]    Compiling matrixmultiply v0.3.11
[INFO] [stderr]    Compiling num-rational v0.4.2
[INFO] [stderr]    Compiling nalgebra-macros v0.3.0
[INFO] [stderr]    Compiling nalgebra-macros v0.2.2
[INFO] [stderr]    Compiling safe_arch v0.7.4
[INFO] [stderr]    Compiling wide v0.7.33
[INFO] [stderr]    Compiling simba v0.9.1
[INFO] [stderr]    Compiling simba v0.8.1
[INFO] [stderr]    Compiling nalgebra v0.34.2
[INFO] [stderr]    Compiling nalgebra v0.32.6
[INFO] [stderr]    Compiling polyfit-rs v0.2.2
[INFO] [stderr]    Compiling lstsq v0.5.0
[INFO] [stderr]    Compiling savgol-rs v0.1.0 (/opt/rustwide/workdir)
[INFO] [stderr]     Finished `release` profile [optimized] target(s) in 24.42s
[INFO] running `Command { std: "docker" "inspect" "6e6a66e09bbfd955b300832145b6b396934decc2a04af0242fece647443311dd", kill_on_drop: false }`
[INFO] running `Command { std: "docker" "exec" "-e" "SOURCE_DIR=/opt/rustwide/workdir" "-e" "CARGO_HOME=/opt/rustwide/cargo-home" "-e" "RUSTUP_HOME=/opt/rustwide/rustup-home" "-e" "CARGO_TARGET_DIR=/opt/rustwide/target" "-e" "CARGO_INCREMENTAL=0" "-e" "RUST_BACKTRACE=full" "-e" "RUSTFLAGS=--cap-lints=warn" "-e" "RUSTDOCFLAGS=--cap-lints=warn" "-w" "/opt/rustwide/workdir" "--user" "0:0" "6e6a66e09bbfd955b300832145b6b396934decc2a04af0242fece647443311dd" "/opt/rustwide/cargo-home/bin/cargo" "+1.99.0-beta.8" "test" "--frozen" "--no-run" "--message-format=json" "--release", kill_on_drop: false }`
[INFO] [stderr]    Compiling approx v0.5.1
[INFO] [stderr]    Compiling serde_core v1.0.229
[INFO] [stderr]    Compiling either v1.19.0
[INFO] [stderr]    Compiling subprocess v0.2.15
[INFO] [stderr]    Compiling simba v0.9.1
[INFO] [stderr]    Compiling simba v0.8.1
[INFO] [stderr]    Compiling itertools v0.11.0
[INFO] [stderr]    Compiling serde_json v1.0.154
[INFO] [stderr]    Compiling nalgebra v0.34.2
[INFO] [stderr]    Compiling nalgebra v0.32.6
[INFO] [stderr]    Compiling polyfit-rs v0.2.2
[INFO] [stderr]    Compiling lstsq v0.5.0
[INFO] [stderr]    Compiling savgol-rs v0.1.0 (/opt/rustwide/workdir)
[INFO] [stdout] warning: use of deprecated constant `std::f64::EPSILON`: replaced by the `EPSILON` associated constant on `f64`
[INFO] [stdout]   --> tests/test.rs:55:69
[INFO] [stdout]    |
[INFO] [stdout] 55 |         .for_each(|(x, y)| assert_abs_diff_eq!(x, y, epsilon = f64::EPSILON * 1000.0));
[INFO] [stdout]    |                                                                     ^^^^^^^
[INFO] [stdout]    |
[INFO] [stdout]    = note: `#[warn(deprecated)]` on by default
[INFO] [stdout] 
[INFO] [stdout] 
[INFO] [stdout] warning: call to `.clone()` on a reference in this situation does nothing
[INFO] [stdout]   --> tests/test.rs:13:14
[INFO] [stdout]    |
[INFO] [stdout] 13 |           .data
[INFO] [stdout]    |  ______________^
[INFO] [stdout] 14 | |         .clone()
[INFO] [stdout]    | |________________^ help: remove this redundant call
[INFO] [stdout]    |
[INFO] [stdout]    = note: the type `[f64]` does not implement `Clone`, so calling `clone` on `&[f64]` copies the reference, which does not do anything and can be removed
[INFO] [stdout]    = note: `#[warn(noop_method_call)]` on by default
[INFO] [stdout] 
[INFO] [stdout] 
[INFO] [stderr]     Finished `release` profile [optimized] target(s) in 27.45s
[INFO] running `Command { std: "docker" "inspect" "6e6a66e09bbfd955b300832145b6b396934decc2a04af0242fece647443311dd", kill_on_drop: false }`
[INFO] running `Command { std: "docker" "exec" "-e" "SOURCE_DIR=/opt/rustwide/workdir" "-e" "CARGO_HOME=/opt/rustwide/cargo-home" "-e" "RUSTUP_HOME=/opt/rustwide/rustup-home" "-e" "CARGO_TARGET_DIR=/opt/rustwide/target" "-e" "CARGO_INCREMENTAL=0" "-e" "RUST_BACKTRACE=full" "-e" "RUSTFLAGS=--cap-lints=warn" "-e" "RUSTDOCFLAGS=--cap-lints=warn" "-w" "/opt/rustwide/workdir" "--user" "0:0" "6e6a66e09bbfd955b300832145b6b396934decc2a04af0242fece647443311dd" "/opt/rustwide/cargo-home/bin/cargo" "+1.99.0-beta.8" "test" "--frozen" "--release", kill_on_drop: false }`
[INFO] [stderr] warning: use of deprecated constant `std::f64::EPSILON`: replaced by the `EPSILON` associated constant on `f64`
[INFO] [stderr]   --> tests/test.rs:55:69
[INFO] [stderr]    |
[INFO] [stderr] 55 |         .for_each(|(x, y)| assert_abs_diff_eq!(x, y, epsilon = f64::EPSILON * 1000.0));
[INFO] [stderr]    |                                                                     ^^^^^^^
[INFO] [stderr]    |
[INFO] [stderr]    = note: `#[warn(deprecated)]` on by default
[INFO] [stderr] 
[INFO] [stderr] warning: call to `.clone()` on a reference in this situation does nothing
[INFO] [stderr]   --> tests/test.rs:13:14
[INFO] [stderr]    |
[INFO] [stderr] 13 |           .data
[INFO] [stderr]    |  ______________^
[INFO] [stderr] 14 | |         .clone()
[INFO] [stderr]    | |________________^ help: remove this redundant call
[INFO] [stderr]    |
[INFO] [stderr]    = note: the type `[f64]` does not implement `Clone`, so calling `clone` on `&[f64]` copies the reference, which does not do anything and can be removed
[INFO] [stderr]    = note: `#[warn(noop_method_call)]` on by default
[INFO] [stderr] 
[INFO] [stderr] warning: `savgol-rs` (test "test") generated 2 warnings (run `cargo fix --test "test" -p savgol-rs` to apply 1 suggestion)
[INFO] [stderr]     Finished `release` profile [optimized] target(s) in 0.08s
[INFO] [stderr]      Running unittests src/lib.rs (/opt/rustwide/target/release/deps/savgol_rs-b529234b9cc6a87b)
[INFO] [stdout] 
[INFO] [stdout] running 0 tests
[INFO] [stdout] 
[INFO] [stdout] test result: ok. 0 passed; 0 failed; 0 ignored; 0 measured; 0 filtered out; finished in 0.00s
[INFO] [stdout] 
[INFO] [stderr]      Running tests/test.rs (/opt/rustwide/target/release/deps/test-8c40c21098deff77)
[INFO] [stdout] 
[INFO] [stdout] running 4 tests
[INFO] [stdout] test integer_input ... FAILED
[INFO] [stdout] test first_derivative ... FAILED
[INFO] [stdout] test zeroth_derivative ... FAILED
[INFO] [stdout] test second_derivative ... FAILED
[INFO] [stdout] 
[INFO] [stdout] failures:
[INFO] [stdout] 
[INFO] [stderr] error: test failed, to rerun pass `--test test`
[INFO] [stdout] ---- integer_input stdout ----
[INFO] [stdout] 
[INFO] [stdout] thread 'integer_input' (653) panicked at tests/test.rs:132:5:
[INFO] [stdout] assertion `left == right` failed
[INFO] [stdout]   left: Ok([1.9999999999999993, 3.0000000000000004, 4.0, 4.666666666666667, 4.333333333333334, 4.333333333333334, 4.0, 6.000000000000001])
[INFO] [stdout]  right: Ok([2.0000000000000004, 3.0000000000000004, 4.0, 4.666666666666667, 4.333333333333334, 4.333333333333334, 4.0, 6.000000000000001])
[INFO] [stdout] stack backtrace:
[INFO] [stdout]    0:     0x59f7965b7651 - <<std[70759c8f55707aa4]::sys::backtrace::BacktraceLock>::print::DisplayBacktrace as core[df12db4294e9bfd3]::fmt::Display>::fmt
[INFO] [stdout]    1:     0x59f7965cc71a - core[df12db4294e9bfd3]::fmt::write
[INFO] [stdout]    2:     0x59f7965bbc0c - <alloc[2182bb758b4b3781]::vec::Vec<u8> as core[df12db4294e9bfd3]::io::write::Write>::write_fmt
[INFO] [stdout]    3:     0x59f796593946 - std[70759c8f55707aa4]::panicking::default_hook::{closure#0}
[INFO] [stdout]    4:     0x59f7965afb69 - std[70759c8f55707aa4]::panicking::default_hook
[INFO] [stdout]    5:     0x59f796528b40 - test[9d35eded1c95d3be]::test_main_inner::<test[9d35eded1c95d3be]::test_main_static::{closure#0}>::{closure#0}
[INFO] [stdout]    6:     0x59f7965afd22 - std[70759c8f55707aa4]::panicking::panic_with_hook
[INFO] [stdout]    7:     0x59f7965939f2 - std[70759c8f55707aa4]::panicking::panic_handler::{closure#0}
[INFO] [stdout]    8:     0x59f79658c6b9 - std[70759c8f55707aa4]::sys::backtrace::__rust_end_short_backtrace::<std[70759c8f55707aa4]::panicking::panic_handler::{closure#0}, !>
[INFO] [stdout]    9:     0x59f7965945ed - __rustc[8fa7c3cbc660c2b3]::rust_begin_unwind
[INFO] [stdout]   10:     0x59f7965cce7c - core[df12db4294e9bfd3]::panicking::panic_fmt
[INFO] [stdout]   11:     0x59f7965ccd93 - core[df12db4294e9bfd3]::panicking::assert_failed_inner
[INFO] [stdout]   12:     0x59f796519865 - core[df12db4294e9bfd3]::panicking::assert_failed::<core[df12db4294e9bfd3]::result::Result<alloc[2182bb758b4b3781]::vec::Vec<f64>, alloc[2182bb758b4b3781]::string::String>, core[df12db4294e9bfd3]::result::Result<alloc[2182bb758b4b3781]::vec::Vec<f64>, alloc[2182bb758b4b3781]::string::String>>
[INFO] [stdout]   13:     0x59f79651b42e - <test[1c0b1df124314869]::integer_input::{closure#0} as core[df12db4294e9bfd3]::ops::function::FnOnce<()>>::call_once
[INFO] [stdout]   14:     0x59f79651be2b - test[9d35eded1c95d3be]::__rust_begin_short_backtrace::<core[df12db4294e9bfd3]::result::Result<(), alloc[2182bb758b4b3781]::string::String>, fn() -> core[df12db4294e9bfd3]::result::Result<(), alloc[2182bb758b4b3781]::string::String>>
[INFO] [stdout]   15:     0x59f796529495 - test[9d35eded1c95d3be]::run_test::{closure#0}
[INFO] [stdout]   16:     0x59f796522d54 - std[70759c8f55707aa4]::sys::backtrace::__rust_begin_short_backtrace::<test[9d35eded1c95d3be]::run_test::{closure#1}, ()>
[INFO] [stdout]   17:     0x59f79652c5f2 - <std[70759c8f55707aa4]::thread::lifecycle::spawn_unchecked<test[9d35eded1c95d3be]::run_test::{closure#1}, ()>::{closure#1} as core[df12db4294e9bfd3]::ops::function::FnOnce<()>>::call_once::{shim:vtable#0}
[INFO] [stdout]   18:     0x59f7965b6f29 - <std[70759c8f55707aa4]::sys::thread::unix::Thread>::new::thread_start
[INFO] [stdout]   19:     0x72ecaad96dfa - <unknown>
[INFO] [stdout]   20:     0x72ecaae2a3d4 - clone
[INFO] [stdout]   21:                0x0 - <unknown>
[INFO] [stdout] 
[INFO] [stdout] ---- first_derivative stdout ----
[INFO] [stdout] 
[INFO] [stdout] thread 'first_derivative' (652) panicked at tests/test.rs:42:10:
[INFO] [stdout] Emulation failed!: IoError(Os { code: 2, kind: NotFound, message: "No such file or directory" })
[INFO] [stdout] stack backtrace:
[INFO] [stdout]    0:     0x59f7965b7651 - <<std[70759c8f55707aa4]::sys::backtrace::BacktraceLock>::print::DisplayBacktrace as core[df12db4294e9bfd3]::fmt::Display>::fmt
[INFO] [stdout]    1:     0x59f7965cc71a - core[df12db4294e9bfd3]::fmt::write
[INFO] [stdout]    2:     0x59f7965bbc0c - <alloc[2182bb758b4b3781]::vec::Vec<u8> as core[df12db4294e9bfd3]::io::write::Write>::write_fmt
[INFO] [stdout]    3:     0x59f796593946 - std[70759c8f55707aa4]::panicking::default_hook::{closure#0}
[INFO] [stdout]    4:     0x59f7965afb69 - std[70759c8f55707aa4]::panicking::default_hook
[INFO] [stdout]    5:     0x59f796528b40 - test[9d35eded1c95d3be]::test_main_inner::<test[9d35eded1c95d3be]::test_main_static::{closure#0}>::{closure#0}
[INFO] [stdout]    6:     0x59f7965afd22 - std[70759c8f55707aa4]::panicking::panic_with_hook
[INFO] [stdout]    7:     0x59f7965939f2 - std[70759c8f55707aa4]::panicking::panic_handler::{closure#0}
[INFO] [stdout]    8:     0x59f79658c6b9 - std[70759c8f55707aa4]::sys::backtrace::__rust_end_short_backtrace::<std[70759c8f55707aa4]::panicking::panic_handler::{closure#0}, !>
[INFO] [stdout]    9:     0x59f7965945ed - __rustc[8fa7c3cbc660c2b3]::rust_begin_unwind
[INFO] [stdout]   10:     0x59f7965cce7c - core[df12db4294e9bfd3]::panicking::panic_fmt
[INFO] [stdout]   11:     0x59f7965ccc52 - core[df12db4294e9bfd3]::result::unwrap_failed
[INFO] [stdout]   12:     0x59f79651ae70 - test[1c0b1df124314869]::scipy_savgol
[INFO] [stdout]   13:     0x59f79651b4f7 - <test[1c0b1df124314869]::first_derivative::{closure#0} as core[df12db4294e9bfd3]::ops::function::FnOnce<()>>::call_once
[INFO] [stdout]   14:     0x59f79651be2b - test[9d35eded1c95d3be]::__rust_begin_short_backtrace::<core[df12db4294e9bfd3]::result::Result<(), alloc[2182bb758b4b3781]::string::String>, fn() -> core[df12db4294e9bfd3]::result::Result<(), alloc[2182bb758b4b3781]::string::String>>
[INFO] [stdout]   15:     0x59f796529495 - test[9d35eded1c95d3be]::run_test::{closure#0}
[INFO] [stdout]   16:     0x59f796522d54 - std[70759c8f55707aa4]::sys::backtrace::__rust_begin_short_backtrace::<test[9d35eded1c95d3be]::run_test::{closure#1}, ()>
[INFO] [stdout]   17:     0x59f79652c5f2 - <std[70759c8f55707aa4]::thread::lifecycle::spawn_unchecked<test[9d35eded1c95d3be]::run_test::{closure#1}, ()>::{closure#1} as core[df12db4294e9bfd3]::ops::function::FnOnce<()>>::call_once::{shim:vtable#0}
[INFO] [stdout]   18:     0x59f7965b6f29 - <std[70759c8f55707aa4]::sys::thread::unix::Thread>::new::thread_start
[INFO] [stdout]   19:     0x72ecaad96dfa - <unknown>
[INFO] [stdout]   20:     0x72ecaae2a3d4 - clone
[INFO] [stdout]   21:                0x0 - <unknown>
[INFO] [stdout] 
[INFO] [stdout] ---- zeroth_derivative stdout ----
[INFO] [stdout] 
[INFO] [stdout] thread 'zeroth_derivative' (655) panicked at tests/test.rs:42:10:
[INFO] [stdout] Emulation failed!: IoError(Os { code: 2, kind: NotFound, message: "No such file or directory" })
[INFO] [stdout] stack backtrace:
[INFO] [stdout]    0:     0x59f7965b7651 - <<std[70759c8f55707aa4]::sys::backtrace::BacktraceLock>::print::DisplayBacktrace as core[df12db4294e9bfd3]::fmt::Display>::fmt
[INFO] [stdout]    1:     0x59f7965cc71a - core[df12db4294e9bfd3]::fmt::write
[INFO] [stdout]    2:     0x59f7965bbc0c - <alloc[2182bb758b4b3781]::vec::Vec<u8> as core[df12db4294e9bfd3]::io::write::Write>::write_fmt
[INFO] [stdout]    3:     0x59f796593946 - std[70759c8f55707aa4]::panicking::default_hook::{closure#0}
[INFO] [stdout]    4:     0x59f7965afb69 - std[70759c8f55707aa4]::panicking::default_hook
[INFO] [stdout]    5:     0x59f796528b40 - test[9d35eded1c95d3be]::test_main_inner::<test[9d35eded1c95d3be]::test_main_static::{closure#0}>::{closure#0}
[INFO] [stdout]    6:     0x59f7965afd22 - std[70759c8f55707aa4]::panicking::panic_with_hook
[INFO] [stdout]    7:     0x59f7965939f2 - std[70759c8f55707aa4]::panicking::panic_handler::{closure#0}
[INFO] [stdout]    8:     0x59f79658c6b9 - std[70759c8f55707aa4]::sys::backtrace::__rust_end_short_backtrace::<std[70759c8f55707aa4]::panicking::panic_handler::{closure#0}, !>
[INFO] [stdout]    9:     0x59f7965945ed - __rustc[8fa7c3cbc660c2b3]::rust_begin_unwind
[INFO] [stdout]   10:     0x59f7965cce7c - core[df12db4294e9bfd3]::panicking::panic_fmt
[INFO] [stdout]   11:     0x59f7965ccc52 - core[df12db4294e9bfd3]::result::unwrap_failed
[INFO] [stdout]   12:     0x59f79651ae70 - test[1c0b1df124314869]::scipy_savgol
[INFO] [stdout]   13:     0x59f79651bb17 - <test[1c0b1df124314869]::zeroth_derivative::{closure#0} as core[df12db4294e9bfd3]::ops::function::FnOnce<()>>::call_once
[INFO] [stdout]   14:     0x59f79651be2b - test[9d35eded1c95d3be]::__rust_begin_short_backtrace::<core[df12db4294e9bfd3]::result::Result<(), alloc[2182bb758b4b3781]::string::String>, fn() -> core[df12db4294e9bfd3]::result::Result<(), alloc[2182bb758b4b3781]::string::String>>
[INFO] [stdout]   15:     0x59f796529495 - test[9d35eded1c95d3be]::run_test::{closure#0}
[INFO] [stdout]   16:     0x59f796522d54 - std[70759c8f55707aa4]::sys::backtrace::__rust_begin_short_backtrace::<test[9d35eded1c95d3be]::run_test::{closure#1}, ()>
[INFO] [stdout]   17:     0x59f79652c5f2 - <std[70759c8f55707aa4]::thread::lifecycle::spawn_unchecked<test[9d35eded1c95d3be]::run_test::{closure#1}, ()>::{closure#1} as core[df12db4294e9bfd3]::ops::function::FnOnce<()>>::call_once::{shim:vtable#0}
[INFO] [stdout]   18:     0x59f7965b6f29 - <std[70759c8f55707aa4]::sys::thread::unix::Thread>::new::thread_start
[INFO] [stdout]   19:     0x72ecaad96dfa - <unknown>
[INFO] [stdout]   20:     0x72ecaae2a3d4 - clone
[INFO] [stdout]   21:                0x0 - <unknown>
[INFO] [stdout] 
[INFO] [stdout] ---- second_derivative stdout ----
[INFO] [stdout] 
[INFO] [stdout] thread 'second_derivative' (654) panicked at tests/test.rs:42:10:
[INFO] [stdout] Emulation failed!: IoError(Os { code: 2, kind: NotFound, message: "No such file or directory" })
[INFO] [stdout] stack backtrace:
[INFO] [stdout]    0:     0x59f7965b7651 - <<std[70759c8f55707aa4]::sys::backtrace::BacktraceLock>::print::DisplayBacktrace as core[df12db4294e9bfd3]::fmt::Display>::fmt
[INFO] [stdout]    1:     0x59f7965cc71a - core[df12db4294e9bfd3]::fmt::write
[INFO] [stdout]    2:     0x59f7965bbc0c - <alloc[2182bb758b4b3781]::vec::Vec<u8> as core[df12db4294e9bfd3]::io::write::Write>::write_fmt
[INFO] [stdout]    3:     0x59f796593946 - std[70759c8f55707aa4]::panicking::default_hook::{closure#0}
[INFO] [stdout]    4:     0x59f7965afb69 - std[70759c8f55707aa4]::panicking::default_hook
[INFO] [stdout]    5:     0x59f796528b40 - test[9d35eded1c95d3be]::test_main_inner::<test[9d35eded1c95d3be]::test_main_static::{closure#0}>::{closure#0}
[INFO] [stdout]    6:     0x59f7965afd22 - std[70759c8f55707aa4]::panicking::panic_with_hook
[INFO] [stdout]    7:     0x59f7965939f2 - std[70759c8f55707aa4]::panicking::panic_handler::{closure#0}
[INFO] [stdout]    8:     0x59f79658c6b9 - std[70759c8f55707aa4]::sys::backtrace::__rust_end_short_backtrace::<std[70759c8f55707aa4]::panicking::panic_handler::{closure#0}, !>
[INFO] [stdout]    9:     0x59f7965945ed - __rustc[8fa7c3cbc660c2b3]::rust_begin_unwind
[INFO] [stdout]   10:     0x59f7965cce7c - core[df12db4294e9bfd3]::panicking::panic_fmt
[INFO] [stdout]   11:     0x59f7965ccc52 - core[df12db4294e9bfd3]::result::unwrap_failed
[INFO] [stdout]   12:     0x59f79651ae70 - test[1c0b1df124314869]::scipy_savgol
[INFO] [stdout]   13:     0x59f79651b807 - <test[1c0b1df124314869]::second_derivative::{closure#0} as core[df12db4294e9bfd3]::ops::function::FnOnce<()>>::call_once
[INFO] [stdout]   14:     0x59f79651be2b - test[9d35eded1c95d3be]::__rust_begin_short_backtrace::<core[df12db4294e9bfd3]::result::Result<(), alloc[2182bb758b4b3781]::string::String>, fn() -> core[df12db4294e9bfd3]::result::Result<(), alloc[2182bb758b4b3781]::string::String>>
[INFO] [stdout]   15:     0x59f796529495 - test[9d35eded1c95d3be]::run_test::{closure#0}
[INFO] [stdout]   16:     0x59f796522d54 - std[70759c8f55707aa4]::sys::backtrace::__rust_begin_short_backtrace::<test[9d35eded1c95d3be]::run_test::{closure#1}, ()>
[INFO] [stdout]   17:     0x59f79652c5f2 - <std[70759c8f55707aa4]::thread::lifecycle::spawn_unchecked<test[9d35eded1c95d3be]::run_test::{closure#1}, ()>::{closure#1} as core[df12db4294e9bfd3]::ops::function::FnOnce<()>>::call_once::{shim:vtable#0}
[INFO] [stdout]   18:     0x59f7965b6f29 - <std[70759c8f55707aa4]::sys::thread::unix::Thread>::new::thread_start
[INFO] [stdout]   19:     0x72ecaad96dfa - <unknown>
[INFO] [stdout]   20:     0x72ecaae2a3d4 - clone
[INFO] [stdout]   21:                0x0 - <unknown>
[INFO] [stdout] 
[INFO] [stdout] 
[INFO] [stdout] failures:
[INFO] [stdout]     first_derivative
[INFO] [stdout]     integer_input
[INFO] [stdout]     second_derivative
[INFO] [stdout]     zeroth_derivative
[INFO] [stdout] 
[INFO] [stdout] test result: FAILED. 0 passed; 4 failed; 0 ignored; 0 measured; 0 filtered out; finished in 0.08s
[INFO] [stdout] 
[INFO] running `Command { std: "docker" "inspect" "6e6a66e09bbfd955b300832145b6b396934decc2a04af0242fece647443311dd", kill_on_drop: false }`
[INFO] running `Command { std: "docker" "rm" "-f" "6e6a66e09bbfd955b300832145b6b396934decc2a04af0242fece647443311dd", kill_on_drop: false }`
[INFO] [stdout] 6e6a66e09bbfd955b300832145b6b396934decc2a04af0242fece647443311dd
