[INFO] fetching crate savestate 0.1.2...
[INFO] testing savestate-0.1.2 against 1.100.0-beta.1+cargoflags=--release for beta-release-1.100-2
[INFO] extracting crate savestate 0.1.2 into /workspace/builds/worker-4-tc2/source
[INFO] started tweaking crates.io crate savestate 0.1.2
[INFO] removed 0 missing tests
[INFO] finished tweaking crates.io crate savestate 0.1.2
[INFO] tweaked toml for crates.io crate savestate 0.1.2 written to /workspace/builds/worker-4-tc2/source/Cargo.toml
[INFO] validating manifest of crates.io crate savestate 0.1.2 on toolchain 1.100.0-beta.1
[INFO] running `Command { std: CARGO_HOME="/workspace/cargo-home" RUSTUP_HOME="/workspace/rustup-home" "/workspace/cargo-home/bin/cargo" "+1.100.0-beta.1" "metadata" "--manifest-path" "Cargo.toml" "--no-deps", kill_on_drop: false }`
[INFO] crate crates.io crate savestate 0.1.2 already has a lockfile, it will not be regenerated
[INFO] running `Command { std: CARGO_HOME="/workspace/cargo-home" RUSTUP_HOME="/workspace/rustup-home" "/workspace/cargo-home/bin/cargo" "+1.100.0-beta.1" "fetch" "--manifest-path" "Cargo.toml", kill_on_drop: false }`
[INFO] running `Command { std: "docker" "create" "-v" "/var/lib/crater-agent-workspace/builds/worker-4-tc2/source:/opt/rustwide/workdir:ro,Z" "-v" "/var/lib/crater-agent-workspace/builds/worker-4-tc2/target:/opt/rustwide/target:rw,Z" "-v" "/var/lib/crater-agent-workspace/cargo-home:/opt/rustwide/cargo-home:ro,Z" "-v" "/var/lib/crater-agent-workspace/rustup-home:/opt/rustwide/rustup-home:ro,Z" "-m" "1610612736" "--network" "none" "ghcr.io/rust-lang/crates-build-env/linux@sha256:77db811e55d90add9212f6832c23229e3de5f1c1f9905e8cb07319ea15df73ac" "sleep" "infinity", kill_on_drop: false }`
[INFO] [stdout] 4986dfb22ac5ea20c622b7a3c62ac3c078cb2e8fd8ad5b74c2a77e208bbfcfdd
[INFO] running `Command { std: "docker" "start" "4986dfb22ac5ea20c622b7a3c62ac3c078cb2e8fd8ad5b74c2a77e208bbfcfdd", kill_on_drop: false }`
[INFO] running `Command { std: "docker" "inspect" "4986dfb22ac5ea20c622b7a3c62ac3c078cb2e8fd8ad5b74c2a77e208bbfcfdd", kill_on_drop: false }`
[INFO] running `Command { std: "docker" "exec" "-e" "SOURCE_DIR=/opt/rustwide/workdir" "-e" "CARGO_HOME=/opt/rustwide/cargo-home" "-e" "RUSTUP_HOME=/opt/rustwide/rustup-home" "-e" "CARGO_TARGET_DIR=/opt/rustwide/target" "-w" "/opt/rustwide/workdir" "--user" "0:0" "4986dfb22ac5ea20c622b7a3c62ac3c078cb2e8fd8ad5b74c2a77e208bbfcfdd" "/opt/rustwide/cargo-home/bin/cargo" "+1.100.0-beta.1" "metadata" "--no-deps" "--format-version=1", kill_on_drop: false }`
[INFO] running `Command { std: "docker" "inspect" "4986dfb22ac5ea20c622b7a3c62ac3c078cb2e8fd8ad5b74c2a77e208bbfcfdd", kill_on_drop: false }`
[INFO] running `Command { std: "docker" "exec" "-e" "SOURCE_DIR=/opt/rustwide/workdir" "-e" "CARGO_HOME=/opt/rustwide/cargo-home" "-e" "RUSTUP_HOME=/opt/rustwide/rustup-home" "-e" "CARGO_TARGET_DIR=/opt/rustwide/target" "-e" "CARGO_INCREMENTAL=0" "-e" "RUST_BACKTRACE=full" "-e" "RUSTFLAGS=--cap-lints=warn" "-e" "RUSTDOCFLAGS=--cap-lints=warn" "-w" "/opt/rustwide/workdir" "--user" "0:0" "4986dfb22ac5ea20c622b7a3c62ac3c078cb2e8fd8ad5b74c2a77e208bbfcfdd" "/opt/rustwide/cargo-home/bin/cargo" "+1.100.0-beta.1" "build" "--frozen" "--message-format=json" "--release", kill_on_drop: false }`
[INFO] [stderr]    Compiling proc-macro2 v1.0.106
[INFO] [stderr]    Compiling quote v1.0.46
[INFO] [stderr]    Compiling unicode-ident v1.0.24
[INFO] [stderr]    Compiling stable_deref_trait v1.2.1
[INFO] [stderr]    Compiling libc v0.2.186
[INFO] [stderr]    Compiling cfg-if v1.0.4
[INFO] [stderr]    Compiling serde_core v1.0.228
[INFO] [stderr]    Compiling find-msvc-tools v0.1.9
[INFO] [stderr]    Compiling shlex v2.0.1
[INFO] [stderr]    Compiling litemap v0.8.2
[INFO] [stderr]    Compiling writeable v0.6.3
[INFO] [stderr]    Compiling icu_normalizer_data v2.2.0
[INFO] [stderr]    Compiling memchr v2.8.3
[INFO] [stderr]    Compiling utf8_iter v1.0.4
[INFO] [stderr]    Compiling getrandom v0.3.4
[INFO] [stderr]    Compiling icu_properties_data v2.2.0
[INFO] [stderr]    Compiling zerocopy v0.8.54
[INFO] [stderr]    Compiling rustix v1.1.4
[INFO] [stderr]    Compiling crossbeam-utils v0.8.22
[INFO] [stderr]    Compiling smallvec v1.15.2
[INFO] [stderr]    Compiling bitflags v2.13.1
[INFO] [stderr]    Compiling serde v1.0.228
[INFO] [stderr]    Compiling cc v1.2.67
[INFO] [stderr]    Compiling linux-raw-sys v0.12.1
[INFO] [stderr]    Compiling crossbeam-epoch v0.9.20
[INFO] [stderr]    Compiling vcpkg v0.2.15
[INFO] [stderr]    Compiling pkg-config v0.3.33
[INFO] [stderr]    Compiling utf8parse v0.2.2
[INFO] [stderr]    Compiling autocfg v1.5.1
[INFO] [stderr]    Compiling foldhash v0.1.5
[INFO] [stderr]    Compiling anstyle v1.0.14
[INFO] [stderr]    Compiling colorchoice v1.0.5
[INFO] [stderr]    Compiling zmij v1.0.23
[INFO] [stderr]    Compiling crossbeam-deque v0.8.7
[INFO] [stderr]    Compiling anstyle-parse v1.0.0
[INFO] [stderr]    Compiling anstyle-query v1.1.5
[INFO] [stderr]    Compiling regex-syntax v0.8.11
[INFO] [stderr]    Compiling getrandom v0.4.3
[INFO] [stderr]    Compiling is_terminal_polyfill v1.70.2
[INFO] [stderr]    Compiling hashbrown v0.15.5
[INFO] [stderr]    Compiling syn v2.0.119
[INFO] [stderr]    Compiling anstream v1.0.0
[INFO] [stderr]    Compiling num-traits v0.2.19
[INFO] [stderr]    Compiling strsim v0.11.1
[INFO] [stderr]    Compiling anyhow v1.0.103
[INFO] [stderr]    Compiling percent-encoding v2.3.2
[INFO] [stderr]    Compiling equivalent v1.0.2
[INFO] [stderr]    Compiling serde_json v1.0.150
[INFO] [stderr]    Compiling aho-corasick v1.1.4
[INFO] [stderr]    Compiling bstr v1.13.0
[INFO] [stderr]    Compiling hashbrown v0.17.1
[INFO] [stderr]    Compiling thiserror v2.0.18
[INFO] [stderr]    Compiling same-file v1.0.6
[INFO] [stderr]    Compiling heck v0.5.0
[INFO] [stderr]    Compiling log v0.4.33
[INFO] [stderr]    Compiling clap_lex v1.1.0
[INFO] [stderr]    Compiling winnow v1.0.4
[INFO] [stderr]    Compiling walkdir v2.5.0
[INFO] [stderr]    Compiling clap_builder v4.6.2
[INFO] [stderr]    Compiling form_urlencoded v1.2.2
[INFO] [stderr]    Compiling hashlink v0.10.0
[INFO] [stderr]    Compiling toml_parser v1.1.2+spec-1.1.0
[INFO] [stderr]    Compiling rand_core v0.9.5
[INFO] [stderr]    Compiling thread_local v1.1.10
[INFO] [stderr]    Compiling once_cell v1.21.4
[INFO] [stderr]    Compiling itoa v1.0.18
[INFO] [stderr]    Compiling cpufeatures v0.3.0
[INFO] [stderr]    Compiling arrayvec v0.7.8
[INFO] [stderr]    Compiling unicode-width v0.2.2
[INFO] [stderr]    Compiling iana-time-zone v0.1.65
[INFO] [stderr]    Compiling constant_time_eq v0.4.2
[INFO] [stderr]    Compiling arrayref v0.3.9
[INFO] [stderr]    Compiling indexmap v2.14.0
[INFO] [stderr]    Compiling fallible-iterator v0.3.0
[INFO] [stderr]    Compiling toml_writer v1.1.2+spec-1.1.0
[INFO] [stderr]    Compiling fallible-streaming-iterator v0.1.9
[INFO] [stderr]    Compiling fastrand v2.4.1
[INFO] [stderr]    Compiling libsqlite3-sys v0.35.0
[INFO] [stderr]    Compiling blake3 v1.8.5
[INFO] [stderr]    Compiling winnow v0.7.15
[INFO] [stderr]    Compiling console v0.16.4
[INFO] [stderr]    Compiling fuzzy-matcher v0.3.7
[INFO] [stderr]    Compiling filetime v0.2.29
[INFO] [stderr]    Compiling regex-automata v0.4.16
[INFO] [stderr]    Compiling fs4 v0.13.1
[INFO] [stderr]    Compiling xattr v1.6.1
[INFO] [stderr]    Compiling tempfile v3.27.0
[INFO] [stderr]    Compiling base64 v0.22.1
[INFO] [stderr]    Compiling toml_datetime v0.7.5+spec-1.1.0
[INFO] [stderr]    Compiling serde_spanned v1.1.1
[INFO] [stderr]    Compiling toml v0.9.12+spec-1.1.0
[INFO] [stderr]    Compiling synstructure v0.13.2
[INFO] [stderr]    Compiling zerofrom-derive v0.1.7
[INFO] [stderr]    Compiling yoke-derive v0.8.2
[INFO] [stderr]    Compiling zerovec-derive v0.11.3
[INFO] [stderr]    Compiling displaydoc v0.2.6
[INFO] [stderr]    Compiling serde_derive v1.0.228
[INFO] [stderr]    Compiling clap_derive v4.6.1
[INFO] [stderr]    Compiling thiserror-impl v2.0.18
[INFO] [stderr]    Compiling zerofrom v0.1.8
[INFO] [stderr]    Compiling ppv-lite86 v0.2.21
[INFO] [stderr]    Compiling yoke v0.8.3
[INFO] [stderr]    Compiling zerotrie v0.2.4
[INFO] [stderr]    Compiling globset v0.4.19
[INFO] [stderr]    Compiling zerovec v0.11.6
[INFO] [stderr]    Compiling rand_chacha v0.9.0
[INFO] [stderr]    Compiling rand v0.9.5
[INFO] [stderr]    Compiling ignore v0.4.29
[INFO] [stderr]    Compiling clap v4.6.2
[INFO] [stderr]    Compiling tinystr v0.8.3
[INFO] [stderr]    Compiling potential_utf v0.1.5
[INFO] [stderr]    Compiling icu_collections v2.2.0
[INFO] [stderr]    Compiling icu_locale_core v2.2.0
[INFO] [stderr]    Compiling ulid v1.2.1
[INFO] [stderr]    Compiling chrono v0.4.45
[INFO] [stderr]    Compiling icu_provider v2.2.0
[INFO] [stderr]    Compiling icu_properties v2.2.0
[INFO] [stderr]    Compiling icu_normalizer v2.2.0
[INFO] [stderr]    Compiling idna_adapter v1.2.2
[INFO] [stderr]    Compiling idna v1.1.0
[INFO] [stderr]    Compiling url v2.5.8
[INFO] [stderr]    Compiling rusqlite v0.37.0
[INFO] [stderr]    Compiling savestate v0.1.2 (/opt/rustwide/workdir)
[INFO] [stderr]     Finished `release` profile [optimized] target(s) in 3m 02s
[INFO] running `Command { std: "docker" "inspect" "4986dfb22ac5ea20c622b7a3c62ac3c078cb2e8fd8ad5b74c2a77e208bbfcfdd", kill_on_drop: false }`
[INFO] running `Command { std: "docker" "exec" "-e" "SOURCE_DIR=/opt/rustwide/workdir" "-e" "CARGO_HOME=/opt/rustwide/cargo-home" "-e" "RUSTUP_HOME=/opt/rustwide/rustup-home" "-e" "CARGO_TARGET_DIR=/opt/rustwide/target" "-e" "CARGO_INCREMENTAL=0" "-e" "RUST_BACKTRACE=full" "-e" "RUSTFLAGS=--cap-lints=warn" "-e" "RUSTDOCFLAGS=--cap-lints=warn" "-w" "/opt/rustwide/workdir" "--user" "0:0" "4986dfb22ac5ea20c622b7a3c62ac3c078cb2e8fd8ad5b74c2a77e208bbfcfdd" "/opt/rustwide/cargo-home/bin/cargo" "+1.100.0-beta.1" "test" "--frozen" "--no-run" "--message-format=json" "--release", kill_on_drop: false }`
[INFO] [stderr]    Compiling regex-syntax v0.8.11
[INFO] [stderr]    Compiling predicates-core v1.0.10
[INFO] [stderr]    Compiling float-cmp v0.10.0
[INFO] [stderr]    Compiling assert_cmd v2.2.2
[INFO] [stderr]    Compiling difflib v0.4.0
[INFO] [stderr]    Compiling normalize-line-endings v0.3.0
[INFO] [stderr]    Compiling termtree v0.5.1
[INFO] [stderr]    Compiling wait-timeout v0.2.1
[INFO] [stderr]    Compiling predicates-tree v1.0.13
[INFO] [stderr]    Compiling regex-automata v0.4.16
[INFO] [stderr]    Compiling bstr v1.13.0
[INFO] [stderr]    Compiling regex v1.13.1
[INFO] [stderr]    Compiling globset v0.4.19
[INFO] [stderr]    Compiling predicates v3.1.4
[INFO] [stderr]    Compiling ignore v0.4.29
[INFO] [stderr]    Compiling savestate v0.1.2 (/opt/rustwide/workdir)
[INFO] [stderr]     Finished `release` profile [optimized] target(s) in 2m 52s
[INFO] running `Command { std: "docker" "inspect" "4986dfb22ac5ea20c622b7a3c62ac3c078cb2e8fd8ad5b74c2a77e208bbfcfdd", kill_on_drop: false }`
[INFO] running `Command { std: "docker" "exec" "-e" "SOURCE_DIR=/opt/rustwide/workdir" "-e" "CARGO_HOME=/opt/rustwide/cargo-home" "-e" "RUSTUP_HOME=/opt/rustwide/rustup-home" "-e" "CARGO_TARGET_DIR=/opt/rustwide/target" "-e" "CARGO_INCREMENTAL=0" "-e" "RUST_BACKTRACE=full" "-e" "RUSTFLAGS=--cap-lints=warn" "-e" "RUSTDOCFLAGS=--cap-lints=warn" "-w" "/opt/rustwide/workdir" "--user" "0:0" "4986dfb22ac5ea20c622b7a3c62ac3c078cb2e8fd8ad5b74c2a77e208bbfcfdd" "/opt/rustwide/cargo-home/bin/cargo" "+1.100.0-beta.1" "test" "--frozen" "--release", kill_on_drop: false }`
[INFO] [stderr]     Finished `release` profile [optimized] target(s) in 0.26s
[INFO] [stderr]      Running unittests src/lib.rs (/opt/rustwide/target/release/build/savestate/539ad3b519f650f6/out/savestate-539ad3b519f650f6)
[INFO] [stdout] 
[INFO] [stdout] running 35 tests
[INFO] [stdout] test cli::restore_prompt::tests::action_keys_are_safe_by_default_and_support_navigation ... ok
[INFO] [stdout] test adapters::postgres::tests::connection_moves_url_passwords_out_of_argv ... ok
[INFO] [stdout] test cli::restore_prompt::tests::picker_row_is_width_bounded_and_searches_the_full_id ... ok
[INFO] [stdout] test cli::restore_prompt::tests::typing_q_filters_instead_of_cancelling ... ok
[INFO] [stdout] test adapters::postgres::tests::legacy_artifact_is_refused_before_any_database_command ... ok
[INFO] [stdout] test adapters::postgres::tests::maintenance_url_cannot_be_overridden_by_database_query_parameters ... ok
[INFO] [stdout] test cli::restore_prompt::tests::classifies_and_humanizes_checkpoint_labels ... ok
[INFO] [stdout] test adapters::postgres::tests::reserved_database_names_are_operation_scoped_and_bounded ... ok
[INFO] [stdout] test cli::restore_prompt::tests::empty_filter_enter_is_safe_and_cancel_keys_cancel ... ok
[INFO] [stdout] test config::tests::store_tilde_expands_to_the_home_directory ... ok
[INFO] [stdout] test cli::restore_prompt::tests::prompts_show_match_and_restore_counts ... ok
[INFO] [stdout] test cli::tests::hook_detection_only_accepts_the_actual_subcommand ... ok
[INFO] [stdout] test config::tests::overlapping_external_roots_are_refused ... ok
[INFO] [stdout] test cli::restore_prompt::tests::filtered_enter_returns_the_original_choice_index ... ok
[INFO] [stdout] test config::tests::scope_patterns_cannot_escape_their_filesystem_root ... ok
[INFO] [stdout] test adapters::postgres::tests::server_identity_is_structured_and_handles_identifier_delimiters ... ok
[INFO] [stdout] test config::tests::invalid_warn_size_fails_at_config_load ... ok
[INFO] [stdout] test config::tests::duplicate_postgres_targets_are_refused ... ok
[INFO] [stdout] test model::journal::tests::complete_is_a_one_way_barrier ... ok
[INFO] [stdout] test cli::restore_prompt::tests::inline_filter_searches_labels_badges_and_hidden_id_suffixes ... ok
[INFO] [stdout] test config::tests::sqlite_must_belong_to_a_captured_root ... ok
[INFO] [stdout] test model::value::tests::value_objects_reject_unsafe_representations ... ok
[INFO] [stdout] test store::validation::legacy_manifest_tests::schemas_one_through_four_remain_valid ... ok
[INFO] [stdout] test restore::filesystem::tests::nested_ignored_boundaries_create_one_recoverable_preservation_record ... ok
[INFO] [stdout] test restore::filesystem::tests::rollback_keeps_user_files_where_no_install_could_have_run ... ok
[INFO] [stdout] test restore::filesystem::tests::interrupted_new_entry_install_rolls_back_without_stranding_target_content ... ok
[INFO] [stdout] test restore::filesystem::tests::late_preservation_rename_gap_rolls_back_safely ... ok
[INFO] [stdout] test restore::filesystem::tests::selected_current_paths_are_not_reclassified_as_ignored ... ok
[INFO] [stdout] test restore::filesystem::tests::ignored_state_recreated_at_a_planned_boundary_survives_restore ... ok
[INFO] [stdout] test cli::restore_prompt::tests::interactive_cancel_does_not_create_recovery_state_or_mutate_files ... ok
[INFO] [stdout] test cli::restore_prompt::tests::interactive_dry_run_stops_after_preview ... ok
[INFO] [stdout] test restore::filesystem::tests::ignored_state_created_after_planning_is_found_in_the_detached_tree ... ok
[INFO] [stdout] test restore::filesystem::tests::every_rename_gap_can_roll_back_without_losing_ignored_state ... ok
[INFO] [stdout] test cli::restore_prompt::tests::interactive_back_can_choose_and_restore_another_checkpoint ... ok
[INFO] [stdout] test cli::restore_prompt::tests::state_created_between_preview_and_confirmation_is_replanned_and_preserved ... ok
[INFO] [stdout] 
[INFO] [stdout] test result: ok. 35 passed; 0 failed; 0 ignored; 0 measured; 0 filtered out; finished in 0.86s
[INFO] [stdout] 
[INFO] [stderr]      Running unittests src/main.rs (/opt/rustwide/target/release/build/savestate/b640ca90520478c8/out/savestate-b640ca90520478c8)
[INFO] [stdout] 
[INFO] [stdout] running 0 tests
[INFO] [stderr]      Running tests/gitignore_cli.rs (/opt/rustwide/target/release/build/savestate/30773a02540a2635/out/gitignore_cli-30773a02540a2635)
[INFO] [stdout] 
[INFO] [stdout] test result: ok. 0 passed; 0 failed; 0 ignored; 0 measured; 0 filtered out; finished in 0.00s
[INFO] [stdout] 
[INFO] [stdout] 
[INFO] [stdout] running 28 tests
[INFO] [stdout] test help_leads_with_the_real_quick_start ... ok
[INFO] [stdout] test hook_mode_refuses_an_uninitialized_directory ... ok
[INFO] [stdout] test doctor_passes_for_a_writable_initialized_manual_project ... ok
[INFO] [stdout] test human_output_uses_color_when_the_terminal_requests_it ... ok
[INFO] [stdout] test integration_completion_explains_codex_trust_and_new_task_requirements ... ok
[INFO] [stdout] test guided_setup_never_waits_for_input_in_noninteractive_execution ... ok
[INFO] [stdout] test json_output_never_contains_terminal_styling ... ok
[INFO] [stdout] test malformed_hook_commands_are_non_blocking ... ok
[INFO] [stdout] test integration_completion_explains_claude_turn_checkpointing ... ok
[INFO] [stdout] test no_color_disables_styling_even_when_color_is_forced ... ok
[INFO] [stdout] test init_explains_the_next_agent_integration_step ... ok
[INFO] [stdout] test no_command_onboards_without_modifying_an_uninitialized_directory ... ok
[INFO] [stdout] test custom_project_store_is_excluded_and_refused_if_tracked ... ok
[INFO] [stdout] test no_command_shows_status_and_commands_for_an_initialized_project ... ok
[INFO] [stdout] test stop_hook_failures_are_non_blocking_and_always_return_json ... ok
[INFO] [stdout] test doctor_recognizes_installed_trusted_codex_hooks_and_path ... FAILED
[INFO] [stdout] test commands_discover_the_nearest_initialized_project_without_git ... ok
[INFO] [stdout] test create_warns_but_continues_and_status_reports_scope ... ok
[INFO] [stdout] test run_returns_the_child_process_exit_code ... ok
[INFO] [stdout] test initialized_repository_works_when_git_is_not_on_path ... ok
[INFO] [stdout] test hook_warning_stays_on_stderr_and_stdout_remains_json ... ok
[INFO] [stdout] test init_falls_back_from_a_malformed_git_repository ... ok
[INFO] [stdout] test explicit_root_takes_precedence_over_nearest_project_discovery ... ok
[INFO] [stdout] test restore_preview_samples_four_paths_per_change_type ... ok
[INFO] [stdout] test claude_hooks_keep_protocol_output_machine_readable ... ok
[INFO] [stdout] test non_git_project_reports_that_dot_gitignore_rules_are_inactive ... ok
[INFO] [stdout] test capture_falls_back_when_git_discovery_fails_after_repository_detection ... ok
[INFO] [stderr] error: test failed, to rerun pass `--test gitignore_cli`
[INFO] [stdout] test noninteractive_restore_without_an_id_keeps_latest_behavior ... ok
[INFO] [stdout] 
[INFO] [stdout] failures:
[INFO] [stdout] 
[INFO] [stdout] ---- doctor_recognizes_installed_trusted_codex_hooks_and_path stdout ----
[INFO] [stdout] 
[INFO] [stdout] thread 'doctor_recognizes_installed_trusted_codex_hooks_and_path' (4778) panicked at tests/gitignore_cli.rs:246:10:
[INFO] [stdout] Unexpected failure.
[INFO] [stdout] code=1
[INFO] [stdout] stderr=```"Error: one or more checks failed\n"```
[INFO] [stdout] command=`cd "/tmp/.tmpzvisUD" && CODEX_HOME="/tmp/.tmpzvisUD/codex-home" PATH="/opt/rustwide/target/release/build/savestate/30773a02540a2635:/opt/rustwide/cargo-home/bin:/usr/local/sbin:/usr/local/bin:/usr/sbin:/usr/bin:/sbin:/bin" "/opt/rustwide/target/release/savestate" "doctor"`
[INFO] [stdout] code=1
[INFO] [stdout] stdout=```
[INFO] [stdout] Savestate doctor:
[INFO] [stdout] ✓ Project configuration: ok (/tmp/.tmpzvisUD/.savestate.toml)
[INFO] [stdout] ✓ Filesystem store: writable (/tmp/.tmpzvisUD/.savestate)
[INFO] [stdout] ! Latest checkpoint: none created yet
[INFO] [stdout] ✓ Restore journal: clean
[INFO] [stdout] ✓ Codex integration: installed (/tmp/.tmpzvisUD/.codex/hooks.json)
[INFO] [stdout] Claude integration: not installed (optional)
[INFO] [stdout] ✗ Agent command: `savestate` is not available on PATH; reinstall it before using hooks
[INFO] [stdout] ✓ Codex hook trust: recorded for all Savestate hooks
[INFO] [stdout] ! Automatic checkpoints: none detected yet; complete a changed turn in a new agent task
[INFO] [stdout] ! Hook health: no hook execution has been recorded yet
[INFO] [stdout] ```
[INFO] [stdout] 
[INFO] [stdout] stderr="Error: one or more checks failed\n"
[INFO] [stdout] 
[INFO] [stdout] stack backtrace:
[INFO] [stdout]    0:     0x5bb6737e53a6 - <unknown>
[INFO] [stdout]    1:     0x5bb67375ac0a - <unknown>
[INFO] [stdout]    2:     0x5bb6737ed1dc - <unknown>
[INFO] [stdout]    3:     0x5bb6737bfa12 - <unknown>
[INFO] [stdout]    4:     0x5bb6737dcc81 - <unknown>
[INFO] [stdout]    5:     0x5bb6737dce62 - <unknown>
[INFO] [stdout]    6:     0x5bb6737bfac2 - <unknown>
[INFO] [stdout]    7:     0x5bb6737b8119 - <unknown>
[INFO] [stdout]    8:     0x5bb6737c07cd - <unknown>
[INFO] [stdout]    9:     0x5bb67375b33c - <unknown>
[INFO] [stdout]   10:     0x5bb67374ce9f - <unknown>
[INFO] [stdout]   11:     0x5bb67374d709 - <unknown>
[INFO] [stdout]   12:     0x5bb673776cdf - <unknown>
[INFO] [stdout]   13:     0x5bb6737f00bb - <unknown>
[INFO] [stdout]   14:     0x5bb6737fdf64 - <unknown>
[INFO] [stdout]   15:     0x5bb6737f7694 - <unknown>
[INFO] [stdout]   16:     0x5bb673801d22 - <unknown>
[INFO] [stdout]   17:     0x5bb6737e4184 - <unknown>
[INFO] [stdout]   18:     0x732a039f9dfa - <unknown>
[INFO] [stdout]   19:     0x732a03a8d3d4 - clone
[INFO] [stdout]   20:                0x0 - <unknown>
[INFO] [stdout] 
[INFO] [stdout] 
[INFO] [stdout] failures:
[INFO] [stdout]     doctor_recognizes_installed_trusted_codex_hooks_and_path
[INFO] [stdout] 
[INFO] [stdout] test result: FAILED. 27 passed; 1 failed; 0 ignored; 0 measured; 0 filtered out; finished in 0.58s
[INFO] [stdout] 
[INFO] running `Command { std: "docker" "inspect" "4986dfb22ac5ea20c622b7a3c62ac3c078cb2e8fd8ad5b74c2a77e208bbfcfdd", kill_on_drop: false }`
[INFO] running `Command { std: "docker" "rm" "-f" "4986dfb22ac5ea20c622b7a3c62ac3c078cb2e8fd8ad5b74c2a77e208bbfcfdd", kill_on_drop: false }`
[INFO] [stdout] 4986dfb22ac5ea20c622b7a3c62ac3c078cb2e8fd8ad5b74c2a77e208bbfcfdd
