[INFO] fetching crate savant-etcd 2.1.1...
[INFO] testing savant-etcd-2.1.1 against 1.100.0-beta.1+cargoflags=--release for beta-release-1.100-2
[INFO] extracting crate savant-etcd 2.1.1 into /workspace/builds/worker-0-tc2/source
[INFO] started tweaking crates.io crate savant-etcd 2.1.1
[INFO] finished tweaking crates.io crate savant-etcd 2.1.1
[INFO] tweaked toml for crates.io crate savant-etcd 2.1.1 written to /workspace/builds/worker-0-tc2/source/Cargo.toml
[INFO] validating manifest of crates.io crate savant-etcd 2.1.1 on toolchain 1.100.0-beta.1
[INFO] running `Command { std: CARGO_HOME="/workspace/cargo-home" RUSTUP_HOME="/workspace/rustup-home" "/workspace/cargo-home/bin/cargo" "+1.100.0-beta.1" "metadata" "--manifest-path" "Cargo.toml" "--no-deps", kill_on_drop: false }`
[INFO] crate crates.io crate savant-etcd 2.1.1 already has a lockfile, it will not be regenerated
[INFO] running `Command { std: CARGO_HOME="/workspace/cargo-home" RUSTUP_HOME="/workspace/rustup-home" "/workspace/cargo-home/bin/cargo" "+1.100.0-beta.1" "fetch" "--manifest-path" "Cargo.toml", kill_on_drop: false }`
[INFO] running `Command { std: "docker" "create" "-v" "/var/lib/crater-agent-workspace/builds/worker-0-tc2/source:/opt/rustwide/workdir:ro,Z" "-v" "/var/lib/crater-agent-workspace/builds/worker-0-tc2/target:/opt/rustwide/target:rw,Z" "-v" "/var/lib/crater-agent-workspace/cargo-home:/opt/rustwide/cargo-home:ro,Z" "-v" "/var/lib/crater-agent-workspace/rustup-home:/opt/rustwide/rustup-home:ro,Z" "-m" "1610612736" "--network" "none" "ghcr.io/rust-lang/crates-build-env/linux@sha256:77db811e55d90add9212f6832c23229e3de5f1c1f9905e8cb07319ea15df73ac" "sleep" "infinity", kill_on_drop: false }`
[INFO] [stdout] 9bb25b0f8a6840843448ee5e08100312ffd5f476817251b2c503f93670b18a73
[INFO] running `Command { std: "docker" "start" "9bb25b0f8a6840843448ee5e08100312ffd5f476817251b2c503f93670b18a73", kill_on_drop: false }`
[INFO] running `Command { std: "docker" "inspect" "9bb25b0f8a6840843448ee5e08100312ffd5f476817251b2c503f93670b18a73", kill_on_drop: false }`
[INFO] running `Command { std: "docker" "exec" "-e" "SOURCE_DIR=/opt/rustwide/workdir" "-e" "CARGO_HOME=/opt/rustwide/cargo-home" "-e" "RUSTUP_HOME=/opt/rustwide/rustup-home" "-e" "CARGO_TARGET_DIR=/opt/rustwide/target" "-w" "/opt/rustwide/workdir" "--user" "0:0" "9bb25b0f8a6840843448ee5e08100312ffd5f476817251b2c503f93670b18a73" "/opt/rustwide/cargo-home/bin/cargo" "+1.100.0-beta.1" "metadata" "--no-deps" "--format-version=1", kill_on_drop: false }`
[INFO] running `Command { std: "docker" "inspect" "9bb25b0f8a6840843448ee5e08100312ffd5f476817251b2c503f93670b18a73", kill_on_drop: false }`
[INFO] running `Command { std: "docker" "exec" "-e" "SOURCE_DIR=/opt/rustwide/workdir" "-e" "CARGO_HOME=/opt/rustwide/cargo-home" "-e" "RUSTUP_HOME=/opt/rustwide/rustup-home" "-e" "CARGO_TARGET_DIR=/opt/rustwide/target" "-e" "CARGO_INCREMENTAL=0" "-e" "RUST_BACKTRACE=full" "-e" "RUSTFLAGS=--cap-lints=warn" "-e" "RUSTDOCFLAGS=--cap-lints=warn" "-w" "/opt/rustwide/workdir" "--user" "0:0" "9bb25b0f8a6840843448ee5e08100312ffd5f476817251b2c503f93670b18a73" "/opt/rustwide/cargo-home/bin/cargo" "+1.100.0-beta.1" "build" "--frozen" "--message-format=json" "--release", kill_on_drop: false }`
[INFO] [stderr]    Compiling futures-macro v0.3.32
[INFO] [stderr]    Compiling either v1.15.0
[INFO] [stderr]    Compiling libc v0.2.183
[INFO] [stderr]    Compiling zerocopy v0.8.47
[INFO] [stderr]    Compiling mio v1.1.1
[INFO] [stderr]    Compiling anyhow v1.0.102
[INFO] [stderr]    Compiling cc v1.2.57
[INFO] [stderr]    Compiling getrandom v0.4.2
[INFO] [stderr]    Compiling regex-syntax v0.8.10
[INFO] [stderr]    Compiling bytes v1.11.1
[INFO] [stderr]    Compiling bitflags v2.11.0
[INFO] [stderr]    Compiling fastrand v2.3.0
[INFO] [stderr]    Compiling indexmap v1.9.3
[INFO] [stderr]    Compiling petgraph v0.7.1
[INFO] [stderr]    Compiling prettyplease v0.2.37
[INFO] [stderr]    Compiling sync_wrapper v1.0.2
[INFO] [stderr]    Compiling rustls v0.23.37
[INFO] [stderr]    Compiling async-trait v0.1.89
[INFO] [stderr]    Compiling rustix v1.1.4
[INFO] [stderr]    Compiling pin-project-internal v1.1.11
[INFO] [stderr]    Compiling itertools v0.14.0
[INFO] [stderr]    Compiling regex-automata v0.4.14
[INFO] [stderr]    Compiling object v0.37.3
[INFO] [stderr]    Compiling tokio v1.50.0
[INFO] [stderr]    Compiling futures-util v0.3.32
[INFO] [stderr]    Compiling async-stream-impl v0.3.6
[INFO] [stderr]    Compiling fixedbitset v0.4.2
[INFO] [stderr]    Compiling rustc-demangle v0.1.27
[INFO] [stderr]    Compiling parking_lot_core v0.9.12
[INFO] [stderr]    Compiling matchit v0.7.3
[INFO] [stderr]    Compiling petgraph v0.6.5
[INFO] [stderr]    Compiling pin-project v1.1.11
[INFO] [stderr]    Compiling ring v0.17.14
[INFO] [stderr]    Compiling async-stream v0.3.6
[INFO] [stderr]    Compiling rustls-pemfile v2.2.0
[INFO] [stderr]    Compiling socket2 v0.5.10
[INFO] [stderr]    Compiling anstream v1.0.0
[INFO] [stderr]    Compiling thiserror-impl v2.0.18
[INFO] [stderr]    Compiling jiff v0.2.23
[INFO] [stderr]    Compiling tempfile v3.27.0
[INFO] [stderr]    Compiling hashbrown v0.15.5
[INFO] [stderr]    Compiling glob v0.3.3
[INFO] [stderr]    Compiling thiserror v2.0.18
[INFO] [stderr]    Compiling prost-derive v0.13.5
[INFO] [stderr]    Compiling regex v1.12.3
[INFO] [stderr]    Compiling prost v0.13.5
[INFO] [stderr]    Compiling prost-types v0.13.5
[INFO] [stderr]    Compiling env_filter v1.0.1
[INFO] [stderr]    Compiling prost-build v0.13.5
[INFO] [stderr]    Compiling tower v0.5.3
[INFO] [stderr]    Compiling axum-core v0.4.5
[INFO] [stderr]    Compiling futures-executor v0.3.32
[INFO] [stderr]    Compiling backtrace v0.3.76
[INFO] [stderr]    Compiling futures v0.3.32
[INFO] [stderr]    Compiling tonic-build v0.12.3
[INFO] [stderr]    Compiling ppv-lite86 v0.2.21
[INFO] [stderr]    Compiling tokio-util v0.7.18
[INFO] [stderr]    Compiling tokio-stream v0.1.18
[INFO] [stderr]    Compiling etcd-client v0.14.1
[INFO] [stderr]    Compiling rand_chacha v0.3.1
[INFO] [stderr]    Compiling rand v0.8.5
[INFO] [stderr]    Compiling parking_lot v0.12.5
[INFO] [stderr]    Compiling h2 v0.4.13
[INFO] [stderr]    Compiling env_logger v0.11.10
[INFO] [stderr]    Compiling tower v0.4.13
[INFO] [stderr]    Compiling axum v0.7.9
[INFO] [stderr]    Compiling hyper v1.8.1
[INFO] [stderr]    Compiling hyper-util v0.1.20
[INFO] [stderr]    Compiling hyper-timeout v0.5.2
[INFO] [stderr]    Compiling rustls-webpki v0.103.10
[INFO] [stderr]    Compiling tokio-rustls v0.26.4
[INFO] [stderr]    Compiling tonic v0.12.3
[INFO] [stderr]    Compiling savant-etcd v2.1.1 (/opt/rustwide/workdir)
[INFO] [stderr] warning: unused dependency `env_logger`
[INFO] [stderr]   --> Cargo.toml:10:15
[INFO] [stderr]    |
[INFO] [stderr] 10 | [dependencies.env_logger]
[INFO] [stderr]    |               ^^^^^^^^^^^
[INFO] [stderr]    |
[INFO] [stderr]    = note: `cargo::unused_dependencies` is set to `warn` by default
[INFO] [stderr] help: consider removing the dependency on `env_logger`
[INFO] [stderr] warning: unused dependency `futures`
[INFO] [stderr]   --> Cargo.toml:17:15
[INFO] [stderr]    |
[INFO] [stderr] 17 | [dependencies.futures]
[INFO] [stderr]    |               ^^^^^^^^
[INFO] [stderr]    |
[INFO] [stderr] help: consider removing the dependency on `futures`
[INFO] [stderr] warning: unused dependency `glob`
[INFO] [stderr]   --> Cargo.toml:20:15
[INFO] [stderr]    |
[INFO] [stderr] 20 | [dependencies.glob]
[INFO] [stderr]    |               ^^^^^
[INFO] [stderr]    |
[INFO] [stderr] help: consider removing the dependency on `glob`
[INFO] [stderr] warning: `savant-etcd` (manifest) generated 3 warnings
[INFO] [stderr]     Finished `release` profile [optimized] target(s) in 1m 48s
[INFO] running `Command { std: "docker" "inspect" "9bb25b0f8a6840843448ee5e08100312ffd5f476817251b2c503f93670b18a73", kill_on_drop: false }`
[INFO] running `Command { std: "docker" "exec" "-e" "SOURCE_DIR=/opt/rustwide/workdir" "-e" "CARGO_HOME=/opt/rustwide/cargo-home" "-e" "RUSTUP_HOME=/opt/rustwide/rustup-home" "-e" "CARGO_TARGET_DIR=/opt/rustwide/target" "-e" "CARGO_INCREMENTAL=0" "-e" "RUST_BACKTRACE=full" "-e" "RUSTFLAGS=--cap-lints=warn" "-e" "RUSTDOCFLAGS=--cap-lints=warn" "-w" "/opt/rustwide/workdir" "--user" "0:0" "9bb25b0f8a6840843448ee5e08100312ffd5f476817251b2c503f93670b18a73" "/opt/rustwide/cargo-home/bin/cargo" "+1.100.0-beta.1" "test" "--frozen" "--no-run" "--message-format=json" "--release", kill_on_drop: false }`
[INFO] [stderr]    Compiling futures-util v0.3.32
[INFO] [stderr]    Compiling tokio v1.50.0
[INFO] [stderr]    Compiling prost-derive v0.13.5
[INFO] [stderr]    Compiling serde v1.0.228
[INFO] [stderr]    Compiling prettyplease v0.2.37
[INFO] [stderr]    Compiling pin-project-internal v1.1.11
[INFO] [stderr]    Compiling icu_normalizer v2.1.1
[INFO] [stderr]    Compiling async-stream-impl v0.3.6
[INFO] [stderr]    Compiling serde_with v3.18.0
[INFO] [stderr]    Compiling serde_repr v0.1.20
[INFO] [stderr]    Compiling async-stream v0.3.6
[INFO] [stderr]    Compiling idna_adapter v1.2.1
[INFO] [stderr]    Compiling serde_urlencoded v0.7.1
[INFO] [stderr]    Compiling hashbrown v0.15.5
[INFO] [stderr]    Compiling idna v1.1.0
[INFO] [stderr]    Compiling pin-project v1.1.11
[INFO] [stderr]    Compiling url v2.5.8
[INFO] [stderr]    Compiling prost v0.13.5
[INFO] [stderr]    Compiling prost-types v0.13.5
[INFO] [stderr]    Compiling bollard-stubs v1.47.1-rc.27.3.1
[INFO] [stderr]    Compiling prost-build v0.13.5
[INFO] [stderr]    Compiling tower v0.5.3
[INFO] [stderr]    Compiling axum-core v0.4.5
[INFO] [stderr]    Compiling futures-executor v0.3.32
[INFO] [stderr]    Compiling futures v0.3.32
[INFO] [stderr]    Compiling tonic-build v0.12.3
[INFO] [stderr]    Compiling etcd-client v0.14.1
[INFO] [stderr]    Compiling axum v0.7.9
[INFO] [stderr]    Compiling tokio-util v0.7.18
[INFO] [stderr]    Compiling tokio-rustls v0.26.4
[INFO] [stderr]    Compiling tokio-stream v0.1.18
[INFO] [stderr]    Compiling h2 v0.4.13
[INFO] [stderr]    Compiling tower v0.4.13
[INFO] [stderr]    Compiling hyper v1.8.1
[INFO] [stderr]    Compiling hyper-util v0.1.20
[INFO] [stderr]    Compiling hyper-timeout v0.5.2
[INFO] [stderr]    Compiling hyperlocal v0.9.1
[INFO] [stderr]    Compiling tonic v0.12.3
[INFO] [stderr]    Compiling bollard v0.18.1
[INFO] [stderr]    Compiling savant-etcd v2.1.1 (/opt/rustwide/workdir)
[INFO] [stderr] warning: unused dependency `env_logger`
[INFO] [stderr]   --> Cargo.toml:10:15
[INFO] [stderr]    |
[INFO] [stderr] 10 | [dependencies.env_logger]
[INFO] [stderr]    |               ^^^^^^^^^^^
[INFO] [stderr]    |
[INFO] [stderr]    = note: `cargo::unused_dependencies` is set to `warn` by default
[INFO] [stderr] help: consider removing the dependency on `env_logger`
[INFO] [stderr] help: to still use for development builds, move to `dev-dependencies`
[INFO] [stderr] warning: unused dependency `futures`
[INFO] [stderr]   --> Cargo.toml:17:15
[INFO] [stderr]    |
[INFO] [stderr] 17 | [dependencies.futures]
[INFO] [stderr]    |               ^^^^^^^^
[INFO] [stderr]    |
[INFO] [stderr] help: consider removing the dependency on `futures`
[INFO] [stderr] warning: unused dependency `glob`
[INFO] [stderr]   --> Cargo.toml:20:15
[INFO] [stderr]    |
[INFO] [stderr] 20 | [dependencies.glob]
[INFO] [stderr]    |               ^^^^^
[INFO] [stderr]    |
[INFO] [stderr] help: consider removing the dependency on `glob`
[INFO] [stderr] warning: `savant-etcd` (manifest) generated 3 warnings
[INFO] [stderr]     Finished `release` profile [optimized] target(s) in 1m 20s
[INFO] running `Command { std: "docker" "inspect" "9bb25b0f8a6840843448ee5e08100312ffd5f476817251b2c503f93670b18a73", kill_on_drop: false }`
[INFO] running `Command { std: "docker" "exec" "-e" "SOURCE_DIR=/opt/rustwide/workdir" "-e" "CARGO_HOME=/opt/rustwide/cargo-home" "-e" "RUSTUP_HOME=/opt/rustwide/rustup-home" "-e" "CARGO_TARGET_DIR=/opt/rustwide/target" "-e" "CARGO_INCREMENTAL=0" "-e" "RUST_BACKTRACE=full" "-e" "RUSTFLAGS=--cap-lints=warn" "-e" "RUSTDOCFLAGS=--cap-lints=warn" "-w" "/opt/rustwide/workdir" "--user" "0:0" "9bb25b0f8a6840843448ee5e08100312ffd5f476817251b2c503f93670b18a73" "/opt/rustwide/cargo-home/bin/cargo" "+1.100.0-beta.1" "test" "--frozen" "--release", kill_on_drop: false }`
[INFO] [stderr] warning: unused dependency `env_logger`
[INFO] [stderr]   --> Cargo.toml:10:15
[INFO] [stderr]    |
[INFO] [stderr] 10 | [dependencies.env_logger]
[INFO] [stderr]    |               ^^^^^^^^^^^
[INFO] [stderr]    |
[INFO] [stderr]    = note: `cargo::unused_dependencies` is set to `warn` by default
[INFO] [stderr] help: consider removing the dependency on `env_logger`
[INFO] [stderr] help: to still use for development builds, move to `dev-dependencies`
[INFO] [stderr] warning: unused dependency `futures`
[INFO] [stderr]   --> Cargo.toml:17:15
[INFO] [stderr]    |
[INFO] [stderr] 17 | [dependencies.futures]
[INFO] [stderr]    |               ^^^^^^^^
[INFO] [stderr]    |
[INFO] [stderr] help: consider removing the dependency on `futures`
[INFO] [stderr] warning: unused dependency `glob`
[INFO] [stderr]   --> Cargo.toml:20:15
[INFO] [stderr]    |
[INFO] [stderr] 20 | [dependencies.glob]
[INFO] [stderr]    |               ^^^^^
[INFO] [stderr]    |
[INFO] [stderr] help: consider removing the dependency on `glob`
[INFO] [stderr] warning: `savant-etcd` (manifest) generated 3 warnings
[INFO] [stderr]     Finished `release` profile [optimized] target(s) in 0.23s
[INFO] [stderr]      Running unittests src/lib.rs (/opt/rustwide/target/release/build/savant-etcd/123d4a4ee93d910d/out/savant_etcd-123d4a4ee93d910d)
[INFO] [stdout] 
[INFO] [stdout] running 4 tests
[INFO] [stdout] test parameter_storage::tests::test_monitor ... ignored
[INFO] [stdout] test parameter_storage::tests::test_wrong_ip ... ignored
[INFO] [stdout] test etcd_api::tests::test_monitor_no_tls ... FAILED
[INFO] [stdout] test etcd_api::tests::test_monitor_with_tls ... FAILED
[INFO] [stdout] 
[INFO] [stdout] failures:
[INFO] [stdout] 
[INFO] [stdout] ---- etcd_api::tests::test_monitor_no_tls stdout ----
[INFO] [stdout] Error: Socket not found: /var/run/docker.sock
[INFO] [stdout] 
[INFO] [stdout] Stack backtrace:
[INFO] [stdout]    0: <anyhow::Error as core::convert::From<bollard::errors::Error>>::from
[INFO] [stdout]    1: savant_etcd::etcd_api::tests::test_monitor_no_tls::{closure#0}
[INFO] [stdout]    2: <tokio::runtime::context::scoped::Scoped<tokio::runtime::scheduler::Context>>::set::<<tokio::runtime::scheduler::current_thread::CoreGuard>::enter<<tokio::runtime::scheduler::current_thread::CoreGuard>::block_on<core::pin::Pin<&mut core::pin::Pin<&mut dyn core::future::future::Future<Output = core::result::Result<(), anyhow::Error>>>>>::{closure#0}, core::option::Option<core::result::Result<(), anyhow::Error>>>::{closure#0}, (alloc::boxed::Box<tokio::runtime::scheduler::current_thread::Core>, core::option::Option<core::result::Result<(), anyhow::Error>>)>
[INFO] [stdout]    3: <tokio::runtime::runtime::Runtime>::block_on::<core::pin::Pin<&mut dyn core::future::future::Future<Output = core::result::Result<(), anyhow::Error>>>>
[INFO] [stdout]    4: <savant_etcd::etcd_api::tests::test_monitor_no_tls::{closure#0} as core::ops::function::FnOnce<()>>::call_once
[INFO] [stdout]    5: test::__rust_begin_short_backtrace::<core::result::Result<(), alloc::string::String>, fn() -> core::result::Result<(), alloc::string::String>>
[INFO] [stdout]    6: test::run_test::{closure#0}
[INFO] [stdout]    7: std::sys::backtrace::__rust_begin_short_backtrace::<test::run_test::{closure#1}, ()>
[INFO] [stdout]    8: <std::thread::lifecycle::spawn_unchecked<test::run_test::{closure#1}, ()>::{closure#1} as core::ops::function::FnOnce<()>>::call_once::{shim:vtable#0}
[INFO] [stdout]    9: <std::sys::thread::unix::Thread>::new::thread_start
[INFO] [stdout]   10: <unknown>
[INFO] [stdout]   11: clone
[INFO] [stdout] 
[INFO] [stdout] ---- etcd_api::tests::test_monitor_with_tls stdout ----
[INFO] [stdout] 
[INFO] [stdout] thread 'etcd_api::tests::test_monitor_with_tls' (2459) panicked at src/etcd_api.rs:551:9:
[INFO] [stdout] assertion failed: c.status.success()
[INFO] [stdout] stack backtrace:
[INFO] [stdout]    0:     0x5bdfe8a50031 - <<std[617be2ca0a6fd877]::sys::backtrace::BacktraceLock>::print::DisplayBacktrace as core[a373ad73a504971]::fmt::Display>::fmt
[INFO] [stdout]    1:     0x5bdfe8a683da - core[a373ad73a504971]::fmt::write
[INFO] [stdout]    2:     0x5bdfe8a5691c - <alloc[2e1b2a31b91974c5]::vec::Vec<u8> as core[a373ad73a504971]::io::write::Write>::write_fmt
[INFO] [stdout]    3:     0x5bdfe8a29d46 - std[617be2ca0a6fd877]::panicking::default_hook::{closure#0}
[INFO] [stdout]    4:     0x5bdfe8a47819 - std[617be2ca0a6fd877]::panicking::default_hook
[INFO] [stdout]    5:     0x5bdfe87dcf20 - test[aada8e7e76ba119b]::test_main_inner::{closure#0}
[INFO] [stdout]    6:     0x5bdfe8a47b42 - std[617be2ca0a6fd877]::panicking::panic_with_hook
[INFO] [stdout]    7:     0x5bdfe8a29e24 - std[617be2ca0a6fd877]::panicking::panic_handler::{closure#0}
[INFO] [stdout]    8:     0x5bdfe8a22269 - std[617be2ca0a6fd877]::sys::backtrace::__rust_end_short_backtrace::<std[617be2ca0a6fd877]::panicking::panic_handler::{closure#0}, !>
[INFO] [stdout]    9:     0x5bdfe8a2acfd - __rustc[ea4f61d10b84890b]::rust_begin_unwind
[INFO] [stdout]   10:     0x5bdfe8a68bbc - core[a373ad73a504971]::panicking::panic_fmt
[INFO] [stdout]   11:     0x5bdfe8a68b82 - core[a373ad73a504971]::panicking::panic
[INFO] [stdout]   12:     0x5bdfe85c5962 - savant_etcd[31cbfe9f009c703f]::etcd_api::tests::test_monitor_with_tls::{closure#0}
[INFO] [stdout]   13:     0x5bdfe8660038 - <tokio[5b1f465ad7c4c793]::runtime::context::scoped::Scoped<tokio[5b1f465ad7c4c793]::runtime::scheduler::Context>>::set::<<tokio[5b1f465ad7c4c793]::runtime::scheduler::current_thread::CoreGuard>::enter<<tokio[5b1f465ad7c4c793]::runtime::scheduler::current_thread::CoreGuard>::block_on<core[a373ad73a504971]::pin::Pin<&mut core[a373ad73a504971]::pin::Pin<&mut dyn core[a373ad73a504971]::future::future::Future<Output = core[a373ad73a504971]::result::Result<(), anyhow[3c0f068ba3553bf4]::Error>>>>>::{closure#0}, core[a373ad73a504971]::option::Option<core[a373ad73a504971]::result::Result<(), anyhow[3c0f068ba3553bf4]::Error>>>::{closure#0}, (alloc[2e1b2a31b91974c5]::boxed::Box<tokio[5b1f465ad7c4c793]::runtime::scheduler::current_thread::Core>, core[a373ad73a504971]::option::Option<core[a373ad73a504971]::result::Result<(), anyhow[3c0f068ba3553bf4]::Error>>)>
[INFO] [stdout]   14:     0x5bdfe865e653 - <tokio[5b1f465ad7c4c793]::runtime::runtime::Runtime>::block_on::<core[a373ad73a504971]::pin::Pin<&mut dyn core[a373ad73a504971]::future::future::Future<Output = core[a373ad73a504971]::result::Result<(), anyhow[3c0f068ba3553bf4]::Error>>>>
[INFO] [stdout]   15:     0x5bdfe85c7260 - <savant_etcd[31cbfe9f009c703f]::etcd_api::tests::test_monitor_with_tls::{closure#0} as core[a373ad73a504971]::ops::function::FnOnce<()>>::call_once
[INFO] [stdout]   16:     0x5bdfe87d036b - test[aada8e7e76ba119b]::__rust_begin_short_backtrace::<core[a373ad73a504971]::result::Result<(), alloc[2e1b2a31b91974c5]::string::String>, fn() -> core[a373ad73a504971]::result::Result<(), alloc[2e1b2a31b91974c5]::string::String>>
[INFO] [stdout]   17:     0x5bdfe87dd545 - test[aada8e7e76ba119b]::run_test::{closure#0}
[INFO] [stdout]   18:     0x5bdfe87d6e34 - std[617be2ca0a6fd877]::sys::backtrace::__rust_begin_short_backtrace::<test[aada8e7e76ba119b]::run_test::{closure#1}, ()>
[INFO] [stdout]   19:     0x5bdfe87e05d2 - <std[617be2ca0a6fd877]::thread::lifecycle::spawn_unchecked<test[aada8e7e76ba119b]::run_test::{closure#1}, ()>::{closure#1} as core[a373ad73a504971]::ops::function::FnOnce<()>>::call_once::{shim:vtable#0}
[INFO] [stdout]   20:     0x5bdfe8a4f1cf - <std[617be2ca0a6fd877]::sys::thread::unix::Thread>::new::thread_start
[INFO] [stdout]   21:     0x75cb38517dfa - <unknown>
[INFO] [stdout]   22:     0x75cb385ab3d4 - clone
[INFO] [stdout]   23:                0x0 - <unknown>
[INFO] [stdout] 
[INFO] [stdout] 
[INFO] [stdout] failures:
[INFO] [stdout]     etcd_api::tests::test_monitor_no_tls
[INFO] [stdout]     etcd_api::tests::test_monitor_with_tls
[INFO] [stdout] 
[INFO] [stdout] test result: FAILED. 0 passed; 2 failed; 2 ignored; 0 measured; 0 filtered out; finished in 0.14s
[INFO] [stdout] 
[INFO] [stderr] error: test failed, to rerun pass `--lib`
[INFO] running `Command { std: "docker" "inspect" "9bb25b0f8a6840843448ee5e08100312ffd5f476817251b2c503f93670b18a73", kill_on_drop: false }`
[INFO] running `Command { std: "docker" "rm" "-f" "9bb25b0f8a6840843448ee5e08100312ffd5f476817251b2c503f93670b18a73", kill_on_drop: false }`
[INFO] [stdout] 9bb25b0f8a6840843448ee5e08100312ffd5f476817251b2c503f93670b18a73
