[INFO] fetching crate sauti 0.1.1...
[INFO] testing sauti-0.1.1 against 1.100.0-beta.1+cargoflags=--release for beta-release-1.100-2
[INFO] extracting crate sauti 0.1.1 into /workspace/builds/worker-5-tc2/source
[INFO] started tweaking crates.io crate sauti 0.1.1
[INFO] removed 0 missing examples
[INFO] finished tweaking crates.io crate sauti 0.1.1
[INFO] tweaked toml for crates.io crate sauti 0.1.1 written to /workspace/builds/worker-5-tc2/source/Cargo.toml
[INFO] validating manifest of crates.io crate sauti 0.1.1 on toolchain 1.100.0-beta.1
[INFO] running `Command { std: CARGO_HOME="/workspace/cargo-home" RUSTUP_HOME="/workspace/rustup-home" "/workspace/cargo-home/bin/cargo" "+1.100.0-beta.1" "metadata" "--manifest-path" "Cargo.toml" "--no-deps", kill_on_drop: false }`
[INFO] crate crates.io crate sauti 0.1.1 already has a lockfile, it will not be regenerated
[INFO] running `Command { std: CARGO_HOME="/workspace/cargo-home" RUSTUP_HOME="/workspace/rustup-home" "/workspace/cargo-home/bin/cargo" "+1.100.0-beta.1" "fetch" "--manifest-path" "Cargo.toml", kill_on_drop: false }`
[INFO] running `Command { std: "docker" "create" "-v" "/var/lib/crater-agent-workspace/builds/worker-5-tc2/source:/opt/rustwide/workdir:ro,Z" "-v" "/var/lib/crater-agent-workspace/builds/worker-5-tc2/target:/opt/rustwide/target:rw,Z" "-v" "/var/lib/crater-agent-workspace/cargo-home:/opt/rustwide/cargo-home:ro,Z" "-v" "/var/lib/crater-agent-workspace/rustup-home:/opt/rustwide/rustup-home:ro,Z" "-m" "1610612736" "--network" "none" "ghcr.io/rust-lang/crates-build-env/linux@sha256:77db811e55d90add9212f6832c23229e3de5f1c1f9905e8cb07319ea15df73ac" "sleep" "infinity", kill_on_drop: false }`
[INFO] [stdout] 674302d119b55ea32a170f4207bd6e4bdfafc06ab15a88151025ae5a5b18119b
[INFO] running `Command { std: "docker" "start" "674302d119b55ea32a170f4207bd6e4bdfafc06ab15a88151025ae5a5b18119b", kill_on_drop: false }`
[INFO] running `Command { std: "docker" "inspect" "674302d119b55ea32a170f4207bd6e4bdfafc06ab15a88151025ae5a5b18119b", kill_on_drop: false }`
[INFO] running `Command { std: "docker" "exec" "-e" "SOURCE_DIR=/opt/rustwide/workdir" "-e" "CARGO_HOME=/opt/rustwide/cargo-home" "-e" "RUSTUP_HOME=/opt/rustwide/rustup-home" "-e" "CARGO_TARGET_DIR=/opt/rustwide/target" "-w" "/opt/rustwide/workdir" "--user" "0:0" "674302d119b55ea32a170f4207bd6e4bdfafc06ab15a88151025ae5a5b18119b" "/opt/rustwide/cargo-home/bin/cargo" "+1.100.0-beta.1" "metadata" "--no-deps" "--format-version=1", kill_on_drop: false }`
[INFO] running `Command { std: "docker" "inspect" "674302d119b55ea32a170f4207bd6e4bdfafc06ab15a88151025ae5a5b18119b", kill_on_drop: false }`
[INFO] running `Command { std: "docker" "exec" "-e" "SOURCE_DIR=/opt/rustwide/workdir" "-e" "CARGO_HOME=/opt/rustwide/cargo-home" "-e" "RUSTUP_HOME=/opt/rustwide/rustup-home" "-e" "CARGO_TARGET_DIR=/opt/rustwide/target" "-e" "CARGO_INCREMENTAL=0" "-e" "RUST_BACKTRACE=full" "-e" "RUSTFLAGS=--cap-lints=warn" "-e" "RUSTDOCFLAGS=--cap-lints=warn" "-w" "/opt/rustwide/workdir" "--user" "0:0" "674302d119b55ea32a170f4207bd6e4bdfafc06ab15a88151025ae5a5b18119b" "/opt/rustwide/cargo-home/bin/cargo" "+1.100.0-beta.1" "build" "--frozen" "--message-format=json" "--release", kill_on_drop: false }`
[INFO] [stderr]    Compiling strength_reduce v0.2.4
[INFO] [stderr]    Compiling bytemuck v1.24.0
[INFO] [stderr]    Compiling crossbeam-utils v0.8.22
[INFO] [stderr]    Compiling maybe-uninit v2.0.0
[INFO] [stderr]    Compiling alsa-sys v0.3.1
[INFO] [stderr]    Compiling crossbeam-deque v0.8.7
[INFO] [stderr]    Compiling ogg v0.7.1
[INFO] [stderr]    Compiling cpal v0.16.0
[INFO] [stderr]    Compiling num-integer v0.1.46
[INFO] [stderr]    Compiling quote v1.0.45
[INFO] [stderr]    Compiling extended v0.1.0
[INFO] [stderr]    Compiling dasp_sample v0.11.0
[INFO] [stderr]    Compiling flate2 v1.1.5
[INFO] [stderr]    Compiling metaflac v0.2.8
[INFO] [stderr]    Compiling gat-lending-iterator v0.1.8
[INFO] [stderr]    Compiling mp4ameta v0.12.1
[INFO] [stderr]    Compiling syn v2.0.117
[INFO] [stderr]    Compiling smallvec v0.6.14
[INFO] [stderr]    Compiling primal-check v0.3.4
[INFO] [stderr]    Compiling transpose v0.2.3
[INFO] [stderr]    Compiling rustfft v6.4.1
[INFO] [stderr]    Compiling lewton v0.9.4
[INFO] [stderr]    Compiling id3 v1.16.3
[INFO] [stderr]    Compiling alsa v0.9.1
[INFO] [stderr]    Compiling crossbeam-epoch v0.9.20
[INFO] [stderr]    Compiling crossbeam-channel v0.5.16
[INFO] [stderr]    Compiling crossbeam-queue v0.3.13
[INFO] [stderr]    Compiling crossbeam v0.8.4
[INFO] [stderr]    Compiling thiserror-impl v1.0.69
[INFO] [stderr]    Compiling gat-borrow-derive v0.1.0
[INFO] [stderr]    Compiling gat-borrow v0.1.0
[INFO] [stderr]    Compiling thiserror v1.0.69
[INFO] [stderr]    Compiling oggvorbismeta v0.2.0
[INFO] [stderr]    Compiling symphonia-core v0.5.5
[INFO] [stderr]    Compiling realfft v3.5.0
[INFO] [stderr]    Compiling rubato v0.15.0
[INFO] [stderr]    Compiling symphonia-metadata v0.5.5
[INFO] [stderr]    Compiling symphonia-codec-pcm v0.5.5
[INFO] [stderr]    Compiling symphonia-codec-alac v0.5.5
[INFO] [stderr]    Compiling symphonia-codec-aac v0.5.5
[INFO] [stderr]    Compiling symphonia-codec-adpcm v0.5.5
[INFO] [stderr]    Compiling symphonia-utils-xiph v0.5.5
[INFO] [stderr]    Compiling symphonia-bundle-mp3 v0.5.5
[INFO] [stderr]    Compiling symphonia-format-riff v0.5.5
[INFO] [stderr]    Compiling symphonia-format-caf v0.5.5
[INFO] [stderr]    Compiling symphonia-format-isomp4 v0.5.5
[INFO] [stderr]    Compiling symphonia-format-ogg v0.5.5
[INFO] [stderr]    Compiling symphonia-bundle-flac v0.5.5
[INFO] [stderr]    Compiling symphonia-codec-vorbis v0.5.5
[INFO] [stderr]    Compiling symphonia-format-mkv v0.5.5
[INFO] [stderr]    Compiling symphonia v0.5.5
[INFO] [stderr]    Compiling sauti v0.1.1 (/opt/rustwide/workdir)
[INFO] [stderr]     Finished `release` profile [optimized] target(s) in 47.87s
[INFO] running `Command { std: "docker" "inspect" "674302d119b55ea32a170f4207bd6e4bdfafc06ab15a88151025ae5a5b18119b", kill_on_drop: false }`
[INFO] running `Command { std: "docker" "exec" "-e" "SOURCE_DIR=/opt/rustwide/workdir" "-e" "CARGO_HOME=/opt/rustwide/cargo-home" "-e" "RUSTUP_HOME=/opt/rustwide/rustup-home" "-e" "CARGO_TARGET_DIR=/opt/rustwide/target" "-e" "CARGO_INCREMENTAL=0" "-e" "RUST_BACKTRACE=full" "-e" "RUSTFLAGS=--cap-lints=warn" "-e" "RUSTDOCFLAGS=--cap-lints=warn" "-w" "/opt/rustwide/workdir" "--user" "0:0" "674302d119b55ea32a170f4207bd6e4bdfafc06ab15a88151025ae5a5b18119b" "/opt/rustwide/cargo-home/bin/cargo" "+1.100.0-beta.1" "test" "--frozen" "--no-run" "--message-format=json" "--release", kill_on_drop: false }`
[INFO] [stderr]    Compiling aho-corasick v1.1.4
[INFO] [stderr]    Compiling regex-automata v0.4.13
[INFO] [stderr]    Compiling regex v1.12.2
[INFO] [stderr]    Compiling sauti v0.1.1 (/opt/rustwide/workdir)
[INFO] [stderr]     Finished `release` profile [optimized] target(s) in 31.35s
[INFO] running `Command { std: "docker" "inspect" "674302d119b55ea32a170f4207bd6e4bdfafc06ab15a88151025ae5a5b18119b", kill_on_drop: false }`
[INFO] running `Command { std: "docker" "exec" "-e" "SOURCE_DIR=/opt/rustwide/workdir" "-e" "CARGO_HOME=/opt/rustwide/cargo-home" "-e" "RUSTUP_HOME=/opt/rustwide/rustup-home" "-e" "CARGO_TARGET_DIR=/opt/rustwide/target" "-e" "CARGO_INCREMENTAL=0" "-e" "RUST_BACKTRACE=full" "-e" "RUSTFLAGS=--cap-lints=warn" "-e" "RUSTDOCFLAGS=--cap-lints=warn" "-w" "/opt/rustwide/workdir" "--user" "0:0" "674302d119b55ea32a170f4207bd6e4bdfafc06ab15a88151025ae5a5b18119b" "/opt/rustwide/cargo-home/bin/cargo" "+1.100.0-beta.1" "test" "--frozen" "--release", kill_on_drop: false }`
[INFO] [stderr]     Finished `release` profile [optimized] target(s) in 0.21s
[INFO] [stderr]      Running unittests src/lib.rs (/opt/rustwide/target/release/build/sauti/2b25fbb5ac92a098/out/sauti-2b25fbb5ac92a098)
[INFO] [stdout] 
[INFO] [stdout] running 6 tests
[INFO] [stdout] test decoder::tests::mixed ... ok
[INFO] [stdout] test player::test::duration_isnt_lock_free ... ok
[INFO] [stdout] test player::test::play_state_is_lock_free ... ok
[INFO] [stdout] test decoder::tests::duration_to_frame ... ok
[INFO] [stdout] test decoder::tests::frame_to_duration ... ok
[INFO] [stdout] test player::test::volume_is_lock_free ... ok
[INFO] [stdout] 
[INFO] [stdout] test result: ok. 6 passed; 0 failed; 0 ignored; 0 measured; 0 filtered out; finished in 0.00s
[INFO] [stdout] 
[INFO] [stderr]    Doc-tests sauti
[INFO] [stdout] 
[INFO] [stdout] running 27 tests
[INFO] [stdout] test src/lib.rs - (line 50) ... FAILED
[INFO] [stdout] test src/data.rs - data::SoundPacket<S>::from_interleaved (line 361) ... ok
[INFO] [stdout] test src/data.rs - data::SoundPacket<S>::interleaved_samples (line 554) ... ok
[INFO] [stdout] test src/decoder/audio/buffered.rs - decoder::audio::buffered (line 7) ... FAILED
[INFO] [stdout] test src/data.rs - data::SoundPacket<S>::from_channels (line 386) ... ok
[INFO] [stdout] test src/data.rs - data::SoundPacket<S>::chan (line 576) ... ok
[INFO] [stdout] test src/data.rs - data::SoundPacket<S>::convert (line 739) ... ok
[INFO] [stdout] test src/data.rs - data::SoundPacket<S>::map_samples (line 769) ... ok
[INFO] [stdout] test src/player/mod.rs - player (line 14) ... FAILED
[INFO] [stdout] test src/effect/mod.rs - effect (line 11) ... ok
[INFO] [stdout] test src/data.rs - data::SoundPacket<S>::frame_iter (line 530) ... ok
[INFO] [stdout] test src/data.rs - data::SoundPacket<S>::resize_and_map_channels (line 604) ... ok
[INFO] [stdout] test src/player/mod.rs - player (line 34) - compile ... ok
[INFO] [stdout] test src/data.rs - data::SoundPacket<S>::copy_to_channels (line 463) ... ok
[INFO] [stdout] test src/decoder/mod.rs - decoder::ExtensionSet (line 33) ... ok
[INFO] [stdout] test src/data.rs - data::SoundPacket<S>::to_channels (line 445) ... ok
[INFO] [stdout] test src/player/mod.rs - player::Handle (line 907) ... FAILED
[INFO] [stdout] test src/output/mod.rs - output (line 12) ... FAILED
[INFO] [stdout] test src/player/callback/stream_end.rs - player::callback::stream_end (line 8) ... FAILED
[INFO] [stdout] test src/player/mod.rs - player::Generic::synchronize (line 313) ... FAILED
[INFO] [stdout] test src/player/mod.rs - player::Generic::times (line 283) - compile ... FAILED
[INFO] [stdout] test src/output/mod.rs - output::SoundSource::build (line 203) ... ok
[INFO] [stdout] test src/player/builder.rs - player::builder (line 5) ... FAILED
[INFO] [stdout] test src/output/mod.rs - output::Sound (line 240) ... ok
[INFO] [stdout] test src/decoder/audio/mod.rs - decoder::audio (line 12) ... ok
[INFO] [stdout] test src/lib.rs - (line 24) ... ok
[INFO] [stdout] test src/player/mod.rs - player::Generic::supported_extensions (line 343) ... ok
[INFO] [stdout] 
[INFO] [stdout] failures:
[INFO] [stdout] 
[INFO] [stdout] ---- src/lib.rs - (line 50) stdout ----
[INFO] [stdout] error[E0599]: no method named `as_string` found for reference `&str` in the current scope
[INFO] [stdout]   --> src/lib.rs:77:24
[INFO] [stdout]    |
[INFO] [stdout] 77 |     let artist = album.as_string().unwrap_or("<unknown>");
[INFO] [stdout]    |                        ^^^^^^^^^
[INFO] [stdout]    |
[INFO] [stdout] note: there's an earlier shadowed binding `album` of type `AnyFrame<DataOptCow<'_>>` that has method `as_string` available
[INFO] [stdout]   --> src/lib.rs:74:9
[INFO] [stdout]    |
[INFO] [stdout] 74 |     let album = metadata.get(FrameId::Album);
[INFO] [stdout]    |         ^^^^^ `album` of type `AnyFrame<DataOptCow<'_>>` that has method `as_string` defined earlier here
[INFO] [stdout] 75 |     let album = album.as_string().unwrap_or("<unknown>");
[INFO] [stdout]    |         ----- earlier `album` shadowed here with type `&str`
[INFO] [stdout] help: there is a method `to_string` with a similar name
[INFO] [stdout]    |
[INFO] [stdout] 77 -     let artist = album.as_string().unwrap_or("<unknown>");
[INFO] [stdout] 77 +     let artist = album.to_string().unwrap_or("<unknown>");
[INFO] [stdout]    |
[INFO] [stdout] 
[INFO] [stdout] error: aborting due to 1 previous error
[INFO] [stdout] 
[INFO] [stdout] For more information about this error, try `rustc --explain E0599`.
[INFO] [stdout] Couldn't compile the test.
[INFO] [stdout] ---- src/decoder/audio/buffered.rs - decoder::audio::buffered (line 7) stdout ----
[INFO] [stdout] error[E0433]: cannot find `test` in `sauti`
[INFO] [stdout]   --> src/decoder/audio/buffered.rs:10:12
[INFO] [stdout]    |
[INFO] [stdout] 10 | use sauti::test::prelude::*;
[INFO] [stdout]    |            ^^^^ could not find `test` in `sauti`
[INFO] [stdout]    |
[INFO] [stdout] note: found an item that was configured out
[INFO] [stdout]   --> src/lib.rs:13:9
[INFO] [stdout]    |
[INFO] [stdout] 12 | #[cfg(feature = "test")]
[INFO] [stdout]    |       ---------------- the item is gated behind the `test` feature
[INFO] [stdout] 13 | pub mod test;
[INFO] [stdout]    |         ^^^^
[INFO] [stdout] 
[INFO] [stdout] error[E0433]: cannot find type `Provider` in this scope
[INFO] [stdout]   --> src/decoder/audio/buffered.rs:23:16
[INFO] [stdout]    |
[INFO] [stdout] 23 | let provider = Provider::provide(packets);
[INFO] [stdout]    |                ^^^^^^^^ use of undeclared type `Provider`
[INFO] [stdout] 
[INFO] [stdout] error: aborting due to 2 previous errors
[INFO] [stdout] 
[INFO] [stdout] For more information about this error, try `rustc --explain E0433`.
[INFO] [stdout] Couldn't compile the test.
[INFO] [stdout] ---- src/player/mod.rs - player (line 14) stdout ----
[INFO] [stdout] error[E0433]: cannot find `test` in `sauti`
[INFO] [stdout]   --> src/player/mod.rs:23:20
[INFO] [stdout]    |
[INFO] [stdout] 23 | handle.play(sauti::test::file())?;
[INFO] [stdout]    |                    ^^^^ could not find `test` in `sauti`
[INFO] [stdout]    |
[INFO] [stdout] note: found an item that was configured out
[INFO] [stdout]   --> src/lib.rs:13:9
[INFO] [stdout]    |
[INFO] [stdout] 12 | #[cfg(feature = "test")]
[INFO] [stdout]    |       ---------------- the item is gated behind the `test` feature
[INFO] [stdout] 13 | pub mod test;
[INFO] [stdout]    |         ^^^^
[INFO] [stdout] 
[INFO] [stdout] error: aborting due to 1 previous error
[INFO] [stdout] 
[INFO] [stdout] For more information about this error, try `rustc --explain E0433`.
[INFO] [stdout] Couldn't compile the test.
[INFO] [stdout] ---- src/player/mod.rs - player::Handle (line 907) stdout ----
[INFO] [stdout] error[E0433]: cannot find `test` in `sauti`
[INFO] [stdout]    --> src/player/mod.rs:911:12
[INFO] [stdout]     |
[INFO] [stdout] 911 | use sauti::test::prelude::*;
[INFO] [stdout]     |            ^^^^ could not find `test` in `sauti`
[INFO] [stdout]     |
[INFO] [stdout] note: found an item that was configured out
[INFO] [stdout]    --> src/lib.rs:13:9
[INFO] [stdout]     |
[INFO] [stdout]  12 | #[cfg(feature = "test")]
[INFO] [stdout]     |       ---------------- the item is gated behind the `test` feature
[INFO] [stdout]  13 | pub mod test;
[INFO] [stdout]     |         ^^^^
[INFO] [stdout] 
[INFO] [stdout] error[E0433]: cannot find type `Empty` in this scope
[INFO] [stdout]    --> src/player/mod.rs:916:14
[INFO] [stdout]     |
[INFO] [stdout] 916 | let handle = Empty::player().run();
[INFO] [stdout]     |              ^^^^^ use of undeclared type `Empty`
[INFO] [stdout]     |
[INFO] [stdout] help: consider importing one of these structs
[INFO] [stdout]     |
[INFO] [stdout] 907 + use std::io::Empty;
[INFO] [stdout]     |
[INFO] [stdout] 907 + use std::iter::Empty;
[INFO] [stdout]     |
[INFO] [stdout] 907 + use core::iter::Empty;
[INFO] [stdout]     |
[INFO] [stdout] 907 + use itertools::__std_iter::Empty;
[INFO] [stdout]     |
[INFO] [stdout] 
[INFO] [stdout] error: aborting due to 2 previous errors
[INFO] [stdout] 
[INFO] [stdout] For more information about this error, try `rustc --explain E0433`.
[INFO] [stdout] Couldn't compile the test.
[INFO] [stdout] ---- src/output/mod.rs - output (line 12) stdout ----
[INFO] [stdout] error[E0433]: cannot find `test` in `sauti`
[INFO] [stdout]   --> src/output/mod.rs:15:12
[INFO] [stdout]    |
[INFO] [stdout] 15 | use sauti::test::prelude::*;
[INFO] [stdout]    |            ^^^^ could not find `test` in `sauti`
[INFO] [stdout]    |
[INFO] [stdout] note: found an item that was configured out
[INFO] [stdout]   --> src/lib.rs:13:9
[INFO] [stdout]    |
[INFO] [stdout] 12 | #[cfg(feature = "test")]
[INFO] [stdout]    |       ---------------- the item is gated behind the `test` feature
[INFO] [stdout] 13 | pub mod test;
[INFO] [stdout]    |         ^^^^
[INFO] [stdout] 
[INFO] [stdout] error[E0433]: cannot find type `Collector` in this scope
[INFO] [stdout]   --> src/output/mod.rs:18:31
[INFO] [stdout]    |
[INFO] [stdout] 18 |     let (collector, handle) = Collector::take(4);
[INFO] [stdout]    |                               ^^^^^^^^^ use of undeclared type `Collector`
[INFO] [stdout] 
[INFO] [stdout] error: aborting due to 2 previous errors
[INFO] [stdout] 
[INFO] [stdout] For more information about this error, try `rustc --explain E0433`.
[INFO] [stdout] Couldn't compile the test.
[INFO] [stdout] ---- src/player/callback/stream_end.rs - player::callback::stream_end (line 8) stdout ----
[INFO] [stdout] error[E0433]: cannot find `test` in `sauti`
[INFO] [stdout]   --> src/player/callback/stream_end.rs:13:12
[INFO] [stdout]    |
[INFO] [stdout] 13 | use sauti::test::prelude::*;
[INFO] [stdout]    |            ^^^^ could not find `test` in `sauti`
[INFO] [stdout]    |
[INFO] [stdout] note: found an item that was configured out
[INFO] [stdout]   --> src/lib.rs:13:9
[INFO] [stdout]    |
[INFO] [stdout] 12 | #[cfg(feature = "test")]
[INFO] [stdout]    |       ---------------- the item is gated behind the `test` feature
[INFO] [stdout] 13 | pub mod test;
[INFO] [stdout]    |         ^^^^
[INFO] [stdout] 
[INFO] [stdout] error[E0433]: cannot find type `Empty` in this scope
[INFO] [stdout]   --> src/player/callback/stream_end.rs:21:14
[INFO] [stdout]    |
[INFO] [stdout] 21 | let player = Empty::player()
[INFO] [stdout]    |              ^^^^^ use of undeclared type `Empty`
[INFO] [stdout]    |
[INFO] [stdout] help: consider importing one of these structs
[INFO] [stdout]    |
[INFO] [stdout] 10 + use std::io::Empty;
[INFO] [stdout]    |
[INFO] [stdout] 10 + use std::iter::Empty;
[INFO] [stdout]    |
[INFO] [stdout] 10 + use core::iter::Empty;
[INFO] [stdout]    |
[INFO] [stdout] 10 + use itertools::__std_iter::Empty;
[INFO] [stdout]    |
[INFO] [stdout] 
[INFO] [stdout] error: aborting due to 2 previous errors
[INFO] [stdout] 
[INFO] [stdout] For more information about this error, try `rustc --explain E0433`.
[INFO] [stdout] Couldn't compile the test.
[INFO] [stdout] ---- src/player/mod.rs - player::Generic::synchronize (line 313) stdout ----
[INFO] [stdout] error[E0433]: cannot find `test` in `sauti`
[INFO] [stdout]    --> src/player/mod.rs:317:12
[INFO] [stdout]     |
[INFO] [stdout] 317 | use sauti::test::prelude::*;
[INFO] [stdout]     |            ^^^^ could not find `test` in `sauti`
[INFO] [stdout]     |
[INFO] [stdout] note: found an item that was configured out
[INFO] [stdout]    --> src/lib.rs:13:9
[INFO] [stdout]     |
[INFO] [stdout]  12 | #[cfg(feature = "test")]
[INFO] [stdout]     |       ---------------- the item is gated behind the `test` feature
[INFO] [stdout]  13 | pub mod test;
[INFO] [stdout]     |         ^^^^
[INFO] [stdout] 
[INFO] [stdout] error[E0433]: cannot find type `Provider` in this scope
[INFO] [stdout]    --> src/player/mod.rs:324:14
[INFO] [stdout]     |
[INFO] [stdout] 324 |     .decoder(Provider::repeat(generic))
[INFO] [stdout]     |              ^^^^^^^^ use of undeclared type `Provider`
[INFO] [stdout] 
[INFO] [stdout] error: aborting due to 2 previous errors
[INFO] [stdout] 
[INFO] [stdout] For more information about this error, try `rustc --explain E0433`.
[INFO] [stdout] Couldn't compile the test.
[INFO] [stdout] ---- src/player/mod.rs - player::Generic::times (line 283) stdout ----
[INFO] [stdout] error[E0433]: cannot find `test` in `sauti`
[INFO] [stdout]    --> src/player/mod.rs:289:20
[INFO] [stdout]     |
[INFO] [stdout] 289 | player.play(sauti::test::file())?;
[INFO] [stdout]     |                    ^^^^ could not find `test` in `sauti`
[INFO] [stdout]     |
[INFO] [stdout] note: found an item that was configured out
[INFO] [stdout]    --> src/lib.rs:13:9
[INFO] [stdout]     |
[INFO] [stdout]  12 | #[cfg(feature = "test")]
[INFO] [stdout]     |       ---------------- the item is gated behind the `test` feature
[INFO] [stdout]  13 | pub mod test;
[INFO] [stdout]     |         ^^^^
[INFO] [stdout] 
[INFO] [stdout] error: aborting due to 1 previous error
[INFO] [stdout] 
[INFO] [stdout] For more information about this error, try `rustc --explain E0433`.
[INFO] [stdout] Couldn't compile the test.
[INFO] [stdout] ---- src/player/builder.rs - player::builder (line 5) stdout ----
[INFO] [stdout] error[E0433]: cannot find `test` in `sauti`
[INFO] [stdout]   --> src/player/builder.rs:22:21
[INFO] [stdout]    |
[INFO] [stdout] 22 |     .decoder(sauti::test::Empty)
[INFO] [stdout]    |                     ^^^^ could not find `test` in `sauti`
[INFO] [stdout]    |
[INFO] [stdout] note: found an item that was configured out
[INFO] [stdout]   --> src/lib.rs:13:9
[INFO] [stdout]    |
[INFO] [stdout] 12 | #[cfg(feature = "test")]
[INFO] [stdout]    |       ---------------- the item is gated behind the `test` feature
[INFO] [stdout] 13 | pub mod test;
[INFO] [stdout]    |         ^^^^
[INFO] [stdout] 
[INFO] [stdout] error[E0433]: cannot find `test` in `sauti`
[INFO] [stdout]   --> src/player/builder.rs:23:20
[INFO] [stdout]    |
[INFO] [stdout] 23 |     .output(sauti::test::Empty)
[INFO] [stdout]    |                    ^^^^ could not find `test` in `sauti`
[INFO] [stdout]    |
[INFO] [stdout] note: found an item that was configured out
[INFO] [stdout]   --> src/lib.rs:13:9
[INFO] [stdout]    |
[INFO] [stdout] 12 | #[cfg(feature = "test")]
[INFO] [stdout]    |       ---------------- the item is gated behind the `test` feature
[INFO] [stdout] 13 | pub mod test;
[INFO] [stdout]    |         ^^^^
[INFO] [stdout] 
[INFO] [stdout] error: aborting due to 2 previous errors
[INFO] [stdout] 
[INFO] [stdout] For more information about this error, try `rustc --explain E0433`.
[INFO] [stdout] Couldn't compile the test.
[INFO] [stdout] 
[INFO] [stdout] failures:
[INFO] [stdout]     src/decoder/audio/buffered.rs - decoder::audio::buffered (line 7)
[INFO] [stdout]     src/lib.rs - (line 50)
[INFO] [stdout]     src/output/mod.rs - output (line 12)
[INFO] [stdout]     src/player/builder.rs - player::builder (line 5)
[INFO] [stdout]     src/player/callback/stream_end.rs - player::callback::stream_end (line 8)
[INFO] [stdout]     src/player/mod.rs - player (line 14)
[INFO] [stdout]     src/player/mod.rs - player::Generic::synchronize (line 313)
[INFO] [stdout]     src/player/mod.rs - player::Generic::times (line 283)
[INFO] [stdout]     src/player/mod.rs - player::Handle (line 907)
[INFO] [stdout] 
[INFO] [stdout] test result: FAILED. 18 passed; 9 failed; 0 ignored; 0 measured; 0 filtered out; finished in 3.58s
[INFO] [stdout] 
[INFO] [stderr] error: doctest failed, to rerun pass `--doc`
[INFO] running `Command { std: "docker" "inspect" "674302d119b55ea32a170f4207bd6e4bdfafc06ab15a88151025ae5a5b18119b", kill_on_drop: false }`
[INFO] running `Command { std: "docker" "rm" "-f" "674302d119b55ea32a170f4207bd6e4bdfafc06ab15a88151025ae5a5b18119b", kill_on_drop: false }`
[INFO] [stdout] 674302d119b55ea32a170f4207bd6e4bdfafc06ab15a88151025ae5a5b18119b
