[INFO] fetching crate saucepan 0.6.0...
[INFO] testing saucepan-0.6.0 against 1.99.0-beta.8+cargoflags=--release for beta-release-1.100-2
[INFO] extracting crate saucepan 0.6.0 into /workspace/builds/worker-6-tc1/source
[INFO] started tweaking crates.io crate saucepan 0.6.0
[INFO] removed 0 missing tests
[INFO] finished tweaking crates.io crate saucepan 0.6.0
[INFO] tweaked toml for crates.io crate saucepan 0.6.0 written to /workspace/builds/worker-6-tc1/source/Cargo.toml
[INFO] validating manifest of crates.io crate saucepan 0.6.0 on toolchain 1.99.0-beta.8
[INFO] running `Command { std: CARGO_HOME="/workspace/cargo-home" RUSTUP_HOME="/workspace/rustup-home" "/workspace/cargo-home/bin/cargo" "+1.99.0-beta.8" "metadata" "--manifest-path" "Cargo.toml" "--no-deps", kill_on_drop: false }`
[INFO] crate crates.io crate saucepan 0.6.0 already has a lockfile, it will not be regenerated
[INFO] running `Command { std: CARGO_HOME="/workspace/cargo-home" RUSTUP_HOME="/workspace/rustup-home" "/workspace/cargo-home/bin/cargo" "+1.99.0-beta.8" "fetch" "--manifest-path" "Cargo.toml", kill_on_drop: false }`
[INFO] [stderr]     Updating crates.io index
[INFO] [stderr]  Downloading crates ...
[INFO] [stderr]   Downloaded zip v8.6.0
[INFO] [stderr]   Downloaded zcheapstr v1.1.0
[INFO] [stderr]   Downloaded block-padding v0.4.2
[INFO] [stderr]   Downloaded fs2 v0.4.3
[INFO] [stderr]   Downloaded zvariant_derive v5.15.0
[INFO] [stderr]   Downloaded libredox v0.1.23
[INFO] [stderr]   Downloaded dirs v7.0.0
[INFO] [stderr]   Downloaded zbus-secret-service-keyring-store v1.0.1
[INFO] [stderr]   Downloaded blocking v1.7.0
[INFO] [stderr]   Downloaded async-executor v1.14.0
[INFO] [stderr]   Downloaded zvariant_utils v4.2.0
[INFO] [stderr]   Downloaded cbc v0.2.1
[INFO] [stderr]   Downloaded windows-native-keyring-store v1.1.0
[INFO] [stderr]   Downloaded apple-native-keyring-store v1.0.2
[INFO] [stderr]   Downloaded zbus_macros v5.19.0
[INFO] [stderr]   Downloaded universal-hash v0.6.1
[INFO] [stderr]   Downloaded keyring-core v1.0.0
[INFO] [stderr]   Downloaded keyring v4.2.0
[INFO] [stderr]   Downloaded aead v0.6.1
[INFO] [stderr]   Downloaded ureq-proto v0.6.2
[INFO] [stderr]   Downloaded secret-service v5.2.0
[INFO] [stderr]   Downloaded poly1305 v0.9.1
[INFO] [stderr]   Downloaded zvariant v5.15.0
[INFO] [stderr]   Downloaded chacha20poly1305 v0.11.0
[INFO] [stderr]   Downloaded typed-path v0.12.3
[INFO] [stderr]   Downloaded aes v0.9.3
[INFO] [stderr]   Downloaded regex v1.12.4
[INFO] [stderr]   Downloaded ureq v3.4.1
[INFO] [stderr]   Downloaded zlib-rs v0.6.7
[INFO] [stderr]   Downloaded zbus v5.19.0
[INFO] running `Command { std: "docker" "create" "-v" "/var/lib/crater-agent-workspace/builds/worker-6-tc1/source:/opt/rustwide/workdir:ro,Z" "-v" "/var/lib/crater-agent-workspace/builds/worker-6-tc1/target:/opt/rustwide/target:rw,Z" "-v" "/var/lib/crater-agent-workspace/cargo-home:/opt/rustwide/cargo-home:ro,Z" "-v" "/var/lib/crater-agent-workspace/rustup-home:/opt/rustwide/rustup-home:ro,Z" "-m" "1610612736" "--network" "none" "ghcr.io/rust-lang/crates-build-env/linux@sha256:77db811e55d90add9212f6832c23229e3de5f1c1f9905e8cb07319ea15df73ac" "sleep" "infinity", kill_on_drop: false }`
[INFO] [stdout] e6929f71ee9b84818ee0d0986f307adea9ce2f4f82523a6b43b559df1b8482db
[INFO] running `Command { std: "docker" "start" "e6929f71ee9b84818ee0d0986f307adea9ce2f4f82523a6b43b559df1b8482db", kill_on_drop: false }`
[INFO] running `Command { std: "docker" "inspect" "e6929f71ee9b84818ee0d0986f307adea9ce2f4f82523a6b43b559df1b8482db", kill_on_drop: false }`
[INFO] running `Command { std: "docker" "exec" "-e" "SOURCE_DIR=/opt/rustwide/workdir" "-e" "CARGO_HOME=/opt/rustwide/cargo-home" "-e" "RUSTUP_HOME=/opt/rustwide/rustup-home" "-e" "CARGO_TARGET_DIR=/opt/rustwide/target" "-w" "/opt/rustwide/workdir" "--user" "0:0" "e6929f71ee9b84818ee0d0986f307adea9ce2f4f82523a6b43b559df1b8482db" "/opt/rustwide/cargo-home/bin/cargo" "+1.99.0-beta.8" "metadata" "--no-deps" "--format-version=1", kill_on_drop: false }`
[INFO] running `Command { std: "docker" "inspect" "e6929f71ee9b84818ee0d0986f307adea9ce2f4f82523a6b43b559df1b8482db", kill_on_drop: false }`
[INFO] running `Command { std: "docker" "exec" "-e" "SOURCE_DIR=/opt/rustwide/workdir" "-e" "CARGO_HOME=/opt/rustwide/cargo-home" "-e" "RUSTUP_HOME=/opt/rustwide/rustup-home" "-e" "CARGO_TARGET_DIR=/opt/rustwide/target" "-e" "CARGO_INCREMENTAL=0" "-e" "RUST_BACKTRACE=full" "-e" "RUSTFLAGS=--cap-lints=warn" "-e" "RUSTDOCFLAGS=--cap-lints=warn" "-w" "/opt/rustwide/workdir" "--user" "0:0" "e6929f71ee9b84818ee0d0986f307adea9ce2f4f82523a6b43b559df1b8482db" "/opt/rustwide/cargo-home/bin/cargo" "+1.99.0-beta.8" "build" "--frozen" "--message-format=json" "--release", kill_on_drop: false }`
[INFO] [stderr]    Compiling libc v0.2.186
[INFO] [stderr]    Compiling typenum v1.20.1
[INFO] [stderr]    Compiling parking v2.2.1
[INFO] [stderr]    Compiling futures-core v0.3.34
[INFO] [stderr]    Compiling winnow v1.0.4
[INFO] [stderr]    Compiling crossbeam-utils v0.8.23
[INFO] [stderr]    Compiling stable_deref_trait v1.2.1
[INFO] [stderr]    Compiling toml_datetime v1.1.1+spec-1.1.0
[INFO] [stderr]    Compiling num-traits v0.2.19
[INFO] [stderr]    Compiling futures-io v0.3.34
[INFO] [stderr]    Compiling rustix v1.1.4
[INFO] [stderr]    Compiling syn v2.0.118
[INFO] [stderr]    Compiling syn v3.0.5
[INFO] [stderr]    Compiling cmov v0.5.4
[INFO] [stderr]    Compiling linux-raw-sys v0.12.1
[INFO] [stderr]    Compiling bitflags v2.13.0
[INFO] [stderr]    Compiling slab v0.4.12
[INFO] [stderr]    Compiling event-listener v5.4.2
[INFO] [stderr]    Compiling futures-lite v2.6.1
[INFO] [stderr]    Compiling async-io v2.6.0
[INFO] [stderr]    Compiling find-msvc-tools v0.1.12
[INFO] [stderr]    Compiling cpufeatures v0.3.1
[INFO] [stderr]    Compiling ctutils v0.4.2
[INFO] [stderr]    Compiling async-task v4.7.1
[INFO] [stderr]    Compiling litemap v0.8.3
[INFO] [stderr]    Compiling cc v1.4.5
[INFO] [stderr]    Compiling endi v1.1.1
[INFO] [stderr]    Compiling event-listener-strategy v0.5.4
[INFO] [stderr]    Compiling const-oid v0.10.2
[INFO] [stderr]    Compiling concurrent-queue v2.5.0
[INFO] [stderr]    Compiling writeable v0.6.4
[INFO] [stderr]    Compiling icu_normalizer_data v2.3.0
[INFO] [stderr]    Compiling utf8_iter v1.0.4
[INFO] [stderr]    Compiling async-channel v2.5.0
[INFO] [stderr]    Compiling icu_properties_data v2.3.0
[INFO] [stderr]    Compiling atomic-waker v1.1.2
[INFO] [stderr]    Compiling async-lock v3.4.2
[INFO] [stderr]    Compiling tracing-core v0.1.36
[INFO] [stderr]    Compiling piper v0.2.5
[INFO] [stderr]    Compiling async-broadcast v0.7.2
[INFO] [stderr]    Compiling hybrid-array v0.4.15
[INFO] [stderr]    Compiling ordered-stream v0.2.0
[INFO] [stderr]    Compiling num-integer v0.1.47
[INFO] [stderr]    Compiling num-complex v0.4.6
[INFO] [stderr]    Compiling async-executor v1.14.0
[INFO] [stderr]    Compiling blocking v1.7.0
[INFO] [stderr]    Compiling uuid v1.26.0
[INFO] [stderr]    Compiling getrandom v0.4.3
[INFO] [stderr]    Compiling toml_parser v1.1.3+spec-1.1.0
[INFO] [stderr]    Compiling errno v0.3.14
[INFO] [stderr]    Compiling crypto-common v0.2.2
[INFO] [stderr]    Compiling block-buffer v0.12.1
[INFO] [stderr]    Compiling block-padding v0.4.2
[INFO] [stderr]    Compiling signal-hook-registry v1.4.8
[INFO] [stderr]    Compiling num-bigint v0.4.8
[INFO] [stderr]    Compiling num-iter v0.1.46
[INFO] [stderr]    Compiling getrandom v0.2.17
[INFO] [stderr]    Compiling inout v0.2.2
[INFO] [stderr]    Compiling smallvec v1.16.0
[INFO] [stderr]    Compiling cpubits v0.1.1
[INFO] [stderr]    Compiling httparse v1.10.1
[INFO] [stderr]    Compiling crc32fast v1.5.1
[INFO] [stderr]    Compiling futures-task v0.3.34
[INFO] [stderr]    Compiling percent-encoding v2.3.2
[INFO] [stderr]    Compiling rustls v0.23.44
[INFO] [stderr]    Compiling toml_edit v0.25.13+spec-1.1.0
[INFO] [stderr]    Compiling http v1.5.0
[INFO] [stderr]    Compiling keyring-core v1.0.0
[INFO] [stderr]    Compiling ring v0.17.14
[INFO] [stderr]    Compiling hashbrown v0.17.1
[INFO] [stderr]    Compiling zlib-rs v0.6.7
[INFO] [stderr]    Compiling subtle v2.6.1
[INFO] [stderr]    Compiling simd-adler32 v0.3.10
[INFO] [stderr]    Compiling base64 v0.23.1
[INFO] [stderr]    Compiling proc-macro-crate v3.5.0
[INFO] [stderr]    Compiling bumpalo v3.20.3
[INFO] [stderr]    Compiling dirs-sys v0.5.0
[INFO] [stderr]    Compiling anyhow v1.0.102
[INFO] [stderr]    Compiling cipher v0.5.2
[INFO] [stderr]    Compiling digest v0.11.3
[INFO] [stderr]    Compiling universal-hash v0.6.1
[INFO] [stderr]    Compiling zopfli v0.8.3
[INFO] [stderr]    Compiling indexmap v2.14.0
[INFO] [stderr]    Compiling hmac v0.13.0
[INFO] [stderr]    Compiling sha2 v0.11.0
[INFO] [stderr]    Compiling aes v0.9.3
[INFO] [stderr]    Compiling hkdf v0.13.0
[INFO] [stderr]    Compiling cbc v0.2.1
[INFO] [stderr]    Compiling ureq-proto v0.6.2
[INFO] [stderr]    Compiling poly1305 v0.9.1
[INFO] [stderr]    Compiling aead v0.6.1
[INFO] [stderr]    Compiling form_urlencoded v1.2.2
[INFO] [stderr]    Compiling typed-path v0.12.3
[INFO] [stderr]    Compiling utf8-zero v0.8.1
[INFO] [stderr]    Compiling dirs v7.0.0
[INFO] [stderr]    Compiling fs2 v0.4.3
[INFO] [stderr]    Compiling num-rational v0.4.2
[INFO] [stderr]    Compiling synstructure v0.13.2
[INFO] [stderr]    Compiling num v0.4.3
[INFO] [stderr]    Compiling zerovec-derive v0.11.6
[INFO] [stderr]    Compiling displaydoc v0.2.7
[INFO] [stderr]    Compiling futures-macro v0.3.34
[INFO] [stderr]    Compiling async-trait v0.1.92
[INFO] [stderr]    Compiling serde_repr v0.1.21
[INFO] [stderr]    Compiling flate2 v1.1.10
[INFO] [stderr]    Compiling futures-util v0.3.34
[INFO] [stderr]    Compiling serde_derive v1.0.228
[INFO] [stderr]    Compiling zerofrom-derive v0.1.7
[INFO] [stderr]    Compiling yoke-derive v0.8.2
[INFO] [stderr]    Compiling enumflags2_derive v0.7.12
[INFO] [stderr]    Compiling zeroize_derive v1.5.0
[INFO] [stderr]    Compiling tracing-attributes v0.1.31
[INFO] [stderr]    Compiling async-recursion v1.1.1
[INFO] [stderr]    Compiling clap_derive v4.6.1
[INFO] [stderr]    Compiling zeroize v1.9.0
[INFO] [stderr]    Compiling zip v8.6.0
[INFO] [stderr]    Compiling rustls-pki-types v1.15.1
[INFO] [stderr]    Compiling chacha20 v0.10.2
[INFO] [stderr]    Compiling zerofrom v0.1.8
[INFO] [stderr]    Compiling chacha20poly1305 v0.11.0
[INFO] [stderr]    Compiling yoke v0.8.3
[INFO] [stderr]    Compiling zerovec v0.11.8
[INFO] [stderr]    Compiling zerotrie v0.2.5
[INFO] [stderr]    Compiling webpki-roots v1.0.9
[INFO] [stderr]    Compiling tracing v0.1.44
[INFO] [stderr]    Compiling tinystr v0.8.4
[INFO] [stderr]    Compiling polling v3.11.0
[INFO] [stderr]    Compiling icu_locale_core v2.3.0
[INFO] [stderr]    Compiling potential_utf v0.1.6
[INFO] [stderr]    Compiling icu_collections v2.3.0
[INFO] [stderr]    Compiling clap v4.6.1
[INFO] [stderr]    Compiling tempfile v3.27.0
[INFO] [stderr]    Compiling async-signal v0.2.14
[INFO] [stderr]    Compiling icu_provider v2.3.1
[INFO] [stderr]    Compiling async-process v2.5.0
[INFO] [stderr]    Compiling serde v1.0.228
[INFO] [stderr]    Compiling icu_properties v2.3.0
[INFO] [stderr]    Compiling icu_normalizer v2.3.0
[INFO] [stderr]    Compiling zvariant_utils v4.2.0
[INFO] [stderr]    Compiling zcheapstr v1.1.0
[INFO] [stderr]    Compiling enumflags2 v0.7.12
[INFO] [stderr]    Compiling zvariant_derive v5.15.0
[INFO] [stderr]    Compiling zvariant v5.15.0
[INFO] [stderr]    Compiling idna_adapter v1.2.2
[INFO] [stderr]    Compiling idna v1.1.0
[INFO] [stderr]    Compiling url v2.5.8
[INFO] [stderr]    Compiling zbus_names v4.3.4
[INFO] [stderr]    Compiling rustls-webpki v0.103.15
[INFO] [stderr]    Compiling zbus_macros v5.19.0
[INFO] [stderr]    Compiling zbus v5.19.0
[INFO] [stderr]    Compiling ureq v3.4.1
[INFO] [stderr]    Compiling secret-service v5.2.0
[INFO] [stderr]    Compiling zbus-secret-service-keyring-store v1.0.1
[INFO] [stderr]    Compiling keyring v4.2.0
[INFO] [stderr]    Compiling saucepan v0.6.0 (/opt/rustwide/workdir)
[INFO] [stderr]     Finished `release` profile [optimized] target(s) in 2m 46s
[INFO] running `Command { std: "docker" "inspect" "e6929f71ee9b84818ee0d0986f307adea9ce2f4f82523a6b43b559df1b8482db", kill_on_drop: false }`
[INFO] running `Command { std: "docker" "exec" "-e" "SOURCE_DIR=/opt/rustwide/workdir" "-e" "CARGO_HOME=/opt/rustwide/cargo-home" "-e" "RUSTUP_HOME=/opt/rustwide/rustup-home" "-e" "CARGO_TARGET_DIR=/opt/rustwide/target" "-e" "CARGO_INCREMENTAL=0" "-e" "RUST_BACKTRACE=full" "-e" "RUSTFLAGS=--cap-lints=warn" "-e" "RUSTDOCFLAGS=--cap-lints=warn" "-w" "/opt/rustwide/workdir" "--user" "0:0" "e6929f71ee9b84818ee0d0986f307adea9ce2f4f82523a6b43b559df1b8482db" "/opt/rustwide/cargo-home/bin/cargo" "+1.99.0-beta.8" "test" "--frozen" "--no-run" "--message-format=json" "--release", kill_on_drop: false }`
[INFO] [stderr]    Compiling saucepan v0.6.0 (/opt/rustwide/workdir)
[INFO] [stderr]     Finished `release` profile [optimized] target(s) in 35.73s
[INFO] running `Command { std: "docker" "inspect" "e6929f71ee9b84818ee0d0986f307adea9ce2f4f82523a6b43b559df1b8482db", kill_on_drop: false }`
[INFO] running `Command { std: "docker" "exec" "-e" "SOURCE_DIR=/opt/rustwide/workdir" "-e" "CARGO_HOME=/opt/rustwide/cargo-home" "-e" "RUSTUP_HOME=/opt/rustwide/rustup-home" "-e" "CARGO_TARGET_DIR=/opt/rustwide/target" "-e" "CARGO_INCREMENTAL=0" "-e" "RUST_BACKTRACE=full" "-e" "RUSTFLAGS=--cap-lints=warn" "-e" "RUSTDOCFLAGS=--cap-lints=warn" "-w" "/opt/rustwide/workdir" "--user" "0:0" "e6929f71ee9b84818ee0d0986f307adea9ce2f4f82523a6b43b559df1b8482db" "/opt/rustwide/cargo-home/bin/cargo" "+1.99.0-beta.8" "test" "--frozen" "--release", kill_on_drop: false }`
[INFO] [stderr]     Finished `release` profile [optimized] target(s) in 0.36s
[INFO] [stderr]      Running unittests src/lib.rs (/opt/rustwide/target/release/deps/saucepan-71759332f2ff4bb9)
[INFO] [stdout] 
[INFO] [stdout] running 81 tests
[INFO] [stdout] test cli::tests::custom_keys_require_explicit_custom_paths_and_reject_invalid_keys ... ok
[INFO] [stdout] test core::acquisition::tests::concurrent_apps_publish_consistent_shared_content_without_lost_touches ... ok
[INFO] [stdout] test core::acquisition::tests::failures_preserve_state_and_mirrors_are_independent_copies ... ok
[INFO] [stdout] test cli::tests::cli_and_native_share_registration_settings_acquisition_and_verification ... ok
[INFO] [stdout] test core::acquisition::tests::failed_index_publication_keeps_the_old_selection_and_allows_retry ... ok
[INFO] [stdout] test core::acquisition::tests::source_indexes_are_encrypted_and_tampering_is_never_a_cache_fallback ... ok
[INFO] [stdout] test core::acquisition::tests::unavailable_outgoing_zip_cannot_be_silently_lost_during_rollover ... ok
[INFO] [stdout] test core::acquisition::tests::local_acquisition_shares_sources_and_records_only_each_apps_touches ... ok
[INFO] [stdout] test core::acquisition::tests::unscoped_acquisition_has_no_app_record_or_touches ... ok
[INFO] [stdout] test core::acquisition::git_tests::git_lfs_exports_verified_object_bytes_and_rejects_corrupt_cache ... FAILED
[INFO] [stdout] test core::acquisition::tests::url_file_download_and_explicit_fallback_report_actual_cached_content ... ok
[INFO] [stdout] test core::models::recipe::tests::canonical_git_ids_share_folders_but_distinguish_refs ... ok
[INFO] [stdout] test core::models::recipe::tests::defaults_are_app_settings_and_unsupported_recipe_actions_fail ... ok
[INFO] [stdout] test core::platform::tests::executable_is_one_user_level_path ... ok
[INFO] [stdout] test core::models::recipe::tests::validates_selection_revision_and_provider_specific_inputs ... ok
[INFO] [stdout] test core::platform::tests::first_initialization_preserves_an_already_placed_shared_binary ... ok
[INFO] [stdout] test core::platform::tests::native_credential_round_trip ... ignored, requires an available native user credential service; writes one temporary test entry
[INFO] [stdout] test core::platform::tests::explicit_creation_and_opening_never_replace_an_existing_secret ... ok
[INFO] [stdout] test core::acquisition::git_tests::symlinks::git_link_to_lfs_uses_verified_bytes_and_dependency ... FAILED
[INFO] [stdout] test core::acquisition::tests::url_zip_extracts_content_and_invalid_archives_do_not_publish ... ok
[INFO] [stdout] test core::platform::tests::provider_failures_and_missing_keys_never_choose_test_or_plaintext_storage ... ok
[INFO] [stdout] test core::store::tests::tamper_wrong_key_and_missing_index_fail_without_replacement ... ok
[INFO] [stdout] test core::store::tests::encrypted_round_trip_uses_central_settings_and_stable_tokens ... ok
[INFO] [stdout] test core::acquisition::git_tests::git_executable_metadata_is_preserved_even_on_windows ... ok
[INFO] [stdout] test utils::archive::tests::duplicate_raw_zip_names_are_rejected_instead_of_silently_selecting_one ... ok
[INFO] [stdout] test core::store::tests::unsupported_persisted_versions_and_internal_scope_tampering_fail ... ok
[INFO] [stdout] test core::acquisition::tests::verification_off_still_rejects_an_incomplete_cached_tree ... ok
[INFO] [stdout] test utils::archive::tests::links_and_corrupt_file_bytes_fail_without_partial_publication ... ok
[INFO] [stdout] test utils::crypto::tests::decryption_rejects_wrong_key_context_tampering_and_truncation ... ok
[INFO] [stdout] test utils::crypto::tests::hkdf_matches_rfc5869_case_one_and_separates_contexts ... ok
[INFO] [stdout] test utils::crypto::tests::hmac_matches_rfc4231_and_rejects_changed_data_keys_and_tag_lengths ... ok
[INFO] [stdout] test utils::archive::tests::bounds_and_occupied_destinations_preserve_existing_data ... ok
[INFO] [stdout] test core::acquisition::tests::retention_resumes_without_backfilling_and_verification_detects_edited_content ... ok
[INFO] [stdout] test utils::crypto::tests::stream_errors_cannot_be_authenticated_as_partial_data ... ok
[INFO] [stdout] test utils::fs::tests::directory_publication_is_complete_and_preserves_occupied_destinations ... ok
[INFO] [stdout] test utils::archive::tests::unsafe_paths_and_file_directory_conflicts_never_publish ... ok
[INFO] [stdout] test utils::crypto::tests::random_buffers_and_encryption_use_fresh_randomness ... ok
[INFO] [stdout] test utils::archive::tests::folder_selection_strips_only_the_selected_directory ... ok
[INFO] [stdout] test utils::fs::tests::creates_a_file_only_after_the_writer_finishes ... ok
[INFO] [stdout] test utils::fs::tests::failed_directory_preparation_leaves_no_partial_result ... ok
[INFO] [stdout] test utils::archive::tests::round_trip_is_sorted_stable_filtered_and_preserves_empty_directories ... ok
[INFO] [stdout] test utils::hash::tests::hashes_a_stream_larger_than_a_buffer ... ok
[INFO] [stdout] test utils::hash::tests::hashes_standard_vectors ... ok
[INFO] [stdout] test utils::hash::tests::propagates_read_errors_instead_of_hashing_partial_input ... ok
[INFO] [stdout] test utils::hash::tests::tolerates_interruptions_and_short_reads ... ok
[INFO] [stdout] test utils::json::tests::accepts_unsized_serializable_inputs ... ok
[INFO] [stdout] test utils::json::tests::preserves_serializer_errors ... ok
[INFO] [stdout] test utils::json::tests::sorts_keys_recursively_including_objects_inside_arrays ... ok
[INFO] [stdout] test utils::json::tests::preserves_array_order_types_and_utf8 ... ok
[INFO] [stdout] test utils::links::tests::expansion_counts_alias_copies_and_hops ... ok
[INFO] [stdout] test utils::links::tests::files_directories_chains_and_shared_targets ... ok
[INFO] [stdout] test utils::links::tests::intermediate_alias_resolves_before_parent_component ... ok
[INFO] [stdout] test utils::links::tests::link_and_directory_cycles_fail ... ok
[INFO] [stdout] test utils::links::tests::directory_fanout_is_bounded_and_callback_errors_propagate ... ok
[INFO] [stdout] test utils::links::tests::malformed_external_missing_and_file_traversal_fail ... ok
[INFO] [stdout] test utils::lock::tests::missing_parent_fails_without_creating_directories ... ok
[INFO] [stdout] test utils::fs::tests::failed_writer_preserves_old_file_and_cleans_staging ... ok
[INFO] [stdout] test utils::path::tests::accepts_nested_paths_spaces_and_unicode ... ok
[INFO] [stdout] test utils::path::tests::rejects_empty_and_ambiguous_components ... ok
[INFO] [stdout] test utils::path::tests::rejects_posix_and_windows_escapes_on_every_host ... ok
[INFO] [stdout] test core::store::tests::app_and_store_token_binding_rejects_substitution_and_unknown_formats ... ok
[INFO] [stdout] test utils::fs::tests::keeps_old_bytes_visible_until_replacement ... ok
[INFO] [stdout] test utils::tests::failed_zip_export_does_not_replace_previously_published_bytes ... ok
[INFO] [stdout] test utils::fs::tests::supports_empty_content_and_reports_missing_parents ... ok
[INFO] [stdout] test utils::fs::tests::failed_publication_preserves_destination_and_cleans_staging ... ok
[INFO] [stdout] test utils::tree::tests::walks_in_path_order_and_prunes_with_a_caller_supplied_filter ... ok
[INFO] [stdout] test utils::tree::tests::destination_inside_source_is_rejected_before_staging ... ok
[INFO] [stdout] test utils::tree::tests::rejects_symlinks_including_a_linked_root_without_partial_copy ... ok
[INFO] [stdout] test core::acquisition::git_tests::repointed_git_origin_fails_on_acquisition_views_and_content_reads ... ok
[INFO] [stdout] test utils::lock::tests::waiting_writer_acquires_after_release ... ok
[INFO] [stdout] test utils::tree::tests::copies_empty_directories_and_files_independently_without_overwrite ... ok
[INFO] [stdout] test utils::lock::tests::contention_times_out_without_truncating_or_removing_lock_file ... ok
[INFO] [stdout] test utils::tests::locked_export_authenticated_storage_extraction_and_independent_copy_round_trip ... ok
[INFO] [stdout] test core::acquisition::tests::current_and_five_historical_zips_roll_by_lru_and_preserve_live_content ... ok
[INFO] [stdout] test core::acquisition::git_tests::git_refresh_failure_falls_back_only_when_enabled_and_never_substitutes_a_pin ... ok
[INFO] [stdout] test core::acquisition::git_tests::symlinks::safe_git_links_export_files_directories_and_cross_folder_content ... ok
[INFO] [stdout] test core::acquisition::git_tests::git_exports_exact_submodules_and_fails_for_missing_required_content ... ok
[INFO] [stdout] test core::acquisition::git_tests::git_refs_share_folder_exports_track_updates_and_pin_exact_commits ... ok
[INFO] [stdout] test core::acquisition::git_tests::symlinks::links_cross_exact_submodules_in_both_directions ... ok
[INFO] [stdout] test core::acquisition::git_tests::symlinks::git_alias_history_reuses_inputs_rotates_targets_and_reads_exact_pins ... ok
[INFO] [stdout] test core::acquisition::git_tests::symlinks::unsafe_git_links_preserve_state_and_never_trigger_fallback ... ok
[INFO] [stdout] 
[INFO] [stdout] failures:
[INFO] [stdout] 
[INFO] [stdout] ---- core::acquisition::git_tests::git_lfs_exports_verified_object_bytes_and_rejects_corrupt_cache stdout ----
[INFO] [stdout] 
[INFO] [stdout] thread 'core::acquisition::git_tests::git_lfs_exports_verified_object_bytes_and_rejects_corrupt_cache' (3314) panicked at src/core/acquisition/git_tests.rs:268:47:
[INFO] [stdout] called `Result::unwrap()` on an `Err` value: required Git content could not be exported: required LFS content could not be resolved: Git operation failed: git: 'lfs' is not a git command. See 'git --help'.
[INFO] [stdout] 
[INFO] [stdout] The most similar command is
[INFO] [stdout] 	refs
[INFO] [stdout] 
[INFO] [stdout] Stack backtrace:
[INFO] [stdout]    0: <anyhow::Error>::msg::<alloc::string::String>
[INFO] [stdout]    1: anyhow::__private::format_err
[INFO] [stdout]    2: saucepan::core::sources::git::prepare::{closure#0}
[INFO] [stdout]    3: saucepan::core::sources::git::prepare
[INFO] [stdout]    4: saucepan::core::sources::prepare
[INFO] [stdout]    5: <saucepan::core::store::Store>::acquire_with_context
[INFO] [stdout]    6: saucepan::core::acquisition::git_tests::git_lfs_exports_verified_object_bytes_and_rejects_corrupt_cache
[INFO] [stdout]    7: <saucepan::core::acquisition::git_tests::git_lfs_exports_verified_object_bytes_and_rejects_corrupt_cache::{closure#0} as core::ops::function::FnOnce<()>>::call_once
[INFO] [stdout]    8: test::__rust_begin_short_backtrace::<core::result::Result<(), alloc::string::String>, fn() -> core::result::Result<(), alloc::string::String>>
[INFO] [stdout]    9: test::run_test::{closure#0}
[INFO] [stdout]   10: std::sys::backtrace::__rust_begin_short_backtrace::<test::run_test::{closure#1}, ()>
[INFO] [stdout]   11: <std::thread::lifecycle::spawn_unchecked<test::run_test::{closure#1}, ()>::{closure#1} as core::ops::function::FnOnce<()>>::call_once::{shim:vtable#0}
[INFO] [stdout]   12: <std::sys::thread::unix::Thread>::new::thread_start
[INFO] [stdout]   13: <unknown>
[INFO] [stdout]   14: clone
[INFO] [stdout] stack backtrace:
[INFO] [stdout]    0:     0x60ba8006b251 - <<std[70759c8f55707aa4]::sys::backtrace::BacktraceLock>::print::DisplayBacktrace as core[df12db4294e9bfd3]::fmt::Display>::fmt
[INFO] [stdout]    1:     0x60ba8008308a - core[df12db4294e9bfd3]::fmt::write
[INFO] [stdout]    2:     0x60ba80070f6c - <alloc[2182bb758b4b3781]::vec::Vec<u8> as core[df12db4294e9bfd3]::io::write::Write>::write_fmt
[INFO] [stdout]    3:     0x60ba8003fc46 - std[70759c8f55707aa4]::panicking::default_hook::{closure#0}
[INFO] [stdout]    4:     0x60ba80060199 - std[70759c8f55707aa4]::panicking::default_hook
[INFO] [stdout]    5:     0x60ba7ff70ed0 - test[9d35eded1c95d3be]::test_main_inner::<test[9d35eded1c95d3be]::test_main_static::{closure#0}>::{closure#0}
[INFO] [stdout]    6:     0x60ba800604c2 - std[70759c8f55707aa4]::panicking::panic_with_hook
[INFO] [stdout]    7:     0x60ba8003fcf2 - std[70759c8f55707aa4]::panicking::panic_handler::{closure#0}
[INFO] [stdout]    8:     0x60ba80037e19 - std[70759c8f55707aa4]::sys::backtrace::__rust_end_short_backtrace::<std[70759c8f55707aa4]::panicking::panic_handler::{closure#0}, !>
[INFO] [stdout]    9:     0x60ba80040f7d - __rustc[8fa7c3cbc660c2b3]::rust_begin_unwind
[INFO] [stdout]   10:     0x60ba800837ec - core[df12db4294e9bfd3]::panicking::panic_fmt
[INFO] [stdout]   11:     0x60ba800835c2 - core[df12db4294e9bfd3]::result::unwrap_failed
[INFO] [stdout]   12:     0x60ba7fb28cdc - saucepan[9646d6105781f5fa]::core::acquisition::git_tests::git_lfs_exports_verified_object_bytes_and_rejects_corrupt_cache
[INFO] [stdout]   13:     0x60ba7fb73799 - <saucepan[9646d6105781f5fa]::core::acquisition::git_tests::git_lfs_exports_verified_object_bytes_and_rejects_corrupt_cache::{closure#0} as core[df12db4294e9bfd3]::ops::function::FnOnce<()>>::call_once
[INFO] [stdout]   14:     0x60ba7ff641bb - test[9d35eded1c95d3be]::__rust_begin_short_backtrace::<core[df12db4294e9bfd3]::result::Result<(), alloc[2182bb758b4b3781]::string::String>, fn() -> core[df12db4294e9bfd3]::result::Result<(), alloc[2182bb758b4b3781]::string::String>>
[INFO] [stdout]   15:     0x60ba7ff71825 - test[9d35eded1c95d3be]::run_test::{closure#0}
[INFO] [stdout]   16:     0x60ba7ff6b0e4 - std[70759c8f55707aa4]::sys::backtrace::__rust_begin_short_backtrace::<test[9d35eded1c95d3be]::run_test::{closure#1}, ()>
[INFO] [stdout]   17:     0x60ba7ff74982 - <std[70759c8f55707aa4]::thread::lifecycle::spawn_unchecked<test[9d35eded1c95d3be]::run_test::{closure#1}, ()>::{closure#1} as core[df12db4294e9bfd3]::ops::function::FnOnce<()>>::call_once::{shim:vtable#0}
[INFO] [stdout]   18:     0x60ba80069609 - <std[70759c8f55707aa4]::sys::thread::unix::Thread>::new::thread_start
[INFO] [stdout]   19:     0x7b5743bcfdfa - <unknown>
[INFO] [stdout]   20:     0x7b5743c633d4 - clone
[INFO] [stdout]   21:                0x0 - <unknown>
[INFO] [stdout] 
[INFO] [stdout] ---- core::acquisition::git_tests::symlinks::git_link_to_lfs_uses_verified_bytes_and_dependency stdout ----
[INFO] [stdout] 
[INFO] [stdout] thread 'core::acquisition::git_tests::symlinks::git_link_to_lfs_uses_verified_bytes_and_dependency' (3319) panicked at src/core/acquisition/git_tests/symlinks.rs:175:44:
[INFO] [stdout] called `Result::unwrap()` on an `Err` value: required Git content could not be exported: required LFS content could not be resolved: Git operation failed: git: 'lfs' is not a git command. See 'git --help'.
[INFO] [stdout] 
[INFO] [stdout] The most similar command is
[INFO] [stdout] 	refs
[INFO] [stdout] 
[INFO] [stdout] Stack backtrace:
[INFO] [stdout]    0: <anyhow::Error>::msg::<alloc::string::String>
[INFO] [stdout]    1: anyhow::__private::format_err
[INFO] [stdout]    2: saucepan::core::sources::git::prepare::{closure#0}
[INFO] [stdout]    3: saucepan::core::sources::git::prepare
[INFO] [stdout]    4: saucepan::core::sources::prepare
[INFO] [stdout]    5: <saucepan::core::store::Store>::acquire_with_context
[INFO] [stdout]    6: saucepan::core::acquisition::git_tests::symlinks::git_link_to_lfs_uses_verified_bytes_and_dependency
[INFO] [stdout]    7: <saucepan::core::acquisition::git_tests::symlinks::git_link_to_lfs_uses_verified_bytes_and_dependency::{closure#0} as core::ops::function::FnOnce<()>>::call_once
[INFO] [stdout]    8: test::__rust_begin_short_backtrace::<core::result::Result<(), alloc::string::String>, fn() -> core::result::Result<(), alloc::string::String>>
[INFO] [stdout]    9: test::run_test::{closure#0}
[INFO] [stdout]   10: std::sys::backtrace::__rust_begin_short_backtrace::<test::run_test::{closure#1}, ()>
[INFO] [stdout]   11: <std::thread::lifecycle::spawn_unchecked<test::run_test::{closure#1}, ()>::{closure#1} as core::ops::function::FnOnce<()>>::call_once::{shim:vtable#0}
[INFO] [stdout]   12: <std::sys::thread::unix::Thread>::new::thread_start
[INFO] [stdout]   13: <unknown>
[INFO] [stdout]   14: clone
[INFO] [stdout] stack backtrace:
[INFO] [stdout]    0:     0x60ba8006b251 - <<std[70759c8f55707aa4]::sys::backtrace::BacktraceLock>::print::DisplayBacktrace as core[df12db4294e9bfd3]::fmt::Display>::fmt
[INFO] [stdout]    1:     0x60ba8008308a - core[df12db4294e9bfd3]::fmt::write
[INFO] [stdout]    2:     0x60ba80070f6c - <alloc[2182bb758b4b3781]::vec::Vec<u8> as core[df12db4294e9bfd3]::io::write::Write>::write_fmt
[INFO] [stdout]    3:     0x60ba8003fc46 - std[70759c8f55707aa4]::panicking::default_hook::{closure#0}
[INFO] [stdout]    4:     0x60ba80060199 - std[70759c8f55707aa4]::panicking::default_hook
[INFO] [stdout]    5:     0x60ba7ff70ed0 - test[9d35eded1c95d3be]::test_main_inner::<test[9d35eded1c95d3be]::test_main_static::{closure#0}>::{closure#0}
[INFO] [stdout]    6:     0x60ba800604c2 - std[70759c8f55707aa4]::panicking::panic_with_hook
[INFO] [stdout]    7:     0x60ba8003fcf2 - std[70759c8f55707aa4]::panicking::panic_handler::{closure#0}
[INFO] [stdout]    8:     0x60ba80037e19 - std[70759c8f55707aa4]::sys::backtrace::__rust_end_short_backtrace::<std[70759c8f55707aa4]::panicking::panic_handler::{closure#0}, !>
[INFO] [stdout]    9:     0x60ba80040f7d - __rustc[8fa7c3cbc660c2b3]::rust_begin_unwind
[INFO] [stdout]   10:     0x60ba800837ec - core[df12db4294e9bfd3]::panicking::panic_fmt
[INFO] [stdout]   11:     0x60ba800835c2 - core[df12db4294e9bfd3]::result::unwrap_failed
[INFO] [stdout]   12:     0x60ba7fb58a13 - saucepan[9646d6105781f5fa]::core::acquisition::git_tests::symlinks::git_link_to_lfs_uses_verified_bytes_and_dependency
[INFO] [stdout]   13:     0x60ba7fb73eb9 - <saucepan[9646d6105781f5fa]::core::acquisition::git_tests::symlinks::git_link_to_lfs_uses_verified_bytes_and_dependency::{closure#0} as core[df12db4294e9bfd3]::ops::function::FnOnce<()>>::call_once
[INFO] [stdout]   14:     0x60ba7ff641bb - test[9d35eded1c95d3be]::__rust_begin_short_backtrace::<core[df12db4294e9bfd3]::result::Result<(), alloc[2182bb758b4b3781]::string::String>, fn() -> core[df12db4294e9bfd3]::result::Result<(), alloc[2182bb758b4b3781]::string::String>>
[INFO] [stdout]   15:     0x60ba7ff71825 - test[9d35eded1c95d3be]::run_test::{closure#0}
[INFO] [stdout]   16:     0x60ba7ff6b0e4 - std[70759c8f55707aa4]::sys::backtrace::__rust_begin_short_backtrace::<test[9d35eded1c95d3be]::run_test::{closure#1}, ()>
[INFO] [stdout]   17:     0x60ba7ff74982 - <std[70759c8f55707aa4]::thread::lifecycle::spawn_unchecked<test[9d35eded1c95d3be]::run_test::{closure#1}, ()>::{closure#1} as core[df12db4294e9bfd3]::ops::function::FnOnce<()>>::call_once::{shim:vtable#0}
[INFO] [stdout]   18:     0x60ba80069609 - <std[70759c8f55707aa4]::sys::thread::unix::Thread>::new::thread_start
[INFO] [stdout]   19:     0x7b5743bcfdfa - <unknown>
[INFO] [stdout]   20:     0x7b5743c633d4 - clone
[INFO] [stdout]   21:                0x0 - <unknown>
[INFO] [stdout] 
[INFO] [stdout] 
[INFO] [stdout] failures:
[INFO] [stdout]     core::acquisition::git_tests::git_lfs_exports_verified_object_bytes_and_rejects_corrupt_cache
[INFO] [stdout]     core::acquisition::git_tests::symlinks::git_link_to_lfs_uses_verified_bytes_and_dependency
[INFO] [stdout] 
[INFO] [stdout] test result: FAILED. 78 passed; 2 failed; 1 ignored; 0 measured; 0 filtered out; finished in 3.68s
[INFO] [stdout] 
[INFO] [stderr] error: test failed, to rerun pass `--lib`
[INFO] running `Command { std: "docker" "inspect" "e6929f71ee9b84818ee0d0986f307adea9ce2f4f82523a6b43b559df1b8482db", kill_on_drop: false }`
[INFO] running `Command { std: "docker" "rm" "-f" "e6929f71ee9b84818ee0d0986f307adea9ce2f4f82523a6b43b559df1b8482db", kill_on_drop: false }`
[INFO] [stdout] e6929f71ee9b84818ee0d0986f307adea9ce2f4f82523a6b43b559df1b8482db
