[INFO] fetching crate satgalaxy 0.2.0...
[INFO] testing satgalaxy-0.2.0 against 1.99.0-beta.8+cargoflags=--release for beta-release-1.100-2
[INFO] extracting crate satgalaxy 0.2.0 into /workspace/builds/worker-6-tc1/source
[INFO] started tweaking crates.io crate satgalaxy 0.2.0
[INFO] finished tweaking crates.io crate satgalaxy 0.2.0
[INFO] tweaked toml for crates.io crate satgalaxy 0.2.0 written to /workspace/builds/worker-6-tc1/source/Cargo.toml
[INFO] validating manifest of crates.io crate satgalaxy 0.2.0 on toolchain 1.99.0-beta.8
[INFO] running `Command { std: CARGO_HOME="/workspace/cargo-home" RUSTUP_HOME="/workspace/rustup-home" "/workspace/cargo-home/bin/cargo" "+1.99.0-beta.8" "metadata" "--manifest-path" "Cargo.toml" "--no-deps", kill_on_drop: false }`
[INFO] crate crates.io crate satgalaxy 0.2.0 already has a lockfile, it will not be regenerated
[INFO] running `Command { std: CARGO_HOME="/workspace/cargo-home" RUSTUP_HOME="/workspace/rustup-home" "/workspace/cargo-home/bin/cargo" "+1.99.0-beta.8" "fetch" "--manifest-path" "Cargo.toml", kill_on_drop: false }`
[INFO] [stderr]  Downloading crates ...
[INFO] [stderr]   Downloaded unicode-ident v1.0.13
[INFO] [stderr]   Downloaded pest_derive v2.7.13
[INFO] [stderr]   Downloaded cc v1.2.31
[INFO] [stderr]   Downloaded cpufeatures v0.2.14
[INFO] [stderr]   Downloaded thiserror-impl v1.0.64
[INFO] [stderr]   Downloaded itoa v1.0.11
[INFO] [stderr]   Downloaded pest_generator v2.7.13
[INFO] [stderr]   Downloaded thiserror v1.0.64
[INFO] [stderr]   Downloaded addr2line v0.24.1
[INFO] [stderr]   Downloaded miette-derive v7.5.0
[INFO] [stderr]   Downloaded pest_meta v2.7.13
[INFO] [stderr]   Downloaded owo-colors v4.2.0
[INFO] [stderr]   Downloaded prettyplease v0.2.22
[INFO] [stderr]   Downloaded serde_derive v1.0.210
[INFO] [stderr]   Downloaded miniz_oxide v0.8.0
[INFO] [stderr]   Downloaded serde v1.0.210
[INFO] [stderr]   Downloaded miette v7.5.0
[INFO] [stderr]   Downloaded flate2 v1.0.34
[INFO] [stderr]   Downloaded pest v2.7.13
[INFO] [stderr]   Downloaded serde_json v1.0.128
[INFO] [stderr]   Downloaded syn v2.0.87
[INFO] [stderr]   Downloaded bindgen v0.70.1
[INFO] [stderr]   Downloaded gimli v0.31.0
[INFO] [stderr]   Downloaded unicode-width v0.2.1
[INFO] [stderr]   Downloaded object v0.36.4
[INFO] [stderr]   Downloaded regex-syntax v0.8.4
[INFO] [stderr]   Downloaded rustix v0.38.37
[INFO] [stderr]   Downloaded regex-automata v0.4.7
[INFO] [stderr]   Downloaded libc v0.2.159
[INFO] running `Command { std: "docker" "create" "-v" "/var/lib/crater-agent-workspace/builds/worker-6-tc1/source:/opt/rustwide/workdir:ro,Z" "-v" "/var/lib/crater-agent-workspace/builds/worker-6-tc1/target:/opt/rustwide/target:rw,Z" "-v" "/var/lib/crater-agent-workspace/cargo-home:/opt/rustwide/cargo-home:ro,Z" "-v" "/var/lib/crater-agent-workspace/rustup-home:/opt/rustwide/rustup-home:ro,Z" "-m" "1610612736" "--network" "none" "ghcr.io/rust-lang/crates-build-env/linux@sha256:77db811e55d90add9212f6832c23229e3de5f1c1f9905e8cb07319ea15df73ac" "sleep" "infinity", kill_on_drop: false }`
[INFO] [stdout] 9dfd1d86ee7ddbfbebdb9b66856dd9caee1383500424212f403c54cfbb06fa2b
[INFO] running `Command { std: "docker" "start" "9dfd1d86ee7ddbfbebdb9b66856dd9caee1383500424212f403c54cfbb06fa2b", kill_on_drop: false }`
[INFO] running `Command { std: "docker" "inspect" "9dfd1d86ee7ddbfbebdb9b66856dd9caee1383500424212f403c54cfbb06fa2b", kill_on_drop: false }`
[INFO] running `Command { std: "docker" "exec" "-e" "SOURCE_DIR=/opt/rustwide/workdir" "-e" "CARGO_HOME=/opt/rustwide/cargo-home" "-e" "RUSTUP_HOME=/opt/rustwide/rustup-home" "-e" "CARGO_TARGET_DIR=/opt/rustwide/target" "-w" "/opt/rustwide/workdir" "--user" "0:0" "9dfd1d86ee7ddbfbebdb9b66856dd9caee1383500424212f403c54cfbb06fa2b" "/opt/rustwide/cargo-home/bin/cargo" "+1.99.0-beta.8" "metadata" "--no-deps" "--format-version=1", kill_on_drop: false }`
[INFO] running `Command { std: "docker" "inspect" "9dfd1d86ee7ddbfbebdb9b66856dd9caee1383500424212f403c54cfbb06fa2b", kill_on_drop: false }`
[INFO] running `Command { std: "docker" "exec" "-e" "SOURCE_DIR=/opt/rustwide/workdir" "-e" "CARGO_HOME=/opt/rustwide/cargo-home" "-e" "RUSTUP_HOME=/opt/rustwide/rustup-home" "-e" "CARGO_TARGET_DIR=/opt/rustwide/target" "-e" "CARGO_INCREMENTAL=0" "-e" "RUST_BACKTRACE=full" "-e" "RUSTFLAGS=--cap-lints=warn" "-e" "RUSTDOCFLAGS=--cap-lints=warn" "-w" "/opt/rustwide/workdir" "--user" "0:0" "9dfd1d86ee7ddbfbebdb9b66856dd9caee1383500424212f403c54cfbb06fa2b" "/opt/rustwide/cargo-home/bin/cargo" "+1.99.0-beta.8" "build" "--frozen" "--message-format=json" "--release", kill_on_drop: false }`
[INFO] [stderr]    Compiling proc-macro2 v1.0.86
[INFO] [stderr]    Compiling unicode-ident v1.0.13
[INFO] [stderr]    Compiling libc v0.2.159
[INFO] [stderr]    Compiling thiserror v1.0.64
[INFO] [stderr]    Compiling memchr v2.7.4
[INFO] [stderr]    Compiling glob v0.3.1
[INFO] [stderr]    Compiling prettyplease v0.2.22
[INFO] [stderr]    Compiling adler2 v2.0.0
[INFO] [stderr]    Compiling regex-syntax v0.8.4
[INFO] [stderr]    Compiling rustix v0.38.37
[INFO] [stderr]    Compiling gimli v0.31.0
[INFO] [stderr]    Compiling minimal-lexical v0.2.1
[INFO] [stderr]    Compiling clang-sys v1.8.1
[INFO] [stderr]    Compiling quote v1.0.37
[INFO] [stderr]    Compiling object v0.36.4
[INFO] [stderr]    Compiling syn v2.0.87
[INFO] [stderr]    Compiling nom v7.1.3
[INFO] [stderr]    Compiling miniz_oxide v0.8.0
[INFO] [stderr]    Compiling libloading v0.8.5
[INFO] [stderr]    Compiling regex-automata v0.4.7
[INFO] [stderr]    Compiling rustc-demangle v0.1.24
[INFO] [stderr]    Compiling owo-colors v4.2.0
[INFO] [stderr]    Compiling linux-raw-sys v0.4.14
[INFO] [stderr]    Compiling ucd-trie v0.1.7
[INFO] [stderr]    Compiling bitflags v2.6.0
[INFO] [stderr]    Compiling bindgen v0.70.1
[INFO] [stderr]    Compiling serde v1.0.210
[INFO] [stderr]    Compiling either v1.13.0
[INFO] [stderr]    Compiling itertools v0.13.0
[INFO] [stderr]    Compiling cexpr v0.6.0
[INFO] [stderr]    Compiling addr2line v0.24.1
[INFO] [stderr]    Compiling regex v1.10.6
[INFO] [stderr]    Compiling serde_json v1.0.128
[INFO] [stderr]    Compiling is_ci v1.2.0
[INFO] [stderr]    Compiling unicode-linebreak v0.1.5
[INFO] [stderr]    Compiling log v0.4.22
[INFO] [stderr]    Compiling unicode-width v0.2.1
[INFO] [stderr]    Compiling rustc-hash v1.1.0
[INFO] [stderr]    Compiling once_cell v1.19.0
[INFO] [stderr]    Compiling textwrap v0.16.2
[INFO] [stderr]    Compiling supports-color v3.0.2
[INFO] [stderr]    Compiling terminal_size v0.4.1
[INFO] [stderr]    Compiling cc v1.2.31
[INFO] [stderr]    Compiling thiserror v2.0.12
[INFO] [stderr]    Compiling unicode-width v0.1.14
[INFO] [stderr]    Compiling itoa v1.0.11
[INFO] [stderr]    Compiling backtrace v0.3.74
[INFO] [stderr]    Compiling supports-hyperlinks v3.1.0
[INFO] [stderr]    Compiling supports-unicode v3.0.0
[INFO] [stderr]    Compiling backtrace-ext v0.2.1
[INFO] [stderr]    Compiling thiserror-impl v1.0.64
[INFO] [stderr]    Compiling miette-derive v7.5.0
[INFO] [stderr]    Compiling thiserror-impl v2.0.12
[INFO] [stderr]    Compiling pest v2.7.13
[INFO] [stderr]    Compiling miette v7.5.0
[INFO] [stderr]    Compiling pest_meta v2.7.13
[INFO] [stderr]    Compiling pest_generator v2.7.13
[INFO] [stderr]    Compiling pest_derive v2.7.13
[INFO] [stderr]    Compiling satgalaxy v0.2.0 (/opt/rustwide/workdir)
[INFO] [stdout] warning: method `flags` is never used
[INFO] [stdout]   --> build.rs:44:8
[INFO] [stdout]    |
[INFO] [stdout]  9 | impl<'a> SatBuild<'a> {
[INFO] [stdout]    | --------------------- method in this implementation
[INFO] [stdout] ...
[INFO] [stdout] 44 |     fn flags(&mut self, flags: &[&str]) -> &mut Self {
[INFO] [stdout]    |        ^^^^^
[INFO] [stdout]    |
[INFO] [stdout]    = note: `#[warn(dead_code)]` (part of `#[warn(unused)]`) on by default
[INFO] [stdout] 
[INFO] [stdout] 
[INFO] [stderr] warning: satgalaxy@0.2.0: In file included from satgalaxy-core/picosat-960/picosat.c:26:
[INFO] [stderr] warning: satgalaxy@0.2.0: satgalaxy-core/picosat-960/picosat.c: In function 'fixvar':
[INFO] [stderr] warning: satgalaxy@0.2.0: satgalaxy-core/picosat-960/picosat.c:1851:23: warning: comparison between pointer and zero character constant [-Wpointer-compare]
[INFO] [stderr] warning: satgalaxy@0.2.0:  1851 |   assert (VAR2LIT (v) != UNDEF);
[INFO] [stderr] warning: satgalaxy@0.2.0:       |                       ^~
[INFO] [stderr] warning: satgalaxy@0.2.0: satgalaxy-core/picosat-960/picosat.c:174:20: note: did you mean to dereference the pointer?
[INFO] [stderr] warning: satgalaxy@0.2.0:   174 | #define VAR2LIT(v) (ps->lits + 2 * ((v) - ps->vars))
[INFO] [stderr] warning: satgalaxy@0.2.0:       |                    ^
[INFO] [stderr] warning: satgalaxy@0.2.0: satgalaxy-core/picosat-960/picosat.c:1851:11: note: in expansion of macro 'VAR2LIT'
[INFO] [stderr] warning: satgalaxy@0.2.0:  1851 |   assert (VAR2LIT (v) != UNDEF);
[INFO] [stderr] warning: satgalaxy@0.2.0:       |           ^~~~~~~
[INFO] [stderr] warning: satgalaxy@0.2.0: satgalaxy-core/picosat-960/picosat.c:1851:23: warning: comparison between pointer and zero character constant [-Wpointer-compare]
[INFO] [stderr] warning: satgalaxy@0.2.0:  1851 |   assert (VAR2LIT (v) != UNDEF);
[INFO] [stderr] warning: satgalaxy@0.2.0:       |                       ^~
[INFO] [stderr] warning: satgalaxy@0.2.0: satgalaxy-core/picosat-960/picosat.c:174:20: note: did you mean to dereference the pointer?
[INFO] [stderr] warning: satgalaxy@0.2.0:   174 | #define VAR2LIT(v) (ps->lits + 2 * ((v) - ps->vars))
[INFO] [stderr] warning: satgalaxy@0.2.0:       |                    ^
[INFO] [stderr] warning: satgalaxy@0.2.0: satgalaxy-core/picosat-960/picosat.c:1851:11: note: in expansion of macro 'VAR2LIT'
[INFO] [stderr] warning: satgalaxy@0.2.0:  1851 |   assert (VAR2LIT (v) != UNDEF);
[INFO] [stderr] warning: satgalaxy@0.2.0:       |           ^~~~~~~
[INFO] [stderr] warning: satgalaxy@0.2.0: satgalaxy-core/picosat-960/picosat.c: In function 'init':
[INFO] [stderr] warning: satgalaxy@0.2.0: satgalaxy-core/picosat-960/picosat.c:191:5: warning: 'longjmp' accessing 200 bytes in a region of size 0 [-Wstringop-overflow=]
[INFO] [stderr] warning: satgalaxy@0.2.0:   191 |     longjmp(ps->jmp_env, errcode); \
[INFO] [stderr] warning: satgalaxy@0.2.0:       |     ^~~~~~~~~~~~~~~~~~~~~~~~~~~~~
[INFO] [stderr] warning: satgalaxy@0.2.0: satgalaxy-core/picosat-960/picosat.c:197:5: note: in expansion of macro 'ABORT'
[INFO] [stderr] warning: satgalaxy@0.2.0:   197 |     ABORT(ps, msg, errcode); \
[INFO] [stderr] warning: satgalaxy@0.2.0:       |     ^~~~~
[INFO] [stderr] warning: satgalaxy@0.2.0: satgalaxy-core/picosat-960/picosat.c:1099:3: note: in expansion of macro 'ABORTIF'
[INFO] [stderr] warning: satgalaxy@0.2.0:  1099 |   ABORTIF(ps, !ps, "failed to allocate memory for PicoSAT manager", ERR_ALLOC_PICOSAT_FAILED);
[INFO] [stderr] warning: satgalaxy@0.2.0:       |   ^~~~~~~
[INFO] [stderr] warning: satgalaxy@0.2.0: satgalaxy-core/picosat-960/picosat.c:191:5: note: referencing argument 1 of type 'struct __jmp_buf_tag[1]'
[INFO] [stderr] warning: satgalaxy@0.2.0:   191 |     longjmp(ps->jmp_env, errcode); \
[INFO] [stderr] warning: satgalaxy@0.2.0:       |     ^~~~~~~~~~~~~~~~~~~~~~~~~~~~~
[INFO] [stderr] warning: satgalaxy@0.2.0: satgalaxy-core/picosat-960/picosat.c:197:5: note: in expansion of macro 'ABORT'
[INFO] [stderr] warning: satgalaxy@0.2.0:   197 |     ABORT(ps, msg, errcode); \
[INFO] [stderr] warning: satgalaxy@0.2.0:       |     ^~~~~
[INFO] [stderr] warning: satgalaxy@0.2.0: satgalaxy-core/picosat-960/picosat.c:1099:3: note: in expansion of macro 'ABORTIF'
[INFO] [stderr] warning: satgalaxy@0.2.0:  1099 |   ABORTIF(ps, !ps, "failed to allocate memory for PicoSAT manager", ERR_ALLOC_PICOSAT_FAILED);
[INFO] [stderr] warning: satgalaxy@0.2.0:       |   ^~~~~~~
[INFO] [stderr] warning: satgalaxy@0.2.0: In file included from /usr/include/features.h:539,
[INFO] [stderr] warning: satgalaxy@0.2.0:                  from /usr/include/x86_64-linux-gnu/bits/libc-header-start.h:33,
[INFO] [stderr] warning: satgalaxy@0.2.0:                  from /usr/include/stdlib.h:26,
[INFO] [stderr] warning: satgalaxy@0.2.0:                  from satgalaxy-core/picosat-960/picosat.c:23:
[INFO] [stderr] warning: satgalaxy@0.2.0: /usr/include/x86_64-linux-gnu/bits/setjmp2.h:25:13: note: in a call to function 'longjmp'
[INFO] [stderr] warning: satgalaxy@0.2.0:    25 | extern void __REDIRECT_NTHNL (longjmp,
[INFO] [stderr] warning: satgalaxy@0.2.0:       |             ^~~~~~~~~~~~~~~~
[INFO] [stderr]     Finished `release` profile [optimized] target(s) in 3m 29s
[INFO] running `Command { std: "docker" "inspect" "9dfd1d86ee7ddbfbebdb9b66856dd9caee1383500424212f403c54cfbb06fa2b", kill_on_drop: false }`
[INFO] running `Command { std: "docker" "exec" "-e" "SOURCE_DIR=/opt/rustwide/workdir" "-e" "CARGO_HOME=/opt/rustwide/cargo-home" "-e" "RUSTUP_HOME=/opt/rustwide/rustup-home" "-e" "CARGO_TARGET_DIR=/opt/rustwide/target" "-e" "CARGO_INCREMENTAL=0" "-e" "RUST_BACKTRACE=full" "-e" "RUSTFLAGS=--cap-lints=warn" "-e" "RUSTDOCFLAGS=--cap-lints=warn" "-w" "/opt/rustwide/workdir" "--user" "0:0" "9dfd1d86ee7ddbfbebdb9b66856dd9caee1383500424212f403c54cfbb06fa2b" "/opt/rustwide/cargo-home/bin/cargo" "+1.99.0-beta.8" "test" "--frozen" "--no-run" "--message-format=json" "--release", kill_on_drop: false }`
[INFO] [stderr] warning: satgalaxy@0.2.0: In file included from satgalaxy-core/picosat-960/picosat.c:26:
[INFO] [stderr] warning: satgalaxy@0.2.0: satgalaxy-core/picosat-960/picosat.c: In function 'fixvar':
[INFO] [stderr] warning: satgalaxy@0.2.0: satgalaxy-core/picosat-960/picosat.c:1851:23: warning: comparison between pointer and zero character constant [-Wpointer-compare]
[INFO] [stderr] warning: satgalaxy@0.2.0:  1851 |   assert (VAR2LIT (v) != UNDEF);
[INFO] [stderr] warning: satgalaxy@0.2.0:       |                       ^~
[INFO] [stderr] warning: satgalaxy@0.2.0: satgalaxy-core/picosat-960/picosat.c:174:20: note: did you mean to dereference the pointer?
[INFO] [stderr] warning: satgalaxy@0.2.0:   174 | #define VAR2LIT(v) (ps->lits + 2 * ((v) - ps->vars))
[INFO] [stderr] warning: satgalaxy@0.2.0:       |                    ^
[INFO] [stderr] warning: satgalaxy@0.2.0: satgalaxy-core/picosat-960/picosat.c:1851:11: note: in expansion of macro 'VAR2LIT'
[INFO] [stdout] warning: method `flags` is never used
[INFO] [stdout]   --> build.rs:44:8
[INFO] [stdout]    |
[INFO] [stdout]  9 | impl<'a> SatBuild<'a> {
[INFO] [stdout]    | --------------------- method in this implementation
[INFO] [stdout] ...
[INFO] [stdout] 44 |     fn flags(&mut self, flags: &[&str]) -> &mut Self {
[INFO] [stdout]    |        ^^^^^
[INFO] [stdout]    |
[INFO] [stdout]    = note: `#[warn(dead_code)]` (part of `#[warn(unused)]`) on by default
[INFO] [stdout] 
[INFO] [stdout] 
[INFO] [stderr] warning: satgalaxy@0.2.0:  1851 |   assert (VAR2LIT (v) != UNDEF);
[INFO] [stderr] warning: satgalaxy@0.2.0:       |           ^~~~~~~
[INFO] [stderr] warning: satgalaxy@0.2.0: satgalaxy-core/picosat-960/picosat.c:1851:23: warning: comparison between pointer and zero character constant [-Wpointer-compare]
[INFO] [stderr] warning: satgalaxy@0.2.0:  1851 |   assert (VAR2LIT (v) != UNDEF);
[INFO] [stderr] warning: satgalaxy@0.2.0:       |                       ^~
[INFO] [stderr] warning: satgalaxy@0.2.0: satgalaxy-core/picosat-960/picosat.c:174:20: note: did you mean to dereference the pointer?
[INFO] [stderr] warning: satgalaxy@0.2.0:   174 | #define VAR2LIT(v) (ps->lits + 2 * ((v) - ps->vars))
[INFO] [stderr] warning: satgalaxy@0.2.0:       |                    ^
[INFO] [stderr] warning: satgalaxy@0.2.0: satgalaxy-core/picosat-960/picosat.c:1851:11: note: in expansion of macro 'VAR2LIT'
[INFO] [stderr] warning: satgalaxy@0.2.0:  1851 |   assert (VAR2LIT (v) != UNDEF);
[INFO] [stderr] warning: satgalaxy@0.2.0:       |           ^~~~~~~
[INFO] [stderr] warning: satgalaxy@0.2.0: satgalaxy-core/picosat-960/picosat.c: In function 'init':
[INFO] [stderr] warning: satgalaxy@0.2.0: satgalaxy-core/picosat-960/picosat.c:191:5: warning: 'longjmp' accessing 200 bytes in a region of size 0 [-Wstringop-overflow=]
[INFO] [stderr] warning: satgalaxy@0.2.0:   191 |     longjmp(ps->jmp_env, errcode); \
[INFO] [stderr] warning: satgalaxy@0.2.0:       |     ^~~~~~~~~~~~~~~~~~~~~~~~~~~~~
[INFO] [stderr] warning: satgalaxy@0.2.0: satgalaxy-core/picosat-960/picosat.c:197:5: note: in expansion of macro 'ABORT'
[INFO] [stderr] warning: satgalaxy@0.2.0:   197 |     ABORT(ps, msg, errcode); \
[INFO] [stderr] warning: satgalaxy@0.2.0:       |     ^~~~~
[INFO] [stderr] warning: satgalaxy@0.2.0: satgalaxy-core/picosat-960/picosat.c:1099:3: note: in expansion of macro 'ABORTIF'
[INFO] [stderr] warning: satgalaxy@0.2.0:  1099 |   ABORTIF(ps, !ps, "failed to allocate memory for PicoSAT manager", ERR_ALLOC_PICOSAT_FAILED);
[INFO] [stderr] warning: satgalaxy@0.2.0:       |   ^~~~~~~
[INFO] [stderr] warning: satgalaxy@0.2.0: satgalaxy-core/picosat-960/picosat.c:191:5: note: referencing argument 1 of type 'struct __jmp_buf_tag[1]'
[INFO] [stderr] warning: satgalaxy@0.2.0:   191 |     longjmp(ps->jmp_env, errcode); \
[INFO] [stderr] warning: satgalaxy@0.2.0:       |     ^~~~~~~~~~~~~~~~~~~~~~~~~~~~~
[INFO] [stderr] warning: satgalaxy@0.2.0: satgalaxy-core/picosat-960/picosat.c:197:5: note: in expansion of macro 'ABORT'
[INFO] [stderr] warning: satgalaxy@0.2.0:   197 |     ABORT(ps, msg, errcode); \
[INFO] [stderr] warning: satgalaxy@0.2.0:       |     ^~~~~
[INFO] [stderr] warning: satgalaxy@0.2.0: satgalaxy-core/picosat-960/picosat.c:1099:3: note: in expansion of macro 'ABORTIF'
[INFO] [stderr] warning: satgalaxy@0.2.0:  1099 |   ABORTIF(ps, !ps, "failed to allocate memory for PicoSAT manager", ERR_ALLOC_PICOSAT_FAILED);
[INFO] [stderr] warning: satgalaxy@0.2.0:       |   ^~~~~~~
[INFO] [stderr] warning: satgalaxy@0.2.0: In file included from /usr/include/features.h:539,
[INFO] [stderr] warning: satgalaxy@0.2.0:                  from /usr/include/x86_64-linux-gnu/bits/libc-header-start.h:33,
[INFO] [stderr] warning: satgalaxy@0.2.0:                  from /usr/include/stdlib.h:26,
[INFO] [stderr] warning: satgalaxy@0.2.0:                  from satgalaxy-core/picosat-960/picosat.c:23:
[INFO] [stderr] warning: satgalaxy@0.2.0: /usr/include/x86_64-linux-gnu/bits/setjmp2.h:25:13: note: in a call to function 'longjmp'
[INFO] [stderr] warning: satgalaxy@0.2.0:    25 | extern void __REDIRECT_NTHNL (longjmp,
[INFO] [stderr] warning: satgalaxy@0.2.0:       |             ^~~~~~~~~~~~~~~~
[INFO] [stderr]    Compiling satgalaxy v0.2.0 (/opt/rustwide/workdir)
[INFO] [stderr]     Finished `release` profile [optimized] target(s) in 2.72s
[INFO] running `Command { std: "docker" "inspect" "9dfd1d86ee7ddbfbebdb9b66856dd9caee1383500424212f403c54cfbb06fa2b", kill_on_drop: false }`
[INFO] running `Command { std: "docker" "exec" "-e" "SOURCE_DIR=/opt/rustwide/workdir" "-e" "CARGO_HOME=/opt/rustwide/cargo-home" "-e" "RUSTUP_HOME=/opt/rustwide/rustup-home" "-e" "CARGO_TARGET_DIR=/opt/rustwide/target" "-e" "CARGO_INCREMENTAL=0" "-e" "RUST_BACKTRACE=full" "-e" "RUSTFLAGS=--cap-lints=warn" "-e" "RUSTDOCFLAGS=--cap-lints=warn" "-w" "/opt/rustwide/workdir" "--user" "0:0" "9dfd1d86ee7ddbfbebdb9b66856dd9caee1383500424212f403c54cfbb06fa2b" "/opt/rustwide/cargo-home/bin/cargo" "+1.99.0-beta.8" "test" "--frozen" "--release", kill_on_drop: false }`
[INFO] [stderr] warning: method `flags` is never used
[INFO] [stderr]   --> build.rs:44:8
[INFO] [stderr]    |
[INFO] [stderr]  9 | impl<'a> SatBuild<'a> {
[INFO] [stderr]    | --------------------- method in this implementation
[INFO] [stderr] ...
[INFO] [stderr] 44 |     fn flags(&mut self, flags: &[&str]) -> &mut Self {
[INFO] [stderr]    |        ^^^^^
[INFO] [stderr]    |
[INFO] [stderr]    = note: `#[warn(dead_code)]` (part of `#[warn(unused)]`) on by default
[INFO] [stderr] 
[INFO] [stderr] warning: `satgalaxy` (build script) generated 1 warning
[INFO] [stderr] warning: satgalaxy@0.2.0: In file included from satgalaxy-core/picosat-960/picosat.c:26:
[INFO] [stderr] warning: satgalaxy@0.2.0: satgalaxy-core/picosat-960/picosat.c: In function 'fixvar':
[INFO] [stderr] warning: satgalaxy@0.2.0: satgalaxy-core/picosat-960/picosat.c:1851:23: warning: comparison between pointer and zero character constant [-Wpointer-compare]
[INFO] [stderr] warning: satgalaxy@0.2.0:  1851 |   assert (VAR2LIT (v) != UNDEF);
[INFO] [stderr] warning: satgalaxy@0.2.0:       |                       ^~
[INFO] [stderr] warning: satgalaxy@0.2.0: satgalaxy-core/picosat-960/picosat.c:174:20: note: did you mean to dereference the pointer?
[INFO] [stderr] warning: satgalaxy@0.2.0:   174 | #define VAR2LIT(v) (ps->lits + 2 * ((v) - ps->vars))
[INFO] [stderr] warning: satgalaxy@0.2.0:       |                    ^
[INFO] [stderr] warning: satgalaxy@0.2.0: satgalaxy-core/picosat-960/picosat.c:1851:11: note: in expansion of macro 'VAR2LIT'
[INFO] [stderr] warning: satgalaxy@0.2.0:  1851 |   assert (VAR2LIT (v) != UNDEF);
[INFO] [stderr] warning: satgalaxy@0.2.0:       |           ^~~~~~~
[INFO] [stderr] warning: satgalaxy@0.2.0: satgalaxy-core/picosat-960/picosat.c:1851:23: warning: comparison between pointer and zero character constant [-Wpointer-compare]
[INFO] [stderr] warning: satgalaxy@0.2.0:  1851 |   assert (VAR2LIT (v) != UNDEF);
[INFO] [stderr] warning: satgalaxy@0.2.0:       |                       ^~
[INFO] [stderr] warning: satgalaxy@0.2.0: satgalaxy-core/picosat-960/picosat.c:174:20: note: did you mean to dereference the pointer?
[INFO] [stderr] warning: satgalaxy@0.2.0:   174 | #define VAR2LIT(v) (ps->lits + 2 * ((v) - ps->vars))
[INFO] [stderr] warning: satgalaxy@0.2.0:       |                    ^
[INFO] [stderr] warning: satgalaxy@0.2.0: satgalaxy-core/picosat-960/picosat.c:1851:11: note: in expansion of macro 'VAR2LIT'
[INFO] [stderr] warning: satgalaxy@0.2.0:  1851 |   assert (VAR2LIT (v) != UNDEF);
[INFO] [stderr] warning: satgalaxy@0.2.0:       |           ^~~~~~~
[INFO] [stderr] warning: satgalaxy@0.2.0: satgalaxy-core/picosat-960/picosat.c: In function 'init':
[INFO] [stderr] warning: satgalaxy@0.2.0: satgalaxy-core/picosat-960/picosat.c:191:5: warning: 'longjmp' accessing 200 bytes in a region of size 0 [-Wstringop-overflow=]
[INFO] [stderr] warning: satgalaxy@0.2.0:   191 |     longjmp(ps->jmp_env, errcode); \
[INFO] [stderr] warning: satgalaxy@0.2.0:       |     ^~~~~~~~~~~~~~~~~~~~~~~~~~~~~
[INFO] [stderr] warning: satgalaxy@0.2.0: satgalaxy-core/picosat-960/picosat.c:197:5: note: in expansion of macro 'ABORT'
[INFO] [stderr] warning: satgalaxy@0.2.0:   197 |     ABORT(ps, msg, errcode); \
[INFO] [stderr] warning: satgalaxy@0.2.0:       |     ^~~~~
[INFO] [stderr] warning: satgalaxy@0.2.0: satgalaxy-core/picosat-960/picosat.c:1099:3: note: in expansion of macro 'ABORTIF'
[INFO] [stderr] warning: satgalaxy@0.2.0:  1099 |   ABORTIF(ps, !ps, "failed to allocate memory for PicoSAT manager", ERR_ALLOC_PICOSAT_FAILED);
[INFO] [stderr] warning: satgalaxy@0.2.0:       |   ^~~~~~~
[INFO] [stderr] warning: satgalaxy@0.2.0: satgalaxy-core/picosat-960/picosat.c:191:5: note: referencing argument 1 of type 'struct __jmp_buf_tag[1]'
[INFO] [stderr] warning: satgalaxy@0.2.0:   191 |     longjmp(ps->jmp_env, errcode); \
[INFO] [stderr] warning: satgalaxy@0.2.0:       |     ^~~~~~~~~~~~~~~~~~~~~~~~~~~~~
[INFO] [stderr] warning: satgalaxy@0.2.0: satgalaxy-core/picosat-960/picosat.c:197:5: note: in expansion of macro 'ABORT'
[INFO] [stderr] warning: satgalaxy@0.2.0:   197 |     ABORT(ps, msg, errcode); \
[INFO] [stderr] warning: satgalaxy@0.2.0:       |     ^~~~~
[INFO] [stderr] warning: satgalaxy@0.2.0: satgalaxy-core/picosat-960/picosat.c:1099:3: note: in expansion of macro 'ABORTIF'
[INFO] [stderr] warning: satgalaxy@0.2.0:  1099 |   ABORTIF(ps, !ps, "failed to allocate memory for PicoSAT manager", ERR_ALLOC_PICOSAT_FAILED);
[INFO] [stderr] warning: satgalaxy@0.2.0:       |   ^~~~~~~
[INFO] [stderr] warning: satgalaxy@0.2.0: In file included from /usr/include/features.h:539,
[INFO] [stderr] warning: satgalaxy@0.2.0:                  from /usr/include/x86_64-linux-gnu/bits/libc-header-start.h:33,
[INFO] [stderr] warning: satgalaxy@0.2.0:                  from /usr/include/stdlib.h:26,
[INFO] [stderr] warning: satgalaxy@0.2.0:                  from satgalaxy-core/picosat-960/picosat.c:23:
[INFO] [stderr] warning: satgalaxy@0.2.0: /usr/include/x86_64-linux-gnu/bits/setjmp2.h:25:13: note: in a call to function 'longjmp'
[INFO] [stderr] warning: satgalaxy@0.2.0:    25 | extern void __REDIRECT_NTHNL (longjmp,
[INFO] [stderr] warning: satgalaxy@0.2.0:       |             ^~~~~~~~~~~~~~~~
[INFO] [stderr]     Finished `release` profile [optimized] target(s) in 0.13s
[INFO] [stderr]      Running unittests src/lib.rs (/opt/rustwide/target/release/deps/satgalaxy-984c141672298604)
[INFO] [stdout] 
[INFO] [stdout] running 10 tests
[INFO] [stdout] test solver::minisat::tests::unsat ... ok
[INFO] [stdout] test parser::tests::dimacs_strict ... ok
[INFO] [stdout] test solver::minisat::tests::sat ... ok
[INFO] [stdout] test solver::cadical::tests::unsat ... ok
[INFO] [stdout] test solver::picosat::tests::sat ... ok
[INFO] [stdout] test parser::tests::dimacs ... ok
[INFO] [stdout] test solver::cadical::tests::sat ... ok
[INFO] [stdout] test solver::picosat::tests::unsat ... ok
[INFO] [stderr]    Doc-tests satgalaxy
[INFO] [stdout] test solver::glucose::tests::unsat ... ok
[INFO] [stdout] test solver::glucose::tests::sat ... ok
[INFO] [stdout] 
[INFO] [stdout] test result: ok. 10 passed; 0 failed; 0 ignored; 0 measured; 0 filtered out; finished in 0.01s
[INFO] [stdout] 
[INFO] [stdout] 
[INFO] [stdout] running 8 tests
[INFO] [stdout] test src/solver/cadical.rs - solver::cadical::CaDiCaLSolver (line 65) ... ok
[INFO] [stdout] test src/solver/picosat.rs - solver::picosat::PicoSATSolver (line 80) ... ok
[INFO] [stdout] test src/lib.rs - (line 65) ... ok
[INFO] [stdout] test src/lib.rs - (line 167) ... ok
[INFO] [stdout] test src/solver/glucose.rs - solver::glucose::GlucoseSolver (line 33) ... ok
[INFO] [stdout] test src/parser/dimacs/mod.rs - parser::dimacs::parse_dimacs_cnf (line 22) ... ok
[INFO] [stdout] test src/solver/minisat.rs - solver::minisat::MinisatSolver (line 32) ... ok
[INFO] [stdout] test src/lib.rs - (line 110) ... FAILED
[INFO] [stdout] 
[INFO] [stdout] failures:
[INFO] [stdout] 
[INFO] [stdout] ---- src/lib.rs - (line 110) stdout ----
[INFO] [stdout] Test executable failed (exit status: 101).
[INFO] [stdout] 
[INFO] [stdout] stdout:
[INFO] [stdout] Solving problem parsed from string:
[INFO] [stdout] SATISFIABLE! 🎉
[INFO] [stdout] Model: [1, 2] 
[INFO] [stdout] 
[INFO] [stdout] stderr:
[INFO] [stdout] 
[INFO] [stdout] thread 'main' (1648) panicked at src/lib.rs:36:58:
[INFO] [stdout] called `Result::unwrap()` on an `Err` value: Os { code: 2, kind: NotFound, message: "No such file or directory" }
[INFO] [stdout] stack backtrace:
[INFO] [stdout]    0:     0x5e3d70fe2bb1 - std[70759c8f55707aa4]::backtrace_rs::backtrace::libunwind::trace
[INFO] [stdout]                                at /rustc/dfb0accb7f508ae8be965d8629557221c889dd98/library/std/src/../../backtrace/src/backtrace/libunwind.rs:117:9
[INFO] [stdout]    1:     0x5e3d70fe2bb1 - std[70759c8f55707aa4]::backtrace_rs::backtrace::trace_unsynchronized::<std[70759c8f55707aa4]::sys::backtrace::_print_fmt::{closure#1}>
[INFO] [stdout]                                at /rustc/dfb0accb7f508ae8be965d8629557221c889dd98/library/std/src/../../backtrace/src/backtrace/mod.rs:66:14
[INFO] [stdout]    2:     0x5e3d70fe2bb1 - std[70759c8f55707aa4]::sys::backtrace::_print_fmt
[INFO] [stdout]                                at /rustc/dfb0accb7f508ae8be965d8629557221c889dd98/library/std/src/sys/backtrace.rs:74:9
[INFO] [stdout]    3:     0x5e3d70fe2bb1 - <<std[70759c8f55707aa4]::sys::backtrace::BacktraceLock>::print::DisplayBacktrace as core[df12db4294e9bfd3]::fmt::Display>::fmt
[INFO] [stdout]                                at /rustc/dfb0accb7f508ae8be965d8629557221c889dd98/library/std/src/sys/backtrace.rs:44:26
[INFO] [stdout]    4:     0x5e3d70ff428a - <core[df12db4294e9bfd3]::fmt::rt::Argument>::fmt
[INFO] [stdout]                                at /rustc/dfb0accb7f508ae8be965d8629557221c889dd98/library/core/src/fmt/rt.rs:152:76
[INFO] [stdout]    5:     0x5e3d70ff428a - core[df12db4294e9bfd3]::fmt::write
[INFO] [stdout]    6:     0x5e3d70fe693c - core[df12db4294e9bfd3]::io::write::default_write_fmt::<std[70759c8f55707aa4]::sys::stdio::unix::Stderr>
[INFO] [stdout]                                at /rustc/dfb0accb7f508ae8be965d8629557221c889dd98/library/core/src/io/write.rs:402:11
[INFO] [stdout]    7:     0x5e3d70fe693c - <std[70759c8f55707aa4]::sys::stdio::unix::Stderr as core[df12db4294e9bfd3]::io::write::Write>::write_fmt
[INFO] [stdout]                                at /rustc/dfb0accb7f508ae8be965d8629557221c889dd98/library/core/src/io/write.rs:335:13
[INFO] [stdout]    8:     0x5e3d70fccb06 - <std[70759c8f55707aa4]::sys::backtrace::BacktraceLock>::print
[INFO] [stdout]                                at /rustc/dfb0accb7f508ae8be965d8629557221c889dd98/library/std/src/sys/backtrace.rs:47:9
[INFO] [stdout]    9:     0x5e3d70fccb06 - std[70759c8f55707aa4]::panicking::default_hook::{closure#0}
[INFO] [stdout]                                at /rustc/dfb0accb7f508ae8be965d8629557221c889dd98/library/std/src/panicking.rs:292:27
[INFO] [stdout]   10:     0x5e3d70fdf391 - std[70759c8f55707aa4]::panicking::default_hook
[INFO] [stdout]                                at /rustc/dfb0accb7f508ae8be965d8629557221c889dd98/library/std/src/panicking.rs:319:9
[INFO] [stdout]   11:     0x5e3d70fdf54b - std[70759c8f55707aa4]::panicking::panic_with_hook
[INFO] [stdout]                                at /rustc/dfb0accb7f508ae8be965d8629557221c889dd98/library/std/src/panicking.rs:815:13
[INFO] [stdout]   12:     0x5e3d70fccbb2 - std[70759c8f55707aa4]::panicking::panic_handler::{closure#0}
[INFO] [stdout]                                at /rustc/dfb0accb7f508ae8be965d8629557221c889dd98/library/std/src/panicking.rs:688:13
[INFO] [stdout]   13:     0x5e3d70fc5d59 - std[70759c8f55707aa4]::sys::backtrace::__rust_end_short_backtrace::<std[70759c8f55707aa4]::panicking::panic_handler::{closure#0}, !>
[INFO] [stdout]                                at /rustc/dfb0accb7f508ae8be965d8629557221c889dd98/library/std/src/sys/backtrace.rs:182:18
[INFO] [stdout]   14:     0x5e3d70fcd3ad - __rustc[8fa7c3cbc660c2b3]::rust_begin_unwind
[INFO] [stdout]                                at /rustc/dfb0accb7f508ae8be965d8629557221c889dd98/library/std/src/panicking.rs:679:5
[INFO] [stdout]   15:     0x5e3d70ff49fc - core[df12db4294e9bfd3]::panicking::panic_fmt
[INFO] [stdout]                                at /rustc/dfb0accb7f508ae8be965d8629557221c889dd98/library/core/src/panicking.rs:80:14
[INFO] [stdout]   16:     0x5e3d70ff47d2 - core[df12db4294e9bfd3]::result::unwrap_failed
[INFO] [stdout]                                at /rustc/dfb0accb7f508ae8be965d8629557221c889dd98/library/core/src/result.rs:1871:5
[INFO] [stdout]   17:     0x5e3d70f9e939 - rust_out[fc2a76a7d39855e1]::main
[INFO] [stdout]   18:     0x5e3d70fa3223 - <fn() -> core[df12db4294e9bfd3]::result::Result<(), alloc[2182bb758b4b3781]::boxed::Box<dyn core[df12db4294e9bfd3]::error::Error>> as core[df12db4294e9bfd3]::ops::function::FnOnce<()>>::call_once
[INFO] [stdout]   19:     0x5e3d70f9c966 - std[70759c8f55707aa4]::sys::backtrace::__rust_begin_short_backtrace::<fn() -> core[df12db4294e9bfd3]::result::Result<(), alloc[2182bb758b4b3781]::boxed::Box<dyn core[df12db4294e9bfd3]::error::Error>>, core[df12db4294e9bfd3]::result::Result<(), alloc[2182bb758b4b3781]::boxed::Box<dyn core[df12db4294e9bfd3]::error::Error>>>
[INFO] [stdout]   20:     0x5e3d70f9e2d9 - std[70759c8f55707aa4]::rt::lang_start::<core[df12db4294e9bfd3]::result::Result<(), alloc[2182bb758b4b3781]::boxed::Box<dyn core[df12db4294e9bfd3]::error::Error>>>::{closure#0}
[INFO] [stdout]   21:     0x5e3d70fdeaf9 - <&dyn core[df12db4294e9bfd3]::ops::function::Fn<(), Output = i32> + core[df12db4294e9bfd3]::panic::unwind_safe::RefUnwindSafe + core[df12db4294e9bfd3]::marker::Sync as core[df12db4294e9bfd3]::ops::function::FnOnce<()>>::call_once
[INFO] [stdout]                                at /rustc/dfb0accb7f508ae8be965d8629557221c889dd98/library/core/src/ops/function.rs:287:21
[INFO] [stdout]   22:     0x5e3d70fdeaf9 - std[70759c8f55707aa4]::panicking::catch_unwind::do_call::<&dyn core[df12db4294e9bfd3]::ops::function::Fn<(), Output = i32> + core[df12db4294e9bfd3]::panic::unwind_safe::RefUnwindSafe + core[df12db4294e9bfd3]::marker::Sync, i32>
[INFO] [stdout]                                at /rustc/dfb0accb7f508ae8be965d8629557221c889dd98/library/std/src/panicking.rs:576:43
[INFO] [stdout]   23:     0x5e3d70fdeaf9 - std[70759c8f55707aa4]::panicking::catch_unwind::<i32, &dyn core[df12db4294e9bfd3]::ops::function::Fn<(), Output = i32> + core[df12db4294e9bfd3]::panic::unwind_safe::RefUnwindSafe + core[df12db4294e9bfd3]::marker::Sync>
[INFO] [stdout]                                at /rustc/dfb0accb7f508ae8be965d8629557221c889dd98/library/std/src/panicking.rs:544:19
[INFO] [stdout]   24:     0x5e3d70fdeaf9 - std[70759c8f55707aa4]::panic::catch_unwind::<&dyn core[df12db4294e9bfd3]::ops::function::Fn<(), Output = i32> + core[df12db4294e9bfd3]::panic::unwind_safe::RefUnwindSafe + core[df12db4294e9bfd3]::marker::Sync, i32>
[INFO] [stdout]                                at /rustc/dfb0accb7f508ae8be965d8629557221c889dd98/library/std/src/panic.rs:359:14
[INFO] [stdout]   25:     0x5e3d70fdeaf9 - std[70759c8f55707aa4]::rt::lang_start_internal::{closure#0}
[INFO] [stdout]                                at /rustc/dfb0accb7f508ae8be965d8629557221c889dd98/library/std/src/rt.rs:175:24
[INFO] [stdout]   26:     0x5e3d70fdeaf9 - std[70759c8f55707aa4]::panicking::catch_unwind::do_call::<std[70759c8f55707aa4]::rt::lang_start_internal::{closure#0}, isize>
[INFO] [stdout]                                at /rustc/dfb0accb7f508ae8be965d8629557221c889dd98/library/std/src/panicking.rs:576:43
[INFO] [stdout]   27:     0x5e3d70fdeaf9 - std[70759c8f55707aa4]::panicking::catch_unwind::<isize, std[70759c8f55707aa4]::rt::lang_start_internal::{closure#0}>
[INFO] [stdout]                                at /rustc/dfb0accb7f508ae8be965d8629557221c889dd98/library/std/src/panicking.rs:544:19
[INFO] [stdout]   28:     0x5e3d70fdeaf9 - std[70759c8f55707aa4]::panic::catch_unwind::<std[70759c8f55707aa4]::rt::lang_start_internal::{closure#0}, isize>
[INFO] [stdout]                                at /rustc/dfb0accb7f508ae8be965d8629557221c889dd98/library/std/src/panic.rs:359:14
[INFO] [stdout]   29:     0x5e3d70fdeaf9 - std[70759c8f55707aa4]::rt::lang_start_internal
[INFO] [stdout]                                at /rustc/dfb0accb7f508ae8be965d8629557221c889dd98/library/std/src/rt.rs:171:5
[INFO] [stdout]   30:     0x5e3d70f9b5f1 - std[70759c8f55707aa4]::rt::lang_start::<core[df12db4294e9bfd3]::result::Result<(), alloc[2182bb758b4b3781]::boxed::Box<dyn core[df12db4294e9bfd3]::error::Error>>>
[INFO] [stdout]   31:     0x5e3d70fa3735 - main
[INFO] [stdout]   32:     0x7fc7463e4601 - <unknown>
[INFO] [stdout]   33:     0x7fc7463e4718 - __libc_start_main
[INFO] [stdout]   34:     0x5e3d70f9b065 - _start
[INFO] [stdout]   35:                0x0 - <unknown>
[INFO] [stdout] 
[INFO] [stdout] 
[INFO] [stdout] 
[INFO] [stdout] failures:
[INFO] [stdout]     src/lib.rs - (line 110)
[INFO] [stdout] 
[INFO] [stdout] test result: FAILED. 7 passed; 1 failed; 0 ignored; 0 measured; 0 filtered out; finished in 1.21s
[INFO] [stdout] 
[INFO] [stderr] error: doctest failed, to rerun pass `--doc`
[INFO] running `Command { std: "docker" "inspect" "9dfd1d86ee7ddbfbebdb9b66856dd9caee1383500424212f403c54cfbb06fa2b", kill_on_drop: false }`
[INFO] running `Command { std: "docker" "rm" "-f" "9dfd1d86ee7ddbfbebdb9b66856dd9caee1383500424212f403c54cfbb06fa2b", kill_on_drop: false }`
[INFO] [stdout] 9dfd1d86ee7ddbfbebdb9b66856dd9caee1383500424212f403c54cfbb06fa2b
