[INFO] fetching crate sass-embedded 0.7.1...
[INFO] testing sass-embedded-0.7.1 against 1.99.0-beta.8+cargoflags=--release for beta-release-1.100-2
[INFO] extracting crate sass-embedded 0.7.1 into /workspace/builds/worker-2-tc1/source
[INFO] started tweaking crates.io crate sass-embedded 0.7.1
[INFO] finished tweaking crates.io crate sass-embedded 0.7.1
[INFO] tweaked toml for crates.io crate sass-embedded 0.7.1 written to /workspace/builds/worker-2-tc1/source/Cargo.toml
[INFO] validating manifest of crates.io crate sass-embedded 0.7.1 on toolchain 1.99.0-beta.8
[INFO] running `Command { std: CARGO_HOME="/workspace/cargo-home" RUSTUP_HOME="/workspace/rustup-home" "/workspace/cargo-home/bin/cargo" "+1.99.0-beta.8" "metadata" "--manifest-path" "Cargo.toml" "--no-deps", kill_on_drop: false }`
[INFO] crate crates.io crate sass-embedded 0.7.1 already has a lockfile, it will not be regenerated
[INFO] running `Command { std: CARGO_HOME="/workspace/cargo-home" RUSTUP_HOME="/workspace/rustup-home" "/workspace/cargo-home/bin/cargo" "+1.99.0-beta.8" "fetch" "--manifest-path" "Cargo.toml", kill_on_drop: false }`
[INFO] [stderr]     Updating crates.io index
[INFO] [stderr]  Downloading crates ...
[INFO] [stderr]   Downloaded pathdiff v0.2.1
[INFO] [stderr]   Downloaded serde v1.0.162
[INFO] [stderr]   Downloaded gag v1.0.0
[INFO] [stderr]   Downloaded plotters-svg v0.3.3
[INFO] [stderr]   Downloaded ciborium-io v0.2.0
[INFO] [stderr]   Downloaded serde_derive v1.0.162
[INFO] [stderr]   Downloaded dashmap v5.4.0
[INFO] [stderr]   Downloaded tempfile v3.5.0
[INFO] [stderr]   Downloaded plotters-backend v0.3.4
[INFO] [stderr]   Downloaded ciborium-ll v0.2.0
[INFO] [stderr]   Downloaded filedescriptor v0.8.2
[INFO] [stderr]   Downloaded ciborium v0.2.0
[INFO] [stderr]   Downloaded bumpalo v3.12.1
[INFO] [stderr]   Downloaded plotters v0.3.4
[INFO] [stderr]   Downloaded linux-raw-sys v0.3.7
[INFO] running `Command { std: "docker" "create" "-v" "/var/lib/crater-agent-workspace/builds/worker-2-tc1/source:/opt/rustwide/workdir:ro,Z" "-v" "/var/lib/crater-agent-workspace/builds/worker-2-tc1/target:/opt/rustwide/target:rw,Z" "-v" "/var/lib/crater-agent-workspace/cargo-home:/opt/rustwide/cargo-home:ro,Z" "-v" "/var/lib/crater-agent-workspace/rustup-home:/opt/rustwide/rustup-home:ro,Z" "-m" "1610612736" "--network" "none" "ghcr.io/rust-lang/crates-build-env/linux@sha256:77db811e55d90add9212f6832c23229e3de5f1c1f9905e8cb07319ea15df73ac" "sleep" "infinity", kill_on_drop: false }`
[INFO] [stdout] 87f74f06fb37fb9aa28bff7e4a93a15e207053e09d84eb0ae58955fad20858f5
[INFO] running `Command { std: "docker" "start" "87f74f06fb37fb9aa28bff7e4a93a15e207053e09d84eb0ae58955fad20858f5", kill_on_drop: false }`
[INFO] running `Command { std: "docker" "inspect" "87f74f06fb37fb9aa28bff7e4a93a15e207053e09d84eb0ae58955fad20858f5", kill_on_drop: false }`
[INFO] running `Command { std: "docker" "exec" "-e" "SOURCE_DIR=/opt/rustwide/workdir" "-e" "CARGO_HOME=/opt/rustwide/cargo-home" "-e" "RUSTUP_HOME=/opt/rustwide/rustup-home" "-e" "CARGO_TARGET_DIR=/opt/rustwide/target" "-w" "/opt/rustwide/workdir" "--user" "0:0" "87f74f06fb37fb9aa28bff7e4a93a15e207053e09d84eb0ae58955fad20858f5" "/opt/rustwide/cargo-home/bin/cargo" "+1.99.0-beta.8" "metadata" "--no-deps" "--format-version=1", kill_on_drop: false }`
[INFO] running `Command { std: "docker" "inspect" "87f74f06fb37fb9aa28bff7e4a93a15e207053e09d84eb0ae58955fad20858f5", kill_on_drop: false }`
[INFO] running `Command { std: "docker" "exec" "-e" "SOURCE_DIR=/opt/rustwide/workdir" "-e" "CARGO_HOME=/opt/rustwide/cargo-home" "-e" "RUSTUP_HOME=/opt/rustwide/rustup-home" "-e" "CARGO_TARGET_DIR=/opt/rustwide/target" "-e" "CARGO_INCREMENTAL=0" "-e" "RUST_BACKTRACE=full" "-e" "RUSTFLAGS=--cap-lints=warn" "-e" "RUSTDOCFLAGS=--cap-lints=warn" "-w" "/opt/rustwide/workdir" "--user" "0:0" "87f74f06fb37fb9aa28bff7e4a93a15e207053e09d84eb0ae58955fad20858f5" "/opt/rustwide/cargo-home/bin/cargo" "+1.99.0-beta.8" "build" "--frozen" "--message-format=json" "--release", kill_on_drop: false }`
[INFO] [stderr]    Compiling libc v0.2.142
[INFO] [stderr]    Compiling anyhow v1.0.71
[INFO] [stderr]    Compiling syn v1.0.109
[INFO] [stderr]    Compiling lock_api v0.4.9
[INFO] [stderr]    Compiling parking_lot_core v0.9.7
[INFO] [stderr]    Compiling smallvec v1.10.0
[INFO] [stderr]    Compiling crossbeam-utils v0.8.15
[INFO] [stderr]    Compiling either v1.8.1
[INFO] [stderr]    Compiling itertools v0.10.5
[INFO] [stderr]    Compiling unicode-normalization v0.1.22
[INFO] [stderr]    Compiling unicode-bidi v0.3.13
[INFO] [stderr]    Compiling percent-encoding v2.2.0
[INFO] [stderr]    Compiling form_urlencoded v1.1.0
[INFO] [stderr]    Compiling hashbrown v0.12.3
[INFO] [stderr]    Compiling bytes v1.4.0
[INFO] [stderr]    Compiling idna v0.3.0
[INFO] [stderr]    Compiling crossbeam-channel v0.5.8
[INFO] [stderr]    Compiling parking_lot v0.12.1
[INFO] [stderr]    Compiling dashmap v5.4.0
[INFO] [stderr]    Compiling url v2.3.1
[INFO] [stderr]    Compiling atty v0.2.14
[INFO] [stderr]    Compiling prost-derive v0.11.9
[INFO] [stderr]    Compiling prost v0.11.9
[INFO] [stderr]    Compiling sass-embedded v0.7.1 (/opt/rustwide/workdir)
[INFO] [stderr]     Finished `release` profile [optimized] target(s) in 27.83s
[INFO] running `Command { std: "docker" "inspect" "87f74f06fb37fb9aa28bff7e4a93a15e207053e09d84eb0ae58955fad20858f5", kill_on_drop: false }`
[INFO] running `Command { std: "docker" "exec" "-e" "SOURCE_DIR=/opt/rustwide/workdir" "-e" "CARGO_HOME=/opt/rustwide/cargo-home" "-e" "RUSTUP_HOME=/opt/rustwide/rustup-home" "-e" "CARGO_TARGET_DIR=/opt/rustwide/target" "-e" "CARGO_INCREMENTAL=0" "-e" "RUST_BACKTRACE=full" "-e" "RUSTFLAGS=--cap-lints=warn" "-e" "RUSTDOCFLAGS=--cap-lints=warn" "-w" "/opt/rustwide/workdir" "--user" "0:0" "87f74f06fb37fb9aa28bff7e4a93a15e207053e09d84eb0ae58955fad20858f5" "/opt/rustwide/cargo-home/bin/cargo" "+1.99.0-beta.8" "test" "--frozen" "--no-run" "--message-format=json" "--release", kill_on_drop: false }`
[INFO] [stderr]    Compiling crossbeam-utils v0.8.15
[INFO] [stderr]    Compiling memoffset v0.8.0
[INFO] [stderr]    Compiling serde_derive v1.0.162
[INFO] [stderr]    Compiling crossbeam-epoch v0.9.14
[INFO] [stderr]    Compiling syn v2.0.15
[INFO] [stderr]    Compiling serde v1.0.162
[INFO] [stderr]    Compiling io-lifetimes v1.0.10
[INFO] [stderr]    Compiling indexmap v1.9.3
[INFO] [stderr]    Compiling num-traits v0.2.15
[INFO] [stderr]    Compiling rustix v0.37.19
[INFO] [stderr]    Compiling either v1.8.1
[INFO] [stderr]    Compiling rayon-core v1.11.0
[INFO] [stderr]    Compiling parking_lot_core v0.9.7
[INFO] [stderr]    Compiling plotters-backend v0.3.4
[INFO] [stderr]    Compiling half v1.8.2
[INFO] [stderr]    Compiling linux-raw-sys v0.3.7
[INFO] [stderr]    Compiling ciborium-io v0.2.0
[INFO] [stderr]    Compiling crossbeam-channel v0.5.8
[INFO] [stderr]    Compiling os_str_bytes v6.5.0
[INFO] [stderr]    Compiling plotters-svg v0.3.3
[INFO] [stderr]    Compiling ciborium-ll v0.2.0
[INFO] [stderr]    Compiling clap_lex v0.2.4
[INFO] [stderr]    Compiling crossbeam-deque v0.8.3
[INFO] [stderr]    Compiling itertools v0.10.5
[INFO] [stderr]    Compiling atty v0.2.14
[INFO] [stderr]    Compiling regex-syntax v0.7.1
[INFO] [stderr]    Compiling textwrap v0.16.0
[INFO] [stderr]    Compiling fastrand v1.9.0
[INFO] [stderr]    Compiling clap v3.2.25
[INFO] [stderr]    Compiling rayon v1.7.0
[INFO] [stderr]    Compiling plotters v0.3.4
[INFO] [stderr]    Compiling thiserror-impl v1.0.40
[INFO] [stderr]    Compiling thiserror v1.0.40
[INFO] [stderr]    Compiling filedescriptor v0.8.2
[INFO] [stderr]    Compiling tempfile v3.5.0
[INFO] [stderr]    Compiling criterion-plot v0.5.0
[INFO] [stderr]    Compiling regex v1.8.1
[INFO] [stderr]    Compiling walkdir v2.3.3
[INFO] [stderr]    Compiling dashmap v5.4.0
[INFO] [stderr]    Compiling parking_lot v0.12.1
[INFO] [stderr]    Compiling oorandom v11.1.3
[INFO] [stderr]    Compiling gag v1.0.0
[INFO] [stderr]    Compiling pathdiff v0.2.1
[INFO] [stderr]    Compiling sass-embedded v0.7.1 (/opt/rustwide/workdir)
[INFO] [stderr]    Compiling serde_json v1.0.96
[INFO] [stderr]    Compiling ciborium v0.2.0
[INFO] [stderr]    Compiling tinytemplate v1.2.1
[INFO] [stderr]    Compiling criterion v0.4.0
[INFO] [stdout] warning: struct `ChdirGuard` is never constructed
[INFO] [stdout]   --> tests/helpers.rs:69:12
[INFO] [stdout]    |
[INFO] [stdout] 69 | pub struct ChdirGuard(PathBuf);
[INFO] [stdout]    |            ^^^^^^^^^^
[INFO] [stdout]    |
[INFO] [stdout]    = note: `#[warn(dead_code)]` (part of `#[warn(unused)]`) on by default
[INFO] [stdout] 
[INFO] [stdout] 
[INFO] [stdout] warning: trait `ToUrl` is never used
[INFO] [stdout]   --> tests/helpers.rs:95:11
[INFO] [stdout]    |
[INFO] [stdout] 95 | pub trait ToUrl {
[INFO] [stdout]    |           ^^^^^
[INFO] [stdout] 
[INFO] [stdout] 
[INFO] [stdout] warning: struct `ChdirGuard` is never constructed
[INFO] [stdout]   --> tests/helpers.rs:69:12
[INFO] [stdout]    |
[INFO] [stdout] 69 | pub struct ChdirGuard(PathBuf);
[INFO] [stdout]    |            ^^^^^^^^^^
[INFO] [stdout]    |
[INFO] [stdout]    = note: `#[warn(dead_code)]` (part of `#[warn(unused)]`) on by default
[INFO] [stdout] 
[INFO] [stdout] 
[INFO] [stdout] warning: fields `out` and `err` are never read
[INFO] [stdout]   --> tests/helpers.rs:79:7
[INFO] [stdout]    |
[INFO] [stdout] 78 | pub struct Captured {
[INFO] [stdout]    |            -------- fields in this struct
[INFO] [stdout] 79 |   pub out: String,
[INFO] [stdout]    |       ^^^
[INFO] [stdout] 80 |   pub err: String,
[INFO] [stdout]    |       ^^^
[INFO] [stdout]    |
[INFO] [stdout]    = note: `Captured` has derived impls for the traits `Clone` and `Debug`, but these are intentionally ignored during dead code analysis
[INFO] [stdout] 
[INFO] [stdout] 
[INFO] [stdout] warning: struct `ChdirGuard` is never constructed
[INFO] [stdout]   --> tests/helpers.rs:69:12
[INFO] [stdout]    |
[INFO] [stdout] 69 | pub struct ChdirGuard(PathBuf);
[INFO] [stdout]    |            ^^^^^^^^^^
[INFO] [stdout]    |
[INFO] [stdout]    = note: `#[warn(dead_code)]` (part of `#[warn(unused)]`) on by default
[INFO] [stdout] 
[INFO] [stdout] 
[INFO] [stdout] warning: fields `out` and `err` are never read
[INFO] [stdout]   --> tests/helpers.rs:79:7
[INFO] [stdout]    |
[INFO] [stdout] 78 | pub struct Captured {
[INFO] [stdout]    |            -------- fields in this struct
[INFO] [stdout] 79 |   pub out: String,
[INFO] [stdout]    |       ^^^
[INFO] [stdout] 80 |   pub err: String,
[INFO] [stdout]    |       ^^^
[INFO] [stdout]    |
[INFO] [stdout]    = note: `Captured` has derived impls for the traits `Clone` and `Debug`, but these are intentionally ignored during dead code analysis
[INFO] [stdout] 
[INFO] [stdout] 
[INFO] [stdout] warning: struct `MyFileImporter` is never constructed
[INFO] [stdout]     --> tests/importer_spec.rs:1001:12
[INFO] [stdout]      |
[INFO] [stdout] 1001 |     struct MyFileImporter;
[INFO] [stdout]      |            ^^^^^^^^^^^^^^
[INFO] [stdout] 
[INFO] [stdout] 
[INFO] [stderr]     Finished `release` profile [optimized] target(s) in 1m 35s
[INFO] running `Command { std: "docker" "inspect" "87f74f06fb37fb9aa28bff7e4a93a15e207053e09d84eb0ae58955fad20858f5", kill_on_drop: false }`
[INFO] running `Command { std: "docker" "exec" "-e" "SOURCE_DIR=/opt/rustwide/workdir" "-e" "CARGO_HOME=/opt/rustwide/cargo-home" "-e" "RUSTUP_HOME=/opt/rustwide/rustup-home" "-e" "CARGO_TARGET_DIR=/opt/rustwide/target" "-e" "CARGO_INCREMENTAL=0" "-e" "RUST_BACKTRACE=full" "-e" "RUSTFLAGS=--cap-lints=warn" "-e" "RUSTDOCFLAGS=--cap-lints=warn" "-w" "/opt/rustwide/workdir" "--user" "0:0" "87f74f06fb37fb9aa28bff7e4a93a15e207053e09d84eb0ae58955fad20858f5" "/opt/rustwide/cargo-home/bin/cargo" "+1.99.0-beta.8" "test" "--frozen" "--release", kill_on_drop: false }`
[INFO] [stderr] warning: struct `ChdirGuard` is never constructed
[INFO] [stderr]   --> tests/helpers.rs:69:12
[INFO] [stderr]    |
[INFO] [stderr] 69 | pub struct ChdirGuard(PathBuf);
[INFO] [stderr]    |            ^^^^^^^^^^
[INFO] [stderr]    |
[INFO] [stderr]    = note: `#[warn(dead_code)]` (part of `#[warn(unused)]`) on by default
[INFO] [stderr] 
[INFO] [stderr] warning: fields `out` and `err` are never read
[INFO] [stderr]   --> tests/helpers.rs:79:7
[INFO] [stderr]    |
[INFO] [stderr] 78 | pub struct Captured {
[INFO] [stderr]    |            -------- fields in this struct
[INFO] [stderr] 79 |   pub out: String,
[INFO] [stderr]    |       ^^^
[INFO] [stderr] 80 |   pub err: String,
[INFO] [stderr]    |       ^^^
[INFO] [stderr]    |
[INFO] [stderr]    = note: `Captured` has derived impls for the traits `Clone` and `Debug`, but these are intentionally ignored during dead code analysis
[INFO] [stderr] 
[INFO] [stderr] warning: trait `ToUrl` is never used
[INFO] [stderr]   --> tests/helpers.rs:95:11
[INFO] [stderr]    |
[INFO] [stderr] 95 | pub trait ToUrl {
[INFO] [stderr]    |           ^^^^^
[INFO] [stderr] 
[INFO] [stderr] warning: `sass-embedded` (test "compile_spec") generated 2 warnings
[INFO] [stderr] warning: `sass-embedded` (test "logger_spec") generated 2 warnings (1 duplicate)
[INFO] [stderr] warning: struct `MyFileImporter` is never constructed
[INFO] [stderr]     --> tests/importer_spec.rs:1001:12
[INFO] [stderr]      |
[INFO] [stderr] 1001 |     struct MyFileImporter;
[INFO] [stderr]      |            ^^^^^^^^^^^^^^
[INFO] [stderr] 
[INFO] [stderr] warning: `sass-embedded` (test "importer_spec") generated 3 warnings (2 duplicates)
[INFO] [stderr]     Finished `release` profile [optimized] target(s) in 0.28s
[INFO] [stderr]      Running unittests src/lib.rs (/opt/rustwide/target/release/deps/sass_embedded-8aa4c1b797792166)
[INFO] [stdout] 
[INFO] [stdout] running 0 tests
[INFO] [stdout] 
[INFO] [stdout] test result: ok. 0 passed; 0 failed; 0 ignored; 0 measured; 0 filtered out; finished in 0.00s
[INFO] [stdout] 
[INFO] [stderr]      Running tests/compile_spec.rs (/opt/rustwide/target/release/deps/compile_spec-16ec80d660dad673)
[INFO] [stdout] 
[INFO] [stdout] running 42 tests
[INFO] [stdout] test compile::error::includes_the_path_s_url::in_runtime_errors ... FAILED
[INFO] [stdout] test compile::success::compiles_plain_css_for_a_css_file ... FAILED
[INFO] [stdout] test compile::error::requires_plain_css_for_a_css_file ... FAILED
[INFO] [stdout] test compile::success::compiles_indented_syntax_for_a_sass_file ... FAILED
[INFO] [stdout] test compile::error::includes_the_path_s_url::in_syntax_errors ... FAILED
[INFO] [stdout] test compile::success::compiles_scss_for_a_scss_file ... FAILED
[INFO] [stdout] test compile::success::loaded_urls::includes_an_absolute_path_s_url ... FAILED
[INFO] [stdout] test compile::success::load_paths::is_used_to_resolve_loads ... FAILED
[INFO] [stdout] test compile::success::loaded_urls::contains_a_dependency ... FAILED
[INFO] [stdout] test compile::success::compiles_scss_for_a_file_with_an_unknown_extension ... FAILED
[INFO] [stdout] test compile_string::error::includes_source_span_information::in_syntax_errors ... FAILED
[INFO] [stdout] test compile_string::error::includes_source_span_information::with_multi_span_errors ... FAILED
[INFO] [stdout] test compile_string::error::requires_plain_css_with_explicit_syntax ... FAILED
[INFO] [stdout] test compile_string::success::charset::does_not_emit_at_charset_or_bom_if_charset_is_false ... FAILED
[INFO] [stdout] test compile_string::error::relative_loads_fail_without_a_url ... FAILED
[INFO] [stdout] test compile_string::error::relative_loads_fail_with_a_non_file_url ... FAILED
[INFO] [stdout] test compile_string::success::charset::emits_at_charset_utf_8_or_bom_for_non_ascii_css_by_default ... FAILED
[INFO] [stdout] test compile_string::success::file_url_is_used_to_resolve_relative_loads ... FAILED
[INFO] [stdout] test compile_string::success::input::compiles_plain_css_with_explicit_syntax ... FAILED
[INFO] [stdout] test compile_string::success::input::compiles_indented_syntax_with_explicit_syntax ... FAILED
[INFO] [stdout] test compile_string::success::input::compiles_scss_by_default ... FAILED
[INFO] [stdout] test compile::success::load_paths::does_not_take_precedence_over_loads_relative_to_the_entrypoint ... FAILED
[INFO] [stdout] test compile::success::loaded_urls::includes_a_relative_path_s_url ... FAILED
[INFO] [stdout] test compile_string::error::includes_source_span_information::in_runtime_errors ... FAILED
[INFO] [stdout] test compile_string::success::input::compiles_scss_with_explicit_syntax ... FAILED
[INFO] [stdout] test compile::success::the_path_is_used_to_resolve_relative_loads ... FAILED
[INFO] [stdout] test compile_string::success::load_paths::uses_earlier_paths_in_preference_to_later_ones ... FAILED
[INFO] [stdout] test compile_string::success::input::does_not_take_its_syntax_from_the_url_s_extension ... FAILED
[INFO] [stdout] test compile_string::success::load_paths::resolves_loads_using_later_paths_if_earlier_ones_do_not_match ... FAILED
[INFO] [stdout] test compile_string::success::load_paths::does_not_take_precedence_over_loads_relative_to_the_url ... FAILED
[INFO] [stdout] test compile_string::success::load_paths::is_used_to_resolve_loads ... FAILED
[INFO] [stdout] test compile_string::success::load_paths::resolves_relative_paths ... FAILED
[INFO] [stdout] test compile_string::success::loaded_urls::contains_the_url_if_one_is_passed ... FAILED
[INFO] [stdout] test compile_string::success::loaded_urls::is_empty_with_no_url ... FAILED
[INFO] [stdout] test compile_string::success::loaded_urls::contains_a_dependency_only_once::for_at_import ... FAILED
[INFO] [stdout] test compile_string::success::loaded_urls::contains_an_immediate_dependency ... FAILED
[INFO] [stdout] test compile_string::success::loaded_urls::contains_a_dependency_only_once::for_at_use ... FAILED
[INFO] [stdout] test compile_string::success::source_map::does_not_include_one_by_default ... FAILED
[INFO] [stdout] test compile_string::success::recognizes_the_expanded_output_style ... FAILED
[INFO] [stdout] test compile_string::success::loaded_urls::contains_a_transitive_dependency ... FAILED
[INFO] [stdout] test compile_string::success::source_map::includes_one_with_source_content_if_source_map_include_sources_is_true ... FAILED
[INFO] [stdout] test compile_string::success::source_map::includes_one_if_source_map_is_true ... FAILED
[INFO] [stdout] 
[INFO] [stdout] failures:
[INFO] [stdout] 
[INFO] [stdout] ---- compile::error::includes_the_path_s_url::in_runtime_errors stdout ----
[INFO] [stdout] 
[INFO] [stdout] thread 'compile::error::includes_the_path_s_url::in_runtime_errors' (1743) panicked at tests/compile_spec.rs:738:46:
[INFO] [stdout] called `Result::unwrap()` on an `Err` value: Exception { message: "No such file or directory (os error 2)", sass_message: None, sass_stack: None, span: None, source: Some(Os { code: 2, kind: NotFound, message: "No such file or directory" }) }
[INFO] [stdout] stack backtrace:
[INFO] [stdout]    0:     0x62b5f4f5ec91 - <<std[70759c8f55707aa4]::sys::backtrace::BacktraceLock>::print::DisplayBacktrace as core[df12db4294e9bfd3]::fmt::Display>::fmt
[INFO] [stdout]    1:     0x62b5f4f73a5a - core[df12db4294e9bfd3]::fmt::write
[INFO] [stdout]    2:     0x62b5f4f634ac - <alloc[2182bb758b4b3781]::vec::Vec<u8> as core[df12db4294e9bfd3]::io::write::Write>::write_fmt
[INFO] [stdout]    3:     0x62b5f4f39946 - std[70759c8f55707aa4]::panicking::default_hook::{closure#0}
[INFO] [stdout]    4:     0x62b5f4f56989 - std[70759c8f55707aa4]::panicking::default_hook
[INFO] [stdout]    5:     0x62b5f4ea7a60 - test[9d35eded1c95d3be]::test_main_inner::<test[9d35eded1c95d3be]::test_main_static::{closure#0}>::{closure#0}
[INFO] [stdout]    6:     0x62b5f4f56b42 - std[70759c8f55707aa4]::panicking::panic_with_hook
[INFO] [stdout]    7:     0x62b5f4f399f2 - std[70759c8f55707aa4]::panicking::panic_handler::{closure#0}
[INFO] [stdout]    8:     0x62b5f4f32629 - std[70759c8f55707aa4]::sys::backtrace::__rust_end_short_backtrace::<std[70759c8f55707aa4]::panicking::panic_handler::{closure#0}, !>
[INFO] [stdout]    9:     0x62b5f4f3a5ed - __rustc[8fa7c3cbc660c2b3]::rust_begin_unwind
[INFO] [stdout]   10:     0x62b5f4f7418c - core[df12db4294e9bfd3]::panicking::panic_fmt
[INFO] [stdout]   11:     0x62b5f4f73f62 - core[df12db4294e9bfd3]::result::unwrap_failed
[INFO] [stdout]   12:     0x62b5f4e9a7ce - compile_spec[f880f40fc018acdb]::compile::error::includes_the_path_s_url::in_runtime_errors
[INFO] [stdout]   13:     0x62b5f4e94569 - <compile_spec[f880f40fc018acdb]::compile::error::includes_the_path_s_url::in_runtime_errors::{closure#0} as core[df12db4294e9bfd3]::ops::function::FnOnce<()>>::call_once
[INFO] [stdout]   14:     0x62b5f4e9ad4b - test[9d35eded1c95d3be]::__rust_begin_short_backtrace::<core[df12db4294e9bfd3]::result::Result<(), alloc[2182bb758b4b3781]::string::String>, fn() -> core[df12db4294e9bfd3]::result::Result<(), alloc[2182bb758b4b3781]::string::String>>
[INFO] [stdout]   15:     0x62b5f4ea83b5 - test[9d35eded1c95d3be]::run_test::{closure#0}
[INFO] [stdout]   16:     0x62b5f4ea1c74 - std[70759c8f55707aa4]::sys::backtrace::__rust_begin_short_backtrace::<test[9d35eded1c95d3be]::run_test::{closure#1}, ()>
[INFO] [stdout]   17:     0x62b5f4eab512 - <std[70759c8f55707aa4]::thread::lifecycle::spawn_unchecked<test[9d35eded1c95d3be]::run_test::{closure#1}, ()>::{closure#1} as core[df12db4294e9bfd3]::ops::function::FnOnce<()>>::call_once::{shim:vtable#0}
[INFO] [stdout]   18:     0x62b5f4f5e539 - <std[70759c8f55707aa4]::sys::thread::unix::Thread>::new::thread_start
[INFO] [stdout]   19:     0x7ad8160b6dfa - <unknown>
[INFO] [stdout]   20:     0x7ad81614a3d4 - clone
[INFO] [stdout]   21:                0x0 - <unknown>
[INFO] [stdout] 
[INFO] [stdout] ---- compile::success::compiles_plain_css_for_a_css_file stdout ----
[INFO] [stdout] 
[INFO] [stdout] thread 'compile::success::compiles_plain_css_for_a_css_file' (1747) panicked at tests/compile_spec.rs:570:44:
[INFO] [stdout] called `Result::unwrap()` on an `Err` value: Exception { message: "No such file or directory (os error 2)", sass_message: None, sass_stack: None, span: None, source: Some(Os { code: 2, kind: NotFound, message: "No such file or directory" }) }
[INFO] [stdout] stack backtrace:
[INFO] [stdout]    0:     0x62b5f4f5ec91 - <<std[70759c8f55707aa4]::sys::backtrace::BacktraceLock>::print::DisplayBacktrace as core[df12db4294e9bfd3]::fmt::Display>::fmt
[INFO] [stdout]    1:     0x62b5f4f73a5a - core[df12db4294e9bfd3]::fmt::write
[INFO] [stdout]    2:     0x62b5f4f634ac - <alloc[2182bb758b4b3781]::vec::Vec<u8> as core[df12db4294e9bfd3]::io::write::Write>::write_fmt
[INFO] [stdout]    3:     0x62b5f4f39946 - std[70759c8f55707aa4]::panicking::default_hook::{closure#0}
[INFO] [stdout]    4:     0x62b5f4f56989 - std[70759c8f55707aa4]::panicking::default_hook
[INFO] [stdout]    5:     0x62b5f4ea7a60 - test[9d35eded1c95d3be]::test_main_inner::<test[9d35eded1c95d3be]::test_main_static::{closure#0}>::{closure#0}
[INFO] [stdout]    6:     0x62b5f4f56b42 - std[70759c8f55707aa4]::panicking::panic_with_hook
[INFO] [stdout]    7:     0x62b5f4f399f2 - std[70759c8f55707aa4]::panicking::panic_handler::{closure#0}
[INFO] [stdout]    8:     0x62b5f4f32629 - std[70759c8f55707aa4]::sys::backtrace::__rust_end_short_backtrace::<std[70759c8f55707aa4]::panicking::panic_handler::{closure#0}, !>
[INFO] [stdout]    9:     0x62b5f4f3a5ed - __rustc[8fa7c3cbc660c2b3]::rust_begin_unwind
[INFO] [stdout]   10:     0x62b5f4f7418c - core[df12db4294e9bfd3]::panicking::panic_fmt
[INFO] [stdout]   11:     0x62b5f4f73f62 - core[df12db4294e9bfd3]::result::unwrap_failed
[INFO] [stdout]   12:     0x62b5f4e82c9c - compile_spec[f880f40fc018acdb]::compile::success::compiles_plain_css_for_a_css_file
[INFO] [stdout]   13:     0x62b5f4e92bd9 - <compile_spec[f880f40fc018acdb]::compile::success::compiles_plain_css_for_a_css_file::{closure#0} as core[df12db4294e9bfd3]::ops::function::FnOnce<()>>::call_once
[INFO] [stdout]   14:     0x62b5f4e9ad4b - test[9d35eded1c95d3be]::__rust_begin_short_backtrace::<core[df12db4294e9bfd3]::result::Result<(), alloc[2182bb758b4b3781]::string::String>, fn() -> core[df12db4294e9bfd3]::result::Result<(), alloc[2182bb758b4b3781]::string::String>>
[INFO] [stdout]   15:     0x62b5f4ea83b5 - test[9d35eded1c95d3be]::run_test::{closure#0}
[INFO] [stdout]   16:     0x62b5f4ea1c74 - std[70759c8f55707aa4]::sys::backtrace::__rust_begin_short_backtrace::<test[9d35eded1c95d3be]::run_test::{closure#1}, ()>
[INFO] [stdout]   17:     0x62b5f4eab512 - <std[70759c8f55707aa4]::thread::lifecycle::spawn_unchecked<test[9d35eded1c95d3be]::run_test::{closure#1}, ()>::{closure#1} as core[df12db4294e9bfd3]::ops::function::FnOnce<()>>::call_once::{shim:vtable#0}
[INFO] [stdout]   18:     0x62b5f4f5e539 - <std[70759c8f55707aa4]::sys::thread::unix::Thread>::new::thread_start
[INFO] [stdout]   19:     0x7ad8160b6dfa - <unknown>
[INFO] [stdout]   20:     0x7ad81614a3d4 - clone
[INFO] [stdout]   21:                0x0 - <unknown>
[INFO] [stdout] 
[INFO] [stdout] ---- compile::error::requires_plain_css_for_a_css_file stdout ----
[INFO] [stdout] 
[INFO] [stdout] thread 'compile::error::requires_plain_css_for_a_css_file' (1745) panicked at tests/compile_spec.rs:703:44:
[INFO] [stdout] called `Result::unwrap()` on an `Err` value: Exception { message: "No such file or directory (os error 2)", sass_message: None, sass_stack: None, span: None, source: Some(Os { code: 2, kind: NotFound, message: "No such file or directory" }) }
[INFO] [stdout] stack backtrace:
[INFO] [stdout]    0:     0x62b5f4f5ec91 - <<std[70759c8f55707aa4]::sys::backtrace::BacktraceLock>::print::DisplayBacktrace as core[df12db4294e9bfd3]::fmt::Display>::fmt
[INFO] [stdout]    1:     0x62b5f4f73a5a - core[df12db4294e9bfd3]::fmt::write
[INFO] [stdout]    2:     0x62b5f4f634ac - <alloc[2182bb758b4b3781]::vec::Vec<u8> as core[df12db4294e9bfd3]::io::write::Write>::write_fmt
[INFO] [stdout]    3:     0x62b5f4f39946 - std[70759c8f55707aa4]::panicking::default_hook::{closure#0}
[INFO] [stdout]    4:     0x62b5f4f56989 - std[70759c8f55707aa4]::panicking::default_hook
[INFO] [stdout]    5:     0x62b5f4ea7a60 - test[9d35eded1c95d3be]::test_main_inner::<test[9d35eded1c95d3be]::test_main_static::{closure#0}>::{closure#0}
[INFO] [stdout]    6:     0x62b5f4f56b42 - std[70759c8f55707aa4]::panicking::panic_with_hook
[INFO] [stdout]    7:     0x62b5f4f399f2 - std[70759c8f55707aa4]::panicking::panic_handler::{closure#0}
[INFO] [stdout]    8:     0x62b5f4f32629 - std[70759c8f55707aa4]::sys::backtrace::__rust_end_short_backtrace::<std[70759c8f55707aa4]::panicking::panic_handler::{closure#0}, !>
[INFO] [stdout]    9:     0x62b5f4f3a5ed - __rustc[8fa7c3cbc660c2b3]::rust_begin_unwind
[INFO] [stdout]   10:     0x62b5f4f7418c - core[df12db4294e9bfd3]::panicking::panic_fmt
[INFO] [stdout]   11:     0x62b5f4f73f62 - core[df12db4294e9bfd3]::result::unwrap_failed
[INFO] [stdout]   12:     0x62b5f4e8bd6c - compile_spec[f880f40fc018acdb]::compile::error::requires_plain_css_for_a_css_file
[INFO] [stdout]   13:     0x62b5f4e92b99 - <compile_spec[f880f40fc018acdb]::compile::error::requires_plain_css_for_a_css_file::{closure#0} as core[df12db4294e9bfd3]::ops::function::FnOnce<()>>::call_once
[INFO] [stdout]   14:     0x62b5f4e9ad4b - test[9d35eded1c95d3be]::__rust_begin_short_backtrace::<core[df12db4294e9bfd3]::result::Result<(), alloc[2182bb758b4b3781]::string::String>, fn() -> core[df12db4294e9bfd3]::result::Result<(), alloc[2182bb758b4b3781]::string::String>>
[INFO] [stdout]   15:     0x62b5f4ea83b5 - test[9d35eded1c95d3be]::run_test::{closure#0}
[INFO] [stdout]   16:     0x62b5f4ea1c74 - std[70759c8f55707aa4]::sys::backtrace::__rust_begin_short_backtrace::<test[9d35eded1c95d3be]::run_test::{closure#1}, ()>
[INFO] [stdout]   17:     0x62b5f4eab512 - <std[70759c8f55707aa4]::thread::lifecycle::spawn_unchecked<test[9d35eded1c95d3be]::run_test::{closure#1}, ()>::{closure#1} as core[df12db4294e9bfd3]::ops::function::FnOnce<()>>::call_once::{shim:vtable#0}
[INFO] [stdout]   18:     0x62b5f4f5e539 - <std[70759c8f55707aa4]::sys::thread::unix::Thread>::new::thread_start
[INFO] [stdout]   19:     0x7ad8160b6dfa - <unknown>
[INFO] [stdout]   20:     0x7ad81614a3d4 - clone
[INFO] [stdout]   21:                0x0 - <unknown>
[INFO] [stdout] 
[INFO] [stdout] ---- compile::success::compiles_indented_syntax_for_a_sass_file stdout ----
[INFO] [stdout] 
[INFO] [stdout] thread 'compile::success::compiles_indented_syntax_for_a_sass_file' (1746) panicked at tests/compile_spec.rs:558:44:
[INFO] [stdout] called `Result::unwrap()` on an `Err` value: Exception { message: "No such file or directory (os error 2)", sass_message: None, sass_stack: None, span: None, source: Some(Os { code: 2, kind: NotFound, message: "No such file or directory" }) }
[INFO] [stdout] stack backtrace:
[INFO] [stdout]    0:     0x62b5f4f5ec91 - <<std[70759c8f55707aa4]::sys::backtrace::BacktraceLock>::print::DisplayBacktrace as core[df12db4294e9bfd3]::fmt::Display>::fmt
[INFO] [stdout]    1:     0x62b5f4f73a5a - core[df12db4294e9bfd3]::fmt::write
[INFO] [stdout]    2:     0x62b5f4f634ac - <alloc[2182bb758b4b3781]::vec::Vec<u8> as core[df12db4294e9bfd3]::io::write::Write>::write_fmt
[INFO] [stdout]    3:     0x62b5f4f39946 - std[70759c8f55707aa4]::panicking::default_hook::{closure#0}
[INFO] [stdout]    4:     0x62b5f4f56989 - std[70759c8f55707aa4]::panicking::default_hook
[INFO] [stdout]    5:     0x62b5f4ea7a60 - test[9d35eded1c95d3be]::test_main_inner::<test[9d35eded1c95d3be]::test_main_static::{closure#0}>::{closure#0}
[INFO] [stdout]    6:     0x62b5f4f56b42 - std[70759c8f55707aa4]::panicking::panic_with_hook
[INFO] [stdout]    7:     0x62b5f4f399f2 - std[70759c8f55707aa4]::panicking::panic_handler::{closure#0}
[INFO] [stdout]    8:     0x62b5f4f32629 - std[70759c8f55707aa4]::sys::backtrace::__rust_end_short_backtrace::<std[70759c8f55707aa4]::panicking::panic_handler::{closure#0}, !>
[INFO] [stdout]    9:     0x62b5f4f3a5ed - __rustc[8fa7c3cbc660c2b3]::rust_begin_unwind
[INFO] [stdout]   10:     0x62b5f4f7418c - core[df12db4294e9bfd3]::panicking::panic_fmt
[INFO] [stdout]   11:     0x62b5f4f73f62 - core[df12db4294e9bfd3]::result::unwrap_failed
[INFO] [stdout]   12:     0x62b5f4e8308c - compile_spec[f880f40fc018acdb]::compile::success::compiles_indented_syntax_for_a_sass_file
[INFO] [stdout]   13:     0x62b5f4e92bf9 - <compile_spec[f880f40fc018acdb]::compile::success::compiles_indented_syntax_for_a_sass_file::{closure#0} as core[df12db4294e9bfd3]::ops::function::FnOnce<()>>::call_once
[INFO] [stdout]   14:     0x62b5f4e9ad4b - test[9d35eded1c95d3be]::__rust_begin_short_backtrace::<core[df12db4294e9bfd3]::result::Result<(), alloc[2182bb758b4b3781]::string::String>, fn() -> core[df12db4294e9bfd3]::result::Result<(), alloc[2182bb758b4b3781]::string::String>>
[INFO] [stdout]   15:     0x62b5f4ea83b5 - test[9d35eded1c95d3be]::run_test::{closure#0}
[INFO] [stdout]   16:     0x62b5f4ea1c74 - std[70759c8f55707aa4]::sys::backtrace::__rust_begin_short_backtrace::<test[9d35eded1c95d3be]::run_test::{closure#1}, ()>
[INFO] [stdout]   17:     0x62b5f4eab512 - <std[70759c8f55707aa4]::thread::lifecycle::spawn_unchecked<test[9d35eded1c95d3be]::run_test::{closure#1}, ()>::{closure#1} as core[df12db4294e9bfd3]::ops::function::FnOnce<()>>::call_once::{shim:vtable#0}
[INFO] [stdout]   18:     0x62b5f4f5e539 - <std[70759c8f55707aa4]::sys::thread::unix::Thread>::new::thread_start
[INFO] [stdout]   19:     0x7ad8160b6dfa - <unknown>
[INFO] [stdout]   20:     0x7ad81614a3d4 - clone
[INFO] [stdout]   21:                0x0 - <unknown>
[INFO] [stdout] 
[INFO] [stdout] ---- compile::error::includes_the_path_s_url::in_syntax_errors stdout ----
[INFO] [stdout] 
[INFO] [stdout] thread 'compile::error::includes_the_path_s_url::in_syntax_errors' (1744) panicked at tests/compile_spec.rs:722:46:
[INFO] [stdout] called `Result::unwrap()` on an `Err` value: Exception { message: "No such file or directory (os error 2)", sass_message: None, sass_stack: None, span: None, source: Some(Os { code: 2, kind: NotFound, message: "No such file or directory" }) }
[INFO] [stdout] stack backtrace:
[INFO] [stdout]    0:     0x62b5f4f5ec91 - <<std[70759c8f55707aa4]::sys::backtrace::BacktraceLock>::print::DisplayBacktrace as core[df12db4294e9bfd3]::fmt::Display>::fmt
[INFO] [stdout]    1:     0x62b5f4f73a5a - core[df12db4294e9bfd3]::fmt::write
[INFO] [stdout]    2:     0x62b5f4f634ac - <alloc[2182bb758b4b3781]::vec::Vec<u8> as core[df12db4294e9bfd3]::io::write::Write>::write_fmt
[INFO] [stdout]    3:     0x62b5f4f39946 - std[70759c8f55707aa4]::panicking::default_hook::{closure#0}
[INFO] [stdout]    4:     0x62b5f4f56989 - std[70759c8f55707aa4]::panicking::default_hook
[INFO] [stdout]    5:     0x62b5f4ea7a60 - test[9d35eded1c95d3be]::test_main_inner::<test[9d35eded1c95d3be]::test_main_static::{closure#0}>::{closure#0}
[INFO] [stdout]    6:     0x62b5f4f56b42 - std[70759c8f55707aa4]::panicking::panic_with_hook
[INFO] [stdout]    7:     0x62b5f4f399f2 - std[70759c8f55707aa4]::panicking::panic_handler::{closure#0}
[INFO] [stdout]    8:     0x62b5f4f32629 - std[70759c8f55707aa4]::sys::backtrace::__rust_end_short_backtrace::<std[70759c8f55707aa4]::panicking::panic_handler::{closure#0}, !>
[INFO] [stdout]    9:     0x62b5f4f3a5ed - __rustc[8fa7c3cbc660c2b3]::rust_begin_unwind
[INFO] [stdout]   10:     0x62b5f4f7418c - core[df12db4294e9bfd3]::panicking::panic_fmt
[INFO] [stdout]   11:     0x62b5f4f73f62 - core[df12db4294e9bfd3]::result::unwrap_failed
[INFO] [stdout]   12:     0x62b5f4e9a24e - compile_spec[f880f40fc018acdb]::compile::error::includes_the_path_s_url::in_syntax_errors
[INFO] [stdout]   13:     0x62b5f4e94549 - <compile_spec[f880f40fc018acdb]::compile::error::includes_the_path_s_url::in_syntax_errors::{closure#0} as core[df12db4294e9bfd3]::ops::function::FnOnce<()>>::call_once
[INFO] [stdout]   14:     0x62b5f4e9ad4b - test[9d35eded1c95d3be]::__rust_begin_short_backtrace::<core[df12db4294e9bfd3]::result::Result<(), alloc[2182bb758b4b3781]::string::String>, fn() -> core[df12db4294e9bfd3]::result::Result<(), alloc[2182bb758b4b3781]::string::String>>
[INFO] [stdout]   15:     0x62b5f4ea83b5 - test[9d35eded1c95d3be]::run_test::{closure#0}
[INFO] [stdout]   16:     0x62b5f4ea1c74 - std[70759c8f55707aa4]::sys::backtrace::__rust_begin_short_backtrace::<test[9d35eded1c95d3be]::run_test::{closure#1}, ()>
[INFO] [stdout]   17:     0x62b5f4eab512 - <std[70759c8f55707aa4]::thread::lifecycle::spawn_unchecked<test[9d35eded1c95d3be]::run_test::{closure#1}, ()>::{closure#1} as core[df12db4294e9bfd3]::ops::function::FnOnce<()>>::call_once::{shim:vtable#0}
[INFO] [stdout]   18:     0x62b5f4f5e539 - <std[70759c8f55707aa4]::sys::thread::unix::Thread>::new::thread_start
[INFO] [stdout]   19:     0x7ad8160b6dfa - <unknown>
[INFO] [stdout]   20:     0x7ad81614a3d4 - clone
[INFO] [stdout]   21:                0x0 - <unknown>
[INFO] [stdout] 
[INFO] [stdout] ---- compile::success::compiles_scss_for_a_scss_file stdout ----
[INFO] [stdout] 
[INFO] [stdout] thread 'compile::success::compiles_scss_for_a_scss_file' (1749) panicked at tests/compile_spec.rs:534:44:
[INFO] [stdout] called `Result::unwrap()` on an `Err` value: Exception { message: "No such file or directory (os error 2)", sass_message: None, sass_stack: None, span: None, source: Some(Os { code: 2, kind: NotFound, message: "No such file or directory" }) }
[INFO] [stdout] stack backtrace:
[INFO] [stdout]    0:     0x62b5f4f5ec91 - <<std[70759c8f55707aa4]::sys::backtrace::BacktraceLock>::print::DisplayBacktrace as core[df12db4294e9bfd3]::fmt::Display>::fmt
[INFO] [stdout]    1:     0x62b5f4f73a5a - core[df12db4294e9bfd3]::fmt::write
[INFO] [stdout]    2:     0x62b5f4f634ac - <alloc[2182bb758b4b3781]::vec::Vec<u8> as core[df12db4294e9bfd3]::io::write::Write>::write_fmt
[INFO] [stdout]    3:     0x62b5f4f39946 - std[70759c8f55707aa4]::panicking::default_hook::{closure#0}
[INFO] [stdout]    4:     0x62b5f4f56989 - std[70759c8f55707aa4]::panicking::default_hook
[INFO] [stdout]    5:     0x62b5f4ea7a60 - test[9d35eded1c95d3be]::test_main_inner::<test[9d35eded1c95d3be]::test_main_static::{closure#0}>::{closure#0}
[INFO] [stdout]    6:     0x62b5f4f56b42 - std[70759c8f55707aa4]::panicking::panic_with_hook
[INFO] [stdout]    7:     0x62b5f4f399f2 - std[70759c8f55707aa4]::panicking::panic_handler::{closure#0}
[INFO] [stdout]    8:     0x62b5f4f32629 - std[70759c8f55707aa4]::sys::backtrace::__rust_end_short_backtrace::<std[70759c8f55707aa4]::panicking::panic_handler::{closure#0}, !>
[INFO] [stdout]    9:     0x62b5f4f3a5ed - __rustc[8fa7c3cbc660c2b3]::rust_begin_unwind
[INFO] [stdout]   10:     0x62b5f4f7418c - core[df12db4294e9bfd3]::panicking::panic_fmt
[INFO] [stdout]   11:     0x62b5f4f73f62 - core[df12db4294e9bfd3]::result::unwrap_failed
[INFO] [stdout]   12:     0x62b5f4e828ac - compile_spec[f880f40fc018acdb]::compile::success::compiles_scss_for_a_scss_file
[INFO] [stdout]   13:     0x62b5f4e92bb9 - <compile_spec[f880f40fc018acdb]::compile::success::compiles_scss_for_a_scss_file::{closure#0} as core[df12db4294e9bfd3]::ops::function::FnOnce<()>>::call_once
[INFO] [stdout]   14:     0x62b5f4e9ad4b - test[9d35eded1c95d3be]::__rust_begin_short_backtrace::<core[df12db4294e9bfd3]::result::Result<(), alloc[2182bb758b4b3781]::string::String>, fn() -> core[df12db4294e9bfd3]::result::Result<(), alloc[2182bb758b4b3781]::string::String>>
[INFO] [stdout]   15:     0x62b5f4ea83b5 - test[9d35eded1c95d3be]::run_test::{closure#0}
[INFO] [stdout]   16:     0x62b5f4ea1c74 - std[70759c8f55707aa4]::sys::backtrace::__rust_begin_short_backtrace::<test[9d35eded1c95d3be]::run_test::{closure#1}, ()>
[INFO] [stdout]   17:     0x62b5f4eab512 - <std[70759c8f55707aa4]::thread::lifecycle::spawn_unchecked<test[9d35eded1c95d3be]::run_test::{closure#1}, ()>::{closure#1} as core[df12db4294e9bfd3]::ops::function::FnOnce<()>>::call_once::{shim:vtable#0}
[INFO] [stdout]   18:     0x62b5f4f5e539 - <std[70759c8f55707aa4]::sys::thread::unix::Thread>::new::thread_start
[INFO] [stdout]   19:     0x7ad8160b6dfa - <unknown>
[INFO] [stdout]   20:     0x7ad81614a3d4 - clone
[INFO] [stdout]   21:                0x0 - <unknown>
[INFO] [stdout] 
[INFO] [stdout] ---- compile::success::loaded_urls::includes_an_absolute_path_s_url stdout ----
[INFO] [stdout] 
[INFO] [stdout] thread 'compile::success::loaded_urls::includes_an_absolute_path_s_url' (1762) panicked at tests/compile_spec.rs:600:46:
[INFO] [stdout] called `Result::unwrap()` on an `Err` value: Exception { message: "No such file or directory (os error 2)", sass_message: None, sass_stack: None, span: None, source: Some(Os { code: 2, kind: NotFound, message: "No such file or directory" }) }
[INFO] [stdout] stack backtrace:
[INFO] [stdout]    0:     0x62b5f4f5ec91 - <<std[70759c8f55707aa4]::sys::backtrace::BacktraceLock>::print::DisplayBacktrace as core[df12db4294e9bfd3]::fmt::Display>::fmt
[INFO] [stdout]    1:     0x62b5f4f73a5a - core[df12db4294e9bfd3]::fmt::write
[INFO] [stdout]    2:     0x62b5f4f634ac - <alloc[2182bb758b4b3781]::vec::Vec<u8> as core[df12db4294e9bfd3]::io::write::Write>::write_fmt
[INFO] [stdout]    3:     0x62b5f4f39946 - std[70759c8f55707aa4]::panicking::default_hook::{closure#0}
[INFO] [stdout]    4:     0x62b5f4f56989 - std[70759c8f55707aa4]::panicking::default_hook
[INFO] [stdout]    5:     0x62b5f4ea7a60 - test[9d35eded1c95d3be]::test_main_inner::<test[9d35eded1c95d3be]::test_main_static::{closure#0}>::{closure#0}
[INFO] [stdout]    6:     0x62b5f4f56b42 - std[70759c8f55707aa4]::panicking::panic_with_hook
[INFO] [stdout]    7:     0x62b5f4f399f2 - std[70759c8f55707aa4]::panicking::panic_handler::{closure#0}
[INFO] [stdout]    8:     0x62b5f4f32629 - std[70759c8f55707aa4]::sys::backtrace::__rust_end_short_backtrace::<std[70759c8f55707aa4]::panicking::panic_handler::{closure#0}, !>
[INFO] [stdout]    9:     0x62b5f4f3a5ed - __rustc[8fa7c3cbc660c2b3]::rust_begin_unwind
[INFO] [stdout]   10:     0x62b5f4f7418c - core[df12db4294e9bfd3]::panicking::panic_fmt
[INFO] [stdout]   11:     0x62b5f4f73f62 - core[df12db4294e9bfd3]::result::unwrap_failed
[INFO] [stdout]   12:     0x62b5f4e8d19d - compile_spec[f880f40fc018acdb]::compile::success::loaded_urls::includes_an_absolute_path_s_url
[INFO] [stdout]   13:     0x62b5f4e94609 - <compile_spec[f880f40fc018acdb]::compile::success::loaded_urls::includes_an_absolute_path_s_url::{closure#0} as core[df12db4294e9bfd3]::ops::function::FnOnce<()>>::call_once
[INFO] [stdout]   14:     0x62b5f4e9ad4b - test[9d35eded1c95d3be]::__rust_begin_short_backtrace::<core[df12db4294e9bfd3]::result::Result<(), alloc[2182bb758b4b3781]::string::String>, fn() -> core[df12db4294e9bfd3]::result::Result<(), alloc[2182bb758b4b3781]::string::String>>
[INFO] [stdout]   15:     0x62b5f4ea83b5 - test[9d35eded1c95d3be]::run_test::{closure#0}
[INFO] [stdout]   16:     0x62b5f4ea1c74 - std[70759c8f55707aa4]::sys::backtrace::__rust_begin_short_backtrace::<test[9d35eded1c95d3be]::run_test::{closure#1}, ()>
[INFO] [stdout]   17:     0x62b5f4eab512 - <std[70759c8f55707aa4]::thread::lifecycle::spawn_unchecked<test[9d35eded1c95d3be]::run_test::{closure#1}, ()>::{closure#1} as core[df12db4294e9bfd3]::ops::function::FnOnce<()>>::call_once::{shim:vtable#0}
[INFO] [stdout]   18:     0x62b5f4f5e539 - <std[70759c8f55707aa4]::sys::thread::unix::Thread>::new::thread_start
[INFO] [stdout]   19:     0x7ad8160b6dfa - <unknown>
[INFO] [stdout]   20:     0x7ad81614a3d4 - clone
[INFO] [stdout]   21:                0x0 - <unknown>
[INFO] [stdout] 
[INFO] [stdout] ---- compile::success::load_paths::is_used_to_resolve_loads stdout ----
[INFO] [stdout] 
[INFO] [stdout] thread 'compile::success::load_paths::is_used_to_resolve_loads' (1759) panicked at tests/compile_spec.rs:658:46:
[INFO] [stdout] called `Result::unwrap()` on an `Err` value: Exception { message: "No such file or directory (os error 2)", sass_message: None, sass_stack: None, span: None, source: Some(Os { code: 2, kind: NotFound, message: "No such file or directory" }) }
[INFO] [stdout] stack backtrace:
[INFO] [stdout]    0:     0x62b5f4f5ec91 - <<std[70759c8f55707aa4]::sys::backtrace::BacktraceLock>::print::DisplayBacktrace as core[df12db4294e9bfd3]::fmt::Display>::fmt
[INFO] [stdout]    1:     0x62b5f4f73a5a - core[df12db4294e9bfd3]::fmt::write
[INFO] [stdout]    2:     0x62b5f4f634ac - <alloc[2182bb758b4b3781]::vec::Vec<u8> as core[df12db4294e9bfd3]::io::write::Write>::write_fmt
[INFO] [stdout]    3:     0x62b5f4f39946 - std[70759c8f55707aa4]::panicking::default_hook::{closure#0}
[INFO] [stdout]    4:     0x62b5f4f56989 - std[70759c8f55707aa4]::panicking::default_hook
[INFO] [stdout]    5:     0x62b5f4ea7a60 - test[9d35eded1c95d3be]::test_main_inner::<test[9d35eded1c95d3be]::test_main_static::{closure#0}>::{closure#0}
[INFO] [stdout]    6:     0x62b5f4f56b42 - std[70759c8f55707aa4]::panicking::panic_with_hook
[INFO] [stdout]    7:     0x62b5f4f399f2 - std[70759c8f55707aa4]::panicking::panic_handler::{closure#0}
[INFO] [stdout]    8:     0x62b5f4f32629 - std[70759c8f55707aa4]::sys::backtrace::__rust_end_short_backtrace::<std[70759c8f55707aa4]::panicking::panic_handler::{closure#0}, !>
[INFO] [stdout]    9:     0x62b5f4f3a5ed - __rustc[8fa7c3cbc660c2b3]::rust_begin_unwind
[INFO] [stdout]   10:     0x62b5f4f7418c - core[df12db4294e9bfd3]::panicking::panic_fmt
[INFO] [stdout]   11:     0x62b5f4f73f62 - core[df12db4294e9bfd3]::result::unwrap_failed
[INFO] [stdout]   12:     0x62b5f4e85352 - compile_spec[f880f40fc018acdb]::compile::success::load_paths::is_used_to_resolve_loads
[INFO] [stdout]   13:     0x62b5f4e94589 - <compile_spec[f880f40fc018acdb]::compile::success::load_paths::is_used_to_resolve_loads::{closure#0} as core[df12db4294e9bfd3]::ops::function::FnOnce<()>>::call_once
[INFO] [stdout]   14:     0x62b5f4e9ad4b - test[9d35eded1c95d3be]::__rust_begin_short_backtrace::<core[df12db4294e9bfd3]::result::Result<(), alloc[2182bb758b4b3781]::string::String>, fn() -> core[df12db4294e9bfd3]::result::Result<(), alloc[2182bb758b4b3781]::string::String>>
[INFO] [stdout]   15:     0x62b5f4ea83b5 - test[9d35eded1c95d3be]::run_test::{closure#0}
[INFO] [stdout]   16:     0x62b5f4ea1c74 - std[70759c8f55707aa4]::sys::backtrace::__rust_begin_short_backtrace::<test[9d35eded1c95d3be]::run_test::{closure#1}, ()>
[INFO] [stdout]   17:     0x62b5f4eab512 - <std[70759c8f55707aa4]::thread::lifecycle::spawn_unchecked<test[9d35eded1c95d3be]::run_test::{closure#1}, ()>::{closure#1} as core[df12db4294e9bfd3]::ops::function::FnOnce<()>>::call_once::{shim:vtable#0}
[INFO] [stdout]   18:     0x62b5f4f5e539 - <std[70759c8f55707aa4]::sys::thread::unix::Thread>::new::thread_start
[INFO] [stdout]   19:     0x7ad8160b6dfa - <unknown>
[INFO] [stdout]   20:     0x7ad81614a3d4 - clone
[INFO] [stdout]   21:                0x0 - <unknown>
[INFO] [stdout] 
[INFO] [stdout] ---- compile::success::loaded_urls::contains_a_dependency stdout ----
[INFO] [stdout] 
[INFO] [stdout] thread 'compile::success::loaded_urls::contains_a_dependency' (1760) panicked at tests/compile_spec.rs:617:46:
[INFO] [stdout] called `Result::unwrap()` on an `Err` value: Exception { message: "No such file or directory (os error 2)", sass_message: None, sass_stack: None, span: None, source: Some(Os { code: 2, kind: NotFound, message: "No such file or directory" }) }
[INFO] [stdout] stack backtrace:
[INFO] [stdout]    0:     0x62b5f4f5ec91 - <<std[70759c8f55707aa4]::sys::backtrace::BacktraceLock>::print::DisplayBacktrace as core[df12db4294e9bfd3]::fmt::Display>::fmt
[INFO] [stdout]    1:     0x62b5f4f73a5a - core[df12db4294e9bfd3]::fmt::write
[INFO] [stdout]    2:     0x62b5f4f634ac - <alloc[2182bb758b4b3781]::vec::Vec<u8> as core[df12db4294e9bfd3]::io::write::Write>::write_fmt
[INFO] [stdout]    3:     0x62b5f4f39946 - std[70759c8f55707aa4]::panicking::default_hook::{closure#0}
[INFO] [stdout]    4:     0x62b5f4f56989 - std[70759c8f55707aa4]::panicking::default_hook
[INFO] [stdout]    5:     0x62b5f4ea7a60 - test[9d35eded1c95d3be]::test_main_inner::<test[9d35eded1c95d3be]::test_main_static::{closure#0}>::{closure#0}
[INFO] [stdout]    6:     0x62b5f4f56b42 - std[70759c8f55707aa4]::panicking::panic_with_hook
[INFO] [stdout]    7:     0x62b5f4f399f2 - std[70759c8f55707aa4]::panicking::panic_handler::{closure#0}
[INFO] [stdout]    8:     0x62b5f4f32629 - std[70759c8f55707aa4]::sys::backtrace::__rust_end_short_backtrace::<std[70759c8f55707aa4]::panicking::panic_handler::{closure#0}, !>
[INFO] [stdout]    9:     0x62b5f4f3a5ed - __rustc[8fa7c3cbc660c2b3]::rust_begin_unwind
[INFO] [stdout]   10:     0x62b5f4f7418c - core[df12db4294e9bfd3]::panicking::panic_fmt
[INFO] [stdout]   11:     0x62b5f4f73f62 - core[df12db4294e9bfd3]::result::unwrap_failed
[INFO] [stdout]   12:     0x62b5f4e8c548 - compile_spec[f880f40fc018acdb]::compile::success::loaded_urls::contains_a_dependency
[INFO] [stdout]   13:     0x62b5f4e945c9 - <compile_spec[f880f40fc018acdb]::compile::success::loaded_urls::contains_a_dependency::{closure#0} as core[df12db4294e9bfd3]::ops::function::FnOnce<()>>::call_once
[INFO] [stdout]   14:     0x62b5f4e9ad4b - test[9d35eded1c95d3be]::__rust_begin_short_backtrace::<core[df12db4294e9bfd3]::result::Result<(), alloc[2182bb758b4b3781]::string::String>, fn() -> core[df12db4294e9bfd3]::result::Result<(), alloc[2182bb758b4b3781]::string::String>>
[INFO] [stdout]   15:     0x62b5f4ea83b5 - test[9d35eded1c95d3be]::run_test::{closure#0}
[INFO] [stdout]   16:     0x62b5f4ea1c74 - std[70759c8f55707aa4]::sys::backtrace::__rust_begin_short_backtrace::<test[9d35eded1c95d3be]::run_test::{closure#1}, ()>
[INFO] [stdout]   17:     0x62b5f4eab512 - <std[70759c8f55707aa4]::thread::lifecycle::spawn_unchecked<test[9d35eded1c95d3be]::run_test::{closure#1}, ()>::{closure#1} as core[df12db4294e9bfd3]::ops::function::FnOnce<()>>::call_once::{shim:vtable#0}
[INFO] [stdout]   18:     0x62b5f4f5e539 - <std[70759c8f55707aa4]::sys::thread::unix::Thread>::new::thread_start
[INFO] [stdout]   19:     0x7ad8160b6dfa - <unknown>
[INFO] [stdout]   20:     0x7ad81614a3d4 - clone
[INFO] [stdout]   21:                0x0 - <unknown>
[INFO] [stdout] 
[INFO] [stdout] ---- compile::success::compiles_scss_for_a_file_with_an_unknown_extension stdout ----
[INFO] [stdout] 
[INFO] [stdout] thread 'compile::success::compiles_scss_for_a_file_with_an_unknown_extension' (1748) panicked at tests/compile_spec.rs:546:44:
[INFO] [stdout] called `Result::unwrap()` on an `Err` value: Exception { message: "No such file or directory (os error 2)", sass_message: None, sass_stack: None, span: None, source: Some(Os { code: 2, kind: NotFound, message: "No such file or directory" }) }
[INFO] [stdout] stack backtrace:
[INFO] [stdout]    0:     0x62b5f4f5ec91 - <<std[70759c8f55707aa4]::sys::backtrace::BacktraceLock>::print::DisplayBacktrace as core[df12db4294e9bfd3]::fmt::Display>::fmt
[INFO] [stdout]    1:     0x62b5f4f73a5a - core[df12db4294e9bfd3]::fmt::write
[INFO] [stdout]    2:     0x62b5f4f634ac - <alloc[2182bb758b4b3781]::vec::Vec<u8> as core[df12db4294e9bfd3]::io::write::Write>::write_fmt
[INFO] [stdout]    3:     0x62b5f4f39946 - std[70759c8f55707aa4]::panicking::default_hook::{closure#0}
[INFO] [stdout]    4:     0x62b5f4f56989 - std[70759c8f55707aa4]::panicking::default_hook
[INFO] [stdout]    5:     0x62b5f4ea7a60 - test[9d35eded1c95d3be]::test_main_inner::<test[9d35eded1c95d3be]::test_main_static::{closure#0}>::{closure#0}
[INFO] [stdout]    6:     0x62b5f4f56b42 - std[70759c8f55707aa4]::panicking::panic_with_hook
[INFO] [stdout]    7:     0x62b5f4f399f2 - std[70759c8f55707aa4]::panicking::panic_handler::{closure#0}
[INFO] [stdout]    8:     0x62b5f4f32629 - std[70759c8f55707aa4]::sys::backtrace::__rust_end_short_backtrace::<std[70759c8f55707aa4]::panicking::panic_handler::{closure#0}, !>
[INFO] [stdout]    9:     0x62b5f4f3a5ed - __rustc[8fa7c3cbc660c2b3]::rust_begin_unwind
[INFO] [stdout]   10:     0x62b5f4f7418c - core[df12db4294e9bfd3]::panicking::panic_fmt
[INFO] [stdout]   11:     0x62b5f4f73f62 - core[df12db4294e9bfd3]::result::unwrap_failed
[INFO] [stdout]   12:     0x62b5f4e838ac - compile_spec[f880f40fc018acdb]::compile::success::compiles_scss_for_a_file_with_an_unknown_extension
[INFO] [stdout]   13:     0x62b5f4e92c39 - <compile_spec[f880f40fc018acdb]::compile::success::compiles_scss_for_a_file_with_an_unknown_extension::{closure#0} as core[df12db4294e9bfd3]::ops::function::FnOnce<()>>::call_once
[INFO] [stdout]   14:     0x62b5f4e9ad4b - test[9d35eded1c95d3be]::__rust_begin_short_backtrace::<core[df12db4294e9bfd3]::result::Result<(), alloc[2182bb758b4b3781]::string::String>, fn() -> core[df12db4294e9bfd3]::result::Result<(), alloc[2182bb758b4b3781]::string::String>>
[INFO] [stdout]   15:     0x62b5f4ea83b5 - test[9d35eded1c95d3be]::run_test::{closure#0}
[INFO] [stdout]   16:     0x62b5f4ea1c74 - std[70759c8f55707aa4]::sys::backtrace::__rust_begin_short_backtrace::<test[9d35eded1c95d3be]::run_test::{closure#1}, ()>
[INFO] [stdout]   17:     0x62b5f4eab512 - <std[70759c8f55707aa4]::thread::lifecycle::spawn_unchecked<test[9d35eded1c95d3be]::run_test::{closure#1}, ()>::{closure#1} as core[df12db4294e9bfd3]::ops::function::FnOnce<()>>::call_once::{shim:vtable#0}
[INFO] [stdout]   18:     0x62b5f4f5e539 - <std[70759c8f55707aa4]::sys::thread::unix::Thread>::new::thread_start
[INFO] [stdout]   19:     0x7ad8160b6dfa - <unknown>
[INFO] [stdout]   20:     0x7ad81614a3d4 - clone
[INFO] [stdout]   21:                0x0 - <unknown>
[INFO] [stdout] 
[INFO] [stdout] ---- compile_string::error::includes_source_span_information::in_syntax_errors stdout ----
[INFO] [stdout] 
[INFO] [stdout] thread 'compile_string::error::includes_source_span_information::in_syntax_errors' (1769) panicked at tests/compile_spec.rs:477:46:
[INFO] [stdout] called `Result::unwrap()` on an `Err` value: Exception { message: "No such file or directory (os error 2)", sass_message: None, sass_stack: None, span: None, source: Some(Os { code: 2, kind: NotFound, message: "No such file or directory" }) }
[INFO] [stdout] stack backtrace:
[INFO] [stdout]    0:     0x62b5f4f5ec91 - <<std[70759c8f55707aa4]::sys::backtrace::BacktraceLock>::print::DisplayBacktrace as core[df12db4294e9bfd3]::fmt::Display>::fmt
[INFO] [stdout]    1:     0x62b5f4f73a5a - core[df12db4294e9bfd3]::fmt::write
[INFO] [stdout]    2:     0x62b5f4f634ac - <alloc[2182bb758b4b3781]::vec::Vec<u8> as core[df12db4294e9bfd3]::io::write::Write>::write_fmt
[INFO] [stdout]    3:     0x62b5f4f39946 - std[70759c8f55707aa4]::panicking::default_hook::{closure#0}
[INFO] [stdout]    4:     0x62b5f4f56989 - std[70759c8f55707aa4]::panicking::default_hook
[INFO] [stdout]    5:     0x62b5f4ea7a60 - test[9d35eded1c95d3be]::test_main_inner::<test[9d35eded1c95d3be]::test_main_static::{closure#0}>::{closure#0}
[INFO] [stdout]    6:     0x62b5f4f56b42 - std[70759c8f55707aa4]::panicking::panic_with_hook
[INFO] [stdout]    7:     0x62b5f4f399f2 - std[70759c8f55707aa4]::panicking::panic_handler::{closure#0}
[INFO] [stdout]    8:     0x62b5f4f32629 - std[70759c8f55707aa4]::sys::backtrace::__rust_end_short_backtrace::<std[70759c8f55707aa4]::panicking::panic_handler::{closure#0}, !>
[INFO] [stdout]    9:     0x62b5f4f3a5ed - __rustc[8fa7c3cbc660c2b3]::rust_begin_unwind
[INFO] [stdout]   10:     0x62b5f4f7418c - core[df12db4294e9bfd3]::panicking::panic_fmt
[INFO] [stdout]   11:     0x62b5f4f73f62 - core[df12db4294e9bfd3]::result::unwrap_failed
[INFO] [stdout]   12:     0x62b5f4e83f80 - compile_spec[f880f40fc018acdb]::compile_string::error::includes_source_span_information::in_syntax_errors
[INFO] [stdout]   13:     0x62b5f4e92c59 - <compile_spec[f880f40fc018acdb]::compile_string::error::includes_source_span_information::in_syntax_errors::{closure#0} as core[df12db4294e9bfd3]::ops::function::FnOnce<()>>::call_once
[INFO] [stdout]   14:     0x62b5f4e9ad4b - test[9d35eded1c95d3be]::__rust_begin_short_backtrace::<core[df12db4294e9bfd3]::result::Result<(), alloc[2182bb758b4b3781]::string::String>, fn() -> core[df12db4294e9bfd3]::result::Result<(), alloc[2182bb758b4b3781]::string::String>>
[INFO] [stdout]   15:     0x62b5f4ea83b5 - test[9d35eded1c95d3be]::run_test::{closure#0}
[INFO] [stdout]   16:     0x62b5f4ea1c74 - std[70759c8f55707aa4]::sys::backtrace::__rust_begin_short_backtrace::<test[9d35eded1c95d3be]::run_test::{closure#1}, ()>
[INFO] [stdout]   17:     0x62b5f4eab512 - <std[70759c8f55707aa4]::thread::lifecycle::spawn_unchecked<test[9d35eded1c95d3be]::run_test::{closure#1}, ()>::{closure#1} as core[df12db4294e9bfd3]::ops::function::FnOnce<()>>::call_once::{shim:vtable#0}
[INFO] [stdout]   18:     0x62b5f4f5e539 - <std[70759c8f55707aa4]::sys::thread::unix::Thread>::new::thread_start
[INFO] [stdout]   19:     0x7ad8160b6dfa - <unknown>
[INFO] [stdout]   20:     0x7ad81614a3d4 - clone
[INFO] [stdout]   21:                0x0 - <unknown>
[INFO] [stdout] 
[INFO] [stdout] ---- compile_string::error::includes_source_span_information::with_multi_span_errors stdout ----
[INFO] [stdout] 
[INFO] [stdout] thread 'compile_string::error::includes_source_span_information::with_multi_span_errors' (1771) panicked at tests/compile_spec.rs:509:46:
[INFO] [stdout] called `Result::unwrap()` on an `Err` value: Exception { message: "No such file or directory (os error 2)", sass_message: None, sass_stack: None, span: None, source: Some(Os { code: 2, kind: NotFound, message: "No such file or directory" }) }
[INFO] [stdout] stack backtrace:
[INFO] [stdout]    0:     0x62b5f4f5ec91 - <<std[70759c8f55707aa4]::sys::backtrace::BacktraceLock>::print::DisplayBacktrace as core[df12db4294e9bfd3]::fmt::Display>::fmt
[INFO] [stdout]    1:     0x62b5f4f73a5a - core[df12db4294e9bfd3]::fmt::write
[INFO] [stdout]    2:     0x62b5f4f634ac - <alloc[2182bb758b4b3781]::vec::Vec<u8> as core[df12db4294e9bfd3]::io::write::Write>::write_fmt
[INFO] [stdout]    3:     0x62b5f4f39946 - std[70759c8f55707aa4]::panicking::default_hook::{closure#0}
[INFO] [stdout]    4:     0x62b5f4f56989 - std[70759c8f55707aa4]::panicking::default_hook
[INFO] [stdout]    5:     0x62b5f4ea7a60 - test[9d35eded1c95d3be]::test_main_inner::<test[9d35eded1c95d3be]::test_main_static::{closure#0}>::{closure#0}
[INFO] [stdout]    6:     0x62b5f4f56b42 - std[70759c8f55707aa4]::panicking::panic_with_hook
[INFO] [stdout]    7:     0x62b5f4f399f2 - std[70759c8f55707aa4]::panicking::panic_handler::{closure#0}
[INFO] [stdout]    8:     0x62b5f4f32629 - std[70759c8f55707aa4]::sys::backtrace::__rust_end_short_backtrace::<std[70759c8f55707aa4]::panicking::panic_handler::{closure#0}, !>
[INFO] [stdout]    9:     0x62b5f4f3a5ed - __rustc[8fa7c3cbc660c2b3]::rust_begin_unwind
[INFO] [stdout]   10:     0x62b5f4f7418c - core[df12db4294e9bfd3]::panicking::panic_fmt
[INFO] [stdout]   11:     0x62b5f4f73f62 - core[df12db4294e9bfd3]::result::unwrap_failed
[INFO] [stdout]   12:     0x62b5f4e84e20 - compile_spec[f880f40fc018acdb]::compile_string::error::includes_source_span_information::with_multi_span_errors
[INFO] [stdout]   13:     0x62b5f4e92c99 - <compile_spec[f880f40fc018acdb]::compile_string::error::includes_source_span_information::with_multi_span_errors::{closure#0} as core[df12db4294e9bfd3]::ops::function::FnOnce<()>>::call_once
[INFO] [stdout]   14:     0x62b5f4e9ad4b - test[9d35eded1c95d3be]::__rust_begin_short_backtrace::<core[df12db4294e9bfd3]::result::Result<(), alloc[2182bb758b4b3781]::string::String>, fn() -> core[df12db4294e9bfd3]::result::Result<(), alloc[2182bb758b4b3781]::string::String>>
[INFO] [stdout]   15:     0x62b5f4ea83b5 - test[9d35eded1c95d3be]::run_test::{closure#0}
[INFO] [stdout]   16:     0x62b5f4ea1c74 - std[70759c8f55707aa4]::sys::backtrace::__rust_begin_short_backtrace::<test[9d35eded1c95d3be]::run_test::{closure#1}, ()>
[INFO] [stdout]   17:     0x62b5f4eab512 - <std[70759c8f55707aa4]::thread::lifecycle::spawn_unchecked<test[9d35eded1c95d3be]::run_test::{closure#1}, ()>::{closure#1} as core[df12db4294e9bfd3]::ops::function::FnOnce<()>>::call_once::{shim:vtable#0}
[INFO] [stdout]   18:     0x62b5f4f5e539 - <std[70759c8f55707aa4]::sys::thread::unix::Thread>::new::thread_start
[INFO] [stdout]   19:     0x7ad8160b6dfa - <unknown>
[INFO] [stdout]   20:     0x7ad81614a3d4 - clone
[INFO] [stdout]   21:                0x0 - <unknown>
[INFO] [stdout] 
[INFO] [stdout] ---- compile_string::error::requires_plain_css_with_explicit_syntax stdout ----
[INFO] [stdout] 
[INFO] [stdout] thread 'compile_string::error::requires_plain_css_with_explicit_syntax' (1775) panicked at tests/compile_spec.rs:424:44:
[INFO] [stdout] called `Result::unwrap()` on an `Err` value: Exception { message: "No such file or directory (os error 2)", sass_message: None, sass_stack: None, span: None, source: Some(Os { code: 2, kind: NotFound, message: "No such file or directory" }) }
[INFO] [stdout] stack backtrace:
[INFO] [stdout]    0:     0x62b5f4f5ec91 - <<std[70759c8f55707aa4]::sys::backtrace::BacktraceLock>::print::DisplayBacktrace as core[df12db4294e9bfd3]::fmt::Display>::fmt
[INFO] [stdout]    1:     0x62b5f4f73a5a - core[df12db4294e9bfd3]::fmt::write
[INFO] [stdout]    2:     0x62b5f4f634ac - <alloc[2182bb758b4b3781]::vec::Vec<u8> as core[df12db4294e9bfd3]::io::write::Write>::write_fmt
[INFO] [stdout]    3:     0x62b5f4f39946 - std[70759c8f55707aa4]::panicking::default_hook::{closure#0}
[INFO] [stdout]    4:     0x62b5f4f56989 - std[70759c8f55707aa4]::panicking::default_hook
[INFO] [stdout]    5:     0x62b5f4ea7a60 - test[9d35eded1c95d3be]::test_main_inner::<test[9d35eded1c95d3be]::test_main_static::{closure#0}>::{closure#0}
[INFO] [stdout]    6:     0x62b5f4f56b42 - std[70759c8f55707aa4]::panicking::panic_with_hook
[INFO] [stdout]    7:     0x62b5f4f399f2 - std[70759c8f55707aa4]::panicking::panic_handler::{closure#0}
[INFO] [stdout]    8:     0x62b5f4f32629 - std[70759c8f55707aa4]::sys::backtrace::__rust_end_short_backtrace::<std[70759c8f55707aa4]::panicking::panic_handler::{closure#0}, !>
[INFO] [stdout]    9:     0x62b5f4f3a5ed - __rustc[8fa7c3cbc660c2b3]::rust_begin_unwind
[INFO] [stdout]   10:     0x62b5f4f7418c - core[df12db4294e9bfd3]::panicking::panic_fmt
[INFO] [stdout]   11:     0x62b5f4f73f62 - core[df12db4294e9bfd3]::result::unwrap_failed
[INFO] [stdout]   12:     0x62b5f4e99d78 - compile_spec[f880f40fc018acdb]::compile_string::error::requires_plain_css_with_explicit_syntax
[INFO] [stdout]   13:     0x62b5f4e92b39 - <compile_spec[f880f40fc018acdb]::compile_string::error::requires_plain_css_with_explicit_syntax::{closure#0} as core[df12db4294e9bfd3]::ops::function::FnOnce<()>>::call_once
[INFO] [stdout]   14:     0x62b5f4e9ad4b - test[9d35eded1c95d3be]::__rust_begin_short_backtrace::<core[df12db4294e9bfd3]::result::Result<(), alloc[2182bb758b4b3781]::string::String>, fn() -> core[df12db4294e9bfd3]::result::Result<(), alloc[2182bb758b4b3781]::string::String>>
[INFO] [stdout]   15:     0x62b5f4ea83b5 - test[9d35eded1c95d3be]::run_test::{closure#0}
[INFO] [stdout]   16:     0x62b5f4ea1c74 - std[70759c8f55707aa4]::sys::backtrace::__rust_begin_short_backtrace::<test[9d35eded1c95d3be]::run_test::{closure#1}, ()>
[INFO] [stdout]   17:     0x62b5f4eab512 - <std[70759c8f55707aa4]::thread::lifecycle::spawn_unchecked<test[9d35eded1c95d3be]::run_test::{closure#1}, ()>::{closure#1} as core[df12db4294e9bfd3]::ops::function::FnOnce<()>>::call_once::{shim:vtable#0}
[INFO] [stdout]   18:     0x62b5f4f5e539 - <std[70759c8f55707aa4]::sys::thread::unix::Thread>::new::thread_start
[INFO] [stdout]   19:     0x7ad8160b6dfa - <unknown>
[INFO] [stdout]   20:     0x7ad81614a3d4 - clone
[INFO] [stdout]   21:                0x0 - <unknown>
[INFO] [stdout] 
[INFO] [stdout] ---- compile_string::success::charset::does_not_emit_at_charset_or_bom_if_charset_is_false stdout ----
[INFO] [stdout] 
[INFO] [stdout] thread 'compile_string::success::charset::does_not_emit_at_charset_or_bom_if_charset_is_false' (1777) panicked at tests/compile_spec.rs:407:46:
[INFO] [stdout] called `Result::unwrap()` on an `Err` value: Exception { message: "No such file or directory (os error 2)", sass_message: None, sass_stack: None, span: None, source: Some(Os { code: 2, kind: NotFound, message: "No such file or directory" }) }
[INFO] [stdout] stack backtrace:
[INFO] [stdout]    0:     0x62b5f4f5ec91 - <<std[70759c8f55707aa4]::sys::backtrace::BacktraceLock>::print::DisplayBacktrace as core[df12db4294e9bfd3]::fmt::Display>::fmt
[INFO] [stdout]    1:     0x62b5f4f73a5a - core[df12db4294e9bfd3]::fmt::write
[INFO] [stdout]    2:     0x62b5f4f634ac - <alloc[2182bb758b4b3781]::vec::Vec<u8> as core[df12db4294e9bfd3]::io::write::Write>::write_fmt
[INFO] [stdout]    3:     0x62b5f4f39946 - std[70759c8f55707aa4]::panicking::default_hook::{closure#0}
[INFO] [stdout]    4:     0x62b5f4f56989 - std[70759c8f55707aa4]::panicking::default_hook
[INFO] [stdout]    5:     0x62b5f4ea7a60 - test[9d35eded1c95d3be]::test_main_inner::<test[9d35eded1c95d3be]::test_main_static::{closure#0}>::{closure#0}
[INFO] [stdout]    6:     0x62b5f4f56b42 - std[70759c8f55707aa4]::panicking::panic_with_hook
[INFO] [stdout]    7:     0x62b5f4f399f2 - std[70759c8f55707aa4]::panicking::panic_handler::{closure#0}
[INFO] [stdout]    8:     0x62b5f4f32629 - std[70759c8f55707aa4]::sys::backtrace::__rust_end_short_backtrace::<std[70759c8f55707aa4]::panicking::panic_handler::{closure#0}, !>
[INFO] [stdout]    9:     0x62b5f4f3a5ed - __rustc[8fa7c3cbc660c2b3]::rust_begin_unwind
[INFO] [stdout]   10:     0x62b5f4f7418c - core[df12db4294e9bfd3]::panicking::panic_fmt
[INFO] [stdout]   11:     0x62b5f4f73f62 - core[df12db4294e9bfd3]::result::unwrap_failed
[INFO] [stdout]   12:     0x62b5f4e941e3 - <compile_spec[f880f40fc018acdb]::compile_string::success::charset::does_not_emit_at_charset_or_bom_if_charset_is_false::{closure#0} as core[df12db4294e9bfd3]::ops::function::FnOnce<()>>::call_once
[INFO] [stdout]   13:     0x62b5f4e9ad4b - test[9d35eded1c95d3be]::__rust_begin_short_backtrace::<core[df12db4294e9bfd3]::result::Result<(), alloc[2182bb758b4b3781]::string::String>, fn() -> core[df12db4294e9bfd3]::result::Result<(), alloc[2182bb758b4b3781]::string::String>>
[INFO] [stdout]   14:     0x62b5f4ea83b5 - test[9d35eded1c95d3be]::run_test::{closure#0}
[INFO] [stdout]   15:     0x62b5f4ea1c74 - std[70759c8f55707aa4]::sys::backtrace::__rust_begin_short_backtrace::<test[9d35eded1c95d3be]::run_test::{closure#1}, ()>
[INFO] [stdout]   16:     0x62b5f4eab512 - <std[70759c8f55707aa4]::thread::lifecycle::spawn_unchecked<test[9d35eded1c95d3be]::run_test::{closure#1}, ()>::{closure#1} as core[df12db4294e9bfd3]::ops::function::FnOnce<()>>::call_once::{shim:vtable#0}
[INFO] [stdout]   17:     0x62b5f4f5e539 - <std[70759c8f55707aa4]::sys::thread::unix::Thread>::new::thread_start
[INFO] [stdout]   18:     0x7ad8160b6dfa - <unknown>
[INFO] [stdout]   19:     0x7ad81614a3d4 - clone
[INFO] [stdout]   20:                0x0 - <unknown>
[INFO] [stdout] 
[INFO] [stdout] ---- compile_string::error::relative_loads_fail_without_a_url stdout ----
[INFO] [stdout] 
[INFO] [stdout] thread 'compile_string::error::relative_loads_fail_without_a_url' (1773) panicked at tests/compile_spec.rs:440:44:
[INFO] [stdout] called `Result::unwrap()` on an `Err` value: Exception { message: "No such file or directory (os error 2)", sass_message: None, sass_stack: None, span: None, source: Some(Os { code: 2, kind: NotFound, message: "No such file or directory" }) }
[INFO] [stdout] stack backtrace:
[INFO] [stdout]    0:     0x62b5f4f5ec91 - <<std[70759c8f55707aa4]::sys::backtrace::BacktraceLock>::print::DisplayBacktrace as core[df12db4294e9bfd3]::fmt::Display>::fmt
[INFO] [stdout]    1:     0x62b5f4f73a5a - core[df12db4294e9bfd3]::fmt::write
[INFO] [stdout]    2:     0x62b5f4f634ac - <alloc[2182bb758b4b3781]::vec::Vec<u8> as core[df12db4294e9bfd3]::io::write::Write>::write_fmt
[INFO] [stdout]    3:     0x62b5f4f39946 - std[70759c8f55707aa4]::panicking::default_hook::{closure#0}
[INFO] [stdout]    4:     0x62b5f4f56989 - std[70759c8f55707aa4]::panicking::default_hook
[INFO] [stdout]    5:     0x62b5f4ea7a60 - test[9d35eded1c95d3be]::test_main_inner::<test[9d35eded1c95d3be]::test_main_static::{closure#0}>::{closure#0}
[INFO] [stdout]    6:     0x62b5f4f56b42 - std[70759c8f55707aa4]::panicking::panic_with_hook
[INFO] [stdout]    7:     0x62b5f4f399f2 - std[70759c8f55707aa4]::panicking::panic_handler::{closure#0}
[INFO] [stdout]    8:     0x62b5f4f32629 - std[70759c8f55707aa4]::sys::backtrace::__rust_end_short_backtrace::<std[70759c8f55707aa4]::panicking::panic_handler::{closure#0}, !>
[INFO] [stdout]    9:     0x62b5f4f3a5ed - __rustc[8fa7c3cbc660c2b3]::rust_begin_unwind
[INFO] [stdout]   10:     0x62b5f4f7418c - core[df12db4294e9bfd3]::panicking::panic_fmt
[INFO] [stdout]   11:     0x62b5f4f73f62 - core[df12db4294e9bfd3]::result::unwrap_failed
[INFO] [stdout]   12:     0x62b5f4e99385 - compile_spec[f880f40fc018acdb]::compile_string::error::relative_loads_fail_without_a_url
[INFO] [stdout]   13:     0x62b5f4e92af9 - <compile_spec[f880f40fc018acdb]::compile_string::error::relative_loads_fail_without_a_url::{closure#0} as core[df12db4294e9bfd3]::ops::function::FnOnce<()>>::call_once
[INFO] [stdout]   14:     0x62b5f4e9ad4b - test[9d35eded1c95d3be]::__rust_begin_short_backtrace::<core[df12db4294e9bfd3]::result::Result<(), alloc[2182bb758b4b3781]::string::String>, fn() -> core[df12db4294e9bfd3]::result::Result<(), alloc[2182bb758b4b3781]::string::String>>
[INFO] [stdout]   15:     0x62b5f4ea83b5 - test[9d35eded1c95d3be]::run_test::{closure#0}
[INFO] [stdout]   16:     0x62b5f4ea1c74 - std[70759c8f55707aa4]::sys::backtrace::__rust_begin_short_backtrace::<test[9d35eded1c95d3be]::run_test::{closure#1}, ()>
[INFO] [stdout]   17:     0x62b5f4eab512 - <std[70759c8f55707aa4]::thread::lifecycle::spawn_unchecked<test[9d35eded1c95d3be]::run_test::{closure#1}, ()>::{closure#1} as core[df12db4294e9bfd3]::ops::function::FnOnce<()>>::call_once::{shim:vtable#0}
[INFO] [stdout]   18:     0x62b5f4f5e539 - <std[70759c8f55707aa4]::sys::thread::unix::Thread>::new::thread_start
[INFO] [stdout]   19:     0x7ad8160b6dfa - <unknown>
[INFO] [stdout]   20:     0x7ad81614a3d4 - clone
[INFO] [stdout]   21:                0x0 - <unknown>
[INFO] [stdout] 
[INFO] [stdout] ---- compile_string::error::relative_loads_fail_with_a_non_file_url stdout ----
[INFO] [stdout] 
[INFO] [stdout] thread 'compile_string::error::relative_loads_fail_with_a_non_file_url' (1772) panicked at tests/compile_spec.rs:453:44:
[INFO] [stdout] called `Result::unwrap()` on an `Err` value: Exception { message: "No such file or directory (os error 2)", sass_message: None, sass_stack: None, span: None, source: Some(Os { code: 2, kind: NotFound, message: "No such file or directory" }) }
[INFO] [stdout] stack backtrace:
[INFO] [stdout]    0:     0x62b5f4f5ec91 - <<std[70759c8f55707aa4]::sys::backtrace::BacktraceLock>::print::DisplayBacktrace as core[df12db4294e9bfd3]::fmt::Display>::fmt
[INFO] [stdout]    1:     0x62b5f4f73a5a - core[df12db4294e9bfd3]::fmt::write
[INFO] [stdout]    2:     0x62b5f4f634ac - <alloc[2182bb758b4b3781]::vec::Vec<u8> as core[df12db4294e9bfd3]::io::write::Write>::write_fmt
[INFO] [stdout]    3:     0x62b5f4f39946 - std[70759c8f55707aa4]::panicking::default_hook::{closure#0}
[INFO] [stdout]    4:     0x62b5f4f56989 - std[70759c8f55707aa4]::panicking::default_hook
[INFO] [stdout]    5:     0x62b5f4ea7a60 - test[9d35eded1c95d3be]::test_main_inner::<test[9d35eded1c95d3be]::test_main_static::{closure#0}>::{closure#0}
[INFO] [stdout]    6:     0x62b5f4f56b42 - std[70759c8f55707aa4]::panicking::panic_with_hook
[INFO] [stdout]    7:     0x62b5f4f399f2 - std[70759c8f55707aa4]::panicking::panic_handler::{closure#0}
[INFO] [stdout]    8:     0x62b5f4f32629 - std[70759c8f55707aa4]::sys::backtrace::__rust_end_short_backtrace::<std[70759c8f55707aa4]::panicking::panic_handler::{closure#0}, !>
[INFO] [stdout]    9:     0x62b5f4f3a5ed - __rustc[8fa7c3cbc660c2b3]::rust_begin_unwind
[INFO] [stdout]   10:     0x62b5f4f7418c - core[df12db4294e9bfd3]::panicking::panic_fmt
[INFO] [stdout]   11:     0x62b5f4f73f62 - core[df12db4294e9bfd3]::result::unwrap_failed
[INFO] [stdout]   12:     0x62b5f4e99a38 - compile_spec[f880f40fc018acdb]::compile_string::error::relative_loads_fail_with_a_non_file_url
[INFO] [stdout]   13:     0x62b5f4e92b19 - <compile_spec[f880f40fc018acdb]::compile_string::error::relative_loads_fail_with_a_non_file_url::{closure#0} as core[df12db4294e9bfd3]::ops::function::FnOnce<()>>::call_once
[INFO] [stdout]   14:     0x62b5f4e9ad4b - test[9d35eded1c95d3be]::__rust_begin_short_backtrace::<core[df12db4294e9bfd3]::result::Result<(), alloc[2182bb758b4b3781]::string::String>, fn() -> core[df12db4294e9bfd3]::result::Result<(), alloc[2182bb758b4b3781]::string::String>>
[INFO] [stdout]   15:     0x62b5f4ea83b5 - test[9d35eded1c95d3be]::run_test::{closure#0}
[INFO] [stdout]   16:     0x62b5f4ea1c74 - std[70759c8f55707aa4]::sys::backtrace::__rust_begin_short_backtrace::<test[9d35eded1c95d3be]::run_test::{closure#1}, ()>
[INFO] [stdout]   17:     0x62b5f4eab512 - <std[70759c8f55707aa4]::thread::lifecycle::spawn_unchecked<test[9d35eded1c95d3be]::run_test::{closure#1}, ()>::{closure#1} as core[df12db4294e9bfd3]::ops::function::FnOnce<()>>::call_once::{shim:vtable#0}
[INFO] [stdout]   18:     0x62b5f4f5e539 - <std[70759c8f55707aa4]::sys::thread::unix::Thread>::new::thread_start
[INFO] [stdout]   19:     0x7ad8160b6dfa - <unknown>
[INFO] [stdout]   20:     0x7ad81614a3d4 - clone
[INFO] [stdout]   21:                0x0 - <unknown>
[INFO] [stdout] 
[INFO] [stdout] ---- compile_string::success::charset::emits_at_charset_utf_8_or_bom_for_non_ascii_css_by_default stdout ----
[INFO] [stdout] 
[INFO] [stdout] thread 'compile_string::success::charset::emits_at_charset_utf_8_or_bom_for_non_ascii_css_by_default' (1781) panicked at tests/compile_spec.rs:398:46:
[INFO] [stdout] called `Result::unwrap()` on an `Err` value: Exception { message: "No such file or directory (os error 2)", sass_message: None, sass_stack: None, span: None, source: Some(Os { code: 2, kind: NotFound, message: "No such file or directory" }) }
[INFO] [stdout] stack backtrace:
[INFO] [stdout]    0:     0x62b5f4f5ec91 - <<std[70759c8f55707aa4]::sys::backtrace::BacktraceLock>::print::DisplayBacktrace as core[df12db4294e9bfd3]::fmt::Display>::fmt
[INFO] [stdout]    1:     0x62b5f4f73a5a - core[df12db4294e9bfd3]::fmt::write
[INFO] [stdout]    2:     0x62b5f4f634ac - <alloc[2182bb758b4b3781]::vec::Vec<u8> as core[df12db4294e9bfd3]::io::write::Write>::write_fmt
[INFO] [stdout]    3:     0x62b5f4f39946 - std[70759c8f55707aa4]::panicking::default_hook::{closure#0}
[INFO] [stdout]    4:     0x62b5f4f56989 - std[70759c8f55707aa4]::panicking::default_hook
[INFO] [stdout]    5:     0x62b5f4ea7a60 - test[9d35eded1c95d3be]::test_main_inner::<test[9d35eded1c95d3be]::test_main_static::{closure#0}>::{closure#0}
[INFO] [stdout]    6:     0x62b5f4f56b42 - std[70759c8f55707aa4]::panicking::panic_with_hook
[INFO] [stdout]    7:     0x62b5f4f399f2 - std[70759c8f55707aa4]::panicking::panic_handler::{closure#0}
[INFO] [stdout]    8:     0x62b5f4f32629 - std[70759c8f55707aa4]::sys::backtrace::__rust_end_short_backtrace::<std[70759c8f55707aa4]::panicking::panic_handler::{closure#0}, !>
[INFO] [stdout]    9:     0x62b5f4f3a5ed - __rustc[8fa7c3cbc660c2b3]::rust_begin_unwind
[INFO] [stdout]   10:     0x62b5f4f7418c - core[df12db4294e9bfd3]::panicking::panic_fmt
[INFO] [stdout]   11:     0x62b5f4f73f62 - core[df12db4294e9bfd3]::result::unwrap_failed
[INFO] [stdout]   12:     0x62b5f4e944e3 - <compile_spec[f880f40fc018acdb]::compile_string::success::charset::emits_at_charset_utf_8_or_bom_for_non_ascii_css_by_default::{closure#0} as core[df12db4294e9bfd3]::ops::function::FnOnce<()>>::call_once
[INFO] [stdout]   13:     0x62b5f4e9ad4b - test[9d35eded1c95d3be]::__rust_begin_short_backtrace::<core[df12db4294e9bfd3]::result::Result<(), alloc[2182bb758b4b3781]::string::String>, fn() -> core[df12db4294e9bfd3]::result::Result<(), alloc[2182bb758b4b3781]::string::String>>
[INFO] [stdout]   14:     0x62b5f4ea83b5 - test[9d35eded1c95d3be]::run_test::{closure#0}
[INFO] [stdout]   15:     0x62b5f4ea1c74 - std[70759c8f55707aa4]::sys::backtrace::__rust_begin_short_backtrace::<test[9d35eded1c95d3be]::run_test::{closure#1}, ()>
[INFO] [stdout]   16:     0x62b5f4eab512 - <std[70759c8f55707aa4]::thread::lifecycle::spawn_unchecked<test[9d35eded1c95d3be]::run_test::{closure#1}, ()>::{closure#1} as core[df12db4294e9bfd3]::ops::function::FnOnce<()>>::call_once::{shim:vtable#0}
[INFO] [stdout]   17:     0x62b5f4f5e539 - <std[70759c8f55707aa4]::sys::thread::unix::Thread>::new::thread_start
[INFO] [stdout]   18:     0x7ad8160b6dfa - <unknown>
[INFO] [stdout]   19:     0x7ad81614a3d4 - clone
[INFO] [stdout]   20:                0x0 - <unknown>
[INFO] [stdout] 
[INFO] [stdout] ---- compile_string::success::file_url_is_used_to_resolve_relative_loads stdout ----
[INFO] [stdout] 
[INFO] [stdout] thread 'compile_string::success::file_url_is_used_to_resolve_relative_loads' (1782) panicked at tests/compile_spec.rs:215:44:
[INFO] [stdout] called `Result::unwrap()` on an `Err` value: Exception { message: "No such file or directory (os error 2)", sass_message: None, sass_stack: None, span: None, source: Some(Os { code: 2, kind: NotFound, message: "No such file or directory" }) }
[INFO] [stdout] stack backtrace:
[INFO] [stdout]    0:     0x62b5f4f5ec91 - <<std[70759c8f55707aa4]::sys::backtrace::BacktraceLock>::print::DisplayBacktrace as core[df12db4294e9bfd3]::fmt::Display>::fmt
[INFO] [stdout]    1:     0x62b5f4f73a5a - core[df12db4294e9bfd3]::fmt::write
[INFO] [stdout]    2:     0x62b5f4f634ac - <alloc[2182bb758b4b3781]::vec::Vec<u8> as core[df12db4294e9bfd3]::io::write::Write>::write_fmt
[INFO] [stdout]    3:     0x62b5f4f39946 - std[70759c8f55707aa4]::panicking::default_hook::{closure#0}
[INFO] [stdout]    4:     0x62b5f4f56989 - std[70759c8f55707aa4]::panicking::default_hook
[INFO] [stdout]    5:     0x62b5f4ea7a60 - test[9d35eded1c95d3be]::test_main_inner::<test[9d35eded1c95d3be]::test_main_static::{closure#0}>::{closure#0}
[INFO] [stdout]    6:     0x62b5f4f56b42 - std[70759c8f55707aa4]::panicking::panic_with_hook
[INFO] [stdout]    7:     0x62b5f4f399f2 - std[70759c8f55707aa4]::panicking::panic_handler::{closure#0}
[INFO] [stdout]    8:     0x62b5f4f32629 - std[70759c8f55707aa4]::sys::backtrace::__rust_end_short_backtrace::<std[70759c8f55707aa4]::panicking::panic_handler::{closure#0}, !>
[INFO] [stdout]    9:     0x62b5f4f3a5ed - __rustc[8fa7c3cbc660c2b3]::rust_begin_unwind
[INFO] [stdout]   10:     0x62b5f4f7418c - core[df12db4294e9bfd3]::panicking::panic_fmt
[INFO] [stdout]   11:     0x62b5f4f73f62 - core[df12db4294e9bfd3]::result::unwrap_failed
[INFO] [stdout]   12:     0x62b5f4e8b815 - compile_spec[f880f40fc018acdb]::compile_string::success::file_url_is_used_to_resolve_relative_loads
[INFO] [stdout]   13:     0x62b5f4e92b79 - <compile_spec[f880f40fc018acdb]::compile_string::success::file_url_is_used_to_resolve_relative_loads::{closure#0} as core[df12db4294e9bfd3]::ops::function::FnOnce<()>>::call_once
[INFO] [stdout]   14:     0x62b5f4e9ad4b - test[9d35eded1c95d3be]::__rust_begin_short_backtrace::<core[df12db4294e9bfd3]::result::Result<(), alloc[2182bb758b4b3781]::string::String>, fn() -> core[df12db4294e9bfd3]::result::Result<(), alloc[2182bb758b4b3781]::string::String>>
[INFO] [stdout]   15:     0x62b5f4ea83b5 - test[9d35eded1c95d3be]::run_test::{closure#0}
[INFO] [stdout]   16:     0x62b5f4ea1c74 - std[70759c8f55707aa4]::sys::backtrace::__rust_begin_short_backtrace::<test[9d35eded1c95d3be]::run_test::{closure#1}, ()>
[INFO] [stdout]   17:     0x62b5f4eab512 - <std[70759c8f55707aa4]::thread::lifecycle::spawn_unchecked<test[9d35eded1c95d3be]::run_test::{closure#1}, ()>::{closure#1} as core[df12db4294e9bfd3]::ops::function::FnOnce<()>>::call_once::{shim:vtable#0}
[INFO] [stdout]   18:     0x62b5f4f5e539 - <std[70759c8f55707aa4]::sys::thread::unix::Thread>::new::thread_start
[INFO] [stdout]   19:     0x7ad8160b6dfa - <unknown>
[INFO] [stdout]   20:     0x7ad81614a3d4 - clone
[INFO] [stdout]   21:                0x0 - <unknown>
[INFO] [stdout] 
[INFO] [stdout] ---- compile_string::success::input::compiles_plain_css_with_explicit_syntax stdout ----
[INFO] [stdout] 
[INFO] [stdout] thread 'compile_string::success::input::compiles_plain_css_with_explicit_syntax' (1785) panicked at tests/compile_spec.rs:57:46:
[INFO] [stdout] called `Result::unwrap()` on an `Err` value: Exception { message: "No such file or directory (os error 2)", sass_message: None, sass_stack: None, span: None, source: Some(Os { code: 2, kind: NotFound, message: "No such file or directory" }) }
[INFO] [stdout] stack backtrace:
[INFO] [stdout]    0:     0x62b5f4f5ec91 - <<std[70759c8f55707aa4]::sys::backtrace::BacktraceLock>::print::DisplayBacktrace as core[df12db4294e9bfd3]::fmt::Display>::fmt
[INFO] [stdout]    1:     0x62b5f4f73a5a - core[df12db4294e9bfd3]::fmt::write
[INFO] [stdout]    2:     0x62b5f4f634ac - <alloc[2182bb758b4b3781]::vec::Vec<u8> as core[df12db4294e9bfd3]::io::write::Write>::write_fmt
[INFO] [stdout]    3:     0x62b5f4f39946 - std[70759c8f55707aa4]::panicking::default_hook::{closure#0}
[INFO] [stdout]    4:     0x62b5f4f56989 - std[70759c8f55707aa4]::panicking::default_hook
[INFO] [stdout]    5:     0x62b5f4ea7a60 - test[9d35eded1c95d3be]::test_main_inner::<test[9d35eded1c95d3be]::test_main_static::{closure#0}>::{closure#0}
[INFO] [stdout]    6:     0x62b5f4f56b42 - std[70759c8f55707aa4]::panicking::panic_with_hook
[INFO] [stdout]    7:     0x62b5f4f399f2 - std[70759c8f55707aa4]::panicking::panic_handler::{closure#0}
[INFO] [stdout]    8:     0x62b5f4f32629 - std[70759c8f55707aa4]::sys::backtrace::__rust_end_short_backtrace::<std[70759c8f55707aa4]::panicking::panic_handler::{closure#0}, !>
[INFO] [stdout]    9:     0x62b5f4f3a5ed - __rustc[8fa7c3cbc660c2b3]::rust_begin_unwind
[INFO] [stdout]   10:     0x62b5f4f7418c - core[df12db4294e9bfd3]::panicking::panic_fmt
[INFO] [stdout]   11:     0x62b5f4f73f62 - core[df12db4294e9bfd3]::result::unwrap_failed
[INFO] [stdout]   12:     0x62b5f4e93703 - <compile_spec[f880f40fc018acdb]::compile_string::success::input::compiles_plain_css_with_explicit_syntax::{closure#0} as core[df12db4294e9bfd3]::ops::function::FnOnce<()>>::call_once
[INFO] [stdout]   13:     0x62b5f4e9ad4b - test[9d35eded1c95d3be]::__rust_begin_short_backtrace::<core[df12db4294e9bfd3]::result::Result<(), alloc[2182bb758b4b3781]::string::String>, fn() -> core[df12db4294e9bfd3]::result::Result<(), alloc[2182bb758b4b3781]::string::String>>
[INFO] [stdout]   14:     0x62b5f4ea83b5 - test[9d35eded1c95d3be]::run_test::{closure#0}
[INFO] [stdout]   15:     0x62b5f4ea1c74 - std[70759c8f55707aa4]::sys::backtrace::__rust_begin_short_backtrace::<test[9d35eded1c95d3be]::run_test::{closure#1}, ()>
[INFO] [stdout]   16:     0x62b5f4eab512 - <std[70759c8f55707aa4]::thread::lifecycle::spawn_unchecked<test[9d35eded1c95d3be]::run_test::{closure#1}, ()>::{closure#1} as core[df12db4294e9bfd3]::ops::function::FnOnce<()>>::call_once::{shim:vtable#0}
[INFO] [stdout]   17:     0x62b5f4f5e539 - <std[70759c8f55707aa4]::sys::thread::unix::Thread>::new::thread_start
[INFO] [stdout]   18:     0x7ad8160b6dfa - <unknown>
[INFO] [stdout]   19:     0x7ad81614a3d4 - clone
[INFO] [stdout]   20:                0x0 - <unknown>
[INFO] [stdout] 
[INFO] [stdout] ---- compile_string::success::input::compiles_indented_syntax_with_explicit_syntax stdout ----
[INFO] [stdout] 
[INFO] [stdout] thread 'compile_string::success::input::compiles_indented_syntax_with_explicit_syntax' (1783) panicked at tests/compile_spec.rs:43:46:
[INFO] [stdout] called `Result::unwrap()` on an `Err` value: Exception { message: "No such file or directory (os error 2)", sass_message: None, sass_stack: None, span: None, source: Some(Os { code: 2, kind: NotFound, message: "No such file or directory" }) }
[INFO] [stdout] stack backtrace:
[INFO] [stdout]    0:     0x62b5f4f5ec91 - <<std[70759c8f55707aa4]::sys::backtrace::BacktraceLock>::print::DisplayBacktrace as core[df12db4294e9bfd3]::fmt::Display>::fmt
[INFO] [stdout]    1:     0x62b5f4f73a5a - core[df12db4294e9bfd3]::fmt::write
[INFO] [stdout]    2:     0x62b5f4f634ac - <alloc[2182bb758b4b3781]::vec::Vec<u8> as core[df12db4294e9bfd3]::io::write::Write>::write_fmt
[INFO] [stdout]    3:     0x62b5f4f39946 - std[70759c8f55707aa4]::panicking::default_hook::{closure#0}
[INFO] [stdout]    4:     0x62b5f4f56989 - std[70759c8f55707aa4]::panicking::default_hook
[INFO] [stdout]    5:     0x62b5f4ea7a60 - test[9d35eded1c95d3be]::test_main_inner::<test[9d35eded1c95d3be]::test_main_static::{closure#0}>::{closure#0}
[INFO] [stdout]    6:     0x62b5f4f56b42 - std[70759c8f55707aa4]::panicking::panic_with_hook
[INFO] [stdout]    7:     0x62b5f4f399f2 - std[70759c8f55707aa4]::panicking::panic_handler::{closure#0}
[INFO] [stdout]    8:     0x62b5f4f32629 - std[70759c8f55707aa4]::sys::backtrace::__rust_end_short_backtrace::<std[70759c8f55707aa4]::panicking::panic_handler::{closure#0}, !>
[INFO] [stdout]    9:     0x62b5f4f3a5ed - __rustc[8fa7c3cbc660c2b3]::rust_begin_unwind
[INFO] [stdout]   10:     0x62b5f4f7418c - core[df12db4294e9bfd3]::panicking::panic_fmt
[INFO] [stdout]   11:     0x62b5f4f73f62 - core[df12db4294e9bfd3]::result::unwrap_failed
[INFO] [stdout]   12:     0x62b5f4e93a13 - <compile_spec[f880f40fc018acdb]::compile_string::success::input::compiles_indented_syntax_with_explicit_syntax::{closure#0} as core[df12db4294e9bfd3]::ops::function::FnOnce<()>>::call_once
[INFO] [stdout]   13:     0x62b5f4e9ad4b - test[9d35eded1c95d3be]::__rust_begin_short_backtrace::<core[df12db4294e9bfd3]::result::Result<(), alloc[2182bb758b4b3781]::string::String>, fn() -> core[df12db4294e9bfd3]::result::Result<(), alloc[2182bb758b4b3781]::string::String>>
[INFO] [stdout]   14:     0x62b5f4ea83b5 - test[9d35eded1c95d3be]::run_test::{closure#0}
[INFO] [stdout]   15:     0x62b5f4ea1c74 - std[70759c8f55707aa4]::sys::backtrace::__rust_begin_short_backtrace::<test[9d35eded1c95d3be]::run_test::{closure#1}, ()>
[INFO] [stdout]   16:     0x62b5f4eab512 - <std[70759c8f55707aa4]::thread::lifecycle::spawn_unchecked<test[9d35eded1c95d3be]::run_test::{closure#1}, ()>::{closure#1} as core[df12db4294e9bfd3]::ops::function::FnOnce<()>>::call_once::{shim:vtable#0}
[INFO] [stdout]   17:     0x62b5f4f5e539 - <std[70759c8f55707aa4]::sys::thread::unix::Thread>::new::thread_start
[INFO] [stdout]   18:     0x7ad8160b6dfa - <unknown>
[INFO] [stdout]   19:     0x7ad81614a3d4 - clone
[INFO] [stdout]   20:                0x0 - <unknown>
[INFO] [stdout] 
[INFO] [stdout] ---- compile_string::success::input::compiles_scss_by_default stdout ----
[INFO] [stdout] 
[INFO] [stdout] thread 'compile_string::success::input::compiles_scss_by_default' (1786) panicked at tests/compile_spec.rs:22:46:
[INFO] [stdout] called `Result::unwrap()` on an `Err` value: Exception { message: "No such file or directory (os error 2)", sass_message: None, sass_stack: None, span: None, source: Some(Os { code: 2, kind: NotFound, message: "No such file or directory" }) }
[INFO] [stdout] stack backtrace:
[INFO] [stderr] error: test failed, to rerun pass `--test compile_spec`
[INFO] [stdout]    0:     0x62b5f4f5ec91 - <<std[70759c8f55707aa4]::sys::backtrace::BacktraceLock>::print::DisplayBacktrace as core[df12db4294e9bfd3]::fmt::Display>::fmt
[INFO] [stdout]    1:     0x62b5f4f73a5a - core[df12db4294e9bfd3]::fmt::write
[INFO] [stdout]    2:     0x62b5f4f634ac - <alloc[2182bb758b4b3781]::vec::Vec<u8> as core[df12db4294e9bfd3]::io::write::Write>::write_fmt
[INFO] [stdout]    3:     0x62b5f4f39946 - std[70759c8f55707aa4]::panicking::default_hook::{closure#0}
[INFO] [stdout]    4:     0x62b5f4f56989 - std[70759c8f55707aa4]::panicking::default_hook
[INFO] [stdout]    5:     0x62b5f4ea7a60 - test[9d35eded1c95d3be]::test_main_inner::<test[9d35eded1c95d3be]::test_main_static::{closure#0}>::{closure#0}
[INFO] [stdout]    6:     0x62b5f4f56b42 - std[70759c8f55707aa4]::panicking::panic_with_hook
[INFO] [stdout]    7:     0x62b5f4f399f2 - std[70759c8f55707aa4]::panicking::panic_handler::{closure#0}
[INFO] [stdout]    8:     0x62b5f4f32629 - std[70759c8f55707aa4]::sys::backtrace::__rust_end_short_backtrace::<std[70759c8f55707aa4]::panicking::panic_handler::{closure#0}, !>
[INFO] [stdout]    9:     0x62b5f4f3a5ed - __rustc[8fa7c3cbc660c2b3]::rust_begin_unwind
[INFO] [stdout]   10:     0x62b5f4f7418c - core[df12db4294e9bfd3]::panicking::panic_fmt
[INFO] [stdout]   11:     0x62b5f4f73f62 - core[df12db4294e9bfd3]::result::unwrap_failed
[INFO] [stdout]   12:     0x62b5f4e930e3 - <compile_spec[f880f40fc018acdb]::compile_string::success::input::compiles_scss_by_default::{closure#0} as core[df12db4294e9bfd3]::ops::function::FnOnce<()>>::call_once
[INFO] [stdout]   13:     0x62b5f4e9ad4b - test[9d35eded1c95d3be]::__rust_begin_short_backtrace::<core[df12db4294e9bfd3]::result::Result<(), alloc[2182bb758b4b3781]::string::String>, fn() -> core[df12db4294e9bfd3]::result::Result<(), alloc[2182bb758b4b3781]::string::String>>
[INFO] [stdout]   14:     0x62b5f4ea83b5 - test[9d35eded1c95d3be]::run_test::{closure#0}
[INFO] [stdout]   15:     0x62b5f4ea1c74 - std[70759c8f55707aa4]::sys::backtrace::__rust_begin_short_backtrace::<test[9d35eded1c95d3be]::run_test::{closure#1}, ()>
[INFO] [stdout]   16:     0x62b5f4eab512 - <std[70759c8f55707aa4]::thread::lifecycle::spawn_unchecked<test[9d35eded1c95d3be]::run_test::{closure#1}, ()>::{closure#1} as core[df12db4294e9bfd3]::ops::function::FnOnce<()>>::call_once::{shim:vtable#0}
[INFO] [stdout]   17:     0x62b5f4f5e539 - <std[70759c8f55707aa4]::sys::thread::unix::Thread>::new::thread_start
[INFO] [stdout]   18:     0x7ad8160b6dfa - <unknown>
[INFO] [stdout]   19:     0x7ad81614a3d4 - clone
[INFO] [stdout]   20:                0x0 - <unknown>
[INFO] [stdout] 
[INFO] [stdout] ---- compile::success::load_paths::does_not_take_precedence_over_loads_relative_to_the_entrypoint stdout ----
[INFO] [stdout] 
[INFO] [stdout] thread 'compile::success::load_paths::does_not_take_precedence_over_loads_relative_to_the_entrypoint' (1750) panicked at tests/compile_spec.rs:681:46:
[INFO] [stdout] called `Result::unwrap()` on an `Err` value: Exception { message: "No such file or directory (os error 2)", sass_message: None, sass_stack: None, span: None, source: Some(Os { code: 2, kind: NotFound, message: "No such file or directory" }) }
[INFO] [stdout] stack backtrace:
[INFO] [stdout]    0:     0x62b5f4f5ec91 - <<std[70759c8f55707aa4]::sys::backtrace::BacktraceLock>::print::DisplayBacktrace as core[df12db4294e9bfd3]::fmt::Display>::fmt
[INFO] [stdout]    1:     0x62b5f4f73a5a - core[df12db4294e9bfd3]::fmt::write
[INFO] [stdout]    2:     0x62b5f4f634ac - <alloc[2182bb758b4b3781]::vec::Vec<u8> as core[df12db4294e9bfd3]::io::write::Write>::write_fmt
[INFO] [stdout]    3:     0x62b5f4f39946 - std[70759c8f55707aa4]::panicking::default_hook::{closure#0}
[INFO] [stdout]    4:     0x62b5f4f56989 - std[70759c8f55707aa4]::panicking::default_hook
[INFO] [stdout]    5:     0x62b5f4ea7a60 - test[9d35eded1c95d3be]::test_main_inner::<test[9d35eded1c95d3be]::test_main_static::{closure#0}>::{closure#0}
[INFO] [stdout]    6:     0x62b5f4f56b42 - std[70759c8f55707aa4]::panicking::panic_with_hook
[INFO] [stdout]    7:     0x62b5f4f399f2 - std[70759c8f55707aa4]::panicking::panic_handler::{closure#0}
[INFO] [stdout]    8:     0x62b5f4f32629 - std[70759c8f55707aa4]::sys::backtrace::__rust_end_short_backtrace::<std[70759c8f55707aa4]::panicking::panic_handler::{closure#0}, !>
[INFO] [stdout]    9:     0x62b5f4f3a5ed - __rustc[8fa7c3cbc660c2b3]::rust_begin_unwind
[INFO] [stdout]   10:     0x62b5f4f7418c - core[df12db4294e9bfd3]::panicking::panic_fmt
[INFO] [stdout]   11:     0x62b5f4f73f62 - core[df12db4294e9bfd3]::result::unwrap_failed
[INFO] [stdout]   12:     0x62b5f4e85872 - compile_spec[f880f40fc018acdb]::compile::success::load_paths::does_not_take_precedence_over_loads_relative_to_the_entrypoint
[INFO] [stdout]   13:     0x62b5f4e945a9 - <compile_spec[f880f40fc018acdb]::compile::success::load_paths::does_not_take_precedence_over_loads_relative_to_the_entrypoint::{closure#0} as core[df12db4294e9bfd3]::ops::function::FnOnce<()>>::call_once
[INFO] [stdout]   14:     0x62b5f4e9ad4b - test[9d35eded1c95d3be]::__rust_begin_short_backtrace::<core[df12db4294e9bfd3]::result::Result<(), alloc[2182bb758b4b3781]::string::String>, fn() -> core[df12db4294e9bfd3]::result::Result<(), alloc[2182bb758b4b3781]::string::String>>
[INFO] [stdout]   15:     0x62b5f4ea83b5 - test[9d35eded1c95d3be]::run_test::{closure#0}
[INFO] [stdout]   16:     0x62b5f4ea1c74 - std[70759c8f55707aa4]::sys::backtrace::__rust_begin_short_backtrace::<test[9d35eded1c95d3be]::run_test::{closure#1}, ()>
[INFO] [stdout]   17:     0x62b5f4eab512 - <std[70759c8f55707aa4]::thread::lifecycle::spawn_unchecked<test[9d35eded1c95d3be]::run_test::{closure#1}, ()>::{closure#1} as core[df12db4294e9bfd3]::ops::function::FnOnce<()>>::call_once::{shim:vtable#0}
[INFO] [stdout]   18:     0x62b5f4f5e539 - <std[70759c8f55707aa4]::sys::thread::unix::Thread>::new::thread_start
[INFO] [stdout]   19:     0x7ad8160b6dfa - <unknown>
[INFO] [stdout]   20:     0x7ad81614a3d4 - clone
[INFO] [stdout]   21:                0x0 - <unknown>
[INFO] [stdout] 
[INFO] [stdout] ---- compile::success::loaded_urls::includes_a_relative_path_s_url stdout ----
[INFO] [stdout] 
[INFO] [stdout] thread 'compile::success::loaded_urls::includes_a_relative_path_s_url' (1761) panicked at tests/compile_spec.rs:585:46:
[INFO] [stdout] called `Result::unwrap()` on an `Err` value: Exception { message: "No such file or directory (os error 2)", sass_message: None, sass_stack: None, span: None, source: Some(Os { code: 2, kind: NotFound, message: "No such file or directory" }) }
[INFO] [stdout] stack backtrace:
[INFO] [stdout]    0:     0x62b5f4f5ec91 - <<std[70759c8f55707aa4]::sys::backtrace::BacktraceLock>::print::DisplayBacktrace as core[df12db4294e9bfd3]::fmt::Display>::fmt
[INFO] [stdout]    1:     0x62b5f4f73a5a - core[df12db4294e9bfd3]::fmt::write
[INFO] [stdout]    2:     0x62b5f4f634ac - <alloc[2182bb758b4b3781]::vec::Vec<u8> as core[df12db4294e9bfd3]::io::write::Write>::write_fmt
[INFO] [stdout]    3:     0x62b5f4f39946 - std[70759c8f55707aa4]::panicking::default_hook::{closure#0}
[INFO] [stdout]    4:     0x62b5f4f56989 - std[70759c8f55707aa4]::panicking::default_hook
[INFO] [stdout]    5:     0x62b5f4ea7a60 - test[9d35eded1c95d3be]::test_main_inner::<test[9d35eded1c95d3be]::test_main_static::{closure#0}>::{closure#0}
[INFO] [stdout]    6:     0x62b5f4f56b42 - std[70759c8f55707aa4]::panicking::panic_with_hook
[INFO] [stdout]    7:     0x62b5f4f399f2 - std[70759c8f55707aa4]::panicking::panic_handler::{closure#0}
[INFO] [stdout]    8:     0x62b5f4f32629 - std[70759c8f55707aa4]::sys::backtrace::__rust_end_short_backtrace::<std[70759c8f55707aa4]::panicking::panic_handler::{closure#0}, !>
[INFO] [stdout]    9:     0x62b5f4f3a5ed - __rustc[8fa7c3cbc660c2b3]::rust_begin_unwind
[INFO] [stdout]   10:     0x62b5f4f7418c - core[df12db4294e9bfd3]::panicking::panic_fmt
[INFO] [stdout]   11:     0x62b5f4f73f62 - core[df12db4294e9bfd3]::result::unwrap_failed
[INFO] [stdout]   12:     0x62b5f4e8cbad - compile_spec[f880f40fc018acdb]::compile::success::loaded_urls::includes_a_relative_path_s_url
[INFO] [stdout]   13:     0x62b5f4e945e9 - <compile_spec[f880f40fc018acdb]::compile::success::loaded_urls::includes_a_relative_path_s_url::{closure#0} as core[df12db4294e9bfd3]::ops::function::FnOnce<()>>::call_once
[INFO] [stdout]   14:     0x62b5f4e9ad4b - test[9d35eded1c95d3be]::__rust_begin_short_backtrace::<core[df12db4294e9bfd3]::result::Result<(), alloc[2182bb758b4b3781]::string::String>, fn() -> core[df12db4294e9bfd3]::result::Result<(), alloc[2182bb758b4b3781]::string::String>>
[INFO] [stdout]   15:     0x62b5f4ea83b5 - test[9d35eded1c95d3be]::run_test::{closure#0}
[INFO] [stdout]   16:     0x62b5f4ea1c74 - std[70759c8f55707aa4]::sys::backtrace::__rust_begin_short_backtrace::<test[9d35eded1c95d3be]::run_test::{closure#1}, ()>
[INFO] [stdout]   17:     0x62b5f4eab512 - <std[70759c8f55707aa4]::thread::lifecycle::spawn_unchecked<test[9d35eded1c95d3be]::run_test::{closure#1}, ()>::{closure#1} as core[df12db4294e9bfd3]::ops::function::FnOnce<()>>::call_once::{shim:vtable#0}
[INFO] [stdout]   18:     0x62b5f4f5e539 - <std[70759c8f55707aa4]::sys::thread::unix::Thread>::new::thread_start
[INFO] [stdout]   19:     0x7ad8160b6dfa - <unknown>
[INFO] [stdout]   20:     0x7ad81614a3d4 - clone
[INFO] [stdout]   21:                0x0 - <unknown>
[INFO] [stdout] 
[INFO] [stdout] ---- compile_string::error::includes_source_span_information::in_runtime_errors stdout ----
[INFO] [stdout] 
[INFO] [stdout] thread 'compile_string::error::includes_source_span_information::in_runtime_errors' (1767) panicked at tests/compile_spec.rs:493:46:
[INFO] [stdout] called `Result::unwrap()` on an `Err` value: Exception { message: "No such file or directory (os error 2)", sass_message: None, sass_stack: None, span: None, source: Some(Os { code: 2, kind: NotFound, message: "No such file or directory" }) }
[INFO] [stdout] stack backtrace:
[INFO] [stdout]    0:     0x62b5f4f5ec91 - <<std[70759c8f55707aa4]::sys::backtrace::BacktraceLock>::print::DisplayBacktrace as core[df12db4294e9bfd3]::fmt::Display>::fmt
[INFO] [stdout]    1:     0x62b5f4f73a5a - core[df12db4294e9bfd3]::fmt::write
[INFO] [stdout]    2:     0x62b5f4f634ac - <alloc[2182bb758b4b3781]::vec::Vec<u8> as core[df12db4294e9bfd3]::io::write::Write>::write_fmt
[INFO] [stdout]    3:     0x62b5f4f39946 - std[70759c8f55707aa4]::panicking::default_hook::{closure#0}
[INFO] [stdout]    4:     0x62b5f4f56989 - std[70759c8f55707aa4]::panicking::default_hook
[INFO] [stdout]    5:     0x62b5f4ea7a60 - test[9d35eded1c95d3be]::test_main_inner::<test[9d35eded1c95d3be]::test_main_static::{closure#0}>::{closure#0}
[INFO] [stdout]    6:     0x62b5f4f56b42 - std[70759c8f55707aa4]::panicking::panic_with_hook
[INFO] [stdout]    7:     0x62b5f4f399f2 - std[70759c8f55707aa4]::panicking::panic_handler::{closure#0}
[INFO] [stdout]    8:     0x62b5f4f32629 - std[70759c8f55707aa4]::sys::backtrace::__rust_end_short_backtrace::<std[70759c8f55707aa4]::panicking::panic_handler::{closure#0}, !>
[INFO] [stdout]    9:     0x62b5f4f3a5ed - __rustc[8fa7c3cbc660c2b3]::rust_begin_unwind
[INFO] [stdout]   10:     0x62b5f4f7418c - core[df12db4294e9bfd3]::panicking::panic_fmt
[INFO] [stdout]   11:     0x62b5f4f73f62 - core[df12db4294e9bfd3]::result::unwrap_failed
[INFO] [stdout]   12:     0x62b5f4e846d0 - compile_spec[f880f40fc018acdb]::compile_string::error::includes_source_span_information::in_runtime_errors
[INFO] [stdout]   13:     0x62b5f4e92c79 - <compile_spec[f880f40fc018acdb]::compile_string::error::includes_source_span_information::in_runtime_errors::{closure#0} as core[df12db4294e9bfd3]::ops::function::FnOnce<()>>::call_once
[INFO] [stdout]   14:     0x62b5f4e9ad4b - test[9d35eded1c95d3be]::__rust_begin_short_backtrace::<core[df12db4294e9bfd3]::result::Result<(), alloc[2182bb758b4b3781]::string::String>, fn() -> core[df12db4294e9bfd3]::result::Result<(), alloc[2182bb758b4b3781]::string::String>>
[INFO] [stdout]   15:     0x62b5f4ea83b5 - test[9d35eded1c95d3be]::run_test::{closure#0}
[INFO] [stdout]   16:     0x62b5f4ea1c74 - std[70759c8f55707aa4]::sys::backtrace::__rust_begin_short_backtrace::<test[9d35eded1c95d3be]::run_test::{closure#1}, ()>
[INFO] [stdout]   17:     0x62b5f4eab512 - <std[70759c8f55707aa4]::thread::lifecycle::spawn_unchecked<test[9d35eded1c95d3be]::run_test::{closure#1}, ()>::{closure#1} as core[df12db4294e9bfd3]::ops::function::FnOnce<()>>::call_once::{shim:vtable#0}
[INFO] [stdout]   18:     0x62b5f4f5e539 - <std[70759c8f55707aa4]::sys::thread::unix::Thread>::new::thread_start
[INFO] [stdout]   19:     0x7ad8160b6dfa - <unknown>
[INFO] [stdout]   20:     0x7ad81614a3d4 - clone
[INFO] [stdout]   21:                0x0 - <unknown>
[INFO] [stdout] 
[INFO] [stdout] ---- compile_string::success::input::compiles_scss_with_explicit_syntax stdout ----
[INFO] [stdout] 
[INFO] [stdout] thread 'compile_string::success::input::compiles_scss_with_explicit_syntax' (1790) panicked at tests/compile_spec.rs:31:46:
[INFO] [stdout] called `Result::unwrap()` on an `Err` value: Exception { message: "No such file or directory (os error 2)", sass_message: None, sass_stack: None, span: None, source: Some(Os { code: 2, kind: NotFound, message: "No such file or directory" }) }
[INFO] [stdout] stack backtrace:
[INFO] [stdout]    0:     0x62b5f4f5ec91 - <<std[70759c8f55707aa4]::sys::backtrace::BacktraceLock>::print::DisplayBacktrace as core[df12db4294e9bfd3]::fmt::Display>::fmt
[INFO] [stdout]    1:     0x62b5f4f73a5a - core[df12db4294e9bfd3]::fmt::write
[INFO] [stdout]    2:     0x62b5f4f634ac - <alloc[2182bb758b4b3781]::vec::Vec<u8> as core[df12db4294e9bfd3]::io::write::Write>::write_fmt
[INFO] [stdout]    3:     0x62b5f4f39946 - std[70759c8f55707aa4]::panicking::default_hook::{closure#0}
[INFO] [stdout]    4:     0x62b5f4f56989 - std[70759c8f55707aa4]::panicking::default_hook
[INFO] [stdout]    5:     0x62b5f4ea7a60 - test[9d35eded1c95d3be]::test_main_inner::<test[9d35eded1c95d3be]::test_main_static::{closure#0}>::{closure#0}
[INFO] [stdout]    6:     0x62b5f4f56b42 - std[70759c8f55707aa4]::panicking::panic_with_hook
[INFO] [stdout]    7:     0x62b5f4f399f2 - std[70759c8f55707aa4]::panicking::panic_handler::{closure#0}
[INFO] [stdout]    8:     0x62b5f4f32629 - std[70759c8f55707aa4]::sys::backtrace::__rust_end_short_backtrace::<std[70759c8f55707aa4]::panicking::panic_handler::{closure#0}, !>
[INFO] [stdout]    9:     0x62b5f4f3a5ed - __rustc[8fa7c3cbc660c2b3]::rust_begin_unwind
[INFO] [stdout]   10:     0x62b5f4f7418c - core[df12db4294e9bfd3]::panicking::panic_fmt
[INFO] [stdout]   11:     0x62b5f4f73f62 - core[df12db4294e9bfd3]::result::unwrap_failed
[INFO] [stdout]   12:     0x62b5f4e933f3 - <compile_spec[f880f40fc018acdb]::compile_string::success::input::compiles_scss_with_explicit_syntax::{closure#0} as core[df12db4294e9bfd3]::ops::function::FnOnce<()>>::call_once
[INFO] [stdout]   13:     0x62b5f4e9ad4b - test[9d35eded1c95d3be]::__rust_begin_short_backtrace::<core[df12db4294e9bfd3]::result::Result<(), alloc[2182bb758b4b3781]::string::String>, fn() -> core[df12db4294e9bfd3]::result::Result<(), alloc[2182bb758b4b3781]::string::String>>
[INFO] [stdout]   14:     0x62b5f4ea83b5 - test[9d35eded1c95d3be]::run_test::{closure#0}
[INFO] [stdout]   15:     0x62b5f4ea1c74 - std[70759c8f55707aa4]::sys::backtrace::__rust_begin_short_backtrace::<test[9d35eded1c95d3be]::run_test::{closure#1}, ()>
[INFO] [stdout]   16:     0x62b5f4eab512 - <std[70759c8f55707aa4]::thread::lifecycle::spawn_unchecked<test[9d35eded1c95d3be]::run_test::{closure#1}, ()>::{closure#1} as core[df12db4294e9bfd3]::ops::function::FnOnce<()>>::call_once::{shim:vtable#0}
[INFO] [stdout]   17:     0x62b5f4f5e539 - <std[70759c8f55707aa4]::sys::thread::unix::Thread>::new::thread_start
[INFO] [stdout]   18:     0x7ad8160b6dfa - <unknown>
[INFO] [stdout]   19:     0x7ad81614a3d4 - clone
[INFO] [stdout]   20:                0x0 - <unknown>
[INFO] [stdout] 
[INFO] [stdout] ---- compile::success::the_path_is_used_to_resolve_relative_loads stdout ----
[INFO] [stdout] 
[INFO] [stdout] thread 'compile::success::the_path_is_used_to_resolve_relative_loads' (1766) panicked at tests/compile_spec.rs:638:44:
[INFO] [stdout] called `Result::unwrap()` on an `Err` value: Exception { message: "No such file or directory (os error 2)", sass_message: None, sass_stack: None, span: None, source: Some(Os { code: 2, kind: NotFound, message: "No such file or directory" }) }
[INFO] [stdout] stack backtrace:
[INFO] [stdout]    0:     0x62b5f4f5ec91 - <<std[70759c8f55707aa4]::sys::backtrace::BacktraceLock>::print::DisplayBacktrace as core[df12db4294e9bfd3]::fmt::Display>::fmt
[INFO] [stdout]    1:     0x62b5f4f73a5a - core[df12db4294e9bfd3]::fmt::write
[INFO] [stdout]    2:     0x62b5f4f634ac - <alloc[2182bb758b4b3781]::vec::Vec<u8> as core[df12db4294e9bfd3]::io::write::Write>::write_fmt
[INFO] [stdout]    3:     0x62b5f4f39946 - std[70759c8f55707aa4]::panicking::default_hook::{closure#0}
[INFO] [stdout]    4:     0x62b5f4f56989 - std[70759c8f55707aa4]::panicking::default_hook
[INFO] [stdout]    5:     0x62b5f4ea7a60 - test[9d35eded1c95d3be]::test_main_inner::<test[9d35eded1c95d3be]::test_main_static::{closure#0}>::{closure#0}
[INFO] [stdout]    6:     0x62b5f4f56b42 - std[70759c8f55707aa4]::panicking::panic_with_hook
[INFO] [stdout]    7:     0x62b5f4f399f2 - std[70759c8f55707aa4]::panicking::panic_handler::{closure#0}
[INFO] [stdout]    8:     0x62b5f4f32629 - std[70759c8f55707aa4]::sys::backtrace::__rust_end_short_backtrace::<std[70759c8f55707aa4]::panicking::panic_handler::{closure#0}, !>
[INFO] [stdout]    9:     0x62b5f4f3a5ed - __rustc[8fa7c3cbc660c2b3]::rust_begin_unwind
[INFO] [stdout]   10:     0x62b5f4f7418c - core[df12db4294e9bfd3]::panicking::panic_fmt
[INFO] [stdout]   11:     0x62b5f4f73f62 - core[df12db4294e9bfd3]::result::unwrap_failed
[INFO] [stdout]   12:     0x62b5f4e834bc - compile_spec[f880f40fc018acdb]::compile::success::the_path_is_used_to_resolve_relative_loads
[INFO] [stdout]   13:     0x62b5f4e92c19 - <compile_spec[f880f40fc018acdb]::compile::success::the_path_is_used_to_resolve_relative_loads::{closure#0} as core[df12db4294e9bfd3]::ops::function::FnOnce<()>>::call_once
[INFO] [stdout]   14:     0x62b5f4e9ad4b - test[9d35eded1c95d3be]::__rust_begin_short_backtrace::<core[df12db4294e9bfd3]::result::Result<(), alloc[2182bb758b4b3781]::string::String>, fn() -> core[df12db4294e9bfd3]::result::Result<(), alloc[2182bb758b4b3781]::string::String>>
[INFO] [stdout]   15:     0x62b5f4ea83b5 - test[9d35eded1c95d3be]::run_test::{closure#0}
[INFO] [stdout]   16:     0x62b5f4ea1c74 - std[70759c8f55707aa4]::sys::backtrace::__rust_begin_short_backtrace::<test[9d35eded1c95d3be]::run_test::{closure#1}, ()>
[INFO] [stdout]   17:     0x62b5f4eab512 - <std[70759c8f55707aa4]::thread::lifecycle::spawn_unchecked<test[9d35eded1c95d3be]::run_test::{closure#1}, ()>::{closure#1} as core[df12db4294e9bfd3]::ops::function::FnOnce<()>>::call_once::{shim:vtable#0}
[INFO] [stdout]   18:     0x62b5f4f5e539 - <std[70759c8f55707aa4]::sys::thread::unix::Thread>::new::thread_start
[INFO] [stdout]   19:     0x7ad8160b6dfa - <unknown>
[INFO] [stdout]   20:     0x7ad81614a3d4 - clone
[INFO] [stdout]   21:                0x0 - <unknown>
[INFO] [stdout] 
[INFO] [stdout] ---- compile_string::success::load_paths::uses_earlier_paths_in_preference_to_later_ones stdout ----
[INFO] [stdout] 
[INFO] [stdout] thread 'compile_string::success::load_paths::uses_earlier_paths_in_preference_to_later_ones' (1800) panicked at tests/compile_spec.rs:313:46:
[INFO] [stdout] called `Result::unwrap()` on an `Err` value: Exception { message: "No such file or directory (os error 2)", sass_message: None, sass_stack: None, span: None, source: Some(Os { code: 2, kind: NotFound, message: "No such file or directory" }) }
[INFO] [stdout] stack backtrace:
[INFO] [stdout]    0:     0x62b5f4f5ec91 - <<std[70759c8f55707aa4]::sys::backtrace::BacktraceLock>::print::DisplayBacktrace as core[df12db4294e9bfd3]::fmt::Display>::fmt
[INFO] [stdout]    1:     0x62b5f4f73a5a - core[df12db4294e9bfd3]::fmt::write
[INFO] [stdout]    2:     0x62b5f4f634ac - <alloc[2182bb758b4b3781]::vec::Vec<u8> as core[df12db4294e9bfd3]::io::write::Write>::write_fmt
[INFO] [stdout]    3:     0x62b5f4f39946 - std[70759c8f55707aa4]::panicking::default_hook::{closure#0}
[INFO] [stdout]    4:     0x62b5f4f56989 - std[70759c8f55707aa4]::panicking::default_hook
[INFO] [stdout]    5:     0x62b5f4ea7a60 - test[9d35eded1c95d3be]::test_main_inner::<test[9d35eded1c95d3be]::test_main_static::{closure#0}>::{closure#0}
[INFO] [stdout]    6:     0x62b5f4f56b42 - std[70759c8f55707aa4]::panicking::panic_with_hook
[INFO] [stdout]    7:     0x62b5f4f399f2 - std[70759c8f55707aa4]::panicking::panic_handler::{closure#0}
[INFO] [stdout]    8:     0x62b5f4f32629 - std[70759c8f55707aa4]::sys::backtrace::__rust_end_short_backtrace::<std[70759c8f55707aa4]::panicking::panic_handler::{closure#0}, !>
[INFO] [stdout]    9:     0x62b5f4f3a5ed - __rustc[8fa7c3cbc660c2b3]::rust_begin_unwind
[INFO] [stdout]   10:     0x62b5f4f7418c - core[df12db4294e9bfd3]::panicking::panic_fmt
[INFO] [stdout]   11:     0x62b5f4f73f62 - core[df12db4294e9bfd3]::result::unwrap_failed
[INFO] [stdout]   12:     0x62b5f4e882c1 - compile_spec[f880f40fc018acdb]::compile_string::success::load_paths::uses_earlier_paths_in_preference_to_later_ones
[INFO] [stdout]   13:     0x62b5f4e92cf9 - <compile_spec[f880f40fc018acdb]::compile_string::success::load_paths::uses_earlier_paths_in_preference_to_later_ones::{closure#0} as core[df12db4294e9bfd3]::ops::function::FnOnce<()>>::call_once
[INFO] [stdout]   14:     0x62b5f4e9ad4b - test[9d35eded1c95d3be]::__rust_begin_short_backtrace::<core[df12db4294e9bfd3]::result::Result<(), alloc[2182bb758b4b3781]::string::String>, fn() -> core[df12db4294e9bfd3]::result::Result<(), alloc[2182bb758b4b3781]::string::String>>
[INFO] [stdout]   15:     0x62b5f4ea83b5 - test[9d35eded1c95d3be]::run_test::{closure#0}
[INFO] [stdout]   16:     0x62b5f4ea1c74 - std[70759c8f55707aa4]::sys::backtrace::__rust_begin_short_backtrace::<test[9d35eded1c95d3be]::run_test::{closure#1}, ()>
[INFO] [stdout]   17:     0x62b5f4eab512 - <std[70759c8f55707aa4]::thread::lifecycle::spawn_unchecked<test[9d35eded1c95d3be]::run_test::{closure#1}, ()>::{closure#1} as core[df12db4294e9bfd3]::ops::function::FnOnce<()>>::call_once::{shim:vtable#0}
[INFO] [stdout]   18:     0x62b5f4f5e539 - <std[70759c8f55707aa4]::sys::thread::unix::Thread>::new::thread_start
[INFO] [stdout]   19:     0x7ad8160b6dfa - <unknown>
[INFO] [stdout]   20:     0x7ad81614a3d4 - clone
[INFO] [stdout]   21:                0x0 - <unknown>
[INFO] [stdout] 
[INFO] [stdout] ---- compile_string::success::input::does_not_take_its_syntax_from_the_url_s_extension stdout ----
[INFO] [stdout] 
[INFO] [stdout] thread 'compile_string::success::input::does_not_take_its_syntax_from_the_url_s_extension' (1794) panicked at tests/compile_spec.rs:69:46:
[INFO] [stdout] called `Result::unwrap()` on an `Err` value: Exception { message: "No such file or directory (os error 2)", sass_message: None, sass_stack: None, span: None, source: Some(Os { code: 2, kind: NotFound, message: "No such file or directory" }) }
[INFO] [stdout] stack backtrace:
[INFO] [stdout]    0:     0x62b5f4f5ec91 - <<std[70759c8f55707aa4]::sys::backtrace::BacktraceLock>::print::DisplayBacktrace as core[df12db4294e9bfd3]::fmt::Display>::fmt
[INFO] [stdout]    1:     0x62b5f4f73a5a - core[df12db4294e9bfd3]::fmt::write
[INFO] [stdout]    2:     0x62b5f4f634ac - <alloc[2182bb758b4b3781]::vec::Vec<u8> as core[df12db4294e9bfd3]::io::write::Write>::write_fmt
[INFO] [stdout]    3:     0x62b5f4f39946 - std[70759c8f55707aa4]::panicking::default_hook::{closure#0}
[INFO] [stdout]    4:     0x62b5f4f56989 - std[70759c8f55707aa4]::panicking::default_hook
[INFO] [stdout]    5:     0x62b5f4ea7a60 - test[9d35eded1c95d3be]::test_main_inner::<test[9d35eded1c95d3be]::test_main_static::{closure#0}>::{closure#0}
[INFO] [stdout]    6:     0x62b5f4f56b42 - std[70759c8f55707aa4]::panicking::panic_with_hook
[INFO] [stdout]    7:     0x62b5f4f399f2 - std[70759c8f55707aa4]::panicking::panic_handler::{closure#0}
[INFO] [stdout]    8:     0x62b5f4f32629 - std[70759c8f55707aa4]::sys::backtrace::__rust_end_short_backtrace::<std[70759c8f55707aa4]::panicking::panic_handler::{closure#0}, !>
[INFO] [stdout]    9:     0x62b5f4f3a5ed - __rustc[8fa7c3cbc660c2b3]::rust_begin_unwind
[INFO] [stdout]   10:     0x62b5f4f7418c - core[df12db4294e9bfd3]::panicking::panic_fmt
[INFO] [stdout]   11:     0x62b5f4f73f62 - core[df12db4294e9bfd3]::result::unwrap_failed
[INFO] [stdout]   12:     0x62b5f4e93ebf - <compile_spec[f880f40fc018acdb]::compile_string::success::input::does_not_take_its_syntax_from_the_url_s_extension::{closure#0} as core[df12db4294e9bfd3]::ops::function::FnOnce<()>>::call_once
[INFO] [stdout]   13:     0x62b5f4e9ad4b - test[9d35eded1c95d3be]::__rust_begin_short_backtrace::<core[df12db4294e9bfd3]::result::Result<(), alloc[2182bb758b4b3781]::string::String>, fn() -> core[df12db4294e9bfd3]::result::Result<(), alloc[2182bb758b4b3781]::string::String>>
[INFO] [stdout]   14:     0x62b5f4ea83b5 - test[9d35eded1c95d3be]::run_test::{closure#0}
[INFO] [stdout]   15:     0x62b5f4ea1c74 - std[70759c8f55707aa4]::sys::backtrace::__rust_begin_short_backtrace::<test[9d35eded1c95d3be]::run_test::{closure#1}, ()>
[INFO] [stdout]   16:     0x62b5f4eab512 - <std[70759c8f55707aa4]::thread::lifecycle::spawn_unchecked<test[9d35eded1c95d3be]::run_test::{closure#1}, ()>::{closure#1} as core[df12db4294e9bfd3]::ops::function::FnOnce<()>>::call_once::{shim:vtable#0}
[INFO] [stdout]   17:     0x62b5f4f5e539 - <std[70759c8f55707aa4]::sys::thread::unix::Thread>::new::thread_start
[INFO] [stdout]   18:     0x7ad8160b6dfa - <unknown>
[INFO] [stdout]   19:     0x7ad81614a3d4 - clone
[INFO] [stdout]   20:                0x0 - <unknown>
[INFO] [stdout] 
[INFO] [stdout] ---- compile_string::success::load_paths::resolves_loads_using_later_paths_if_earlier_ones_do_not_match stdout ----
[INFO] [stdout] 
[INFO] [stdout] thread 'compile_string::success::load_paths::resolves_loads_using_later_paths_if_earlier_ones_do_not_match' (1798) panicked at tests/compile_spec.rs:269:46:
[INFO] [stdout] called `Result::unwrap()` on an `Err` value: Exception { message: "No such file or directory (os error 2)", sass_message: None, sass_stack: None, span: None, source: Some(Os { code: 2, kind: NotFound, message: "No such file or directory" }) }
[INFO] [stdout] stack backtrace:
[INFO] [stdout]    0:     0x62b5f4f5ec91 - <<std[70759c8f55707aa4]::sys::backtrace::BacktraceLock>::print::DisplayBacktrace as core[df12db4294e9bfd3]::fmt::Display>::fmt
[INFO] [stdout]    1:     0x62b5f4f73a5a - core[df12db4294e9bfd3]::fmt::write
[INFO] [stdout]    2:     0x62b5f4f634ac - <alloc[2182bb758b4b3781]::vec::Vec<u8> as core[df12db4294e9bfd3]::io::write::Write>::write_fmt
[INFO] [stdout]    3:     0x62b5f4f39946 - std[70759c8f55707aa4]::panicking::default_hook::{closure#0}
[INFO] [stdout]    4:     0x62b5f4f56989 - std[70759c8f55707aa4]::panicking::default_hook
[INFO] [stdout]    5:     0x62b5f4ea7a60 - test[9d35eded1c95d3be]::test_main_inner::<test[9d35eded1c95d3be]::test_main_static::{closure#0}>::{closure#0}
[INFO] [stdout]    6:     0x62b5f4f56b42 - std[70759c8f55707aa4]::panicking::panic_with_hook
[INFO] [stdout]    7:     0x62b5f4f399f2 - std[70759c8f55707aa4]::panicking::panic_handler::{closure#0}
[INFO] [stdout]    8:     0x62b5f4f32629 - std[70759c8f55707aa4]::sys::backtrace::__rust_end_short_backtrace::<std[70759c8f55707aa4]::panicking::panic_handler::{closure#0}, !>
[INFO] [stdout]    9:     0x62b5f4f3a5ed - __rustc[8fa7c3cbc660c2b3]::rust_begin_unwind
[INFO] [stdout]   10:     0x62b5f4f7418c - core[df12db4294e9bfd3]::panicking::panic_fmt
[INFO] [stdout]   11:     0x62b5f4f73f62 - core[df12db4294e9bfd3]::result::unwrap_failed
[INFO] [stdout]   12:     0x62b5f4e88fbe - compile_spec[f880f40fc018acdb]::compile_string::success::load_paths::resolves_loads_using_later_paths_if_earlier_ones_do_not_match
[INFO] [stdout]   13:     0x62b5f4e92d39 - <compile_spec[f880f40fc018acdb]::compile_string::success::load_paths::resolves_loads_using_later_paths_if_earlier_ones_do_not_match::{closure#0} as core[df12db4294e9bfd3]::ops::function::FnOnce<()>>::call_once
[INFO] [stdout]   14:     0x62b5f4e9ad4b - test[9d35eded1c95d3be]::__rust_begin_short_backtrace::<core[df12db4294e9bfd3]::result::Result<(), alloc[2182bb758b4b3781]::string::String>, fn() -> core[df12db4294e9bfd3]::result::Result<(), alloc[2182bb758b4b3781]::string::String>>
[INFO] [stdout]   15:     0x62b5f4ea83b5 - test[9d35eded1c95d3be]::run_test::{closure#0}
[INFO] [stdout]   16:     0x62b5f4ea1c74 - std[70759c8f55707aa4]::sys::backtrace::__rust_begin_short_backtrace::<test[9d35eded1c95d3be]::run_test::{closure#1}, ()>
[INFO] [stdout]   17:     0x62b5f4eab512 - <std[70759c8f55707aa4]::thread::lifecycle::spawn_unchecked<test[9d35eded1c95d3be]::run_test::{closure#1}, ()>::{closure#1} as core[df12db4294e9bfd3]::ops::function::FnOnce<()>>::call_once::{shim:vtable#0}
[INFO] [stdout]   18:     0x62b5f4f5e539 - <std[70759c8f55707aa4]::sys::thread::unix::Thread>::new::thread_start
[INFO] [stdout]   19:     0x7ad8160b6dfa - <unknown>
[INFO] [stdout]   20:     0x7ad81614a3d4 - clone
[INFO] [stdout]   21:                0x0 - <unknown>
[INFO] [stdout] 
[INFO] [stdout] ---- compile_string::success::load_paths::does_not_take_precedence_over_loads_relative_to_the_url stdout ----
[INFO] [stdout] 
[INFO] [stdout] thread 'compile_string::success::load_paths::does_not_take_precedence_over_loads_relative_to_the_url' (1796) panicked at tests/compile_spec.rs:293:46:
[INFO] [stdout] called `Result::unwrap()` on an `Err` value: Exception { message: "No such file or directory (os error 2)", sass_message: None, sass_stack: None, span: None, source: Some(Os { code: 2, kind: NotFound, message: "No such file or directory" }) }
[INFO] [stdout] stack backtrace:
[INFO] [stdout]    0:     0x62b5f4f5ec91 - <<std[70759c8f55707aa4]::sys::backtrace::BacktraceLock>::print::DisplayBacktrace as core[df12db4294e9bfd3]::fmt::Display>::fmt
[INFO] [stdout]    1:     0x62b5f4f73a5a - core[df12db4294e9bfd3]::fmt::write
[INFO] [stdout]    2:     0x62b5f4f634ac - <alloc[2182bb758b4b3781]::vec::Vec<u8> as core[df12db4294e9bfd3]::io::write::Write>::write_fmt
[INFO] [stdout]    3:     0x62b5f4f39946 - std[70759c8f55707aa4]::panicking::default_hook::{closure#0}
[INFO] [stdout]    4:     0x62b5f4f56989 - std[70759c8f55707aa4]::panicking::default_hook
[INFO] [stdout]    5:     0x62b5f4ea7a60 - test[9d35eded1c95d3be]::test_main_inner::<test[9d35eded1c95d3be]::test_main_static::{closure#0}>::{closure#0}
[INFO] [stdout]    6:     0x62b5f4f56b42 - std[70759c8f55707aa4]::panicking::panic_with_hook
[INFO] [stdout]    7:     0x62b5f4f399f2 - std[70759c8f55707aa4]::panicking::panic_handler::{closure#0}
[INFO] [stdout]    8:     0x62b5f4f32629 - std[70759c8f55707aa4]::sys::backtrace::__rust_end_short_backtrace::<std[70759c8f55707aa4]::panicking::panic_handler::{closure#0}, !>
[INFO] [stdout]    9:     0x62b5f4f3a5ed - __rustc[8fa7c3cbc660c2b3]::rust_begin_unwind
[INFO] [stdout]   10:     0x62b5f4f7418c - core[df12db4294e9bfd3]::panicking::panic_fmt
[INFO] [stdout]   11:     0x62b5f4f73f62 - core[df12db4294e9bfd3]::result::unwrap_failed
[INFO] [stdout]   12:     0x62b5f4e889bb - compile_spec[f880f40fc018acdb]::compile_string::success::load_paths::does_not_take_precedence_over_loads_relative_to_the_url
[INFO] [stdout]   13:     0x62b5f4e92d19 - <compile_spec[f880f40fc018acdb]::compile_string::success::load_paths::does_not_take_precedence_over_loads_relative_to_the_url::{closure#0} as core[df12db4294e9bfd3]::ops::function::FnOnce<()>>::call_once
[INFO] [stdout]   14:     0x62b5f4e9ad4b - test[9d35eded1c95d3be]::__rust_begin_short_backtrace::<core[df12db4294e9bfd3]::result::Result<(), alloc[2182bb758b4b3781]::string::String>, fn() -> core[df12db4294e9bfd3]::result::Result<(), alloc[2182bb758b4b3781]::string::String>>
[INFO] [stdout]   15:     0x62b5f4ea83b5 - test[9d35eded1c95d3be]::run_test::{closure#0}
[INFO] [stdout]   16:     0x62b5f4ea1c74 - std[70759c8f55707aa4]::sys::backtrace::__rust_begin_short_backtrace::<test[9d35eded1c95d3be]::run_test::{closure#1}, ()>
[INFO] [stdout]   17:     0x62b5f4eab512 - <std[70759c8f55707aa4]::thread::lifecycle::spawn_unchecked<test[9d35eded1c95d3be]::run_test::{closure#1}, ()>::{closure#1} as core[df12db4294e9bfd3]::ops::function::FnOnce<()>>::call_once::{shim:vtable#0}
[INFO] [stdout]   18:     0x62b5f4f5e539 - <std[70759c8f55707aa4]::sys::thread::unix::Thread>::new::thread_start
[INFO] [stdout]   19:     0x7ad8160b6dfa - <unknown>
[INFO] [stdout]   20:     0x7ad81614a3d4 - clone
[INFO] [stdout]   21:                0x0 - <unknown>
[INFO] [stdout] 
[INFO] [stdout] ---- compile_string::success::load_paths::is_used_to_resolve_loads stdout ----
[INFO] [stdout] 
[INFO] [stdout] thread 'compile_string::success::load_paths::is_used_to_resolve_loads' (1797) panicked at tests/compile_spec.rs:235:46:
[INFO] [stdout] called `Result::unwrap()` on an `Err` value: Exception { message: "No such file or directory (os error 2)", sass_message: None, sass_stack: None, span: None, source: Some(Os { code: 2, kind: NotFound, message: "No such file or directory" }) }
[INFO] [stdout] stack backtrace:
[INFO] [stdout]    0:     0x62b5f4f5ec91 - <<std[70759c8f55707aa4]::sys::backtrace::BacktraceLock>::print::DisplayBacktrace as core[df12db4294e9bfd3]::fmt::Display>::fmt
[INFO] [stdout]    1:     0x62b5f4f73a5a - core[df12db4294e9bfd3]::fmt::write
[INFO] [stdout]    2:     0x62b5f4f634ac - <alloc[2182bb758b4b3781]::vec::Vec<u8> as core[df12db4294e9bfd3]::io::write::Write>::write_fmt
[INFO] [stdout]    3:     0x62b5f4f39946 - std[70759c8f55707aa4]::panicking::default_hook::{closure#0}
[INFO] [stdout]    4:     0x62b5f4f56989 - std[70759c8f55707aa4]::panicking::default_hook
[INFO] [stdout]    5:     0x62b5f4ea7a60 - test[9d35eded1c95d3be]::test_main_inner::<test[9d35eded1c95d3be]::test_main_static::{closure#0}>::{closure#0}
[INFO] [stdout]    6:     0x62b5f4f56b42 - std[70759c8f55707aa4]::panicking::panic_with_hook
[INFO] [stdout]    7:     0x62b5f4f399f2 - std[70759c8f55707aa4]::panicking::panic_handler::{closure#0}
[INFO] [stdout]    8:     0x62b5f4f32629 - std[70759c8f55707aa4]::sys::backtrace::__rust_end_short_backtrace::<std[70759c8f55707aa4]::panicking::panic_handler::{closure#0}, !>
[INFO] [stdout]    9:     0x62b5f4f3a5ed - __rustc[8fa7c3cbc660c2b3]::rust_begin_unwind
[INFO] [stdout]   10:     0x62b5f4f7418c - core[df12db4294e9bfd3]::panicking::panic_fmt
[INFO] [stdout]   11:     0x62b5f4f73f62 - core[df12db4294e9bfd3]::result::unwrap_failed
[INFO] [stdout]   12:     0x62b5f4e87cfe - compile_spec[f880f40fc018acdb]::compile_string::success::load_paths::is_used_to_resolve_loads
[INFO] [stdout]   13:     0x62b5f4e92cd9 - <compile_spec[f880f40fc018acdb]::compile_string::success::load_paths::is_used_to_resolve_loads::{closure#0} as core[df12db4294e9bfd3]::ops::function::FnOnce<()>>::call_once
[INFO] [stdout]   14:     0x62b5f4e9ad4b - test[9d35eded1c95d3be]::__rust_begin_short_backtrace::<core[df12db4294e9bfd3]::result::Result<(), alloc[2182bb758b4b3781]::string::String>, fn() -> core[df12db4294e9bfd3]::result::Result<(), alloc[2182bb758b4b3781]::string::String>>
[INFO] [stdout]   15:     0x62b5f4ea83b5 - test[9d35eded1c95d3be]::run_test::{closure#0}
[INFO] [stdout]   16:     0x62b5f4ea1c74 - std[70759c8f55707aa4]::sys::backtrace::__rust_begin_short_backtrace::<test[9d35eded1c95d3be]::run_test::{closure#1}, ()>
[INFO] [stdout]   17:     0x62b5f4eab512 - <std[70759c8f55707aa4]::thread::lifecycle::spawn_unchecked<test[9d35eded1c95d3be]::run_test::{closure#1}, ()>::{closure#1} as core[df12db4294e9bfd3]::ops::function::FnOnce<()>>::call_once::{shim:vtable#0}
[INFO] [stdout]   18:     0x62b5f4f5e539 - <std[70759c8f55707aa4]::sys::thread::unix::Thread>::new::thread_start
[INFO] [stdout]   19:     0x7ad8160b6dfa - <unknown>
[INFO] [stdout]   20:     0x7ad81614a3d4 - clone
[INFO] [stdout]   21:                0x0 - <unknown>
[INFO] [stdout] 
[INFO] [stdout] ---- compile_string::success::load_paths::resolves_relative_paths stdout ----
[INFO] [stdout] 
[INFO] [stdout] thread 'compile_string::success::load_paths::resolves_relative_paths' (1799) panicked at tests/compile_spec.rs:252:46:
[INFO] [stdout] called `Result::unwrap()` on an `Err` value: Exception { message: "No such file or directory (os error 2)", sass_message: None, sass_stack: None, span: None, source: Some(Os { code: 2, kind: NotFound, message: "No such file or directory" }) }
[INFO] [stdout] stack backtrace:
[INFO] [stdout]    0:     0x62b5f4f5ec91 - <<std[70759c8f55707aa4]::sys::backtrace::BacktraceLock>::print::DisplayBacktrace as core[df12db4294e9bfd3]::fmt::Display>::fmt
[INFO] [stdout]    1:     0x62b5f4f73a5a - core[df12db4294e9bfd3]::fmt::write
[INFO] [stdout]    2:     0x62b5f4f634ac - <alloc[2182bb758b4b3781]::vec::Vec<u8> as core[df12db4294e9bfd3]::io::write::Write>::write_fmt
[INFO] [stdout]    3:     0x62b5f4f39946 - std[70759c8f55707aa4]::panicking::default_hook::{closure#0}
[INFO] [stdout]    4:     0x62b5f4f56989 - std[70759c8f55707aa4]::panicking::default_hook
[INFO] [stdout]    5:     0x62b5f4ea7a60 - test[9d35eded1c95d3be]::test_main_inner::<test[9d35eded1c95d3be]::test_main_static::{closure#0}>::{closure#0}
[INFO] [stdout]    6:     0x62b5f4f56b42 - std[70759c8f55707aa4]::panicking::panic_with_hook
[INFO] [stdout]    7:     0x62b5f4f399f2 - std[70759c8f55707aa4]::panicking::panic_handler::{closure#0}
[INFO] [stdout]    8:     0x62b5f4f32629 - std[70759c8f55707aa4]::sys::backtrace::__rust_end_short_backtrace::<std[70759c8f55707aa4]::panicking::panic_handler::{closure#0}, !>
[INFO] [stdout]    9:     0x62b5f4f3a5ed - __rustc[8fa7c3cbc660c2b3]::rust_begin_unwind
[INFO] [stdout]   10:     0x62b5f4f7418c - core[df12db4294e9bfd3]::panicking::panic_fmt
[INFO] [stdout]   11:     0x62b5f4f73f62 - core[df12db4294e9bfd3]::result::unwrap_failed
[INFO] [stdout]   12:     0x62b5f4e877ce - compile_spec[f880f40fc018acdb]::compile_string::success::load_paths::resolves_relative_paths
[INFO] [stdout]   13:     0x62b5f4e92cb9 - <compile_spec[f880f40fc018acdb]::compile_string::success::load_paths::resolves_relative_paths::{closure#0} as core[df12db4294e9bfd3]::ops::function::FnOnce<()>>::call_once
[INFO] [stdout]   14:     0x62b5f4e9ad4b - test[9d35eded1c95d3be]::__rust_begin_short_backtrace::<core[df12db4294e9bfd3]::result::Result<(), alloc[2182bb758b4b3781]::string::String>, fn() -> core[df12db4294e9bfd3]::result::Result<(), alloc[2182bb758b4b3781]::string::String>>
[INFO] [stdout]   15:     0x62b5f4ea83b5 - test[9d35eded1c95d3be]::run_test::{closure#0}
[INFO] [stdout]   16:     0x62b5f4ea1c74 - std[70759c8f55707aa4]::sys::backtrace::__rust_begin_short_backtrace::<test[9d35eded1c95d3be]::run_test::{closure#1}, ()>
[INFO] [stdout]   17:     0x62b5f4eab512 - <std[70759c8f55707aa4]::thread::lifecycle::spawn_unchecked<test[9d35eded1c95d3be]::run_test::{closure#1}, ()>::{closure#1} as core[df12db4294e9bfd3]::ops::function::FnOnce<()>>::call_once::{shim:vtable#0}
[INFO] [stdout]   18:     0x62b5f4f5e539 - <std[70759c8f55707aa4]::sys::thread::unix::Thread>::new::thread_start
[INFO] [stdout]   19:     0x7ad8160b6dfa - <unknown>
[INFO] [stdout]   20:     0x7ad81614a3d4 - clone
[INFO] [stdout]   21:                0x0 - <unknown>
[INFO] [stdout] 
[INFO] [stdout] ---- compile_string::success::loaded_urls::contains_the_url_if_one_is_passed stdout ----
[INFO] [stdout] 
[INFO] [stdout] thread 'compile_string::success::loaded_urls::contains_the_url_if_one_is_passed' (1812) panicked at tests/compile_spec.rs:97:46:
[INFO] [stdout] called `Result::unwrap()` on an `Err` value: Exception { message: "No such file or directory (os error 2)", sass_message: None, sass_stack: None, span: None, source: Some(Os { code: 2, kind: NotFound, message: "No such file or directory" }) }
[INFO] [stdout] stack backtrace:
[INFO] [stdout]    0:     0x62b5f4f5ec91 - <<std[70759c8f55707aa4]::sys::backtrace::BacktraceLock>::print::DisplayBacktrace as core[df12db4294e9bfd3]::fmt::Display>::fmt
[INFO] [stdout]    1:     0x62b5f4f73a5a - core[df12db4294e9bfd3]::fmt::write
[INFO] [stdout]    2:     0x62b5f4f634ac - <alloc[2182bb758b4b3781]::vec::Vec<u8> as core[df12db4294e9bfd3]::io::write::Write>::write_fmt
[INFO] [stdout]    3:     0x62b5f4f39946 - std[70759c8f55707aa4]::panicking::default_hook::{closure#0}
[INFO] [stdout]    4:     0x62b5f4f56989 - std[70759c8f55707aa4]::panicking::default_hook
[INFO] [stdout]    5:     0x62b5f4ea7a60 - test[9d35eded1c95d3be]::test_main_inner::<test[9d35eded1c95d3be]::test_main_static::{closure#0}>::{closure#0}
[INFO] [stdout]    6:     0x62b5f4f56b42 - std[70759c8f55707aa4]::panicking::panic_with_hook
[INFO] [stdout]    7:     0x62b5f4f399f2 - std[70759c8f55707aa4]::panicking::panic_handler::{closure#0}
[INFO] [stdout]    8:     0x62b5f4f32629 - std[70759c8f55707aa4]::sys::backtrace::__rust_end_short_backtrace::<std[70759c8f55707aa4]::panicking::panic_handler::{closure#0}, !>
[INFO] [stdout]    9:     0x62b5f4f3a5ed - __rustc[8fa7c3cbc660c2b3]::rust_begin_unwind
[INFO] [stdout]   10:     0x62b5f4f7418c - core[df12db4294e9bfd3]::panicking::panic_fmt
[INFO] [stdout]   11:     0x62b5f4f73f62 - core[df12db4294e9bfd3]::result::unwrap_failed
[INFO] [stdout]   12:     0x62b5f4e97e36 - compile_spec[f880f40fc018acdb]::compile_string::success::loaded_urls::contains_the_url_if_one_is_passed
[INFO] [stdout]   13:     0x62b5f4e92e19 - <compile_spec[f880f40fc018acdb]::compile_string::success::loaded_urls::contains_the_url_if_one_is_passed::{closure#0} as core[df12db4294e9bfd3]::ops::function::FnOnce<()>>::call_once
[INFO] [stdout]   14:     0x62b5f4e9ad4b - test[9d35eded1c95d3be]::__rust_begin_short_backtrace::<core[df12db4294e9bfd3]::result::Result<(), alloc[2182bb758b4b3781]::string::String>, fn() -> core[df12db4294e9bfd3]::result::Result<(), alloc[2182bb758b4b3781]::string::String>>
[INFO] [stdout]   15:     0x62b5f4ea83b5 - test[9d35eded1c95d3be]::run_test::{closure#0}
[INFO] [stdout]   16:     0x62b5f4ea1c74 - std[70759c8f55707aa4]::sys::backtrace::__rust_begin_short_backtrace::<test[9d35eded1c95d3be]::run_test::{closure#1}, ()>
[INFO] [stdout]   17:     0x62b5f4eab512 - <std[70759c8f55707aa4]::thread::lifecycle::spawn_unchecked<test[9d35eded1c95d3be]::run_test::{closure#1}, ()>::{closure#1} as core[df12db4294e9bfd3]::ops::function::FnOnce<()>>::call_once::{shim:vtable#0}
[INFO] [stdout]   18:     0x62b5f4f5e539 - <std[70759c8f55707aa4]::sys::thread::unix::Thread>::new::thread_start
[INFO] [stdout]   19:     0x7ad8160b6dfa - <unknown>
[INFO] [stdout]   20:     0x7ad81614a3d4 - clone
[INFO] [stdout]   21:                0x0 - <unknown>
[INFO] [stdout] 
[INFO] [stdout] ---- compile_string::success::loaded_urls::is_empty_with_no_url stdout ----
[INFO] [stdout] 
[INFO] [stdout] thread 'compile_string::success::loaded_urls::is_empty_with_no_url' (1813) panicked at tests/compile_spec.rs:87:46:
[INFO] [stdout] called `Result::unwrap()` on an `Err` value: Exception { message: "No such file or directory (os error 2)", sass_message: None, sass_stack: None, span: None, source: Some(Os { code: 2, kind: NotFound, message: "No such file or directory" }) }
[INFO] [stdout] stack backtrace:
[INFO] [stdout]    0:     0x62b5f4f5ec91 - <<std[70759c8f55707aa4]::sys::backtrace::BacktraceLock>::print::DisplayBacktrace as core[df12db4294e9bfd3]::fmt::Display>::fmt
[INFO] [stdout]    1:     0x62b5f4f73a5a - core[df12db4294e9bfd3]::fmt::write
[INFO] [stdout]    2:     0x62b5f4f634ac - <alloc[2182bb758b4b3781]::vec::Vec<u8> as core[df12db4294e9bfd3]::io::write::Write>::write_fmt
[INFO] [stdout]    3:     0x62b5f4f39946 - std[70759c8f55707aa4]::panicking::default_hook::{closure#0}
[INFO] [stdout]    4:     0x62b5f4f56989 - std[70759c8f55707aa4]::panicking::default_hook
[INFO] [stdout]    5:     0x62b5f4ea7a60 - test[9d35eded1c95d3be]::test_main_inner::<test[9d35eded1c95d3be]::test_main_static::{closure#0}>::{closure#0}
[INFO] [stdout]    6:     0x62b5f4f56b42 - std[70759c8f55707aa4]::panicking::panic_with_hook
[INFO] [stdout]    7:     0x62b5f4f399f2 - std[70759c8f55707aa4]::panicking::panic_handler::{closure#0}
[INFO] [stdout]    8:     0x62b5f4f32629 - std[70759c8f55707aa4]::sys::backtrace::__rust_end_short_backtrace::<std[70759c8f55707aa4]::panicking::panic_handler::{closure#0}, !>
[INFO] [stdout]    9:     0x62b5f4f3a5ed - __rustc[8fa7c3cbc660c2b3]::rust_begin_unwind
[INFO] [stdout]   10:     0x62b5f4f7418c - core[df12db4294e9bfd3]::panicking::panic_fmt
[INFO] [stdout]   11:     0x62b5f4f73f62 - core[df12db4294e9bfd3]::result::unwrap_failed
[INFO] [stdout]   12:     0x62b5f4e96046 - compile_spec[f880f40fc018acdb]::compile_string::success::loaded_urls::is_empty_with_no_url
[INFO] [stdout]   13:     0x62b5f4e92db9 - <compile_spec[f880f40fc018acdb]::compile_string::success::loaded_urls::is_empty_with_no_url::{closure#0} as core[df12db4294e9bfd3]::ops::function::FnOnce<()>>::call_once
[INFO] [stdout]   14:     0x62b5f4e9ad4b - test[9d35eded1c95d3be]::__rust_begin_short_backtrace::<core[df12db4294e9bfd3]::result::Result<(), alloc[2182bb758b4b3781]::string::String>, fn() -> core[df12db4294e9bfd3]::result::Result<(), alloc[2182bb758b4b3781]::string::String>>
[INFO] [stdout]   15:     0x62b5f4ea83b5 - test[9d35eded1c95d3be]::run_test::{closure#0}
[INFO] [stdout]   16:     0x62b5f4ea1c74 - std[70759c8f55707aa4]::sys::backtrace::__rust_begin_short_backtrace::<test[9d35eded1c95d3be]::run_test::{closure#1}, ()>
[INFO] [stdout]   17:     0x62b5f4eab512 - <std[70759c8f55707aa4]::thread::lifecycle::spawn_unchecked<test[9d35eded1c95d3be]::run_test::{closure#1}, ()>::{closure#1} as core[df12db4294e9bfd3]::ops::function::FnOnce<()>>::call_once::{shim:vtable#0}
[INFO] [stdout]   18:     0x62b5f4f5e539 - <std[70759c8f55707aa4]::sys::thread::unix::Thread>::new::thread_start
[INFO] [stdout]   19:     0x7ad8160b6dfa - <unknown>
[INFO] [stdout]   20:     0x7ad81614a3d4 - clone
[INFO] [stdout]   21:                0x0 - <unknown>
[INFO] [stdout] 
[INFO] [stdout] ---- compile_string::success::loaded_urls::contains_a_dependency_only_once::for_at_import stdout ----
[INFO] [stdout] 
[INFO] [stdout] thread 'compile_string::success::loaded_urls::contains_a_dependency_only_once::for_at_import' (1801) panicked at tests/compile_spec.rs:190:48:
[INFO] [stdout] called `Result::unwrap()` on an `Err` value: Exception { message: "No such file or directory (os error 2)", sass_message: None, sass_stack: None, span: None, source: Some(Os { code: 2, kind: NotFound, message: "No such file or directory" }) }
[INFO] [stdout] stack backtrace:
[INFO] [stdout]    0:     0x62b5f4f5ec91 - <<std[70759c8f55707aa4]::sys::backtrace::BacktraceLock>::print::DisplayBacktrace as core[df12db4294e9bfd3]::fmt::Display>::fmt
[INFO] [stdout]    1:     0x62b5f4f73a5a - core[df12db4294e9bfd3]::fmt::write
[INFO] [stdout]    2:     0x62b5f4f634ac - <alloc[2182bb758b4b3781]::vec::Vec<u8> as core[df12db4294e9bfd3]::io::write::Write>::write_fmt
[INFO] [stdout]    3:     0x62b5f4f39946 - std[70759c8f55707aa4]::panicking::default_hook::{closure#0}
[INFO] [stdout]    4:     0x62b5f4f56989 - std[70759c8f55707aa4]::panicking::default_hook
[INFO] [stdout]    5:     0x62b5f4ea7a60 - test[9d35eded1c95d3be]::test_main_inner::<test[9d35eded1c95d3be]::test_main_static::{closure#0}>::{closure#0}
[INFO] [stdout]    6:     0x62b5f4f56b42 - std[70759c8f55707aa4]::panicking::panic_with_hook
[INFO] [stdout]    7:     0x62b5f4f399f2 - std[70759c8f55707aa4]::panicking::panic_handler::{closure#0}
[INFO] [stdout]    8:     0x62b5f4f32629 - std[70759c8f55707aa4]::sys::backtrace::__rust_end_short_backtrace::<std[70759c8f55707aa4]::panicking::panic_handler::{closure#0}, !>
[INFO] [stdout]    9:     0x62b5f4f3a5ed - __rustc[8fa7c3cbc660c2b3]::rust_begin_unwind
[INFO] [stdout]   10:     0x62b5f4f7418c - core[df12db4294e9bfd3]::panicking::panic_fmt
[INFO] [stdout]   11:     0x62b5f4f73f62 - core[df12db4294e9bfd3]::result::unwrap_failed
[INFO] [stdout]   12:     0x62b5f4e903d9 - compile_spec[f880f40fc018acdb]::compile_string::success::loaded_urls::contains_a_dependency_only_once::for_at_import
[INFO] [stdout]   13:     0x62b5f4e94649 - <compile_spec[f880f40fc018acdb]::compile_string::success::loaded_urls::contains_a_dependency_only_once::for_at_import::{closure#0} as core[df12db4294e9bfd3]::ops::function::FnOnce<()>>::call_once
[INFO] [stdout]   14:     0x62b5f4e9ad4b - test[9d35eded1c95d3be]::__rust_begin_short_backtrace::<core[df12db4294e9bfd3]::result::Result<(), alloc[2182bb758b4b3781]::string::String>, fn() -> core[df12db4294e9bfd3]::result::Result<(), alloc[2182bb758b4b3781]::string::String>>
[INFO] [stdout]   15:     0x62b5f4ea83b5 - test[9d35eded1c95d3be]::run_test::{closure#0}
[INFO] [stdout]   16:     0x62b5f4ea1c74 - std[70759c8f55707aa4]::sys::backtrace::__rust_begin_short_backtrace::<test[9d35eded1c95d3be]::run_test::{closure#1}, ()>
[INFO] [stdout]   17:     0x62b5f4eab512 - <std[70759c8f55707aa4]::thread::lifecycle::spawn_unchecked<test[9d35eded1c95d3be]::run_test::{closure#1}, ()>::{closure#1} as core[df12db4294e9bfd3]::ops::function::FnOnce<()>>::call_once::{shim:vtable#0}
[INFO] [stdout]   18:     0x62b5f4f5e539 - <std[70759c8f55707aa4]::sys::thread::unix::Thread>::new::thread_start
[INFO] [stdout]   19:     0x7ad8160b6dfa - <unknown>
[INFO] [stdout]   20:     0x7ad81614a3d4 - clone
[INFO] [stdout]   21:                0x0 - <unknown>
[INFO] [stdout] 
[INFO] [stdout] ---- compile_string::success::loaded_urls::contains_an_immediate_dependency stdout ----
[INFO] [stdout] 
[INFO] [stdout] thread 'compile_string::success::loaded_urls::contains_an_immediate_dependency' (1811) panicked at tests/compile_spec.rs:113:46:
[INFO] [stdout] called `Result::unwrap()` on an `Err` value: Exception { message: "No such file or directory (os error 2)", sass_message: None, sass_stack: None, span: None, source: Some(Os { code: 2, kind: NotFound, message: "No such file or directory" }) }
[INFO] [stdout] stack backtrace:
[INFO] [stdout]    0:     0x62b5f4f5ec91 - <<std[70759c8f55707aa4]::sys::backtrace::BacktraceLock>::print::DisplayBacktrace as core[df12db4294e9bfd3]::fmt::Display>::fmt
[INFO] [stdout]    1:     0x62b5f4f73a5a - core[df12db4294e9bfd3]::fmt::write
[INFO] [stdout]    2:     0x62b5f4f634ac - <alloc[2182bb758b4b3781]::vec::Vec<u8> as core[df12db4294e9bfd3]::io::write::Write>::write_fmt
[INFO] [stdout]    3:     0x62b5f4f39946 - std[70759c8f55707aa4]::panicking::default_hook::{closure#0}
[INFO] [stdout]    4:     0x62b5f4f56989 - std[70759c8f55707aa4]::panicking::default_hook
[INFO] [stdout]    5:     0x62b5f4ea7a60 - test[9d35eded1c95d3be]::test_main_inner::<test[9d35eded1c95d3be]::test_main_static::{closure#0}>::{closure#0}
[INFO] [stdout]    6:     0x62b5f4f56b42 - std[70759c8f55707aa4]::panicking::panic_with_hook
[INFO] [stdout]    7:     0x62b5f4f399f2 - std[70759c8f55707aa4]::panicking::panic_handler::{closure#0}
[INFO] [stdout]    8:     0x62b5f4f32629 - std[70759c8f55707aa4]::sys::backtrace::__rust_end_short_backtrace::<std[70759c8f55707aa4]::panicking::panic_handler::{closure#0}, !>
[INFO] [stdout]    9:     0x62b5f4f3a5ed - __rustc[8fa7c3cbc660c2b3]::rust_begin_unwind
[INFO] [stdout]   10:     0x62b5f4f7418c - core[df12db4294e9bfd3]::panicking::panic_fmt
[INFO] [stdout]   11:     0x62b5f4f73f62 - core[df12db4294e9bfd3]::result::unwrap_failed
[INFO] [stdout]   12:     0x62b5f4e97670 - compile_spec[f880f40fc018acdb]::compile_string::success::loaded_urls::contains_an_immediate_dependency
[INFO] [stdout]   13:     0x62b5f4e92df9 - <compile_spec[f880f40fc018acdb]::compile_string::success::loaded_urls::contains_an_immediate_dependency::{closure#0} as core[df12db4294e9bfd3]::ops::function::FnOnce<()>>::call_once
[INFO] [stdout]   14:     0x62b5f4e9ad4b - test[9d35eded1c95d3be]::__rust_begin_short_backtrace::<core[df12db4294e9bfd3]::result::Result<(), alloc[2182bb758b4b3781]::string::String>, fn() -> core[df12db4294e9bfd3]::result::Result<(), alloc[2182bb758b4b3781]::string::String>>
[INFO] [stdout]   15:     0x62b5f4ea83b5 - test[9d35eded1c95d3be]::run_test::{closure#0}
[INFO] [stdout]   16:     0x62b5f4ea1c74 - std[70759c8f55707aa4]::sys::backtrace::__rust_begin_short_backtrace::<test[9d35eded1c95d3be]::run_test::{closure#1}, ()>
[INFO] [stdout]   17:     0x62b5f4eab512 - <std[70759c8f55707aa4]::thread::lifecycle::spawn_unchecked<test[9d35eded1c95d3be]::run_test::{closure#1}, ()>::{closure#1} as core[df12db4294e9bfd3]::ops::function::FnOnce<()>>::call_once::{shim:vtable#0}
[INFO] [stdout]   18:     0x62b5f4f5e539 - <std[70759c8f55707aa4]::sys::thread::unix::Thread>::new::thread_start
[INFO] [stdout]   19:     0x7ad8160b6dfa - <unknown>
[INFO] [stdout]   20:     0x7ad81614a3d4 - clone
[INFO] [stdout]   21:                0x0 - <unknown>
[INFO] [stdout] 
[INFO] [stdout] ---- compile_string::success::loaded_urls::contains_a_dependency_only_once::for_at_use stdout ----
[INFO] [stdout] 
[INFO] [stdout] thread 'compile_string::success::loaded_urls::contains_a_dependency_only_once::for_at_use' (1807) panicked at tests/compile_spec.rs:163:48:
[INFO] [stdout] called `Result::unwrap()` on an `Err` value: Exception { message: "No such file or directory (os error 2)", sass_message: None, sass_stack: None, span: None, source: Some(Os { code: 2, kind: NotFound, message: "No such file or directory" }) }
[INFO] [stdout] stack backtrace:
[INFO] [stdout]    0:     0x62b5f4f5ec91 - <<std[70759c8f55707aa4]::sys::backtrace::BacktraceLock>::print::DisplayBacktrace as core[df12db4294e9bfd3]::fmt::Display>::fmt
[INFO] [stdout]    1:     0x62b5f4f73a5a - core[df12db4294e9bfd3]::fmt::write
[INFO] [stdout]    2:     0x62b5f4f634ac - <alloc[2182bb758b4b3781]::vec::Vec<u8> as core[df12db4294e9bfd3]::io::write::Write>::write_fmt
[INFO] [stdout]    3:     0x62b5f4f39946 - std[70759c8f55707aa4]::panicking::default_hook::{closure#0}
[INFO] [stdout]    4:     0x62b5f4f56989 - std[70759c8f55707aa4]::panicking::default_hook
[INFO] [stdout]    5:     0x62b5f4ea7a60 - test[9d35eded1c95d3be]::test_main_inner::<test[9d35eded1c95d3be]::test_main_static::{closure#0}>::{closure#0}
[INFO] [stdout]    6:     0x62b5f4f56b42 - std[70759c8f55707aa4]::panicking::panic_with_hook
[INFO] [stdout]    7:     0x62b5f4f399f2 - std[70759c8f55707aa4]::panicking::panic_handler::{closure#0}
[INFO] [stdout]    8:     0x62b5f4f32629 - std[70759c8f55707aa4]::sys::backtrace::__rust_end_short_backtrace::<std[70759c8f55707aa4]::panicking::panic_handler::{closure#0}, !>
[INFO] [stdout]    9:     0x62b5f4f3a5ed - __rustc[8fa7c3cbc660c2b3]::rust_begin_unwind
[INFO] [stdout]   10:     0x62b5f4f7418c - core[df12db4294e9bfd3]::panicking::panic_fmt
[INFO] [stdout]   11:     0x62b5f4f73f62 - core[df12db4294e9bfd3]::result::unwrap_failed
[INFO] [stdout]   12:     0x62b5f4e8f3f9 - compile_spec[f880f40fc018acdb]::compile_string::success::loaded_urls::contains_a_dependency_only_once::for_at_use
[INFO] [stdout]   13:     0x62b5f4e94629 - <compile_spec[f880f40fc018acdb]::compile_string::success::loaded_urls::contains_a_dependency_only_once::for_at_use::{closure#0} as core[df12db4294e9bfd3]::ops::function::FnOnce<()>>::call_once
[INFO] [stdout]   14:     0x62b5f4e9ad4b - test[9d35eded1c95d3be]::__rust_begin_short_backtrace::<core[df12db4294e9bfd3]::result::Result<(), alloc[2182bb758b4b3781]::string::String>, fn() -> core[df12db4294e9bfd3]::result::Result<(), alloc[2182bb758b4b3781]::string::String>>
[INFO] [stdout]   15:     0x62b5f4ea83b5 - test[9d35eded1c95d3be]::run_test::{closure#0}
[INFO] [stdout]   16:     0x62b5f4ea1c74 - std[70759c8f55707aa4]::sys::backtrace::__rust_begin_short_backtrace::<test[9d35eded1c95d3be]::run_test::{closure#1}, ()>
[INFO] [stdout]   17:     0x62b5f4eab512 - <std[70759c8f55707aa4]::thread::lifecycle::spawn_unchecked<test[9d35eded1c95d3be]::run_test::{closure#1}, ()>::{closure#1} as core[df12db4294e9bfd3]::ops::function::FnOnce<()>>::call_once::{shim:vtable#0}
[INFO] [stdout]   18:     0x62b5f4f5e539 - <std[70759c8f55707aa4]::sys::thread::unix::Thread>::new::thread_start
[INFO] [stdout]   19:     0x7ad8160b6dfa - <unknown>
[INFO] [stdout]   20:     0x7ad81614a3d4 - clone
[INFO] [stdout]   21:                0x0 - <unknown>
[INFO] [stdout] 
[INFO] [stdout] ---- compile_string::success::source_map::does_not_include_one_by_default stdout ----
[INFO] [stdout] 
[INFO] [stdout] thread 'compile_string::success::source_map::does_not_include_one_by_default' (1820) panicked at tests/compile_spec.rs:346:46:
[INFO] [stdout] called `Result::unwrap()` on an `Err` value: Exception { message: "No such file or directory (os error 2)", sass_message: None, sass_stack: None, span: None, source: Some(Os { code: 2, kind: NotFound, message: "No such file or directory" }) }
[INFO] [stdout] stack backtrace:
[INFO] [stdout]    0:     0x62b5f4f5ec91 - <<std[70759c8f55707aa4]::sys::backtrace::BacktraceLock>::print::DisplayBacktrace as core[df12db4294e9bfd3]::fmt::Display>::fmt
[INFO] [stdout]    1:     0x62b5f4f73a5a - core[df12db4294e9bfd3]::fmt::write
[INFO] [stdout]    2:     0x62b5f4f634ac - <alloc[2182bb758b4b3781]::vec::Vec<u8> as core[df12db4294e9bfd3]::io::write::Write>::write_fmt
[INFO] [stdout]    3:     0x62b5f4f39946 - std[70759c8f55707aa4]::panicking::default_hook::{closure#0}
[INFO] [stdout]    4:     0x62b5f4f56989 - std[70759c8f55707aa4]::panicking::default_hook
[INFO] [stdout]    5:     0x62b5f4ea7a60 - test[9d35eded1c95d3be]::test_main_inner::<test[9d35eded1c95d3be]::test_main_static::{closure#0}>::{closure#0}
[INFO] [stdout]    6:     0x62b5f4f56b42 - std[70759c8f55707aa4]::panicking::panic_with_hook
[INFO] [stdout]    7:     0x62b5f4f399f2 - std[70759c8f55707aa4]::panicking::panic_handler::{closure#0}
[INFO] [stdout]    8:     0x62b5f4f32629 - std[70759c8f55707aa4]::sys::backtrace::__rust_end_short_backtrace::<std[70759c8f55707aa4]::panicking::panic_handler::{closure#0}, !>
[INFO] [stdout]    9:     0x62b5f4f3a5ed - __rustc[8fa7c3cbc660c2b3]::rust_begin_unwind
[INFO] [stdout]   10:     0x62b5f4f7418c - core[df12db4294e9bfd3]::panicking::panic_fmt
[INFO] [stdout]   11:     0x62b5f4f73f62 - core[df12db4294e9bfd3]::result::unwrap_failed
[INFO] [stdout]   12:     0x62b5f4e95382 - compile_spec[f880f40fc018acdb]::compile_string::success::source_map::does_not_include_one_by_default
[INFO] [stdout]   13:     0x62b5f4e92d59 - <compile_spec[f880f40fc018acdb]::compile_string::success::source_map::does_not_include_one_by_default::{closure#0} as core[df12db4294e9bfd3]::ops::function::FnOnce<()>>::call_once
[INFO] [stdout]   14:     0x62b5f4e9ad4b - test[9d35eded1c95d3be]::__rust_begin_short_backtrace::<core[df12db4294e9bfd3]::result::Result<(), alloc[2182bb758b4b3781]::string::String>, fn() -> core[df12db4294e9bfd3]::result::Result<(), alloc[2182bb758b4b3781]::string::String>>
[INFO] [stdout]   15:     0x62b5f4ea83b5 - test[9d35eded1c95d3be]::run_test::{closure#0}
[INFO] [stdout]   16:     0x62b5f4ea1c74 - std[70759c8f55707aa4]::sys::backtrace::__rust_begin_short_backtrace::<test[9d35eded1c95d3be]::run_test::{closure#1}, ()>
[INFO] [stdout]   17:     0x62b5f4eab512 - <std[70759c8f55707aa4]::thread::lifecycle::spawn_unchecked<test[9d35eded1c95d3be]::run_test::{closure#1}, ()>::{closure#1} as core[df12db4294e9bfd3]::ops::function::FnOnce<()>>::call_once::{shim:vtable#0}
[INFO] [stdout]   18:     0x62b5f4f5e539 - <std[70759c8f55707aa4]::sys::thread::unix::Thread>::new::thread_start
[INFO] [stdout]   19:     0x7ad8160b6dfa - <unknown>
[INFO] [stdout]   20:     0x7ad81614a3d4 - clone
[INFO] [stdout]   21:                0x0 - <unknown>
[INFO] [stdout] 
[INFO] [stdout] ---- compile_string::success::recognizes_the_expanded_output_style stdout ----
[INFO] [stdout] 
[INFO] [stdout] thread 'compile_string::success::recognizes_the_expanded_output_style' (1817) panicked at tests/compile_spec.rs:329:44:
[INFO] [stdout] called `Result::unwrap()` on an `Err` value: Exception { message: "No such file or directory (os error 2)", sass_message: None, sass_stack: None, span: None, source: Some(Os { code: 2, kind: NotFound, message: "No such file or directory" }) }
[INFO] [stdout] stack backtrace:
[INFO] [stdout]    0:     0x62b5f4f5ec91 - <<std[70759c8f55707aa4]::sys::backtrace::BacktraceLock>::print::DisplayBacktrace as core[df12db4294e9bfd3]::fmt::Display>::fmt
[INFO] [stdout]    1:     0x62b5f4f73a5a - core[df12db4294e9bfd3]::fmt::write
[INFO] [stdout]    2:     0x62b5f4f634ac - <alloc[2182bb758b4b3781]::vec::Vec<u8> as core[df12db4294e9bfd3]::io::write::Write>::write_fmt
[INFO] [stdout]    3:     0x62b5f4f39946 - std[70759c8f55707aa4]::panicking::default_hook::{closure#0}
[INFO] [stdout]    4:     0x62b5f4f56989 - std[70759c8f55707aa4]::panicking::default_hook
[INFO] [stdout]    5:     0x62b5f4ea7a60 - test[9d35eded1c95d3be]::test_main_inner::<test[9d35eded1c95d3be]::test_main_static::{closure#0}>::{closure#0}
[INFO] [stdout]    6:     0x62b5f4f56b42 - std[70759c8f55707aa4]::panicking::panic_with_hook
[INFO] [stdout]    7:     0x62b5f4f399f2 - std[70759c8f55707aa4]::panicking::panic_handler::{closure#0}
[INFO] [stdout]    8:     0x62b5f4f32629 - std[70759c8f55707aa4]::sys::backtrace::__rust_end_short_backtrace::<std[70759c8f55707aa4]::panicking::panic_handler::{closure#0}, !>
[INFO] [stdout]    9:     0x62b5f4f3a5ed - __rustc[8fa7c3cbc660c2b3]::rust_begin_unwind
[INFO] [stdout]   10:     0x62b5f4f7418c - core[df12db4294e9bfd3]::panicking::panic_fmt
[INFO] [stdout]   11:     0x62b5f4f73f62 - core[df12db4294e9bfd3]::result::unwrap_failed
[INFO] [stdout]   12:     0x62b5f4e8b27f - compile_spec[f880f40fc018acdb]::compile_string::success::recognizes_the_expanded_output_style
[INFO] [stdout]   13:     0x62b5f4e92b59 - <compile_spec[f880f40fc018acdb]::compile_string::success::recognizes_the_expanded_output_style::{closure#0} as core[df12db4294e9bfd3]::ops::function::FnOnce<()>>::call_once
[INFO] [stdout]   14:     0x62b5f4e9ad4b - test[9d35eded1c95d3be]::__rust_begin_short_backtrace::<core[df12db4294e9bfd3]::result::Result<(), alloc[2182bb758b4b3781]::string::String>, fn() -> core[df12db4294e9bfd3]::result::Result<(), alloc[2182bb758b4b3781]::string::String>>
[INFO] [stdout]   15:     0x62b5f4ea83b5 - test[9d35eded1c95d3be]::run_test::{closure#0}
[INFO] [stdout]   16:     0x62b5f4ea1c74 - std[70759c8f55707aa4]::sys::backtrace::__rust_begin_short_backtrace::<test[9d35eded1c95d3be]::run_test::{closure#1}, ()>
[INFO] [stdout]   17:     0x62b5f4eab512 - <std[70759c8f55707aa4]::thread::lifecycle::spawn_unchecked<test[9d35eded1c95d3be]::run_test::{closure#1}, ()>::{closure#1} as core[df12db4294e9bfd3]::ops::function::FnOnce<()>>::call_once::{shim:vtable#0}
[INFO] [stdout]   18:     0x62b5f4f5e539 - <std[70759c8f55707aa4]::sys::thread::unix::Thread>::new::thread_start
[INFO] [stdout]   19:     0x7ad8160b6dfa - <unknown>
[INFO] [stdout]   20:     0x7ad81614a3d4 - clone
[INFO] [stdout]   21:                0x0 - <unknown>
[INFO] [stdout] 
[INFO] [stdout] ---- compile_string::success::loaded_urls::contains_a_transitive_dependency stdout ----
[INFO] [stdout] 
[INFO] [stdout] thread 'compile_string::success::loaded_urls::contains_a_transitive_dependency' (1810) panicked at tests/compile_spec.rs:134:46:
[INFO] [stdout] called `Result::unwrap()` on an `Err` value: Exception { message: "No such file or directory (os error 2)", sass_message: None, sass_stack: None, span: None, source: Some(Os { code: 2, kind: NotFound, message: "No such file or directory" }) }
[INFO] [stdout] stack backtrace:
[INFO] [stdout]    0:     0x62b5f4f5ec91 - <<std[70759c8f55707aa4]::sys::backtrace::BacktraceLock>::print::DisplayBacktrace as core[df12db4294e9bfd3]::fmt::Display>::fmt
[INFO] [stdout]    1:     0x62b5f4f73a5a - core[df12db4294e9bfd3]::fmt::write
[INFO] [stdout]    2:     0x62b5f4f634ac - <alloc[2182bb758b4b3781]::vec::Vec<u8> as core[df12db4294e9bfd3]::io::write::Write>::write_fmt
[INFO] [stdout]    3:     0x62b5f4f39946 - std[70759c8f55707aa4]::panicking::default_hook::{closure#0}
[INFO] [stdout]    4:     0x62b5f4f56989 - std[70759c8f55707aa4]::panicking::default_hook
[INFO] [stdout]    5:     0x62b5f4ea7a60 - test[9d35eded1c95d3be]::test_main_inner::<test[9d35eded1c95d3be]::test_main_static::{closure#0}>::{closure#0}
[INFO] [stdout]    6:     0x62b5f4f56b42 - std[70759c8f55707aa4]::panicking::panic_with_hook
[INFO] [stdout]    7:     0x62b5f4f399f2 - std[70759c8f55707aa4]::panicking::panic_handler::{closure#0}
[INFO] [stdout]    8:     0x62b5f4f32629 - std[70759c8f55707aa4]::sys::backtrace::__rust_end_short_backtrace::<std[70759c8f55707aa4]::panicking::panic_handler::{closure#0}, !>
[INFO] [stdout]    9:     0x62b5f4f3a5ed - __rustc[8fa7c3cbc660c2b3]::rust_begin_unwind
[INFO] [stdout]   10:     0x62b5f4f7418c - core[df12db4294e9bfd3]::panicking::panic_fmt
[INFO] [stdout]   11:     0x62b5f4f73f62 - core[df12db4294e9bfd3]::result::unwrap_failed
[INFO] [stdout]   12:     0x62b5f4e96b56 - compile_spec[f880f40fc018acdb]::compile_string::success::loaded_urls::contains_a_transitive_dependency
[INFO] [stdout]   13:     0x62b5f4e92dd9 - <compile_spec[f880f40fc018acdb]::compile_string::success::loaded_urls::contains_a_transitive_dependency::{closure#0} as core[df12db4294e9bfd3]::ops::function::FnOnce<()>>::call_once
[INFO] [stdout]   14:     0x62b5f4e9ad4b - test[9d35eded1c95d3be]::__rust_begin_short_backtrace::<core[df12db4294e9bfd3]::result::Result<(), alloc[2182bb758b4b3781]::string::String>, fn() -> core[df12db4294e9bfd3]::result::Result<(), alloc[2182bb758b4b3781]::string::String>>
[INFO] [stdout]   15:     0x62b5f4ea83b5 - test[9d35eded1c95d3be]::run_test::{closure#0}
[INFO] [stdout]   16:     0x62b5f4ea1c74 - std[70759c8f55707aa4]::sys::backtrace::__rust_begin_short_backtrace::<test[9d35eded1c95d3be]::run_test::{closure#1}, ()>
[INFO] [stdout]   17:     0x62b5f4eab512 - <std[70759c8f55707aa4]::thread::lifecycle::spawn_unchecked<test[9d35eded1c95d3be]::run_test::{closure#1}, ()>::{closure#1} as core[df12db4294e9bfd3]::ops::function::FnOnce<()>>::call_once::{shim:vtable#0}
[INFO] [stdout]   18:     0x62b5f4f5e539 - <std[70759c8f55707aa4]::sys::thread::unix::Thread>::new::thread_start
[INFO] [stdout]   19:     0x7ad8160b6dfa - <unknown>
[INFO] [stdout]   20:     0x7ad81614a3d4 - clone
[INFO] [stdout]   21:                0x0 - <unknown>
[INFO] [stdout] 
[INFO] [stdout] ---- compile_string::success::source_map::includes_one_with_source_content_if_source_map_include_sources_is_true stdout ----
[INFO] [stdout] 
[INFO] [stdout] thread 'compile_string::success::source_map::includes_one_with_source_content_if_source_map_include_sources_is_true' (1822) panicked at tests/compile_spec.rs:374:46:
[INFO] [stdout] called `Result::unwrap()` on an `Err` value: Exception { message: "No such file or directory (os error 2)", sass_message: None, sass_stack: None, span: None, source: Some(Os { code: 2, kind: NotFound, message: "No such file or directory" }) }
[INFO] [stdout] stack backtrace:
[INFO] [stdout]    0:     0x62b5f4f5ec91 - <<std[70759c8f55707aa4]::sys::backtrace::BacktraceLock>::print::DisplayBacktrace as core[df12db4294e9bfd3]::fmt::Display>::fmt
[INFO] [stdout]    1:     0x62b5f4f73a5a - core[df12db4294e9bfd3]::fmt::write
[INFO] [stdout]    2:     0x62b5f4f634ac - <alloc[2182bb758b4b3781]::vec::Vec<u8> as core[df12db4294e9bfd3]::io::write::Write>::write_fmt
[INFO] [stdout]    3:     0x62b5f4f39946 - std[70759c8f55707aa4]::panicking::default_hook::{closure#0}
[INFO] [stdout]    4:     0x62b5f4f56989 - std[70759c8f55707aa4]::panicking::default_hook
[INFO] [stdout]    5:     0x62b5f4ea7a60 - test[9d35eded1c95d3be]::test_main_inner::<test[9d35eded1c95d3be]::test_main_static::{closure#0}>::{closure#0}
[INFO] [stdout]    6:     0x62b5f4f56b42 - std[70759c8f55707aa4]::panicking::panic_with_hook
[INFO] [stdout]    7:     0x62b5f4f399f2 - std[70759c8f55707aa4]::panicking::panic_handler::{closure#0}
[INFO] [stdout]    8:     0x62b5f4f32629 - std[70759c8f55707aa4]::sys::backtrace::__rust_end_short_backtrace::<std[70759c8f55707aa4]::panicking::panic_handler::{closure#0}, !>
[INFO] [stdout]    9:     0x62b5f4f3a5ed - __rustc[8fa7c3cbc660c2b3]::rust_begin_unwind
[INFO] [stdout]   10:     0x62b5f4f7418c - core[df12db4294e9bfd3]::panicking::panic_fmt
[INFO] [stdout]   11:     0x62b5f4f73f62 - core[df12db4294e9bfd3]::result::unwrap_failed
[INFO] [stdout]   12:     0x62b5f4e95d5a - compile_spec[f880f40fc018acdb]::compile_string::success::source_map::includes_one_with_source_content_if_source_map_include_sources_is_true
[INFO] [stdout]   13:     0x62b5f4e92d99 - <compile_spec[f880f40fc018acdb]::compile_string::success::source_map::includes_one_with_source_content_if_source_map_include_sources_is_true::{closure#0} as core[df12db4294e9bfd3]::ops::function::FnOnce<()>>::call_once
[INFO] [stdout]   14:     0x62b5f4e9ad4b - test[9d35eded1c95d3be]::__rust_begin_short_backtrace::<core[df12db4294e9bfd3]::result::Result<(), alloc[2182bb758b4b3781]::string::String>, fn() -> core[df12db4294e9bfd3]::result::Result<(), alloc[2182bb758b4b3781]::string::String>>
[INFO] [stdout]   15:     0x62b5f4ea83b5 - test[9d35eded1c95d3be]::run_test::{closure#0}
[INFO] [stdout]   16:     0x62b5f4ea1c74 - std[70759c8f55707aa4]::sys::backtrace::__rust_begin_short_backtrace::<test[9d35eded1c95d3be]::run_test::{closure#1}, ()>
[INFO] [stdout]   17:     0x62b5f4eab512 - <std[70759c8f55707aa4]::thread::lifecycle::spawn_unchecked<test[9d35eded1c95d3be]::run_test::{closure#1}, ()>::{closure#1} as core[df12db4294e9bfd3]::ops::function::FnOnce<()>>::call_once::{shim:vtable#0}
[INFO] [stdout]   18:     0x62b5f4f5e539 - <std[70759c8f55707aa4]::sys::thread::unix::Thread>::new::thread_start
[INFO] [stdout]   19:     0x7ad8160b6dfa - <unknown>
[INFO] [stdout]   20:     0x7ad81614a3d4 - clone
[INFO] [stdout]   21:                0x0 - <unknown>
[INFO] [stdout] 
[INFO] [stdout] ---- compile_string::success::source_map::includes_one_if_source_map_is_true stdout ----
[INFO] [stdout] 
[INFO] [stdout] thread 'compile_string::success::source_map::includes_one_if_source_map_is_true' (1821) panicked at tests/compile_spec.rs:355:46:
[INFO] [stdout] called `Result::unwrap()` on an `Err` value: Exception { message: "No such file or directory (os error 2)", sass_message: None, sass_stack: None, span: None, source: Some(Os { code: 2, kind: NotFound, message: "No such file or directory" }) }
[INFO] [stdout] stack backtrace:
[INFO] [stdout]    0:     0x62b5f4f5ec91 - <<std[70759c8f55707aa4]::sys::backtrace::BacktraceLock>::print::DisplayBacktrace as core[df12db4294e9bfd3]::fmt::Display>::fmt
[INFO] [stdout]    1:     0x62b5f4f73a5a - core[df12db4294e9bfd3]::fmt::write
[INFO] [stdout]    2:     0x62b5f4f634ac - <alloc[2182bb758b4b3781]::vec::Vec<u8> as core[df12db4294e9bfd3]::io::write::Write>::write_fmt
[INFO] [stdout]    3:     0x62b5f4f39946 - std[70759c8f55707aa4]::panicking::default_hook::{closure#0}
[INFO] [stdout]    4:     0x62b5f4f56989 - std[70759c8f55707aa4]::panicking::default_hook
[INFO] [stdout]    5:     0x62b5f4ea7a60 - test[9d35eded1c95d3be]::test_main_inner::<test[9d35eded1c95d3be]::test_main_static::{closure#0}>::{closure#0}
[INFO] [stdout]    6:     0x62b5f4f56b42 - std[70759c8f55707aa4]::panicking::panic_with_hook
[INFO] [stdout]    7:     0x62b5f4f399f2 - std[70759c8f55707aa4]::panicking::panic_handler::{closure#0}
[INFO] [stdout]    8:     0x62b5f4f32629 - std[70759c8f55707aa4]::sys::backtrace::__rust_end_short_backtrace::<std[70759c8f55707aa4]::panicking::panic_handler::{closure#0}, !>
[INFO] [stdout]    9:     0x62b5f4f3a5ed - __rustc[8fa7c3cbc660c2b3]::rust_begin_unwind
[INFO] [stdout]   10:     0x62b5f4f7418c - core[df12db4294e9bfd3]::panicking::panic_fmt
[INFO] [stdout]   11:     0x62b5f4f73f62 - core[df12db4294e9bfd3]::result::unwrap_failed
[INFO] [stdout]   12:     0x62b5f4e95875 - compile_spec[f880f40fc018acdb]::compile_string::success::source_map::includes_one_if_source_map_is_true
[INFO] [stdout]   13:     0x62b5f4e92d79 - <compile_spec[f880f40fc018acdb]::compile_string::success::source_map::includes_one_if_source_map_is_true::{closure#0} as core[df12db4294e9bfd3]::ops::function::FnOnce<()>>::call_once
[INFO] [stdout]   14:     0x62b5f4e9ad4b - test[9d35eded1c95d3be]::__rust_begin_short_backtrace::<core[df12db4294e9bfd3]::result::Result<(), alloc[2182bb758b4b3781]::string::String>, fn() -> core[df12db4294e9bfd3]::result::Result<(), alloc[2182bb758b4b3781]::string::String>>
[INFO] [stdout]   15:     0x62b5f4ea83b5 - test[9d35eded1c95d3be]::run_test::{closure#0}
[INFO] [stdout]   16:     0x62b5f4ea1c74 - std[70759c8f55707aa4]::sys::backtrace::__rust_begin_short_backtrace::<test[9d35eded1c95d3be]::run_test::{closure#1}, ()>
[INFO] [stdout]   17:     0x62b5f4eab512 - <std[70759c8f55707aa4]::thread::lifecycle::spawn_unchecked<test[9d35eded1c95d3be]::run_test::{closure#1}, ()>::{closure#1} as core[df12db4294e9bfd3]::ops::function::FnOnce<()>>::call_once::{shim:vtable#0}
[INFO] [stdout]   18:     0x62b5f4f5e539 - <std[70759c8f55707aa4]::sys::thread::unix::Thread>::new::thread_start
[INFO] [stdout]   19:     0x7ad8160b6dfa - <unknown>
[INFO] [stdout]   20:     0x7ad81614a3d4 - clone
[INFO] [stdout]   21:                0x0 - <unknown>
[INFO] [stdout] 
[INFO] [stdout] 
[INFO] [stdout] failures:
[INFO] [stdout]     compile::error::includes_the_path_s_url::in_runtime_errors
[INFO] [stdout]     compile::error::includes_the_path_s_url::in_syntax_errors
[INFO] [stdout]     compile::error::requires_plain_css_for_a_css_file
[INFO] [stdout]     compile::success::compiles_indented_syntax_for_a_sass_file
[INFO] [stdout]     compile::success::compiles_plain_css_for_a_css_file
[INFO] [stdout]     compile::success::compiles_scss_for_a_file_with_an_unknown_extension
[INFO] [stdout]     compile::success::compiles_scss_for_a_scss_file
[INFO] [stdout]     compile::success::load_paths::does_not_take_precedence_over_loads_relative_to_the_entrypoint
[INFO] [stdout]     compile::success::load_paths::is_used_to_resolve_loads
[INFO] [stdout]     compile::success::loaded_urls::contains_a_dependency
[INFO] [stdout]     compile::success::loaded_urls::includes_a_relative_path_s_url
[INFO] [stdout]     compile::success::loaded_urls::includes_an_absolute_path_s_url
[INFO] [stdout]     compile::success::the_path_is_used_to_resolve_relative_loads
[INFO] [stdout]     compile_string::error::includes_source_span_information::in_runtime_errors
[INFO] [stdout]     compile_string::error::includes_source_span_information::in_syntax_errors
[INFO] [stdout]     compile_string::error::includes_source_span_information::with_multi_span_errors
[INFO] [stdout]     compile_string::error::relative_loads_fail_with_a_non_file_url
[INFO] [stdout]     compile_string::error::relative_loads_fail_without_a_url
[INFO] [stdout]     compile_string::error::requires_plain_css_with_explicit_syntax
[INFO] [stdout]     compile_string::success::charset::does_not_emit_at_charset_or_bom_if_charset_is_false
[INFO] [stdout]     compile_string::success::charset::emits_at_charset_utf_8_or_bom_for_non_ascii_css_by_default
[INFO] [stdout]     compile_string::success::file_url_is_used_to_resolve_relative_loads
[INFO] [stdout]     compile_string::success::input::compiles_indented_syntax_with_explicit_syntax
[INFO] [stdout]     compile_string::success::input::compiles_plain_css_with_explicit_syntax
[INFO] [stdout]     compile_string::success::input::compiles_scss_by_default
[INFO] [stdout]     compile_string::success::input::compiles_scss_with_explicit_syntax
[INFO] [stdout]     compile_string::success::input::does_not_take_its_syntax_from_the_url_s_extension
[INFO] [stdout]     compile_string::success::load_paths::does_not_take_precedence_over_loads_relative_to_the_url
[INFO] [stdout]     compile_string::success::load_paths::is_used_to_resolve_loads
[INFO] [stdout]     compile_string::success::load_paths::resolves_loads_using_later_paths_if_earlier_ones_do_not_match
[INFO] [stdout]     compile_string::success::load_paths::resolves_relative_paths
[INFO] [stdout]     compile_string::success::load_paths::uses_earlier_paths_in_preference_to_later_ones
[INFO] [stdout]     compile_string::success::loaded_urls::contains_a_dependency_only_once::for_at_import
[INFO] [stdout]     compile_string::success::loaded_urls::contains_a_dependency_only_once::for_at_use
[INFO] [stdout]     compile_string::success::loaded_urls::contains_a_transitive_dependency
[INFO] [stdout]     compile_string::success::loaded_urls::contains_an_immediate_dependency
[INFO] [stdout]     compile_string::success::loaded_urls::contains_the_url_if_one_is_passed
[INFO] [stdout]     compile_string::success::loaded_urls::is_empty_with_no_url
[INFO] [stdout]     compile_string::success::recognizes_the_expanded_output_style
[INFO] [stdout]     compile_string::success::source_map::does_not_include_one_by_default
[INFO] [stdout]     compile_string::success::source_map::includes_one_if_source_map_is_true
[INFO] [stdout]     compile_string::success::source_map::includes_one_with_source_content_if_source_map_include_sources_is_true
[INFO] [stdout] 
[INFO] [stdout] test result: FAILED. 0 passed; 42 failed; 0 ignored; 0 measured; 0 filtered out; finished in 0.04s
[INFO] [stdout] 
[INFO] running `Command { std: "docker" "inspect" "87f74f06fb37fb9aa28bff7e4a93a15e207053e09d84eb0ae58955fad20858f5", kill_on_drop: false }`
[INFO] running `Command { std: "docker" "rm" "-f" "87f74f06fb37fb9aa28bff7e4a93a15e207053e09d84eb0ae58955fad20858f5", kill_on_drop: false }`
[INFO] [stdout] 87f74f06fb37fb9aa28bff7e4a93a15e207053e09d84eb0ae58955fad20858f5
