[INFO] fetching crate sashite-sanki-kernel-wasm 0.1.0...
[INFO] testing sashite-sanki-kernel-wasm-0.1.0 against 1.99.0-beta.8+cargoflags=--release for beta-release-1.100-2
[INFO] extracting crate sashite-sanki-kernel-wasm 0.1.0 into /workspace/builds/worker-7-tc1/source
[INFO] removed /workspace/builds/worker-7-tc1/source/.cargo/config.toml
[INFO] removed /workspace/builds/worker-7-tc1/source/rust-toolchain.toml
[INFO] started tweaking crates.io crate sashite-sanki-kernel-wasm 0.1.0
[INFO] removed 0 missing tests
[INFO] finished tweaking crates.io crate sashite-sanki-kernel-wasm 0.1.0
[INFO] tweaked toml for crates.io crate sashite-sanki-kernel-wasm 0.1.0 written to /workspace/builds/worker-7-tc1/source/Cargo.toml
[INFO] validating manifest of crates.io crate sashite-sanki-kernel-wasm 0.1.0 on toolchain 1.99.0-beta.8
[INFO] running `Command { std: CARGO_HOME="/workspace/cargo-home" RUSTUP_HOME="/workspace/rustup-home" "/workspace/cargo-home/bin/cargo" "+1.99.0-beta.8" "metadata" "--manifest-path" "Cargo.toml" "--no-deps", kill_on_drop: false }`
[INFO] crate crates.io crate sashite-sanki-kernel-wasm 0.1.0 already has a lockfile, it will not be regenerated
[INFO] running `Command { std: CARGO_HOME="/workspace/cargo-home" RUSTUP_HOME="/workspace/rustup-home" "/workspace/cargo-home/bin/cargo" "+1.99.0-beta.8" "fetch" "--manifest-path" "Cargo.toml", kill_on_drop: false }`
[INFO] [stderr]     Updating crates.io index
[INFO] [stderr]  Downloading crates ...
[INFO] [stderr]   Downloaded wat v1.258.0
[INFO] [stderr]   Downloaded wast v258.0.0
[INFO] [stderr]   Downloaded wasmi_collections v2.0.0
[INFO] [stderr]   Downloaded string-interner v0.19.0
[INFO] [stderr]   Downloaded sashite-qi v0.2.1
[INFO] [stderr]   Downloaded sashite-epin v1.1.0
[INFO] [stderr]   Downloaded wasmi_ir v2.0.0
[INFO] [stderr]   Downloaded sashite-sin v1.1.0
[INFO] [stderr]   Downloaded sashite-pin v1.1.0
[INFO] [stderr]   Downloaded wasmi_core v2.0.0
[INFO] [stderr]   Downloaded sashite-feen v0.2.0
[INFO] [stderr]   Downloaded talc v5.1.0
[INFO] [stderr]   Downloaded allocator-api2 v0.4.0
[INFO] [stderr]   Downloaded wasm-encoder v0.258.0
[INFO] [stderr]   Downloaded sashite-sanki-session v0.15.0
[INFO] [stderr]   Downloaded sashite-sanki-engine v0.11.1
[INFO] [stderr]   Downloaded wasmparser v0.258.0
[INFO] [stderr]   Downloaded wasmi v2.0.0
[INFO] [stderr]   Downloaded wasmparser v0.228.0
[INFO] running `Command { std: "docker" "create" "-v" "/var/lib/crater-agent-workspace/builds/worker-7-tc1/source:/opt/rustwide/workdir:ro,Z" "-v" "/var/lib/crater-agent-workspace/builds/worker-7-tc1/target:/opt/rustwide/target:rw,Z" "-v" "/var/lib/crater-agent-workspace/cargo-home:/opt/rustwide/cargo-home:ro,Z" "-v" "/var/lib/crater-agent-workspace/rustup-home:/opt/rustwide/rustup-home:ro,Z" "-m" "1610612736" "--network" "none" "ghcr.io/rust-lang/crates-build-env/linux@sha256:77db811e55d90add9212f6832c23229e3de5f1c1f9905e8cb07319ea15df73ac" "sleep" "infinity", kill_on_drop: false }`
[INFO] [stdout] f4613c9419c5a642fc891eee18a729d8c3bf199f9102610db52f2e3bb97a543f
[INFO] running `Command { std: "docker" "start" "f4613c9419c5a642fc891eee18a729d8c3bf199f9102610db52f2e3bb97a543f", kill_on_drop: false }`
[INFO] running `Command { std: "docker" "inspect" "f4613c9419c5a642fc891eee18a729d8c3bf199f9102610db52f2e3bb97a543f", kill_on_drop: false }`
[INFO] running `Command { std: "docker" "exec" "-e" "SOURCE_DIR=/opt/rustwide/workdir" "-e" "CARGO_HOME=/opt/rustwide/cargo-home" "-e" "RUSTUP_HOME=/opt/rustwide/rustup-home" "-e" "CARGO_TARGET_DIR=/opt/rustwide/target" "-w" "/opt/rustwide/workdir" "--user" "0:0" "f4613c9419c5a642fc891eee18a729d8c3bf199f9102610db52f2e3bb97a543f" "/opt/rustwide/cargo-home/bin/cargo" "+1.99.0-beta.8" "metadata" "--no-deps" "--format-version=1", kill_on_drop: false }`
[INFO] running `Command { std: "docker" "inspect" "f4613c9419c5a642fc891eee18a729d8c3bf199f9102610db52f2e3bb97a543f", kill_on_drop: false }`
[INFO] running `Command { std: "docker" "exec" "-e" "SOURCE_DIR=/opt/rustwide/workdir" "-e" "CARGO_HOME=/opt/rustwide/cargo-home" "-e" "RUSTUP_HOME=/opt/rustwide/rustup-home" "-e" "CARGO_TARGET_DIR=/opt/rustwide/target" "-e" "CARGO_INCREMENTAL=0" "-e" "RUST_BACKTRACE=full" "-e" "RUSTFLAGS=--cap-lints=warn" "-e" "RUSTDOCFLAGS=--cap-lints=warn" "-w" "/opt/rustwide/workdir" "--user" "0:0" "f4613c9419c5a642fc891eee18a729d8c3bf199f9102610db52f2e3bb97a543f" "/opt/rustwide/cargo-home/bin/cargo" "+1.99.0-beta.8" "build" "--frozen" "--message-format=json" "--release", kill_on_drop: false }`
[INFO] [stderr]    Compiling version_check v0.9.5
[INFO] [stderr]    Compiling proc-macro2 v1.0.107
[INFO] [stderr]    Compiling quote v1.0.47
[INFO] [stderr]    Compiling unicode-ident v1.0.24
[INFO] [stderr]    Compiling typenum v1.20.1
[INFO] [stderr]    Compiling serde_core v1.0.229
[INFO] [stderr]    Compiling zmij v1.0.23
[INFO] [stderr]    Compiling serde v1.0.229
[INFO] [stderr]    Compiling sashite-pin v1.1.0
[INFO] [stderr]    Compiling serde_json v1.0.151
[INFO] [stderr]    Compiling sashite-epin v1.1.0
[INFO] [stderr]    Compiling cpufeatures v0.2.17
[INFO] [stderr]    Compiling sashite-sin v1.1.0
[INFO] [stderr]    Compiling sashite-qi v0.2.1
[INFO] [stderr]    Compiling generic-array v0.14.7
[INFO] [stderr]    Compiling cfg-if v1.0.4
[INFO] [stderr]    Compiling itoa v1.0.18
[INFO] [stderr]    Compiling memchr v2.8.3
[INFO] [stderr]    Compiling sashite-feen v0.2.0
[INFO] [stderr]    Compiling syn v3.0.5
[INFO] [stderr]    Compiling block-buffer v0.10.4
[INFO] [stderr]    Compiling crypto-common v0.1.7
[INFO] [stderr]    Compiling digest v0.10.7
[INFO] [stderr]    Compiling sha2 v0.10.9
[INFO] [stderr]    Compiling serde_derive v1.0.229
[INFO] [stderr]    Compiling sashite-sanki-engine v0.11.1
[INFO] [stderr]    Compiling sashite-sanki-session v0.15.0
[INFO] [stderr]    Compiling sashite-sanki-kernel-wasm v0.1.0 (/opt/rustwide/workdir)
[INFO] [stderr]     Finished `release` profile [optimized] target(s) in 45.83s
[INFO] running `Command { std: "docker" "inspect" "f4613c9419c5a642fc891eee18a729d8c3bf199f9102610db52f2e3bb97a543f", kill_on_drop: false }`
[INFO] running `Command { std: "docker" "exec" "-e" "SOURCE_DIR=/opt/rustwide/workdir" "-e" "CARGO_HOME=/opt/rustwide/cargo-home" "-e" "RUSTUP_HOME=/opt/rustwide/rustup-home" "-e" "CARGO_TARGET_DIR=/opt/rustwide/target" "-e" "CARGO_INCREMENTAL=0" "-e" "RUST_BACKTRACE=full" "-e" "RUSTFLAGS=--cap-lints=warn" "-e" "RUSTDOCFLAGS=--cap-lints=warn" "-w" "/opt/rustwide/workdir" "--user" "0:0" "f4613c9419c5a642fc891eee18a729d8c3bf199f9102610db52f2e3bb97a543f" "/opt/rustwide/cargo-home/bin/cargo" "+1.99.0-beta.8" "test" "--frozen" "--no-run" "--message-format=json" "--release", kill_on_drop: false }`
[INFO] [stderr]    Compiling typenum v1.20.1
[INFO] [stderr]    Compiling memchr v2.8.3
[INFO] [stderr]    Compiling libm v0.2.16
[INFO] [stderr]    Compiling sashite-pin v1.1.0
[INFO] [stderr]    Compiling serde_core v1.0.229
[INFO] [stderr]    Compiling zmij v1.0.23
[INFO] [stderr]    Compiling leb128fmt v0.1.0
[INFO] [stderr]    Compiling cfg-if v1.0.4
[INFO] [stderr]    Compiling sashite-sin v1.1.0
[INFO] [stderr]    Compiling sashite-epin v1.1.0
[INFO] [stderr]    Compiling sashite-qi v0.2.1
[INFO] [stderr]    Compiling itoa v1.0.18
[INFO] [stderr]    Compiling cpufeatures v0.2.17
[INFO] [stderr]    Compiling sashite-feen v0.2.0
[INFO] [stderr]    Compiling wasm-encoder v0.258.0
[INFO] [stderr]    Compiling unicode-width v0.2.2
[INFO] [stderr]    Compiling wasmi_ir v2.0.0
[INFO] [stderr]    Compiling wasmparser v0.228.0
[INFO] [stderr]    Compiling bumpalo v3.20.3
[INFO] [stderr]    Compiling generic-array v0.14.7
[INFO] [stderr]    Compiling wasmi v2.0.0
[INFO] [stderr]    Compiling bitflags v2.13.1
[INFO] [stderr]    Compiling spin v0.9.9
[INFO] [stderr]    Compiling wast v258.0.0
[INFO] [stderr]    Compiling wasmi_core v2.0.0
[INFO] [stderr]    Compiling crypto-common v0.1.7
[INFO] [stderr]    Compiling block-buffer v0.10.4
[INFO] [stderr]    Compiling digest v0.10.7
[INFO] [stderr]    Compiling wasmi_collections v2.0.0
[INFO] [stderr]    Compiling sha2 v0.10.9
[INFO] [stderr]    Compiling serde v1.0.229
[INFO] [stderr]    Compiling serde_json v1.0.151
[INFO] [stderr]    Compiling sashite-sanki-engine v0.11.1
[INFO] [stderr]    Compiling sashite-sanki-session v0.15.0
[INFO] [stderr]    Compiling wat v1.258.0
[INFO] [stderr]    Compiling sashite-sanki-kernel-wasm v0.1.0 (/opt/rustwide/workdir)
[INFO] [stderr]     Finished `release` profile [optimized] target(s) in 3m 50s
[INFO] running `Command { std: "docker" "inspect" "f4613c9419c5a642fc891eee18a729d8c3bf199f9102610db52f2e3bb97a543f", kill_on_drop: false }`
[INFO] running `Command { std: "docker" "exec" "-e" "SOURCE_DIR=/opt/rustwide/workdir" "-e" "CARGO_HOME=/opt/rustwide/cargo-home" "-e" "RUSTUP_HOME=/opt/rustwide/rustup-home" "-e" "CARGO_TARGET_DIR=/opt/rustwide/target" "-e" "CARGO_INCREMENTAL=0" "-e" "RUST_BACKTRACE=full" "-e" "RUSTFLAGS=--cap-lints=warn" "-e" "RUSTDOCFLAGS=--cap-lints=warn" "-w" "/opt/rustwide/workdir" "--user" "0:0" "f4613c9419c5a642fc891eee18a729d8c3bf199f9102610db52f2e3bb97a543f" "/opt/rustwide/cargo-home/bin/cargo" "+1.99.0-beta.8" "test" "--frozen" "--release", kill_on_drop: false }`
[INFO] [stderr]     Finished `release` profile [optimized] target(s) in 0.11s
[INFO] [stderr]      Running unittests src/lib.rs (/opt/rustwide/target/release/deps/sashite_sanki_kernel_wasm-c27c4d308b725f50)
[INFO] [stdout] 
[INFO] [stdout] running 4 tests
[INFO] [stdout] test json::tests::refuses_what_the_abi_names ... ok
[INFO] [stdout] test json::tests::surrogate_pairs_and_raw_unicode_are_fine ... ok
[INFO] [stdout] test json::tests::duplicates_are_compared_decoded_and_per_object ... ok
[INFO] [stdout] test json::tests::accepts_a_lenient_but_well_formed_request ... ok
[INFO] [stdout] 
[INFO] [stdout] test result: ok. 4 passed; 0 failed; 0 ignored; 0 measured; 0 filtered out; finished in 0.00s
[INFO] [stdout] 
[INFO] [stderr]      Running tests/answer.rs (/opt/rustwide/target/release/deps/answer-cd415b86abbd7ae5)
[INFO] [stdout] 
[INFO] [stdout] running 6 tests
[INFO] [stdout] test corpus_primitives_and_their_bounds ... ok
[INFO] [stdout] test natural_state_ignores_what_cannot_enter_a_chain ... ok
[INFO] [stdout] test select_conclusion_keeps_the_earliest_conforming_one ... ok
[INFO] [stdout] test session_terms_are_checked ... ok
[INFO] [stdout] test verdict_and_check_across_the_claim_domain ... ok
[INFO] [stdout] test errors_of_the_abi ... ok
[INFO] [stdout] 
[INFO] [stderr]      Running tests/differential.rs (/opt/rustwide/target/release/deps/differential-1819776125d130da)
[INFO] [stdout] test result: ok. 6 passed; 0 failed; 0 ignored; 0 measured; 0 filtered out; finished in 0.04s
[INFO] [stdout] 
[INFO] [stdout] 
[INFO] [stdout] running 1 test
[INFO] [stderr]    Compiling version_check v0.9.5
[INFO] [stderr]    Compiling proc-macro2 v1.0.107
[INFO] [stderr]    Compiling quote v1.0.47
[INFO] [stderr]    Compiling typenum v1.20.1
[INFO] [stderr]    Compiling unicode-ident v1.0.24
[INFO] [stderr]    Compiling serde_core v1.0.229
[INFO] [stderr]    Compiling zmij v1.0.23
[INFO] [stderr]    Compiling serde_json v1.0.151
[INFO] [stderr]    Compiling serde v1.0.229
[INFO] [stderr]    Compiling sashite-pin v1.1.0
[INFO] [stderr] error[E0463]: can't find crate for `core`
[INFO] [stderr]   |
[INFO] [stderr]   = note: the `wasm32-unknown-unknown` target may not be installed
[INFO] [stderr]   = help: consider downloading the target with `rustup target add wasm32-unknown-unknown`
[INFO] [stderr] 
[INFO] [stderr] For more information about this error, try `rustc --explain E0463`.
[INFO] [stderr] error: could not compile `sashite-pin` (lib) due to 1 previous error
[INFO] [stderr] warning: build failed, waiting for other jobs to finish...
[INFO] [stderr] error: could not compile `typenum` (lib) due to 1 previous error
[INFO] [stdout] test random_sessions_agree_with_the_native_engine ... FAILED
[INFO] [stdout] 
[INFO] [stdout] failures:
[INFO] [stdout] 
[INFO] [stdout] ---- random_sessions_agree_with_the_native_engine stdout ----
[INFO] [stdout] 
[INFO] [stdout] thread 'random_sessions_agree_with_the_native_engine' (976) panicked at tests/common/mod.rs:44:13:
[INFO] [stdout] the module builds for wasm32-unknown-unknown
[INFO] [stdout] stack backtrace:
[INFO] [stdout]    0:     0x649b79b71497 - <unknown>
[INFO] [stdout]    1:     0x649b79b0496a - <unknown>
[INFO] [stdout]    2:     0x649b79b70a4b - <unknown>
[INFO] [stdout]    3:     0x649b79b7052f - <unknown>
[INFO] [stdout]    4:     0x649b79b7015a - <unknown>
[INFO] [stdout]    5:     0x649b79b6fc92 - <unknown>
[INFO] [stdout]    6:     0x649b79b96a92 - <unknown>
[INFO] [stdout]    7:     0x649b79b96a19 - <unknown>
[INFO] [stdout]    8:     0x649b79b96f2c - <unknown>
[INFO] [stdout]    9:     0x649b79b047fb - <unknown>
[INFO] [stdout]   10:     0x649b79ada911 - <unknown>
[INFO] [stdout]   11:     0x649b79b9af59 - <unknown>
[INFO] [stdout]   12:     0x649b79ae34aa - <unknown>
[INFO] [stdout]   13:     0x649b79b03199 - <unknown>
[INFO] [stdout]   14:     0x649b79baf2eb - <unknown>
[INFO] [stdout]   15:     0x649b79baaf2c - <unknown>
[INFO] [stdout]   16:     0x649b79baa65c - <unknown>
[INFO] [stdout]   17:     0x649b79bc753c - <unknown>
[INFO] [stdout]   18:     0x649b79b98172 - <unknown>
[INFO] [stdout]   19:     0x7ef766adadfa - <unknown>
[INFO] [stdout]   20:     0x7ef766b6e3d4 - clone
[INFO] [stdout]   21:                0x0 - <unknown>
[INFO] [stdout] 
[INFO] [stdout] 
[INFO] [stdout] failures:
[INFO] [stdout]     random_sessions_agree_with_the_native_engine
[INFO] [stdout] 
[INFO] [stdout] test result: FAILED. 0 passed; 1 failed; 0 ignored; 0 measured; 0 filtered out; finished in 1.42s
[INFO] [stdout] 
[INFO] [stderr] error: test failed, to rerun pass `--test differential`
[INFO] running `Command { std: "docker" "inspect" "f4613c9419c5a642fc891eee18a729d8c3bf199f9102610db52f2e3bb97a543f", kill_on_drop: false }`
[INFO] running `Command { std: "docker" "rm" "-f" "f4613c9419c5a642fc891eee18a729d8c3bf199f9102610db52f2e3bb97a543f", kill_on_drop: false }`
[INFO] [stdout] f4613c9419c5a642fc891eee18a729d8c3bf199f9102610db52f2e3bb97a543f
