[INFO] fetching crate sashite-pin 1.1.0...
[INFO] testing sashite-pin-1.1.0 against 1.100.0-beta.1+cargoflags=--release for beta-release-1.100-2
[INFO] extracting crate sashite-pin 1.1.0 into /workspace/builds/worker-0-tc2/source
[INFO] started tweaking crates.io crate sashite-pin 1.1.0
[INFO] removed 0 missing examples
[INFO] removed 0 missing tests
[INFO] finished tweaking crates.io crate sashite-pin 1.1.0
[INFO] tweaked toml for crates.io crate sashite-pin 1.1.0 written to /workspace/builds/worker-0-tc2/source/Cargo.toml
[INFO] validating manifest of crates.io crate sashite-pin 1.1.0 on toolchain 1.100.0-beta.1
[INFO] running `Command { std: CARGO_HOME="/workspace/cargo-home" RUSTUP_HOME="/workspace/rustup-home" "/workspace/cargo-home/bin/cargo" "+1.100.0-beta.1" "metadata" "--manifest-path" "Cargo.toml" "--no-deps", kill_on_drop: false }`
[INFO] crate crates.io crate sashite-pin 1.1.0 already has a lockfile, it will not be regenerated
[INFO] running `Command { std: CARGO_HOME="/workspace/cargo-home" RUSTUP_HOME="/workspace/rustup-home" "/workspace/cargo-home/bin/cargo" "+1.100.0-beta.1" "fetch" "--manifest-path" "Cargo.toml", kill_on_drop: false }`
[INFO] running `Command { std: "docker" "create" "-v" "/var/lib/crater-agent-workspace/builds/worker-0-tc2/source:/opt/rustwide/workdir:ro,Z" "-v" "/var/lib/crater-agent-workspace/builds/worker-0-tc2/target:/opt/rustwide/target:rw,Z" "-v" "/var/lib/crater-agent-workspace/cargo-home:/opt/rustwide/cargo-home:ro,Z" "-v" "/var/lib/crater-agent-workspace/rustup-home:/opt/rustwide/rustup-home:ro,Z" "-m" "1610612736" "--network" "none" "ghcr.io/rust-lang/crates-build-env/linux@sha256:77db811e55d90add9212f6832c23229e3de5f1c1f9905e8cb07319ea15df73ac" "sleep" "infinity", kill_on_drop: false }`
[INFO] [stdout] 85b1d84941634926079c1bbaf48004b66448752c8b33e3783c128e6547437fe6
[INFO] running `Command { std: "docker" "start" "85b1d84941634926079c1bbaf48004b66448752c8b33e3783c128e6547437fe6", kill_on_drop: false }`
[INFO] running `Command { std: "docker" "inspect" "85b1d84941634926079c1bbaf48004b66448752c8b33e3783c128e6547437fe6", kill_on_drop: false }`
[INFO] running `Command { std: "docker" "exec" "-e" "SOURCE_DIR=/opt/rustwide/workdir" "-e" "CARGO_HOME=/opt/rustwide/cargo-home" "-e" "RUSTUP_HOME=/opt/rustwide/rustup-home" "-e" "CARGO_TARGET_DIR=/opt/rustwide/target" "-w" "/opt/rustwide/workdir" "--user" "0:0" "85b1d84941634926079c1bbaf48004b66448752c8b33e3783c128e6547437fe6" "/opt/rustwide/cargo-home/bin/cargo" "+1.100.0-beta.1" "metadata" "--no-deps" "--format-version=1", kill_on_drop: false }`
[INFO] running `Command { std: "docker" "inspect" "85b1d84941634926079c1bbaf48004b66448752c8b33e3783c128e6547437fe6", kill_on_drop: false }`
[INFO] running `Command { std: "docker" "exec" "-e" "SOURCE_DIR=/opt/rustwide/workdir" "-e" "CARGO_HOME=/opt/rustwide/cargo-home" "-e" "RUSTUP_HOME=/opt/rustwide/rustup-home" "-e" "CARGO_TARGET_DIR=/opt/rustwide/target" "-e" "CARGO_INCREMENTAL=0" "-e" "RUST_BACKTRACE=full" "-e" "RUSTFLAGS=--cap-lints=warn" "-e" "RUSTDOCFLAGS=--cap-lints=warn" "-w" "/opt/rustwide/workdir" "--user" "0:0" "85b1d84941634926079c1bbaf48004b66448752c8b33e3783c128e6547437fe6" "/opt/rustwide/cargo-home/bin/cargo" "+1.100.0-beta.1" "build" "--frozen" "--message-format=json" "--release", kill_on_drop: false }`
[INFO] [stderr]    Compiling sashite-pin v1.1.0 (/opt/rustwide/workdir)
[INFO] [stderr]     Finished `release` profile [optimized] target(s) in 0.25s
[INFO] running `Command { std: "docker" "inspect" "85b1d84941634926079c1bbaf48004b66448752c8b33e3783c128e6547437fe6", kill_on_drop: false }`
[INFO] running `Command { std: "docker" "exec" "-e" "SOURCE_DIR=/opt/rustwide/workdir" "-e" "CARGO_HOME=/opt/rustwide/cargo-home" "-e" "RUSTUP_HOME=/opt/rustwide/rustup-home" "-e" "CARGO_TARGET_DIR=/opt/rustwide/target" "-e" "CARGO_INCREMENTAL=0" "-e" "RUST_BACKTRACE=full" "-e" "RUSTFLAGS=--cap-lints=warn" "-e" "RUSTDOCFLAGS=--cap-lints=warn" "-w" "/opt/rustwide/workdir" "--user" "0:0" "85b1d84941634926079c1bbaf48004b66448752c8b33e3783c128e6547437fe6" "/opt/rustwide/cargo-home/bin/cargo" "+1.100.0-beta.1" "test" "--frozen" "--no-run" "--message-format=json" "--release", kill_on_drop: false }`
[INFO] [stderr]    Compiling proc-macro2 v1.0.107
[INFO] [stderr]    Compiling quote v1.0.47
[INFO] [stderr]    Compiling unicode-ident v1.0.24
[INFO] [stderr]    Compiling serde_core v1.0.229
[INFO] [stderr]    Compiling zerocopy v0.8.55
[INFO] [stderr]    Compiling memchr v2.8.3
[INFO] [stderr]    Compiling serde v1.0.229
[INFO] [stderr]    Compiling zmij v1.0.23
[INFO] [stderr]    Compiling autocfg v1.5.1
[INFO] [stderr]    Compiling cfg-if v1.0.4
[INFO] [stderr]    Compiling libc v0.2.189
[INFO] [stderr]    Compiling serde_json v1.0.151
[INFO] [stderr]    Compiling either v1.17.0
[INFO] [stderr]    Compiling anstyle v1.0.14
[INFO] [stderr]    Compiling itoa v1.0.18
[INFO] [stderr]    Compiling clap_lex v1.1.0
[INFO] [stderr]    Compiling regex-syntax v0.8.11
[INFO] [stderr]    Compiling ciborium-io v0.2.2
[INFO] [stderr]    Compiling same-file v1.0.6
[INFO] [stderr]    Compiling cast v0.3.0
[INFO] [stderr]    Compiling once_cell v1.21.4
[INFO] [stderr]    Compiling anes v0.1.6
[INFO] [stderr]    Compiling walkdir v2.5.0
[INFO] [stderr]    Compiling itertools v0.10.5
[INFO] [stderr]    Compiling oorandom v11.1.5
[INFO] [stderr]    Compiling num-traits v0.2.19
[INFO] [stderr]    Compiling clap_builder v4.6.5
[INFO] [stderr]    Compiling aho-corasick v1.1.4
[INFO] [stderr]    Compiling syn v2.0.119
[INFO] [stderr]    Compiling syn v3.0.3
[INFO] [stderr]    Compiling is-terminal v0.4.17
[INFO] [stderr]    Compiling criterion-plot v0.5.0
[INFO] [stderr]    Compiling clap v4.6.5
[INFO] [stderr]    Compiling serde_derive v1.0.229
[INFO] [stderr]    Compiling regex-automata v0.4.16
[INFO] [stderr]    Compiling zerocopy-derive v0.8.55
[INFO] [stderr]    Compiling regex v1.13.1
[INFO] [stderr]    Compiling tinytemplate v1.2.1
[INFO] [stderr]    Compiling serde_test v1.0.177
[INFO] [stderr]    Compiling half v2.7.1
[INFO] [stderr]    Compiling ciborium-ll v0.2.2
[INFO] [stderr]    Compiling ciborium v0.2.2
[INFO] [stderr]    Compiling criterion v0.5.1
[INFO] [stderr]    Compiling sashite-pin v1.1.0 (/opt/rustwide/workdir)
[INFO] [stderr]     Finished `release` profile [optimized] target(s) in 1m 37s
[INFO] running `Command { std: "docker" "inspect" "85b1d84941634926079c1bbaf48004b66448752c8b33e3783c128e6547437fe6", kill_on_drop: false }`
[INFO] running `Command { std: "docker" "exec" "-e" "SOURCE_DIR=/opt/rustwide/workdir" "-e" "CARGO_HOME=/opt/rustwide/cargo-home" "-e" "RUSTUP_HOME=/opt/rustwide/rustup-home" "-e" "CARGO_TARGET_DIR=/opt/rustwide/target" "-e" "CARGO_INCREMENTAL=0" "-e" "RUST_BACKTRACE=full" "-e" "RUSTFLAGS=--cap-lints=warn" "-e" "RUSTDOCFLAGS=--cap-lints=warn" "-w" "/opt/rustwide/workdir" "--user" "0:0" "85b1d84941634926079c1bbaf48004b66448752c8b33e3783c128e6547437fe6" "/opt/rustwide/cargo-home/bin/cargo" "+1.100.0-beta.1" "test" "--frozen" "--release", kill_on_drop: false }`
[INFO] [stderr]     Finished `release` profile [optimized] target(s) in 0.08s
[INFO] [stderr]      Running unittests src/lib.rs (/opt/rustwide/target/release/build/sashite-pin/35e8dbad208b21be/out/sashite_pin-35e8dbad208b21be)
[INFO] [stderr]      Running tests/conformance.rs (/opt/rustwide/target/release/build/sashite-pin/906ae308d7ff5d20/out/conformance-906ae308d7ff5d20)
[INFO] [stdout] 
[INFO] [stdout] running 0 tests
[INFO] [stdout] 
[INFO] [stdout] test result: ok. 0 passed; 0 failed; 0 ignored; 0 measured; 0 filtered out; finished in 0.00s
[INFO] [stdout] 
[INFO] [stdout] 
[INFO] [stdout] running 8 tests
[INFO] [stdout] test parser_matches_spec_regex_on_non_ascii_and_long_inputs ... ok
[INFO] [stdout] test the_closed_domain_has_312_tokens ... ok
[INFO] [stdout] test every_token_round_trips_and_decodes_correctly ... ok
[INFO] [stdout] test confusable_characters_are_rejected_in_every_position ... ok
[INFO] [stdout] test nothing_four_bytes_or_longer_is_accepted ... ok
[INFO] [stdout] test every_unicode_scalar_agrees_with_the_spec ... ok
[INFO] [stdout] test parser_matches_spec_regex_over_all_ascii_inputs ... ok
[INFO] [stdout] test every_byte_slice_up_to_three_bytes_agrees_with_the_spec ... ok
[INFO] [stdout] 
[INFO] [stdout] test result: ok. 8 passed; 0 failed; 0 ignored; 0 measured; 0 filtered out; finished in 1.01s
[INFO] [stdout] 
[INFO] [stderr]      Running tests/formatting.rs (/opt/rustwide/target/release/build/sashite-pin/7cebb8fdc8095695/out/formatting-7cebb8fdc8095695)
[INFO] [stdout] 
[INFO] [stdout] running 7 tests
[INFO] [stdout] test encoded_pin_display_honours_the_format_spec ... ok
[INFO] [stdout] test parse_error_display_honours_the_format_spec ... ok
[INFO] [stdout] test identifier_display_honours_precision ... ok
[INFO] [stdout] test identifier_display_honours_width_fill_and_alignment ... ok
[INFO] [stdout] test plain_display_is_the_bare_canonical_token_for_every_identifier ... ok
[INFO] [stdout] test error_messages_are_measured_in_bytes_not_characters ... ok
[INFO] [stdout] test the_token_text_is_available_in_a_const_context ... ok
[INFO] [stdout] 
[INFO] [stdout] test result: ok. 7 passed; 0 failed; 0 ignored; 0 measured; 0 filtered out; finished in 0.05s
[INFO] [stdout] 
[INFO] [stdout] 
[INFO] [stderr]      Running tests/invariants.rs (/opt/rustwide/target/release/build/sashite-pin/35a47e457c13fdd0/out/invariants-35a47e457c13fdd0)
[INFO] [stdout] running 7 tests
[INFO] [stdout] test e1_every_encoding_has_a_length_in_range_and_ascii_content ... ok
[INFO] [stdout] test e2_as_str_never_falls_back_to_the_empty_string ... ok
[INFO] [stdout] test l1_every_letter_wraps_an_uppercase_ascii_byte ... ok
[INFO] [stdout] test l2_the_cased_byte_never_overflows ... ok
[INFO] [stdout] test these_tests_run_with_overflow_and_debug_checks_on ... FAILED
[INFO] [stdout] test encoding_and_parsing_are_mutually_inverse_over_the_whole_domain ... ok
[INFO] [stdout] test the_parser_survives_every_byte_pattern_it_can_be_handed ... ok
[INFO] [stdout] 
[INFO] [stdout] failures:
[INFO] [stdout] 
[INFO] [stdout] ---- these_tests_run_with_overflow_and_debug_checks_on stdout ----
[INFO] [stdout] 
[INFO] [stdout] thread 'these_tests_run_with_overflow_and_debug_checks_on' (1072) panicked at tests/invariants.rs:65:5:
[INFO] [stdout] the panic-freedom tests are only meaningful with debug assertions on
[INFO] [stdout] stack backtrace:
[INFO] [stdout]    0:     0x5724e6ecb737 - <<std[617be2ca0a6fd877]::sys::backtrace::BacktraceLock>::print::DisplayBacktrace as core[a373ad73a504971]::fmt::Display>::fmt
[INFO] [stdout]    1:     0x5724e6eb33ba - core[a373ad73a504971]::fmt::write
[INFO] [stdout]    2:     0x5724e6ecaceb - <alloc[2e1b2a31b91974c5]::vec::Vec<u8> as core[a373ad73a504971]::io::write::Write>::write_fmt
[INFO] [stdout]    3:     0x5724e6eca7cf - std[617be2ca0a6fd877]::panicking::default_hook::{closure#0}
[INFO] [stdout]    4:     0x5724e6eca3fa - std[617be2ca0a6fd877]::panicking::default_hook
[INFO] [stdout]    5:     0x5724e6ec9f35 - std[617be2ca0a6fd877]::panicking::panic_with_hook
[INFO] [stdout]    6:     0x5724e6ef0d12 - std[617be2ca0a6fd877]::panicking::panic_handler::{closure#0}
[INFO] [stdout]    7:     0x5724e6ef0c99 - std[617be2ca0a6fd877]::sys::backtrace::__rust_end_short_backtrace::<std[617be2ca0a6fd877]::panicking::panic_handler::{closure#0}, !>
[INFO] [stdout]    8:     0x5724e6ef119c - __rustc[ea4f61d10b84890b]::rust_begin_unwind
[INFO] [stdout]    9:     0x5724e6eb324b - core[a373ad73a504971]::panicking::panic_fmt
[INFO] [stdout]   10:     0x5724e6eb14a9 - <invariants[1a7eb411bcc0315e]::these_tests_run_with_overflow_and_debug_checks_on::{closure#0} as core[a373ad73a504971]::ops::function::FnOnce<()>>::call_once
[INFO] [stdout]   11:     0x5724e6f0920b - test[aada8e7e76ba119b]::__rust_begin_short_backtrace::<core[a373ad73a504971]::result::Result<(), alloc[2e1b2a31b91974c5]::string::String>, fn() -> core[a373ad73a504971]::result::Result<(), alloc[2e1b2a31b91974c5]::string::String>>
[INFO] [stdout]   12:     0x5724e6f0466f - test[aada8e7e76ba119b]::run_test::{closure#0}
[INFO] [stdout]   13:     0x5724e6f040ec - std[617be2ca0a6fd877]::sys::backtrace::__rust_begin_short_backtrace::<test[aada8e7e76ba119b]::run_test::{closure#1}, ()>
[INFO] [stdout]   14:     0x5724e6f2465c - <std[617be2ca0a6fd877]::thread::lifecycle::spawn_unchecked<test[aada8e7e76ba119b]::run_test::{closure#1}, ()>::{closure#1} as core[a373ad73a504971]::ops::function::FnOnce<()>>::call_once::{shim:vtable#0}
[INFO] [stdout]   15:     0x5724e6ef2974 - <std[617be2ca0a6fd877]::sys::thread::unix::Thread>::new::thread_start
[INFO] [stdout]   16:     0x7be872492dfa - <unknown>
[INFO] [stdout]   17:     0x7be8725263d4 - clone
[INFO] [stdout]   18:                0x0 - <unknown>
[INFO] [stdout] 
[INFO] [stdout] 
[INFO] [stdout] failures:
[INFO] [stdout]     these_tests_run_with_overflow_and_debug_checks_on
[INFO] [stdout] 
[INFO] [stdout] test result: FAILED. 6 passed; 1 failed; 0 ignored; 0 measured; 0 filtered out; finished in 0.07s
[INFO] [stdout] 
[INFO] [stderr] error: test failed, to rerun pass `--test invariants`
[INFO] running `Command { std: "docker" "inspect" "85b1d84941634926079c1bbaf48004b66448752c8b33e3783c128e6547437fe6", kill_on_drop: false }`
[INFO] running `Command { std: "docker" "rm" "-f" "85b1d84941634926079c1bbaf48004b66448752c8b33e3783c128e6547437fe6", kill_on_drop: false }`
[INFO] [stdout] 85b1d84941634926079c1bbaf48004b66448752c8b33e3783c128e6547437fe6
