[INFO] fetching crate sarpa 0.1.2...
[INFO] testing sarpa-0.1.2 against 1.100.0-beta.1+cargoflags=--release for beta-release-1.100-2
[INFO] extracting crate sarpa 0.1.2 into /workspace/builds/worker-6-tc2/source
[INFO] started tweaking crates.io crate sarpa 0.1.2
[INFO] finished tweaking crates.io crate sarpa 0.1.2
[INFO] tweaked toml for crates.io crate sarpa 0.1.2 written to /workspace/builds/worker-6-tc2/source/Cargo.toml
[INFO] validating manifest of crates.io crate sarpa 0.1.2 on toolchain 1.100.0-beta.1
[INFO] running `Command { std: CARGO_HOME="/workspace/cargo-home" RUSTUP_HOME="/workspace/rustup-home" "/workspace/cargo-home/bin/cargo" "+1.100.0-beta.1" "metadata" "--manifest-path" "Cargo.toml" "--no-deps", kill_on_drop: false }`
[INFO] crate crates.io crate sarpa 0.1.2 already has a lockfile, it will not be regenerated
[INFO] running `Command { std: CARGO_HOME="/workspace/cargo-home" RUSTUP_HOME="/workspace/rustup-home" "/workspace/cargo-home/bin/cargo" "+1.100.0-beta.1" "fetch" "--manifest-path" "Cargo.toml", kill_on_drop: false }`
[INFO] running `Command { std: "docker" "create" "-v" "/var/lib/crater-agent-workspace/builds/worker-6-tc2/source:/opt/rustwide/workdir:ro,Z" "-v" "/var/lib/crater-agent-workspace/builds/worker-6-tc2/target:/opt/rustwide/target:rw,Z" "-v" "/var/lib/crater-agent-workspace/cargo-home:/opt/rustwide/cargo-home:ro,Z" "-v" "/var/lib/crater-agent-workspace/rustup-home:/opt/rustwide/rustup-home:ro,Z" "-m" "1610612736" "--network" "none" "ghcr.io/rust-lang/crates-build-env/linux@sha256:77db811e55d90add9212f6832c23229e3de5f1c1f9905e8cb07319ea15df73ac" "sleep" "infinity", kill_on_drop: false }`
[INFO] [stdout] 6bf06fdd6beca51153bcf418b3bb779e1ab6246be62b0da907dfb4ec99fa22ae
[INFO] running `Command { std: "docker" "start" "6bf06fdd6beca51153bcf418b3bb779e1ab6246be62b0da907dfb4ec99fa22ae", kill_on_drop: false }`
[INFO] running `Command { std: "docker" "inspect" "6bf06fdd6beca51153bcf418b3bb779e1ab6246be62b0da907dfb4ec99fa22ae", kill_on_drop: false }`
[INFO] running `Command { std: "docker" "exec" "-e" "SOURCE_DIR=/opt/rustwide/workdir" "-e" "CARGO_HOME=/opt/rustwide/cargo-home" "-e" "RUSTUP_HOME=/opt/rustwide/rustup-home" "-e" "CARGO_TARGET_DIR=/opt/rustwide/target" "-w" "/opt/rustwide/workdir" "--user" "0:0" "6bf06fdd6beca51153bcf418b3bb779e1ab6246be62b0da907dfb4ec99fa22ae" "/opt/rustwide/cargo-home/bin/cargo" "+1.100.0-beta.1" "metadata" "--no-deps" "--format-version=1", kill_on_drop: false }`
[INFO] running `Command { std: "docker" "inspect" "6bf06fdd6beca51153bcf418b3bb779e1ab6246be62b0da907dfb4ec99fa22ae", kill_on_drop: false }`
[INFO] running `Command { std: "docker" "exec" "-e" "SOURCE_DIR=/opt/rustwide/workdir" "-e" "CARGO_HOME=/opt/rustwide/cargo-home" "-e" "RUSTUP_HOME=/opt/rustwide/rustup-home" "-e" "CARGO_TARGET_DIR=/opt/rustwide/target" "-e" "CARGO_INCREMENTAL=0" "-e" "RUST_BACKTRACE=full" "-e" "RUSTFLAGS=--cap-lints=warn" "-e" "RUSTDOCFLAGS=--cap-lints=warn" "-w" "/opt/rustwide/workdir" "--user" "0:0" "6bf06fdd6beca51153bcf418b3bb779e1ab6246be62b0da907dfb4ec99fa22ae" "/opt/rustwide/cargo-home/bin/cargo" "+1.100.0-beta.1" "build" "--frozen" "--message-format=json" "--release", kill_on_drop: false }`
[INFO] [stderr]    Compiling sarpa v0.1.2 (/opt/rustwide/workdir)
[INFO] [stdout] warning: hiding a lifetime that's elided elsewhere is confusing
[INFO] [stdout]    --> src/lib.rs:165:21
[INFO] [stdout]     |
[INFO] [stdout] 165 |     pub fn add_flag(&mut self, long_name: &str) -> ArgumentBuilder {
[INFO] [stdout]     |                     ^^^^^^^^^                      ^^^^^^^^^^^^^^^ the same lifetime is hidden here
[INFO] [stdout]     |                     |
[INFO] [stdout]     |                     the lifetime is elided here
[INFO] [stdout]     |
[INFO] [stdout]     = help: the same lifetime is referred to in inconsistent ways, making the signature confusing
[INFO] [stdout]     = note: `#[warn(mismatched_lifetime_syntaxes)]` on by default
[INFO] [stdout] help: use `'_` for type paths
[INFO] [stdout]     |
[INFO] [stdout] 165 |     pub fn add_flag(&mut self, long_name: &str) -> ArgumentBuilder<'_> {
[INFO] [stdout]     |                                                                   ++++
[INFO] [stdout] 
[INFO] [stdout] 
[INFO] [stdout] warning: hiding a lifetime that's elided elsewhere is confusing
[INFO] [stdout]    --> src/lib.rs:173:23
[INFO] [stdout]     |
[INFO] [stdout] 173 |     pub fn add_option(&mut self, long_name: &str) -> ArgumentBuilder {
[INFO] [stdout]     |                       ^^^^^^^^^                      ^^^^^^^^^^^^^^^ the same lifetime is hidden here
[INFO] [stdout]     |                       |
[INFO] [stdout]     |                       the lifetime is elided here
[INFO] [stdout]     |
[INFO] [stdout]     = help: the same lifetime is referred to in inconsistent ways, making the signature confusing
[INFO] [stdout] help: use `'_` for type paths
[INFO] [stdout]     |
[INFO] [stdout] 173 |     pub fn add_option(&mut self, long_name: &str) -> ArgumentBuilder<'_> {
[INFO] [stdout]     |                                                                     ++++
[INFO] [stdout] 
[INFO] [stdout] 
[INFO] [stdout] warning: hiding a lifetime that's elided elsewhere is confusing
[INFO] [stdout]    --> src/lib.rs:181:27
[INFO] [stdout]     |
[INFO] [stdout] 181 |     pub fn add_positional(&mut self, long_name: &str) -> ArgumentBuilder {
[INFO] [stdout]     |                           ^^^^^^^^^                      ^^^^^^^^^^^^^^^ the same lifetime is hidden here
[INFO] [stdout]     |                           |
[INFO] [stdout]     |                           the lifetime is elided here
[INFO] [stdout]     |
[INFO] [stdout]     = help: the same lifetime is referred to in inconsistent ways, making the signature confusing
[INFO] [stdout] help: use `'_` for type paths
[INFO] [stdout]     |
[INFO] [stdout] 181 |     pub fn add_positional(&mut self, long_name: &str) -> ArgumentBuilder<'_> {
[INFO] [stdout]     |                                                                         ++++
[INFO] [stdout] 
[INFO] [stdout] 
[INFO] [stderr]     Finished `release` profile [optimized] target(s) in 0.34s
[INFO] running `Command { std: "docker" "inspect" "6bf06fdd6beca51153bcf418b3bb779e1ab6246be62b0da907dfb4ec99fa22ae", kill_on_drop: false }`
[INFO] running `Command { std: "docker" "exec" "-e" "SOURCE_DIR=/opt/rustwide/workdir" "-e" "CARGO_HOME=/opt/rustwide/cargo-home" "-e" "RUSTUP_HOME=/opt/rustwide/rustup-home" "-e" "CARGO_TARGET_DIR=/opt/rustwide/target" "-e" "CARGO_INCREMENTAL=0" "-e" "RUST_BACKTRACE=full" "-e" "RUSTFLAGS=--cap-lints=warn" "-e" "RUSTDOCFLAGS=--cap-lints=warn" "-w" "/opt/rustwide/workdir" "--user" "0:0" "6bf06fdd6beca51153bcf418b3bb779e1ab6246be62b0da907dfb4ec99fa22ae" "/opt/rustwide/cargo-home/bin/cargo" "+1.100.0-beta.1" "test" "--frozen" "--no-run" "--message-format=json" "--release", kill_on_drop: false }`
[INFO] [stderr]    Compiling sarpa v0.1.2 (/opt/rustwide/workdir)
[INFO] [stdout] warning: hiding a lifetime that's elided elsewhere is confusing
[INFO] [stdout]    --> src/lib.rs:165:21
[INFO] [stdout]     |
[INFO] [stdout] 165 |     pub fn add_flag(&mut self, long_name: &str) -> ArgumentBuilder {
[INFO] [stdout]     |                     ^^^^^^^^^                      ^^^^^^^^^^^^^^^ the same lifetime is hidden here
[INFO] [stdout]     |                     |
[INFO] [stdout]     |                     the lifetime is elided here
[INFO] [stdout]     |
[INFO] [stdout]     = help: the same lifetime is referred to in inconsistent ways, making the signature confusing
[INFO] [stdout]     = note: `#[warn(mismatched_lifetime_syntaxes)]` on by default
[INFO] [stdout] help: use `'_` for type paths
[INFO] [stdout]     |
[INFO] [stdout] 165 |     pub fn add_flag(&mut self, long_name: &str) -> ArgumentBuilder<'_> {
[INFO] [stdout]     |                                                                   ++++
[INFO] [stdout] 
[INFO] [stdout] 
[INFO] [stdout] warning: hiding a lifetime that's elided elsewhere is confusing
[INFO] [stdout]    --> src/lib.rs:173:23
[INFO] [stdout]     |
[INFO] [stdout] 173 |     pub fn add_option(&mut self, long_name: &str) -> ArgumentBuilder {
[INFO] [stdout]     |                       ^^^^^^^^^                      ^^^^^^^^^^^^^^^ the same lifetime is hidden here
[INFO] [stdout]     |                       |
[INFO] [stdout]     |                       the lifetime is elided here
[INFO] [stdout]     |
[INFO] [stdout]     = help: the same lifetime is referred to in inconsistent ways, making the signature confusing
[INFO] [stdout] help: use `'_` for type paths
[INFO] [stdout]     |
[INFO] [stdout] 173 |     pub fn add_option(&mut self, long_name: &str) -> ArgumentBuilder<'_> {
[INFO] [stdout]     |                                                                     ++++
[INFO] [stdout] 
[INFO] [stdout] 
[INFO] [stdout] warning: hiding a lifetime that's elided elsewhere is confusing
[INFO] [stdout]    --> src/lib.rs:181:27
[INFO] [stdout]     |
[INFO] [stdout] 181 |     pub fn add_positional(&mut self, long_name: &str) -> ArgumentBuilder {
[INFO] [stdout]     |                           ^^^^^^^^^                      ^^^^^^^^^^^^^^^ the same lifetime is hidden here
[INFO] [stdout]     |                           |
[INFO] [stdout]     |                           the lifetime is elided here
[INFO] [stdout]     |
[INFO] [stdout]     = help: the same lifetime is referred to in inconsistent ways, making the signature confusing
[INFO] [stdout] help: use `'_` for type paths
[INFO] [stdout]     |
[INFO] [stdout] 181 |     pub fn add_positional(&mut self, long_name: &str) -> ArgumentBuilder<'_> {
[INFO] [stdout]     |                                                                         ++++
[INFO] [stdout] 
[INFO] [stdout] 
[INFO] [stdout] warning: hiding a lifetime that's elided elsewhere is confusing
[INFO] [stdout]    --> src/lib.rs:165:21
[INFO] [stdout]     |
[INFO] [stdout] 165 |     pub fn add_flag(&mut self, long_name: &str) -> ArgumentBuilder {
[INFO] [stdout]     |                     ^^^^^^^^^                      ^^^^^^^^^^^^^^^ the same lifetime is hidden here
[INFO] [stdout]     |                     |
[INFO] [stdout]     |                     the lifetime is elided here
[INFO] [stdout]     |
[INFO] [stdout]     = help: the same lifetime is referred to in inconsistent ways, making the signature confusing
[INFO] [stdout]     = note: `#[warn(mismatched_lifetime_syntaxes)]` on by default
[INFO] [stdout] help: use `'_` for type paths
[INFO] [stdout]     |
[INFO] [stdout] 165 |     pub fn add_flag(&mut self, long_name: &str) -> ArgumentBuilder<'_> {
[INFO] [stdout]     |                                                                   ++++
[INFO] [stdout] 
[INFO] [stdout] 
[INFO] [stdout] warning: hiding a lifetime that's elided elsewhere is confusing
[INFO] [stdout]    --> src/lib.rs:173:23
[INFO] [stdout]     |
[INFO] [stdout] 173 |     pub fn add_option(&mut self, long_name: &str) -> ArgumentBuilder {
[INFO] [stdout]     |                       ^^^^^^^^^                      ^^^^^^^^^^^^^^^ the same lifetime is hidden here
[INFO] [stdout]     |                       |
[INFO] [stdout]     |                       the lifetime is elided here
[INFO] [stdout]     |
[INFO] [stdout]     = help: the same lifetime is referred to in inconsistent ways, making the signature confusing
[INFO] [stdout] help: use `'_` for type paths
[INFO] [stdout]     |
[INFO] [stdout] 173 |     pub fn add_option(&mut self, long_name: &str) -> ArgumentBuilder<'_> {
[INFO] [stdout]     |                                                                     ++++
[INFO] [stdout] 
[INFO] [stdout] 
[INFO] [stdout] warning: hiding a lifetime that's elided elsewhere is confusing
[INFO] [stdout]    --> src/lib.rs:181:27
[INFO] [stdout]     |
[INFO] [stdout] 181 |     pub fn add_positional(&mut self, long_name: &str) -> ArgumentBuilder {
[INFO] [stdout]     |                           ^^^^^^^^^                      ^^^^^^^^^^^^^^^ the same lifetime is hidden here
[INFO] [stdout]     |                           |
[INFO] [stdout]     |                           the lifetime is elided here
[INFO] [stdout]     |
[INFO] [stdout]     = help: the same lifetime is referred to in inconsistent ways, making the signature confusing
[INFO] [stdout] help: use `'_` for type paths
[INFO] [stdout]     |
[INFO] [stdout] 181 |     pub fn add_positional(&mut self, long_name: &str) -> ArgumentBuilder<'_> {
[INFO] [stdout]     |                                                                         ++++
[INFO] [stdout] 
[INFO] [stdout] 
[INFO] [stderr]     Finished `release` profile [optimized] target(s) in 0.88s
[INFO] running `Command { std: "docker" "inspect" "6bf06fdd6beca51153bcf418b3bb779e1ab6246be62b0da907dfb4ec99fa22ae", kill_on_drop: false }`
[INFO] running `Command { std: "docker" "exec" "-e" "SOURCE_DIR=/opt/rustwide/workdir" "-e" "CARGO_HOME=/opt/rustwide/cargo-home" "-e" "RUSTUP_HOME=/opt/rustwide/rustup-home" "-e" "CARGO_TARGET_DIR=/opt/rustwide/target" "-e" "CARGO_INCREMENTAL=0" "-e" "RUST_BACKTRACE=full" "-e" "RUSTFLAGS=--cap-lints=warn" "-e" "RUSTDOCFLAGS=--cap-lints=warn" "-w" "/opt/rustwide/workdir" "--user" "0:0" "6bf06fdd6beca51153bcf418b3bb779e1ab6246be62b0da907dfb4ec99fa22ae" "/opt/rustwide/cargo-home/bin/cargo" "+1.100.0-beta.1" "test" "--frozen" "--release", kill_on_drop: false }`
[INFO] [stderr] warning: hiding a lifetime that's elided elsewhere is confusing
[INFO] [stderr]    --> src/lib.rs:165:21
[INFO] [stderr]     |
[INFO] [stderr] 165 |     pub fn add_flag(&mut self, long_name: &str) -> ArgumentBuilder {
[INFO] [stderr]     |                     ^^^^^^^^^                      ^^^^^^^^^^^^^^^ the same lifetime is hidden here
[INFO] [stderr]     |                     |
[INFO] [stderr]     |                     the lifetime is elided here
[INFO] [stderr]     |
[INFO] [stderr]     = help: the same lifetime is referred to in inconsistent ways, making the signature confusing
[INFO] [stderr]     = note: `#[warn(mismatched_lifetime_syntaxes)]` on by default
[INFO] [stderr] help: use `'_` for type paths
[INFO] [stderr]     |
[INFO] [stderr] 165 |     pub fn add_flag(&mut self, long_name: &str) -> ArgumentBuilder<'_> {
[INFO] [stderr]     |                                                                   ++++
[INFO] [stderr] 
[INFO] [stderr] warning: hiding a lifetime that's elided elsewhere is confusing
[INFO] [stderr]    --> src/lib.rs:173:23
[INFO] [stderr]     |
[INFO] [stderr] 173 |     pub fn add_option(&mut self, long_name: &str) -> ArgumentBuilder {
[INFO] [stderr]     |                       ^^^^^^^^^                      ^^^^^^^^^^^^^^^ the same lifetime is hidden here
[INFO] [stderr]     |                       |
[INFO] [stderr]     |                       the lifetime is elided here
[INFO] [stderr]     |
[INFO] [stderr]     = help: the same lifetime is referred to in inconsistent ways, making the signature confusing
[INFO] [stderr] help: use `'_` for type paths
[INFO] [stderr]     |
[INFO] [stderr] 173 |     pub fn add_option(&mut self, long_name: &str) -> ArgumentBuilder<'_> {
[INFO] [stderr]     |                                                                     ++++
[INFO] [stderr] 
[INFO] [stderr] warning: hiding a lifetime that's elided elsewhere is confusing
[INFO] [stderr]    --> src/lib.rs:181:27
[INFO] [stderr]     |
[INFO] [stderr] 181 |     pub fn add_positional(&mut self, long_name: &str) -> ArgumentBuilder {
[INFO] [stderr]     |                           ^^^^^^^^^                      ^^^^^^^^^^^^^^^ the same lifetime is hidden here
[INFO] [stderr]     |                           |
[INFO] [stderr]     |                           the lifetime is elided here
[INFO] [stderr]     |
[INFO] [stderr]     = help: the same lifetime is referred to in inconsistent ways, making the signature confusing
[INFO] [stderr] help: use `'_` for type paths
[INFO] [stderr]     |
[INFO] [stderr] 181 |     pub fn add_positional(&mut self, long_name: &str) -> ArgumentBuilder<'_> {
[INFO] [stderr]     |                                                                         ++++
[INFO] [stderr] 
[INFO] [stderr] warning: `sarpa` (lib) generated 3 warnings (run `cargo fix --lib -p sarpa` to apply 3 suggestions)
[INFO] [stderr] warning: `sarpa` (lib test) generated 3 warnings (3 duplicates)
[INFO] [stderr]     Finished `release` profile [optimized] target(s) in 0.03s
[INFO] [stderr]      Running unittests src/lib.rs (/opt/rustwide/target/release/build/sarpa/1396bdb62559fd9c/out/sarpa-1396bdb62559fd9c)
[INFO] [stdout] 
[INFO] [stdout] running 15 tests
[INFO] [stdout] test tests::test_get_value_as ... ok
[INFO] [stdout] test tests::test_positional_argument ... ok
[INFO] [stdout] test tests::test_required_option_is_present ... ok
[INFO] [stdout] test tests::test_short_combined_flags ... ok
[INFO] [stdout] test tests::test_long_flag ... ok
[INFO] [stdout] test tests::test_help_flag_returns_help_requested_error ... ok
[INFO] [stdout] test tests::test_long_option ... ok
[INFO] [stdout] test tests::test_short_option_with_value ... ok
[INFO] [stdout] test tests::test_err_missing_required_option ... ok
[INFO] [stdout] test tests::test_err_unknown_long_argument ... ok
[INFO] [stdout] test tests::test_mixed_arguments ... ok
[INFO] [stdout] test tests::test_err_option_in_middle_of_group ... ok
[INFO] [stdout] test tests::test_generate_help_message_formatting ... FAILED
[INFO] [stdout] test tests::test_err_missing_value_for_option ... ok
[INFO] [stdout] test tests::test_err_unknown_short_argument ... ok
[INFO] [stdout] 
[INFO] [stdout] failures:
[INFO] [stdout] 
[INFO] [stdout] ---- tests::test_generate_help_message_formatting stdout ----
[INFO] [stdout] 
[INFO] [stdout] thread 'tests::test_generate_help_message_formatting' (158) panicked at src/lib.rs:500:9:
[INFO] [stdout] assertion `left == right` failed
[INFO] [stdout]   left: "sarpa 0.1.2\nUsage: sarpa [OPTIONS] [ARGUMENTS]\n\nOptions:\n  -a, all                  List all items.\n  -o, output               Specify output file.\n\nArguments:\n  input                  The input file to process.\n"
[INFO] [stdout]  right: "Usage: [PROGRAM_NAME] [OPTIONS] [ARGUMENTS]\n\nOptions:\n  -a, all                  List all items.\n  -o, output               Specify output file.\n\nArguments:\n  input                  The input file to process.\n"
[INFO] [stdout] stack backtrace:
[INFO] [stdout]    0:     0x5a391dbd0641 - <<std[617be2ca0a6fd877]::sys::backtrace::BacktraceLock>::print::DisplayBacktrace as core[a373ad73a504971]::fmt::Display>::fmt
[INFO] [stdout]    1:     0x5a391dbe505a - core[a373ad73a504971]::fmt::write
[INFO] [stdout]    2:     0x5a391dbd485c - <alloc[2e1b2a31b91974c5]::vec::Vec<u8> as core[a373ad73a504971]::io::write::Write>::write_fmt
[INFO] [stdout]    3:     0x5a391dbacaa6 - std[617be2ca0a6fd877]::panicking::default_hook::{closure#0}
[INFO] [stdout]    4:     0x5a391dbc8cd9 - std[617be2ca0a6fd877]::panicking::default_hook
[INFO] [stdout]    5:     0x5a391db65380 - test[aada8e7e76ba119b]::test_main_inner::{closure#0}
[INFO] [stdout]    6:     0x5a391dbc8e92 - std[617be2ca0a6fd877]::panicking::panic_with_hook
[INFO] [stdout]    7:     0x5a391dbacb52 - std[617be2ca0a6fd877]::panicking::panic_handler::{closure#0}
[INFO] [stdout]    8:     0x5a391dba5869 - std[617be2ca0a6fd877]::sys::backtrace::__rust_end_short_backtrace::<std[617be2ca0a6fd877]::panicking::panic_handler::{closure#0}, !>
[INFO] [stdout]    9:     0x5a391dbad75d - __rustc[ea4f61d10b84890b]::rust_begin_unwind
[INFO] [stdout]   10:     0x5a391dbe578c - core[a373ad73a504971]::panicking::panic_fmt
[INFO] [stdout]   11:     0x5a391dbe56a3 - core[a373ad73a504971]::panicking::assert_failed_inner
[INFO] [stdout]   12:     0x5a391db53d7b - core[a373ad73a504971]::panicking::assert_failed::<alloc[2e1b2a31b91974c5]::string::String, &str>
[INFO] [stdout]   13:     0x5a391db58262 - <sarpa[9f62966b4e4164f2]::tests::test_generate_help_message_formatting::{closure#0} as core[a373ad73a504971]::ops::function::FnOnce<()>>::call_once
[INFO] [stdout]   14:     0x5a391db587cb - test[aada8e7e76ba119b]::__rust_begin_short_backtrace::<core[a373ad73a504971]::result::Result<(), alloc[2e1b2a31b91974c5]::string::String>, fn() -> core[a373ad73a504971]::result::Result<(), alloc[2e1b2a31b91974c5]::string::String>>
[INFO] [stdout]   15:     0x5a391db659a5 - test[aada8e7e76ba119b]::run_test::{closure#0}
[INFO] [stdout]   16:     0x5a391db5f294 - std[617be2ca0a6fd877]::sys::backtrace::__rust_begin_short_backtrace::<test[aada8e7e76ba119b]::run_test::{closure#1}, ()>
[INFO] [stdout]   17:     0x5a391db68a32 - <std[617be2ca0a6fd877]::thread::lifecycle::spawn_unchecked<test[aada8e7e76ba119b]::run_test::{closure#1}, ()>::{closure#1} as core[a373ad73a504971]::ops::function::FnOnce<()>>::call_once::{shim:vtable#0}
[INFO] [stdout]   18:     0x5a391dbcfe9f - <std[617be2ca0a6fd877]::sys::thread::unix::Thread>::new::thread_start
[INFO] [stdout]   19:     0x79727e171dfa - <unknown>
[INFO] [stdout]   20:     0x79727e2053d4 - clone
[INFO] [stdout]   21:                0x0 - <unknown>
[INFO] [stdout] 
[INFO] [stdout] 
[INFO] [stdout] failures:
[INFO] [stdout]     tests::test_generate_help_message_formatting
[INFO] [stdout] 
[INFO] [stdout] test result: FAILED. 14 passed; 1 failed; 0 ignored; 0 measured; 0 filtered out; finished in 0.01s
[INFO] [stdout] 
[INFO] [stderr] error: test failed, to rerun pass `--lib`
[INFO] running `Command { std: "docker" "inspect" "6bf06fdd6beca51153bcf418b3bb779e1ab6246be62b0da907dfb4ec99fa22ae", kill_on_drop: false }`
[INFO] running `Command { std: "docker" "rm" "-f" "6bf06fdd6beca51153bcf418b3bb779e1ab6246be62b0da907dfb4ec99fa22ae", kill_on_drop: false }`
[INFO] [stdout] 6bf06fdd6beca51153bcf418b3bb779e1ab6246be62b0da907dfb4ec99fa22ae
