[INFO] fetching crate sark-ws 0.13.2...
[INFO] testing sark-ws-0.13.2 against 1.100.0-beta.1+cargoflags=--release for beta-release-1.100-2
[INFO] extracting crate sark-ws 0.13.2 into /workspace/builds/worker-5-tc2/source
[INFO] started tweaking crates.io crate sark-ws 0.13.2
[INFO] removed 0 missing tests
[INFO] finished tweaking crates.io crate sark-ws 0.13.2
[INFO] tweaked toml for crates.io crate sark-ws 0.13.2 written to /workspace/builds/worker-5-tc2/source/Cargo.toml
[INFO] validating manifest of crates.io crate sark-ws 0.13.2 on toolchain 1.100.0-beta.1
[INFO] running `Command { std: CARGO_HOME="/workspace/cargo-home" RUSTUP_HOME="/workspace/rustup-home" "/workspace/cargo-home/bin/cargo" "+1.100.0-beta.1" "metadata" "--manifest-path" "Cargo.toml" "--no-deps", kill_on_drop: false }`
[INFO] crate crates.io crate sark-ws 0.13.2 already has a lockfile, it will not be regenerated
[INFO] running `Command { std: CARGO_HOME="/workspace/cargo-home" RUSTUP_HOME="/workspace/rustup-home" "/workspace/cargo-home/bin/cargo" "+1.100.0-beta.1" "fetch" "--manifest-path" "Cargo.toml", kill_on_drop: false }`
[INFO] running `Command { std: "docker" "create" "-v" "/var/lib/crater-agent-workspace/builds/worker-5-tc2/source:/opt/rustwide/workdir:ro,Z" "-v" "/var/lib/crater-agent-workspace/builds/worker-5-tc2/target:/opt/rustwide/target:rw,Z" "-v" "/var/lib/crater-agent-workspace/cargo-home:/opt/rustwide/cargo-home:ro,Z" "-v" "/var/lib/crater-agent-workspace/rustup-home:/opt/rustwide/rustup-home:ro,Z" "-m" "1610612736" "--network" "none" "ghcr.io/rust-lang/crates-build-env/linux@sha256:77db811e55d90add9212f6832c23229e3de5f1c1f9905e8cb07319ea15df73ac" "sleep" "infinity", kill_on_drop: false }`
[INFO] [stdout] c9881e9db019dc4a60c68d6b10349153dae9fbad3945677341a020a7af0ce674
[INFO] running `Command { std: "docker" "start" "c9881e9db019dc4a60c68d6b10349153dae9fbad3945677341a020a7af0ce674", kill_on_drop: false }`
[INFO] running `Command { std: "docker" "inspect" "c9881e9db019dc4a60c68d6b10349153dae9fbad3945677341a020a7af0ce674", kill_on_drop: false }`
[INFO] running `Command { std: "docker" "exec" "-e" "SOURCE_DIR=/opt/rustwide/workdir" "-e" "CARGO_HOME=/opt/rustwide/cargo-home" "-e" "RUSTUP_HOME=/opt/rustwide/rustup-home" "-e" "CARGO_TARGET_DIR=/opt/rustwide/target" "-w" "/opt/rustwide/workdir" "--user" "0:0" "c9881e9db019dc4a60c68d6b10349153dae9fbad3945677341a020a7af0ce674" "/opt/rustwide/cargo-home/bin/cargo" "+1.100.0-beta.1" "metadata" "--no-deps" "--format-version=1", kill_on_drop: false }`
[INFO] running `Command { std: "docker" "inspect" "c9881e9db019dc4a60c68d6b10349153dae9fbad3945677341a020a7af0ce674", kill_on_drop: false }`
[INFO] running `Command { std: "docker" "exec" "-e" "SOURCE_DIR=/opt/rustwide/workdir" "-e" "CARGO_HOME=/opt/rustwide/cargo-home" "-e" "RUSTUP_HOME=/opt/rustwide/rustup-home" "-e" "CARGO_TARGET_DIR=/opt/rustwide/target" "-e" "CARGO_INCREMENTAL=0" "-e" "RUST_BACKTRACE=full" "-e" "RUSTFLAGS=--cap-lints=warn" "-e" "RUSTDOCFLAGS=--cap-lints=warn" "-w" "/opt/rustwide/workdir" "--user" "0:0" "c9881e9db019dc4a60c68d6b10349153dae9fbad3945677341a020a7af0ce674" "/opt/rustwide/cargo-home/bin/cargo" "+1.100.0-beta.1" "build" "--frozen" "--message-format=json" "--release", kill_on_drop: false }`
[INFO] [stderr]    Compiling io-uring v0.7.13
[INFO] [stderr]    Compiling zeroize v1.9.0
[INFO] [stderr]    Compiling o3 v0.9.2
[INFO] [stderr]    Compiling cc v1.4.0
[INFO] [stderr]    Compiling bitflags v2.13.1
[INFO] [stderr]    Compiling keccak v0.2.0
[INFO] [stderr]    Compiling syn v2.0.119
[INFO] [stderr]    Compiling syn v3.0.3
[INFO] [stderr]    Compiling thiserror v2.0.19
[INFO] [stderr]    Compiling getrandom v0.2.17
[INFO] [stderr]    Compiling zerocopy v0.8.55
[INFO] [stderr]    Compiling rustls-pki-types v1.15.1
[INFO] [stderr]    Compiling sark-protocol v0.13.0
[INFO] [stderr]    Compiling hybrid-array v0.4.14
[INFO] [stderr]    Compiling webpki-roots v1.0.9
[INFO] [stderr]    Compiling crypto-common v0.2.2
[INFO] [stderr]    Compiling block-buffer v0.12.1
[INFO] [stderr]    Compiling module-lattice v0.2.3
[INFO] [stderr]    Compiling libdeflate-sys v1.25.2
[INFO] [stderr]    Compiling ring v0.17.14
[INFO] [stderr]    Compiling digest v0.11.3
[INFO] [stderr]    Compiling kem v0.3.0
[INFO] [stderr]    Compiling sha3 v0.11.0
[INFO] [stderr]    Compiling ml-kem v0.3.2
[INFO] [stderr]    Compiling pin-project-internal v1.1.13
[INFO] [stderr]    Compiling pin-project v1.1.13
[INFO] [stderr]    Compiling dope-core v0.14.0
[INFO] [stderr]    Compiling dope-net v0.14.0
[INFO] [stderr]    Compiling dope-gen v0.14.0
[INFO] [stderr]    Compiling thiserror-impl v2.0.19
[INFO] [stderr]    Compiling serde_derive v1.0.229
[INFO] [stderr]    Compiling ppv-lite86 v0.2.21
[INFO] [stderr]    Compiling dope v0.14.0
[INFO] [stderr]    Compiling rand_chacha v0.10.0
[INFO] [stderr]    Compiling sark-gen v0.13.0
[INFO] [stderr]    Compiling dope-fiber v0.14.0
[INFO] [stderr]    Compiling serde v1.0.229
[INFO] [stderr]    Compiling libdeflater v1.25.2
[INFO] [stderr]    Compiling sark-core v0.13.0
[INFO] [stderr]    Compiling sark-json v0.13.0
[INFO] [stderr]    Compiling shin v0.14.0
[INFO] [stderr]    Compiling dope-tls v0.18.0
[INFO] [stderr]    Compiling sark v0.13.0
[INFO] [stderr]    Compiling sark-ws v0.13.2 (/opt/rustwide/workdir)
[INFO] [stderr]     Finished `release` profile [optimized] target(s) in 46.66s
[INFO] running `Command { std: "docker" "inspect" "c9881e9db019dc4a60c68d6b10349153dae9fbad3945677341a020a7af0ce674", kill_on_drop: false }`
[INFO] running `Command { std: "docker" "exec" "-e" "SOURCE_DIR=/opt/rustwide/workdir" "-e" "CARGO_HOME=/opt/rustwide/cargo-home" "-e" "RUSTUP_HOME=/opt/rustwide/rustup-home" "-e" "CARGO_TARGET_DIR=/opt/rustwide/target" "-e" "CARGO_INCREMENTAL=0" "-e" "RUST_BACKTRACE=full" "-e" "RUSTFLAGS=--cap-lints=warn" "-e" "RUSTDOCFLAGS=--cap-lints=warn" "-w" "/opt/rustwide/workdir" "--user" "0:0" "c9881e9db019dc4a60c68d6b10349153dae9fbad3945677341a020a7af0ce674" "/opt/rustwide/cargo-home/bin/cargo" "+1.100.0-beta.1" "test" "--frozen" "--no-run" "--message-format=json" "--release", kill_on_drop: false }`
[INFO] [stderr]    Compiling dope-test v0.14.0
[INFO] [stderr]    Compiling sark-ws v0.13.2 (/opt/rustwide/workdir)
[INFO] [stderr]     Finished `release` profile [optimized] target(s) in 9.10s
[INFO] running `Command { std: "docker" "inspect" "c9881e9db019dc4a60c68d6b10349153dae9fbad3945677341a020a7af0ce674", kill_on_drop: false }`
[INFO] running `Command { std: "docker" "exec" "-e" "SOURCE_DIR=/opt/rustwide/workdir" "-e" "CARGO_HOME=/opt/rustwide/cargo-home" "-e" "RUSTUP_HOME=/opt/rustwide/rustup-home" "-e" "CARGO_TARGET_DIR=/opt/rustwide/target" "-e" "CARGO_INCREMENTAL=0" "-e" "RUST_BACKTRACE=full" "-e" "RUSTFLAGS=--cap-lints=warn" "-e" "RUSTDOCFLAGS=--cap-lints=warn" "-w" "/opt/rustwide/workdir" "--user" "0:0" "c9881e9db019dc4a60c68d6b10349153dae9fbad3945677341a020a7af0ce674" "/opt/rustwide/cargo-home/bin/cargo" "+1.100.0-beta.1" "test" "--frozen" "--release", kill_on_drop: false }`
[INFO] [stderr]     Finished `release` profile [optimized] target(s) in 0.11s
[INFO] [stderr]      Running unittests src/lib.rs (/opt/rustwide/target/release/build/sark-ws/17818682ad3eb56f/out/sark_ws-17818682ad3eb56f)
[INFO] [stdout] 
[INFO] [stdout] running 2 tests
[INFO] [stdout] test client::tests::malformed_active_frame_is_terminal_instead_of_stalling_ingress ... ok
[INFO] [stdout] test client::tests::incomplete_active_frame_still_waits_for_more_bytes ... ok
[INFO] [stdout] 
[INFO] [stdout] test result: ok. 2 passed; 0 failed; 0 ignored; 0 measured; 0 filtered out; finished in 0.00s
[INFO] [stdout] 
[INFO] [stderr]      Running tests/echo_fastpath.rs (/opt/rustwide/target/release/build/sark-ws/0673b2723563df52/out/echo_fastpath-0673b2723563df52)
[INFO] [stdout] 
[INFO] [stdout] running 1 test
[INFO] [stdout] test echo_roundtrips_through_fastpath ... FAILED
[INFO] [stdout] 
[INFO] [stdout] failures:
[INFO] [stdout] 
[INFO] [stdout] ---- echo_roundtrips_through_fastpath stdout ----
[INFO] [stdout] 
[INFO] [stdout] thread 'echo_roundtrips_through_fastpath' (1462) panicked at tests/common/mod.rs:111:10:
[INFO] [stdout] harness: Custom { kind: TimedOut, error: "server did not start: 127.0.0.1:33629" }
[INFO] [stdout] stack backtrace:
[INFO] [stdout]    0:     0x6206a40dc011 - <<std[617be2ca0a6fd877]::sys::backtrace::BacktraceLock>::print::DisplayBacktrace as core[a373ad73a504971]::fmt::Display>::fmt
[INFO] [stdout]    1:     0x6206a40f160a - core[a373ad73a504971]::fmt::write
[INFO] [stdout]    2:     0x6206a40e059c - <alloc[2e1b2a31b91974c5]::vec::Vec<u8> as core[a373ad73a504971]::io::write::Write>::write_fmt
[INFO] [stdout]    3:     0x6206a40b7036 - std[617be2ca0a6fd877]::panicking::default_hook::{closure#0}
[INFO] [stdout]    4:     0x6206a40d3909 - std[617be2ca0a6fd877]::panicking::default_hook
[INFO] [stdout]    5:     0x6206a4055f20 - test[aada8e7e76ba119b]::test_main_inner::{closure#0}
[INFO] [stdout]    6:     0x6206a40d3c32 - std[617be2ca0a6fd877]::panicking::panic_with_hook
[INFO] [stdout]    7:     0x6206a40b70e2 - std[617be2ca0a6fd877]::panicking::panic_handler::{closure#0}
[INFO] [stdout]    8:     0x6206a40afbb9 - std[617be2ca0a6fd877]::sys::backtrace::__rust_end_short_backtrace::<std[617be2ca0a6fd877]::panicking::panic_handler::{closure#0}, !>
[INFO] [stdout]    9:     0x6206a40b7edd - __rustc[ea4f61d10b84890b]::rust_begin_unwind
[INFO] [stdout]   10:     0x6206a40f1d3c - core[a373ad73a504971]::panicking::panic_fmt
[INFO] [stdout]   11:     0x6206a40f1b12 - core[a373ad73a504971]::result::unwrap_failed
[INFO] [stdout]   12:     0x6206a4034980 - echo_fastpath[51ada1f307d7411b]::common::run_echo::<echo_fastpath[51ada1f307d7411b]::echo_roundtrips_through_fastpath::{closure#0}, ()>
[INFO] [stdout]   13:     0x6206a40492f9 - <echo_fastpath[51ada1f307d7411b]::echo_roundtrips_through_fastpath::{closure#0} as core[a373ad73a504971]::ops::function::FnOnce<()>>::call_once
[INFO] [stdout]   14:     0x6206a404936b - test[aada8e7e76ba119b]::__rust_begin_short_backtrace::<core[a373ad73a504971]::result::Result<(), alloc[2e1b2a31b91974c5]::string::String>, fn() -> core[a373ad73a504971]::result::Result<(), alloc[2e1b2a31b91974c5]::string::String>>
[INFO] [stdout]   15:     0x6206a4056545 - test[aada8e7e76ba119b]::run_test::{closure#0}
[INFO] [stdout]   16:     0x6206a404fe34 - std[617be2ca0a6fd877]::sys::backtrace::__rust_begin_short_backtrace::<test[aada8e7e76ba119b]::run_test::{closure#1}, ()>
[INFO] [stdout]   17:     0x6206a40595d2 - <std[617be2ca0a6fd877]::thread::lifecycle::spawn_unchecked<test[aada8e7e76ba119b]::run_test::{closure#1}, ()>::{closure#1} as core[a373ad73a504971]::ops::function::FnOnce<()>>::call_once::{shim:vtable#0}
[INFO] [stdout]   18:     0x6206a40dad8f - <std[617be2ca0a6fd877]::sys::thread::unix::Thread>::new::thread_start
[INFO] [stdout]   19:     0x713fdf743dfa - <unknown>
[INFO] [stdout]   20:     0x713fdf7d73d4 - clone
[INFO] [stdout]   21:                0x0 - <unknown>
[INFO] [stdout] 
[INFO] [stdout] 
[INFO] [stdout] failures:
[INFO] [stdout]     echo_roundtrips_through_fastpath
[INFO] [stdout] 
[INFO] [stdout] test result: FAILED. 0 passed; 1 failed; 0 ignored; 0 measured; 0 filtered out; finished in 2.08s
[INFO] [stdout] 
[INFO] [stderr] error: test failed, to rerun pass `--test echo_fastpath`
[INFO] running `Command { std: "docker" "inspect" "c9881e9db019dc4a60c68d6b10349153dae9fbad3945677341a020a7af0ce674", kill_on_drop: false }`
[INFO] running `Command { std: "docker" "rm" "-f" "c9881e9db019dc4a60c68d6b10349153dae9fbad3945677341a020a7af0ce674", kill_on_drop: false }`
[INFO] [stdout] c9881e9db019dc4a60c68d6b10349153dae9fbad3945677341a020a7af0ce674
