[INFO] fetching crate saola_mysql_async 0.31.3...
[INFO] testing saola_mysql_async-0.31.3 against 1.99.0-beta.8+cargoflags=--release for beta-release-1.100-2
[INFO] extracting crate saola_mysql_async 0.31.3 into /workspace/builds/worker-6-tc1/source
[INFO] started tweaking crates.io crate saola_mysql_async 0.31.3
[INFO] removed 0 missing tests
[INFO] finished tweaking crates.io crate saola_mysql_async 0.31.3
[INFO] tweaked toml for crates.io crate saola_mysql_async 0.31.3 written to /workspace/builds/worker-6-tc1/source/Cargo.toml
[INFO] validating manifest of crates.io crate saola_mysql_async 0.31.3 on toolchain 1.99.0-beta.8
[INFO] running `Command { std: CARGO_HOME="/workspace/cargo-home" RUSTUP_HOME="/workspace/rustup-home" "/workspace/cargo-home/bin/cargo" "+1.99.0-beta.8" "metadata" "--manifest-path" "Cargo.toml" "--no-deps", kill_on_drop: false }`
[INFO] crate crates.io crate saola_mysql_async 0.31.3 already has a lockfile, it will not be regenerated
[INFO] running `Command { std: CARGO_HOME="/workspace/cargo-home" RUSTUP_HOME="/workspace/rustup-home" "/workspace/cargo-home/bin/cargo" "+1.99.0-beta.8" "fetch" "--manifest-path" "Cargo.toml", kill_on_drop: false }`
[INFO] [stderr]     Updating crates.io index
[INFO] [stderr]  Downloading crates ...
[INFO] [stderr]   Downloaded mysql_common v0.29.2
[INFO] [stderr]   Downloaded saturating v0.1.0
[INFO] [stderr]   Downloaded frunk_proc_macros v0.1.4
[INFO] [stderr]   Downloaded frunk_proc_macro_helpers v0.1.4
[INFO] [stderr]   Downloaded frunk_derives v0.4.4
[INFO] [stderr]   Downloaded lru v0.8.1
[INFO] [stderr]   Downloaded lexical v6.1.1
[INFO] [stderr]   Downloaded subprocess v0.2.15
[INFO] [stderr]   Downloaded frunk v0.4.4
[INFO] [stderr]   Downloaded frunk_core v0.4.4
[INFO] [stderr]   Downloaded rust_decimal v1.41.0
[INFO] [stderr]   Downloaded libz-sys v1.1.28
[INFO] [stderr]   Downloaded openssl-src v300.6.0+3.6.2
[INFO] running `Command { std: "docker" "create" "-v" "/var/lib/crater-agent-workspace/builds/worker-6-tc1/source:/opt/rustwide/workdir:ro,Z" "-v" "/var/lib/crater-agent-workspace/builds/worker-6-tc1/target:/opt/rustwide/target:rw,Z" "-v" "/var/lib/crater-agent-workspace/cargo-home:/opt/rustwide/cargo-home:ro,Z" "-v" "/var/lib/crater-agent-workspace/rustup-home:/opt/rustwide/rustup-home:ro,Z" "-m" "1610612736" "--network" "none" "ghcr.io/rust-lang/crates-build-env/linux@sha256:77db811e55d90add9212f6832c23229e3de5f1c1f9905e8cb07319ea15df73ac" "sleep" "infinity", kill_on_drop: false }`
[INFO] [stdout] 1243b07ffbef6d69cfa20282b26eff1747e3b29f9c20f3cd1b26ffe0f2ba88c6
[INFO] running `Command { std: "docker" "start" "1243b07ffbef6d69cfa20282b26eff1747e3b29f9c20f3cd1b26ffe0f2ba88c6", kill_on_drop: false }`
[INFO] running `Command { std: "docker" "inspect" "1243b07ffbef6d69cfa20282b26eff1747e3b29f9c20f3cd1b26ffe0f2ba88c6", kill_on_drop: false }`
[INFO] running `Command { std: "docker" "exec" "-e" "SOURCE_DIR=/opt/rustwide/workdir" "-e" "CARGO_HOME=/opt/rustwide/cargo-home" "-e" "RUSTUP_HOME=/opt/rustwide/rustup-home" "-e" "CARGO_TARGET_DIR=/opt/rustwide/target" "-w" "/opt/rustwide/workdir" "--user" "0:0" "1243b07ffbef6d69cfa20282b26eff1747e3b29f9c20f3cd1b26ffe0f2ba88c6" "/opt/rustwide/cargo-home/bin/cargo" "+1.99.0-beta.8" "metadata" "--no-deps" "--format-version=1", kill_on_drop: false }`
[INFO] running `Command { std: "docker" "inspect" "1243b07ffbef6d69cfa20282b26eff1747e3b29f9c20f3cd1b26ffe0f2ba88c6", kill_on_drop: false }`
[INFO] running `Command { std: "docker" "exec" "-e" "SOURCE_DIR=/opt/rustwide/workdir" "-e" "CARGO_HOME=/opt/rustwide/cargo-home" "-e" "RUSTUP_HOME=/opt/rustwide/rustup-home" "-e" "CARGO_TARGET_DIR=/opt/rustwide/target" "-e" "CARGO_INCREMENTAL=0" "-e" "RUST_BACKTRACE=full" "-e" "RUSTFLAGS=--cap-lints=warn" "-e" "RUSTDOCFLAGS=--cap-lints=warn" "-w" "/opt/rustwide/workdir" "--user" "0:0" "1243b07ffbef6d69cfa20282b26eff1747e3b29f9c20f3cd1b26ffe0f2ba88c6" "/opt/rustwide/cargo-home/bin/cargo" "+1.99.0-beta.8" "build" "--frozen" "--message-format=json" "--release", kill_on_drop: false }`
[INFO] [stderr]    Compiling cc v1.2.60
[INFO] [stderr]    Compiling zerofrom v0.1.7
[INFO] [stderr]    Compiling getrandom v0.2.17
[INFO] [stderr]    Compiling displaydoc v0.2.5
[INFO] [stderr]    Compiling memchr v2.8.0
[INFO] [stderr]    Compiling clang-sys v1.8.1
[INFO] [stderr]    Compiling lexical-util v0.8.5
[INFO] [stderr]    Compiling libc v0.2.185
[INFO] [stderr]    Compiling crossbeam-utils v0.8.21
[INFO] [stderr]    Compiling yoke v0.8.2
[INFO] [stderr]    Compiling ahash v0.7.8
[INFO] [stderr]    Compiling regex-syntax v0.8.10
[INFO] [stderr]    Compiling zerovec v0.11.6
[INFO] [stderr]    Compiling zerotrie v0.2.4
[INFO] [stderr]    Compiling aho-corasick v1.1.4
[INFO] [stderr]    Compiling nom v7.1.3
[INFO] [stderr]    Compiling frunk_core v0.4.4
[INFO] [stderr]    Compiling smallvec v1.15.1
[INFO] [stderr]    Compiling tinystr v0.8.3
[INFO] [stderr]    Compiling potential_utf v0.1.5
[INFO] [stderr]    Compiling icu_collections v2.2.0
[INFO] [stderr]    Compiling icu_locale_core v2.2.0
[INFO] [stderr]    Compiling bindgen v0.59.2
[INFO] [stderr]    Compiling openssl-sys v0.9.113
[INFO] [stderr]    Compiling libz-sys v1.1.28
[INFO] [stderr]    Compiling lexical-write-integer v0.8.5
[INFO] [stderr]    Compiling lexical-parse-integer v0.8.6
[INFO] [stderr]    Compiling regex-automata v0.4.14
[INFO] [stderr]    Compiling rand_core v0.6.4
[INFO] [stderr]    Compiling icu_provider v2.2.0
[INFO] [stderr]    Compiling cexpr v0.6.0
[INFO] [stderr]    Compiling peeking_take_while v0.1.2
[INFO] [stderr]    Compiling openssl v0.10.77
[INFO] [stderr]    Compiling radium v0.7.0
[INFO] [stderr]    Compiling icu_properties v2.2.0
[INFO] [stderr]    Compiling icu_normalizer v2.2.0
[INFO] [stderr]    Compiling frunk_proc_macro_helpers v0.1.4
[INFO] [stderr]    Compiling rand_chacha v0.3.1
[INFO] [stderr]    Compiling hashbrown v0.12.3
[INFO] [stderr]    Compiling lexical-parse-float v0.8.5
[INFO] [stderr]    Compiling lexical-write-float v0.8.5
[INFO] [stderr]    Compiling subprocess v0.2.15
[INFO] [stderr]    Compiling cmake v0.1.58
[INFO] [stderr]    Compiling num-integer v0.1.46
[INFO] [stderr]    Compiling regex v1.12.3
[INFO] [stderr]    Compiling indexmap v1.9.3
[INFO] [stderr]    Compiling socket2 v0.6.3
[INFO] [stderr]    Compiling mio v1.2.0
[INFO] [stderr]    Compiling openssl-macros v0.1.1
[INFO] [stderr]    Compiling rust_decimal v1.41.0
[INFO] [stderr]    Compiling bitflags v2.11.1
[INFO] [stderr]    Compiling tap v1.0.1
[INFO] [stderr]    Compiling tokio v1.52.1
[INFO] [stderr]    Compiling wyz v0.5.1
[INFO] [stderr]    Compiling native-tls v0.2.18
[INFO] [stderr]    Compiling num-bigint v0.4.6
[INFO] [stderr]    Compiling lexical-core v0.8.5
[INFO] [stderr]    Compiling idna_adapter v1.2.1
[INFO] [stderr]    Compiling frunk_derives v0.4.4
[INFO] [stderr]    Compiling frunk_proc_macros v0.1.4
[INFO] [stderr]    Compiling rand v0.8.6
[INFO] [stderr]    Compiling crossbeam-epoch v0.9.18
[INFO] [stderr]    Compiling priority-queue v1.4.0
[INFO] [stderr]    Compiling num-conv v0.2.1
[INFO] [stderr]    Compiling funty v2.0.0
[INFO] [stderr]    Compiling bitvec v1.0.1
[INFO] [stderr]    Compiling frunk v0.4.4
[INFO] [stderr]    Compiling bigdecimal v0.3.1
[INFO] [stderr]    Compiling mysql_common v0.29.2
[INFO] [stderr]    Compiling time v0.3.47
[INFO] [stderr]    Compiling crossbeam-deque v0.8.6
[INFO] [stderr]    Compiling flate2 v1.1.9
[INFO] [stderr]    Compiling idna v1.1.0
[INFO] [stderr]    Compiling lexical v6.1.1
[INFO] [stderr]    Compiling sha1 v0.10.6
[INFO] [stderr]    Compiling crossbeam-channel v0.5.15
[INFO] [stderr]    Compiling crossbeam-queue v0.3.12
[INFO] [stderr]    Compiling pin-project-internal v1.1.11
[INFO] [stderr]    Compiling uuid v1.23.1
[INFO] [stderr]    Compiling saturating v0.1.0
[INFO] [stderr]    Compiling futures-util v0.3.32
[INFO] [stderr]    Compiling tokio-util v0.7.18
[INFO] [stderr]    Compiling crossbeam v0.8.4
[INFO] [stderr]    Compiling url v2.5.8
[INFO] [stderr]    Compiling pin-project v1.1.11
[INFO] [stderr]    Compiling tokio-native-tls v0.3.1
[INFO] [stderr]    Compiling pem v1.1.1
[INFO] [stderr]    Compiling twox-hash v1.6.3
[INFO] [stderr]    Compiling mio v0.8.11
[INFO] [stderr]    Compiling lru v0.8.1
[INFO] [stderr]    Compiling socket2 v0.4.10
[INFO] [stderr]    Compiling saola_mysql_async v0.31.3 (/opt/rustwide/workdir)
[INFO] [stdout] warning: unused import: `mysql_common::named_params`
[INFO] [stdout]   --> src/conn/mod.rs:10:9
[INFO] [stdout]    |
[INFO] [stdout] 10 | pub use mysql_common::named_params;
[INFO] [stdout]    |         ^^^^^^^^^^^^^^^^^^^^^^^^^^
[INFO] [stdout]    |
[INFO] [stdout]    = note: `#[warn(unused_imports)]` (part of `#[warn(unused)]`) on by default
[INFO] [stdout] 
[INFO] [stdout] 
[INFO] [stderr]     Finished `release` profile [optimized] target(s) in 2m 44s
[INFO] running `Command { std: "docker" "inspect" "1243b07ffbef6d69cfa20282b26eff1747e3b29f9c20f3cd1b26ffe0f2ba88c6", kill_on_drop: false }`
[INFO] running `Command { std: "docker" "exec" "-e" "SOURCE_DIR=/opt/rustwide/workdir" "-e" "CARGO_HOME=/opt/rustwide/cargo-home" "-e" "RUSTUP_HOME=/opt/rustwide/rustup-home" "-e" "CARGO_TARGET_DIR=/opt/rustwide/target" "-e" "CARGO_INCREMENTAL=0" "-e" "RUST_BACKTRACE=full" "-e" "RUSTFLAGS=--cap-lints=warn" "-e" "RUSTDOCFLAGS=--cap-lints=warn" "-w" "/opt/rustwide/workdir" "--user" "0:0" "1243b07ffbef6d69cfa20282b26eff1747e3b29f9c20f3cd1b26ffe0f2ba88c6" "/opt/rustwide/cargo-home/bin/cargo" "+1.99.0-beta.8" "test" "--frozen" "--no-run" "--message-format=json" "--release", kill_on_drop: false }`
[INFO] [stderr]    Compiling rustix v1.1.4
[INFO] [stderr]    Compiling getrandom v0.4.2
[INFO] [stdout] warning: unused import: `mysql_common::named_params`
[INFO] [stdout]   --> src/conn/mod.rs:10:9
[INFO] [stdout]    |
[INFO] [stdout] 10 | pub use mysql_common::named_params;
[INFO] [stdout]    |         ^^^^^^^^^^^^^^^^^^^^^^^^^^
[INFO] [stdout]    |
[INFO] [stdout]    = note: `#[warn(unused_imports)]` (part of `#[warn(unused)]`) on by default
[INFO] [stdout] 
[INFO] [stdout] 
[INFO] [stderr]    Compiling tempfile v3.27.0
[INFO] [stderr]    Compiling saola_mysql_async v0.31.3 (/opt/rustwide/workdir)
[INFO] [stdout] warning: unused import: `mysql_common::named_params`
[INFO] [stdout]   --> src/conn/mod.rs:10:9
[INFO] [stdout]    |
[INFO] [stdout] 10 | pub use mysql_common::named_params;
[INFO] [stdout]    |         ^^^^^^^^^^^^^^^^^^^^^^^^^^
[INFO] [stdout]    |
[INFO] [stdout]    = note: `#[warn(unused_imports)]` (part of `#[warn(unused)]`) on by default
[INFO] [stdout] 
[INFO] [stdout] 
[INFO] [stderr]     Finished `release` profile [optimized] target(s) in 54.86s
[INFO] running `Command { std: "docker" "inspect" "1243b07ffbef6d69cfa20282b26eff1747e3b29f9c20f3cd1b26ffe0f2ba88c6", kill_on_drop: false }`
[INFO] running `Command { std: "docker" "exec" "-e" "SOURCE_DIR=/opt/rustwide/workdir" "-e" "CARGO_HOME=/opt/rustwide/cargo-home" "-e" "RUSTUP_HOME=/opt/rustwide/rustup-home" "-e" "CARGO_TARGET_DIR=/opt/rustwide/target" "-e" "CARGO_INCREMENTAL=0" "-e" "RUST_BACKTRACE=full" "-e" "RUSTFLAGS=--cap-lints=warn" "-e" "RUSTDOCFLAGS=--cap-lints=warn" "-w" "/opt/rustwide/workdir" "--user" "0:0" "1243b07ffbef6d69cfa20282b26eff1747e3b29f9c20f3cd1b26ffe0f2ba88c6" "/opt/rustwide/cargo-home/bin/cargo" "+1.99.0-beta.8" "test" "--frozen" "--release", kill_on_drop: false }`
[INFO] [stderr] warning: unused import: `mysql_common::named_params`
[INFO] [stderr]   --> src/conn/mod.rs:10:9
[INFO] [stderr]    |
[INFO] [stderr] 10 | pub use mysql_common::named_params;
[INFO] [stderr]    |         ^^^^^^^^^^^^^^^^^^^^^^^^^^
[INFO] [stderr]    |
[INFO] [stderr]    = note: `#[warn(unused_imports)]` (part of `#[warn(unused)]`) on by default
[INFO] [stderr] 
[INFO] [stderr] warning: `saola_mysql_async` (lib) generated 1 warning (run `cargo fix --lib -p saola_mysql_async` to apply 1 suggestion)
[INFO] [stderr] warning: `saola_mysql_async` (lib test) generated 1 warning (1 duplicate)
[INFO] [stderr]     Finished `release` profile [optimized] target(s) in 0.28s
[INFO] [stderr]      Running unittests src/lib.rs (/opt/rustwide/target/release/deps/mysql_async-50bae1795e009da3)
[INFO] [stdout] 
[INFO] [stdout] running 68 tests
[INFO] [stdout] test conn::pool::test::can_handle_the_pressure ... ignored
[INFO] [stdout] test conn::pool::test::should_hold_bounds_on_error ... ok
[INFO] [stdout] test conn::pool::test::should_ignore_non_fatal_errors_while_returning_to_a_pool ... FAILED
[INFO] [stdout] test conn::pool::test::issue_126_should_cleanup_errors_in_multiresult_sets ... FAILED
[INFO] [stdout] test conn::pool::test::should_connect ... FAILED
[INFO] [stdout] test conn::pool::test::drop_impl_for_conn_should_not_panic_within_unwind ... FAILED
[INFO] [stdout] test conn::pool::test::should_reconnect ... FAILED
[INFO] [stdout] test conn::pool::test::should_remove_waker_of_cancelled_task ... FAILED
[INFO] [stdout] test conn::pool::test::should_hold_bounds1 ... FAILED
[INFO] [stdout] test conn::pool::test::should_reuse_connections ... FAILED
[INFO] [stdout] test conn::pool::test::droptest ... FAILED
[INFO] [stdout] test conn::pool::test::aa_should_hold_bounds2 ... FAILED
[INFO] [stdout] test conn::pool::test::should_not_hang ... ok
[INFO] [stdout] test conn::pool::test::should_check_inactive_connection_ttl ... FAILED
[INFO] [stdout] test conn::pool::test::waitlist_integrity ... ok
[INFO] [stdout] test conn::pool::test::zz_should_check_wait_timeout_on_get_conn ... FAILED
[INFO] [stdout] test conn::test::opts_should_satisfy_send_and_sync ... ok
[INFO] [stdout] test conn::pool::test::should_track_conn_if_disconnected_outside_of_a_pool ... FAILED
[INFO] [stdout] test conn::pool::test::should_not_panic_on_unclean_shutdown ... FAILED
[INFO] [stdout] test conn::test::should_clean_state_if_wrapper_is_dropeed ... FAILED
[INFO] [stdout] test conn::test::should_connect ... FAILED
[INFO] [stdout] test conn::pool::test::should_perform_clean_shutdown ... FAILED
[INFO] [stdout] test conn::test::issue_107 ... FAILED
[INFO] [stdout] test conn::test::should_connect_without_database ... FAILED
[INFO] [stdout] test conn::pool::test::should_start_transaction ... FAILED
[INFO] [stdout] test conn::test::should_first_exec_statement ... FAILED
[INFO] [stdout] test conn::test::should_handle_local_infile_globally ... FAILED
[INFO] [stdout] test conn::pool::test::should_work_if_pooled_connection_operation_is_cancelled ... FAILED
[INFO] [stdout] test conn::test::should_handle_local_infile_locally ... FAILED
[INFO] [stdout] test conn::test::should_not_cache_statements_if_stmt_cache_size_is_zero ... FAILED
[INFO] [stdout] test conn::test::should_handle_binary_multiresult_set_with_error ... FAILED
[INFO] [stdout] test conn::test::should_handle_multiresult_set_with_local_infile ... FAILED
[INFO] [stdout] test conn::test::should_handle_multiresult_set_with_error ... FAILED
[INFO] [stdout] test conn::test::should_hold_stmt_cache_size_bound ... FAILED
[INFO] [stdout] test conn::test::should_perform_queries ... FAILED
[INFO] [stdout] test conn::test::should_execute_init_queries_on_new_connection ... FAILED
[INFO] [stdout] test conn::test::should_expose_query_result_metadata ... FAILED
[INFO] [stdout] test conn::test::should_provide_multiresult_set_metadata ... FAILED
[INFO] [stdout] test conn::test::should_prep_exec_statement ... FAILED
[INFO] [stdout] test conn::test::should_prepare_statement ... FAILED
[INFO] [stdout] test opts::test::should_convert_ipv6_url_into_opts ... ok
[INFO] [stdout] test conn::test::should_not_panic_if_dropped_without_tokio_runtime ... FAILED
[INFO] [stdout] test opts::test::should_convert_url_into_opts ... ok
[INFO] [stdout] test conn::test::should_query_drop ... FAILED
[INFO] [stdout] test conn::test::should_read_binlog ... FAILED
[INFO] [stdout] test opts::test::should_panic_on_invalid_scheme - should panic ... ok
[INFO] [stdout] test conn::test::should_reset_the_connection ... FAILED
[INFO] [stdout] test conn::test::should_run_transactions ... FAILED
[INFO] [stdout] test io::test::should_connect_with_keepalive ... FAILED
[INFO] [stdout] test query::tests::should_run_text_query ... FAILED
[INFO] [stdout] test opts::test::should_panic_on_invalid_url - should panic ... ok
[INFO] [stdout] test opts::test::should_panic_on_unknown_query_param - should panic ... ok
[INFO] [stdout] test opts::test::should_parse_compression ... ok
[INFO] [stdout] test opts::test::should_parse_ssl_params ... ok
[INFO] [stdout] test opts::test::test_builder_eq_url ... ok
[INFO] [stdout] test queryable::query_result::tests::should_handle_multi_result_sets_where_some_results_have_no_output ... FAILED
[INFO] [stdout] test query::tests::should_run_bin_query ... FAILED
[INFO] [stdout] test queryable::query_result::tests::should_map_resultset ... FAILED
[INFO] [stdout] test queryable::query_result::tests::should_handle_mutliresult_set ... FAILED
[INFO] [stdout] test queryable::query_result::tests::dropped_query_result_should_emit_errors_on_cleanup ... FAILED
[INFO] [stdout] test queryable::query_result::tests::should_stream_binary_result_sets ... FAILED
[INFO] [stdout] test queryable::query_result::tests::should_reduce_resultset ... FAILED
[INFO] [stdout] test queryable::query_result::tests::should_iterate_over_resultset ... FAILED
[INFO] [stdout] test queryable::query_result::tests::should_stream_text_result_sets ... FAILED
[INFO] [stdout] test queryable::query_result::tests::should_try_collect ... FAILED
[INFO] [stdout] test queryable::query_result::tests::should_try_collect_and_drop ... FAILED
[INFO] [stdout] test queryable::tests::should_prep ... FAILED
[INFO] [stdout] test conn::test::should_execute_statement ... FAILED
[INFO] [stdout] 
[INFO] [stdout] failures:
[INFO] [stdout] 
[INFO] [stdout] ---- conn::pool::test::should_ignore_non_fatal_errors_while_returning_to_a_pool stdout ----
[INFO] [stdout] Error: Io(Io(Os { code: 111, kind: ConnectionRefused, message: "Connection refused" }))
[INFO] [stdout] 
[INFO] [stdout] ---- conn::pool::test::issue_126_should_cleanup_errors_in_multiresult_sets stdout ----
[INFO] [stdout] Error: Io(Io(Os { code: 111, kind: ConnectionRefused, message: "Connection refused" }))
[INFO] [stdout] 
[INFO] [stdout] ---- conn::pool::test::should_connect stdout ----
[INFO] [stdout] Error: Io(Io(Os { code: 111, kind: ConnectionRefused, message: "Connection refused" }))
[INFO] [stdout] 
[INFO] [stdout] ---- conn::pool::test::drop_impl_for_conn_should_not_panic_within_unwind stdout ----
[INFO] [stdout] 
[INFO] [stdout] thread 'conn::pool::test::drop_impl_for_conn_should_not_panic_within_unwind' (1791) panicked at src/conn/pool/mod.rs:788:55:
[INFO] [stdout] called `Result::unwrap()` on an `Err` value: Io(Io(Os { code: 111, kind: ConnectionRefused, message: "Connection refused" }))
[INFO] [stdout] stack backtrace:
[INFO] [stdout]    0:     0x5e2675177911 - <<std[70759c8f55707aa4]::sys::backtrace::BacktraceLock>::print::DisplayBacktrace as core[df12db4294e9bfd3]::fmt::Display>::fmt
[INFO] [stdout]    1:     0x5e267518f32a - core[df12db4294e9bfd3]::fmt::write
[INFO] [stdout]    2:     0x5e267517c74c - <alloc[2182bb758b4b3781]::vec::Vec<u8> as core[df12db4294e9bfd3]::io::write::Write>::write_fmt
[INFO] [stdout]    3:     0x5e2675151d86 - std[70759c8f55707aa4]::panicking::default_hook::{closure#0}
[INFO] [stdout]    4:     0x5e267516ed79 - std[70759c8f55707aa4]::panicking::default_hook
[INFO] [stdout]    5:     0x5e2674fcad20 - test[9d35eded1c95d3be]::test_main_inner::<test[9d35eded1c95d3be]::test_main_static::{closure#0}>::{closure#0}
[INFO] [stdout]    6:     0x5e267516f0a2 - std[70759c8f55707aa4]::panicking::panic_with_hook
[INFO] [stdout]    7:     0x5e2675151e32 - std[70759c8f55707aa4]::panicking::panic_handler::{closure#0}
[INFO] [stdout]    8:     0x5e267514a899 - std[70759c8f55707aa4]::sys::backtrace::__rust_end_short_backtrace::<std[70759c8f55707aa4]::panicking::panic_handler::{closure#0}, !>
[INFO] [stdout]    9:     0x5e2675152c1d - __rustc[8fa7c3cbc660c2b3]::rust_begin_unwind
[INFO] [stdout]   10:     0x5e267518fb0c - core[df12db4294e9bfd3]::panicking::panic_fmt
[INFO] [stdout]   11:     0x5e267518f8e2 - core[df12db4294e9bfd3]::result::unwrap_failed
[INFO] [stdout]   12:     0x5e2674f36e1e - mysql_async[6255a195f5838f0c]::conn::pool::test::drop_impl_for_conn_should_not_panic_within_unwind::{closure#0}::{closure#0}
[INFO] [stdout]   13:     0x5e2674fa4381 - <tokio[f809c8222732d088]::runtime::scheduler::current_thread::Context>::enter::<core[df12db4294e9bfd3]::task::poll::Poll<()>, <tokio[f809c8222732d088]::runtime::scheduler::current_thread::CoreGuard>::block_on<core[df12db4294e9bfd3]::pin::Pin<&mut mysql_async[6255a195f5838f0c]::conn::pool::test::drop_impl_for_conn_should_not_panic_within_unwind::{closure#0}::{closure#0}>>::{closure#0}::{closure#0}>
[INFO] [stdout]   14:     0x5e2674ee825c - <tokio[f809c8222732d088]::runtime::context::scoped::Scoped<tokio[f809c8222732d088]::runtime::scheduler::Context>>::set::<<tokio[f809c8222732d088]::runtime::scheduler::current_thread::CoreGuard>::enter<<tokio[f809c8222732d088]::runtime::scheduler::current_thread::CoreGuard>::block_on<core[df12db4294e9bfd3]::pin::Pin<&mut mysql_async[6255a195f5838f0c]::conn::pool::test::drop_impl_for_conn_should_not_panic_within_unwind::{closure#0}::{closure#0}>>::{closure#0}, core[df12db4294e9bfd3]::option::Option<()>>::{closure#0}, (alloc[2182bb758b4b3781]::boxed::Box<tokio[f809c8222732d088]::runtime::scheduler::current_thread::Core>, core[df12db4294e9bfd3]::option::Option<()>)>
[INFO] [stdout]   15:     0x5e2674fa1cc9 - <tokio[f809c8222732d088]::runtime::scheduler::current_thread::CurrentThread>::block_on::<mysql_async[6255a195f5838f0c]::conn::pool::test::drop_impl_for_conn_should_not_panic_within_unwind::{closure#0}::{closure#0}>
[INFO] [stdout]   16:     0x5e2674ee7742 - <tokio[f809c8222732d088]::runtime::runtime::Runtime>::block_on::<mysql_async[6255a195f5838f0c]::conn::pool::test::drop_impl_for_conn_should_not_panic_within_unwind::{closure#0}::{closure#0}>
[INFO] [stdout]   17:     0x5e2674f9e1fa - mysql_async[6255a195f5838f0c]::conn::pool::test::drop_impl_for_conn_should_not_panic_within_unwind
[INFO] [stdout]   18:     0x5e2674f6a2d9 - <mysql_async[6255a195f5838f0c]::conn::pool::test::drop_impl_for_conn_should_not_panic_within_unwind::{closure#0} as core[df12db4294e9bfd3]::ops::function::FnOnce<()>>::call_once
[INFO] [stdout]   19:     0x5e2674fbe00b - test[9d35eded1c95d3be]::__rust_begin_short_backtrace::<core[df12db4294e9bfd3]::result::Result<(), alloc[2182bb758b4b3781]::string::String>, fn() -> core[df12db4294e9bfd3]::result::Result<(), alloc[2182bb758b4b3781]::string::String>>
[INFO] [stdout]   20:     0x5e2674fcb675 - test[9d35eded1c95d3be]::run_test::{closure#0}
[INFO] [stdout]   21:     0x5e2674fc4f34 - std[70759c8f55707aa4]::sys::backtrace::__rust_begin_short_backtrace::<test[9d35eded1c95d3be]::run_test::{closure#1}, ()>
[INFO] [stdout]   22:     0x5e2674fce7d2 - <std[70759c8f55707aa4]::thread::lifecycle::spawn_unchecked<test[9d35eded1c95d3be]::run_test::{closure#1}, ()>::{closure#1} as core[df12db4294e9bfd3]::ops::function::FnOnce<()>>::call_once::{shim:vtable#0}
[INFO] [stdout]   23:     0x5e26751764f9 - <std[70759c8f55707aa4]::sys::thread::unix::Thread>::new::thread_start
[INFO] [stdout]   24:     0x7e605da8adfa - <unknown>
[INFO] [stdout]   25:     0x7e605db1e3d4 - clone
[INFO] [stdout]   26:                0x0 - <unknown>
[INFO] [stdout] 
[INFO] [stdout] thread 'conn::pool::test::drop_impl_for_conn_should_not_panic_within_unwind' (1791) panicked at src/conn/pool/mod.rs:794:53:
[INFO] [stdout] called `Result::unwrap()` on an `Err` value: Any { .. }
[INFO] [stdout] stack backtrace:
[INFO] [stdout]    0:     0x5e2675177911 - <<std[70759c8f55707aa4]::sys::backtrace::BacktraceLock>::print::DisplayBacktrace as core[df12db4294e9bfd3]::fmt::Display>::fmt
[INFO] [stdout]    1:     0x5e267518f32a - core[df12db4294e9bfd3]::fmt::write
[INFO] [stdout]    2:     0x5e267517c74c - <alloc[2182bb758b4b3781]::vec::Vec<u8> as core[df12db4294e9bfd3]::io::write::Write>::write_fmt
[INFO] [stdout]    3:     0x5e2675151d86 - std[70759c8f55707aa4]::panicking::default_hook::{closure#0}
[INFO] [stdout]    4:     0x5e267516ed79 - std[70759c8f55707aa4]::panicking::default_hook
[INFO] [stdout]    5:     0x5e2674fcad20 - test[9d35eded1c95d3be]::test_main_inner::<test[9d35eded1c95d3be]::test_main_static::{closure#0}>::{closure#0}
[INFO] [stdout]    6:     0x5e267516f0a2 - std[70759c8f55707aa4]::panicking::panic_with_hook
[INFO] [stdout]    7:     0x5e2675151e32 - std[70759c8f55707aa4]::panicking::panic_handler::{closure#0}
[INFO] [stdout]    8:     0x5e267514a899 - std[70759c8f55707aa4]::sys::backtrace::__rust_end_short_backtrace::<std[70759c8f55707aa4]::panicking::panic_handler::{closure#0}, !>
[INFO] [stdout]    9:     0x5e2675152c1d - __rustc[8fa7c3cbc660c2b3]::rust_begin_unwind
[INFO] [stdout]   10:     0x5e267518fb0c - core[df12db4294e9bfd3]::panicking::panic_fmt
[INFO] [stdout]   11:     0x5e267518f8e2 - core[df12db4294e9bfd3]::result::unwrap_failed
[INFO] [stdout]   12:     0x5e2674f9e385 - mysql_async[6255a195f5838f0c]::conn::pool::test::drop_impl_for_conn_should_not_panic_within_unwind
[INFO] [stdout]   13:     0x5e2674f6a2d9 - <mysql_async[6255a195f5838f0c]::conn::pool::test::drop_impl_for_conn_should_not_panic_within_unwind::{closure#0} as core[df12db4294e9bfd3]::ops::function::FnOnce<()>>::call_once
[INFO] [stdout]   14:     0x5e2674fbe00b - test[9d35eded1c95d3be]::__rust_begin_short_backtrace::<core[df12db4294e9bfd3]::result::Result<(), alloc[2182bb758b4b3781]::string::String>, fn() -> core[df12db4294e9bfd3]::result::Result<(), alloc[2182bb758b4b3781]::string::String>>
[INFO] [stdout]   15:     0x5e2674fcb675 - test[9d35eded1c95d3be]::run_test::{closure#0}
[INFO] [stdout]   16:     0x5e2674fc4f34 - std[70759c8f55707aa4]::sys::backtrace::__rust_begin_short_backtrace::<test[9d35eded1c95d3be]::run_test::{closure#1}, ()>
[INFO] [stdout]   17:     0x5e2674fce7d2 - <std[70759c8f55707aa4]::thread::lifecycle::spawn_unchecked<test[9d35eded1c95d3be]::run_test::{closure#1}, ()>::{closure#1} as core[df12db4294e9bfd3]::ops::function::FnOnce<()>>::call_once::{shim:vtable#0}
[INFO] [stdout]   18:     0x5e26751764f9 - <std[70759c8f55707aa4]::sys::thread::unix::Thread>::new::thread_start
[INFO] [stdout]   19:     0x7e605da8adfa - <unknown>
[INFO] [stdout]   20:     0x7e605db1e3d4 - clone
[INFO] [stdout]   21:                0x0 - <unknown>
[INFO] [stdout] 
[INFO] [stdout] ---- conn::pool::test::should_reconnect stdout ----
[INFO] [stdout] Error: Io(Io(Os { code: 111, kind: ConnectionRefused, message: "Connection refused" }))
[INFO] [stdout] 
[INFO] [stdout] ---- conn::pool::test::should_remove_waker_of_cancelled_task stdout ----
[INFO] [stdout] 
[INFO] [stdout] thread 'conn::pool::test::should_remove_waker_of_cancelled_task' (1849) panicked at src/conn/pool/mod.rs:880:47:
[INFO] [stdout] called `Result::unwrap()` on an `Err` value: Io(Io(Os { code: 111, kind: ConnectionRefused, message: "Connection refused" }))
[INFO] [stdout] stack backtrace:
[INFO] [stdout]    0:     0x5e2675177911 - <<std[70759c8f55707aa4]::sys::backtrace::BacktraceLock>::print::DisplayBacktrace as core[df12db4294e9bfd3]::fmt::Display>::fmt
[INFO] [stdout]    1:     0x5e267518f32a - core[df12db4294e9bfd3]::fmt::write
[INFO] [stdout]    2:     0x5e267517c74c - <alloc[2182bb758b4b3781]::vec::Vec<u8> as core[df12db4294e9bfd3]::io::write::Write>::write_fmt
[INFO] [stdout]    3:     0x5e2675151d86 - std[70759c8f55707aa4]::panicking::default_hook::{closure#0}
[INFO] [stdout]    4:     0x5e267516ed79 - std[70759c8f55707aa4]::panicking::default_hook
[INFO] [stdout]    5:     0x5e2674fcad20 - test[9d35eded1c95d3be]::test_main_inner::<test[9d35eded1c95d3be]::test_main_static::{closure#0}>::{closure#0}
[INFO] [stdout]    6:     0x5e267516f0a2 - std[70759c8f55707aa4]::panicking::panic_with_hook
[INFO] [stdout]    7:     0x5e2675151e32 - std[70759c8f55707aa4]::panicking::panic_handler::{closure#0}
[INFO] [stdout]    8:     0x5e267514a899 - std[70759c8f55707aa4]::sys::backtrace::__rust_end_short_backtrace::<std[70759c8f55707aa4]::panicking::panic_handler::{closure#0}, !>
[INFO] [stdout]    9:     0x5e2675152c1d - __rustc[8fa7c3cbc660c2b3]::rust_begin_unwind
[INFO] [stdout]   10:     0x5e267518fb0c - core[df12db4294e9bfd3]::panicking::panic_fmt
[INFO] [stdout]   11:     0x5e267518f8e2 - core[df12db4294e9bfd3]::result::unwrap_failed
[INFO] [stdout]   12:     0x5e2674f97633 - mysql_async[6255a195f5838f0c]::conn::pool::test::should_remove_waker_of_cancelled_task::{closure#0}
[INFO] [stdout]   13:     0x5e2674fa41e3 - <tokio[f809c8222732d088]::runtime::scheduler::current_thread::Context>::enter::<core[df12db4294e9bfd3]::task::poll::Poll<()>, <tokio[f809c8222732d088]::runtime::scheduler::current_thread::CoreGuard>::block_on<core[df12db4294e9bfd3]::pin::Pin<&mut core[df12db4294e9bfd3]::pin::Pin<&mut dyn core[df12db4294e9bfd3]::future::future::Future<Output = ()>>>>::{closure#0}::{closure#0}>
[INFO] [stdout]   14:     0x5e2674ee7e7c - <tokio[f809c8222732d088]::runtime::context::scoped::Scoped<tokio[f809c8222732d088]::runtime::scheduler::Context>>::set::<<tokio[f809c8222732d088]::runtime::scheduler::current_thread::CoreGuard>::enter<<tokio[f809c8222732d088]::runtime::scheduler::current_thread::CoreGuard>::block_on<core[df12db4294e9bfd3]::pin::Pin<&mut core[df12db4294e9bfd3]::pin::Pin<&mut dyn core[df12db4294e9bfd3]::future::future::Future<Output = ()>>>>::{closure#0}, core[df12db4294e9bfd3]::option::Option<()>>::{closure#0}, (alloc[2182bb758b4b3781]::boxed::Box<tokio[f809c8222732d088]::runtime::scheduler::current_thread::Core>, core[df12db4294e9bfd3]::option::Option<()>)>
[INFO] [stdout]   15:     0x5e2674fa0b45 - <tokio[f809c8222732d088]::runtime::scheduler::current_thread::CurrentThread>::block_on::<core[df12db4294e9bfd3]::pin::Pin<&mut dyn core[df12db4294e9bfd3]::future::future::Future<Output = ()>>>
[INFO] [stdout]   16:     0x5e2674ee74e2 - <tokio[f809c8222732d088]::runtime::runtime::Runtime>::block_on::<core[df12db4294e9bfd3]::pin::Pin<&mut dyn core[df12db4294e9bfd3]::future::future::Future<Output = ()>>>
[INFO] [stdout]   17:     0x5e2674f9df4b - mysql_async[6255a195f5838f0c]::conn::pool::test::should_remove_waker_of_cancelled_task
[INFO] [stdout]   18:     0x5e2674f6a1d9 - <mysql_async[6255a195f5838f0c]::conn::pool::test::should_remove_waker_of_cancelled_task::{closure#0} as core[df12db4294e9bfd3]::ops::function::FnOnce<()>>::call_once
[INFO] [stdout]   19:     0x5e2674fbe00b - test[9d35eded1c95d3be]::__rust_begin_short_backtrace::<core[df12db4294e9bfd3]::result::Result<(), alloc[2182bb758b4b3781]::string::String>, fn() -> core[df12db4294e9bfd3]::result::Result<(), alloc[2182bb758b4b3781]::string::String>>
[INFO] [stdout]   20:     0x5e2674fcb675 - test[9d35eded1c95d3be]::run_test::{closure#0}
[INFO] [stdout]   21:     0x5e2674fc4f34 - std[70759c8f55707aa4]::sys::backtrace::__rust_begin_short_backtrace::<test[9d35eded1c95d3be]::run_test::{closure#1}, ()>
[INFO] [stdout]   22:     0x5e2674fce7d2 - <std[70759c8f55707aa4]::thread::lifecycle::spawn_unchecked<test[9d35eded1c95d3be]::run_test::{closure#1}, ()>::{closure#1} as core[df12db4294e9bfd3]::ops::function::FnOnce<()>>::call_once::{shim:vtable#0}
[INFO] [stdout]   23:     0x5e26751764f9 - <std[70759c8f55707aa4]::sys::thread::unix::Thread>::new::thread_start
[INFO] [stdout]   24:     0x7e605da8adfa - <unknown>
[INFO] [stdout]   25:     0x7e605db1e3d4 - clone
[INFO] [stdout]   26:                0x0 - <unknown>
[INFO] [stdout] 
[INFO] [stdout] ---- conn::pool::test::should_hold_bounds1 stdout ----
[INFO] [stdout] 
[INFO] [stdout] thread 'conn::pool::test::should_hold_bounds1' (1796) panicked at src/conn/pool/mod.rs:692:74:
[INFO] [stdout] called `Result::unwrap()` on an `Err` value: Io(Io(Os { code: 111, kind: ConnectionRefused, message: "Connection refused" }))
[INFO] [stdout] stack backtrace:
[INFO] [stdout]    0:     0x5e2675177911 - <<std[70759c8f55707aa4]::sys::backtrace::BacktraceLock>::print::DisplayBacktrace as core[df12db4294e9bfd3]::fmt::Display>::fmt
[INFO] [stdout]    1:     0x5e267518f32a - core[df12db4294e9bfd3]::fmt::write
[INFO] [stdout]    2:     0x5e267517c74c - <alloc[2182bb758b4b3781]::vec::Vec<u8> as core[df12db4294e9bfd3]::io::write::Write>::write_fmt
[INFO] [stdout]    3:     0x5e2675151d86 - std[70759c8f55707aa4]::panicking::default_hook::{closure#0}
[INFO] [stdout]    4:     0x5e267516ed79 - std[70759c8f55707aa4]::panicking::default_hook
[INFO] [stdout]    5:     0x5e2674fcad20 - test[9d35eded1c95d3be]::test_main_inner::<test[9d35eded1c95d3be]::test_main_static::{closure#0}>::{closure#0}
[INFO] [stdout]    6:     0x5e267516f0a2 - std[70759c8f55707aa4]::panicking::panic_with_hook
[INFO] [stdout]    7:     0x5e2675151e32 - std[70759c8f55707aa4]::panicking::panic_handler::{closure#0}
[INFO] [stdout]    8:     0x5e267514a899 - std[70759c8f55707aa4]::sys::backtrace::__rust_end_short_backtrace::<std[70759c8f55707aa4]::panicking::panic_handler::{closure#0}, !>
[INFO] [stdout]    9:     0x5e2675152c1d - __rustc[8fa7c3cbc660c2b3]::rust_begin_unwind
[INFO] [stdout]   10:     0x5e267518fb0c - core[df12db4294e9bfd3]::panicking::panic_fmt
[INFO] [stdout]   11:     0x5e267518f8e2 - core[df12db4294e9bfd3]::result::unwrap_failed
[INFO] [stdout]   12:     0x5e2674f92c45 - mysql_async[6255a195f5838f0c]::conn::pool::test::should_hold_bounds1::{closure#0}
[INFO] [stdout]   13:     0x5e2674fa3c4d - <tokio[f809c8222732d088]::runtime::scheduler::current_thread::Context>::enter::<core[df12db4294e9bfd3]::task::poll::Poll<core[df12db4294e9bfd3]::result::Result<(), mysql_async[6255a195f5838f0c]::error::Error>>, <tokio[f809c8222732d088]::runtime::scheduler::current_thread::CoreGuard>::block_on<core[df12db4294e9bfd3]::pin::Pin<&mut core[df12db4294e9bfd3]::pin::Pin<&mut dyn core[df12db4294e9bfd3]::future::future::Future<Output = core[df12db4294e9bfd3]::result::Result<(), mysql_async[6255a195f5838f0c]::error::Error>>>>>::{closure#0}::{closure#0}>
[INFO] [stdout]   14:     0x5e2674ee7c62 - <tokio[f809c8222732d088]::runtime::context::scoped::Scoped<tokio[f809c8222732d088]::runtime::scheduler::Context>>::set::<<tokio[f809c8222732d088]::runtime::scheduler::current_thread::CoreGuard>::enter<<tokio[f809c8222732d088]::runtime::scheduler::current_thread::CoreGuard>::block_on<core[df12db4294e9bfd3]::pin::Pin<&mut core[df12db4294e9bfd3]::pin::Pin<&mut dyn core[df12db4294e9bfd3]::future::future::Future<Output = core[df12db4294e9bfd3]::result::Result<(), mysql_async[6255a195f5838f0c]::error::Error>>>>>::{closure#0}, core[df12db4294e9bfd3]::option::Option<core[df12db4294e9bfd3]::result::Result<(), mysql_async[6255a195f5838f0c]::error::Error>>>::{closure#0}, (alloc[2182bb758b4b3781]::boxed::Box<tokio[f809c8222732d088]::runtime::scheduler::current_thread::Core>, core[df12db4294e9bfd3]::option::Option<core[df12db4294e9bfd3]::result::Result<(), mysql_async[6255a195f5838f0c]::error::Error>>)>
[INFO] [stdout]   15:     0x5e2674fa02a4 - <tokio[f809c8222732d088]::runtime::scheduler::current_thread::CurrentThread>::block_on::<core[df12db4294e9bfd3]::pin::Pin<&mut dyn core[df12db4294e9bfd3]::future::future::Future<Output = core[df12db4294e9bfd3]::result::Result<(), mysql_async[6255a195f5838f0c]::error::Error>>>>
[INFO] [stdout]   16:     0x5e2674ee73ee - <tokio[f809c8222732d088]::runtime::runtime::Runtime>::block_on::<core[df12db4294e9bfd3]::pin::Pin<&mut dyn core[df12db4294e9bfd3]::future::future::Future<Output = core[df12db4294e9bfd3]::result::Result<(), mysql_async[6255a195f5838f0c]::error::Error>>>>
[INFO] [stdout]   17:     0x5e2674f9c501 - mysql_async[6255a195f5838f0c]::conn::pool::test::should_hold_bounds1
[INFO] [stdout]   18:     0x5e2674f69c47 - <mysql_async[6255a195f5838f0c]::conn::pool::test::should_hold_bounds1::{closure#0} as core[df12db4294e9bfd3]::ops::function::FnOnce<()>>::call_once
[INFO] [stdout]   19:     0x5e2674fbe00b - test[9d35eded1c95d3be]::__rust_begin_short_backtrace::<core[df12db4294e9bfd3]::result::Result<(), alloc[2182bb758b4b3781]::string::String>, fn() -> core[df12db4294e9bfd3]::result::Result<(), alloc[2182bb758b4b3781]::string::String>>
[INFO] [stdout]   20:     0x5e2674fcb675 - test[9d35eded1c95d3be]::run_test::{closure#0}
[INFO] [stdout]   21:     0x5e2674fc4f34 - std[70759c8f55707aa4]::sys::backtrace::__rust_begin_short_backtrace::<test[9d35eded1c95d3be]::run_test::{closure#1}, ()>
[INFO] [stdout]   22:     0x5e2674fce7d2 - <std[70759c8f55707aa4]::thread::lifecycle::spawn_unchecked<test[9d35eded1c95d3be]::run_test::{closure#1}, ()>::{closure#1} as core[df12db4294e9bfd3]::ops::function::FnOnce<()>>::call_once::{shim:vtable#0}
[INFO] [stderr] error: test failed, to rerun pass `--lib`
[INFO] [stdout]   23:     0x5e26751764f9 - <std[70759c8f55707aa4]::sys::thread::unix::Thread>::new::thread_start
[INFO] [stdout]   24:     0x7e605da8adfa - <unknown>
[INFO] [stdout]   25:     0x7e605db1e3d4 - clone
[INFO] [stdout]   26:                0x0 - <unknown>
[INFO] [stdout] 
[INFO] [stdout] ---- conn::pool::test::should_reuse_connections stdout ----
[INFO] [stdout] Error: Io(Io(Os { code: 111, kind: ConnectionRefused, message: "Connection refused" }))
[INFO] [stdout] 
[INFO] [stdout] ---- conn::pool::test::droptest stdout ----
[INFO] [stdout] 
[INFO] [stdout] thread 'conn::pool::test::droptest' (1792) panicked at src/conn/pool/mod.rs:762:14:
[INFO] [stdout] called `Result::unwrap()` on an `Err` value: Io(Io(Os { code: 111, kind: ConnectionRefused, message: "Connection refused" }))
[INFO] [stdout] stack backtrace:
[INFO] [stdout]    0:     0x5e2675177911 - <<std[70759c8f55707aa4]::sys::backtrace::BacktraceLock>::print::DisplayBacktrace as core[df12db4294e9bfd3]::fmt::Display>::fmt
[INFO] [stdout]    1:     0x5e267518f32a - core[df12db4294e9bfd3]::fmt::write
[INFO] [stdout]    2:     0x5e267517c74c - <alloc[2182bb758b4b3781]::vec::Vec<u8> as core[df12db4294e9bfd3]::io::write::Write>::write_fmt
[INFO] [stdout]    3:     0x5e2675151d86 - std[70759c8f55707aa4]::panicking::default_hook::{closure#0}
[INFO] [stdout]    4:     0x5e267516ed79 - std[70759c8f55707aa4]::panicking::default_hook
[INFO] [stdout]    5:     0x5e2674fcad20 - test[9d35eded1c95d3be]::test_main_inner::<test[9d35eded1c95d3be]::test_main_static::{closure#0}>::{closure#0}
[INFO] [stdout]    6:     0x5e267516f0a2 - std[70759c8f55707aa4]::panicking::panic_with_hook
[INFO] [stdout]    7:     0x5e2675151e32 - std[70759c8f55707aa4]::panicking::panic_handler::{closure#0}
[INFO] [stdout]    8:     0x5e267514a899 - std[70759c8f55707aa4]::sys::backtrace::__rust_end_short_backtrace::<std[70759c8f55707aa4]::panicking::panic_handler::{closure#0}, !>
[INFO] [stdout]    9:     0x5e2675152c1d - __rustc[8fa7c3cbc660c2b3]::rust_begin_unwind
[INFO] [stdout]   10:     0x5e267518fb0c - core[df12db4294e9bfd3]::panicking::panic_fmt
[INFO] [stdout]   11:     0x5e267518f8e2 - core[df12db4294e9bfd3]::result::unwrap_failed
[INFO] [stdout]   12:     0x5e2674f9b0b5 - mysql_async[6255a195f5838f0c]::conn::pool::test::droptest::{closure#0}
[INFO] [stdout]   13:     0x5e2674fa3c4d - <tokio[f809c8222732d088]::runtime::scheduler::current_thread::Context>::enter::<core[df12db4294e9bfd3]::task::poll::Poll<core[df12db4294e9bfd3]::result::Result<(), mysql_async[6255a195f5838f0c]::error::Error>>, <tokio[f809c8222732d088]::runtime::scheduler::current_thread::CoreGuard>::block_on<core[df12db4294e9bfd3]::pin::Pin<&mut core[df12db4294e9bfd3]::pin::Pin<&mut dyn core[df12db4294e9bfd3]::future::future::Future<Output = core[df12db4294e9bfd3]::result::Result<(), mysql_async[6255a195f5838f0c]::error::Error>>>>>::{closure#0}::{closure#0}>
[INFO] [stdout]   14:     0x5e2674ee7c62 - <tokio[f809c8222732d088]::runtime::context::scoped::Scoped<tokio[f809c8222732d088]::runtime::scheduler::Context>>::set::<<tokio[f809c8222732d088]::runtime::scheduler::current_thread::CoreGuard>::enter<<tokio[f809c8222732d088]::runtime::scheduler::current_thread::CoreGuard>::block_on<core[df12db4294e9bfd3]::pin::Pin<&mut core[df12db4294e9bfd3]::pin::Pin<&mut dyn core[df12db4294e9bfd3]::future::future::Future<Output = core[df12db4294e9bfd3]::result::Result<(), mysql_async[6255a195f5838f0c]::error::Error>>>>>::{closure#0}, core[df12db4294e9bfd3]::option::Option<core[df12db4294e9bfd3]::result::Result<(), mysql_async[6255a195f5838f0c]::error::Error>>>::{closure#0}, (alloc[2182bb758b4b3781]::boxed::Box<tokio[f809c8222732d088]::runtime::scheduler::current_thread::Core>, core[df12db4294e9bfd3]::option::Option<core[df12db4294e9bfd3]::result::Result<(), mysql_async[6255a195f5838f0c]::error::Error>>)>
[INFO] [stdout]   15:     0x5e2674fa02a4 - <tokio[f809c8222732d088]::runtime::scheduler::current_thread::CurrentThread>::block_on::<core[df12db4294e9bfd3]::pin::Pin<&mut dyn core[df12db4294e9bfd3]::future::future::Future<Output = core[df12db4294e9bfd3]::result::Result<(), mysql_async[6255a195f5838f0c]::error::Error>>>>
[INFO] [stdout]   16:     0x5e2674ee73ee - <tokio[f809c8222732d088]::runtime::runtime::Runtime>::block_on::<core[df12db4294e9bfd3]::pin::Pin<&mut dyn core[df12db4294e9bfd3]::future::future::Future<Output = core[df12db4294e9bfd3]::result::Result<(), mysql_async[6255a195f5838f0c]::error::Error>>>>
[INFO] [stdout]   17:     0x5e2674f9e9c1 - mysql_async[6255a195f5838f0c]::conn::pool::test::droptest
[INFO] [stdout]   18:     0x5e2674f6a687 - <mysql_async[6255a195f5838f0c]::conn::pool::test::droptest::{closure#0} as core[df12db4294e9bfd3]::ops::function::FnOnce<()>>::call_once
[INFO] [stdout]   19:     0x5e2674fbe00b - test[9d35eded1c95d3be]::__rust_begin_short_backtrace::<core[df12db4294e9bfd3]::result::Result<(), alloc[2182bb758b4b3781]::string::String>, fn() -> core[df12db4294e9bfd3]::result::Result<(), alloc[2182bb758b4b3781]::string::String>>
[INFO] [stdout]   20:     0x5e2674fcb675 - test[9d35eded1c95d3be]::run_test::{closure#0}
[INFO] [stdout]   21:     0x5e2674fc4f34 - std[70759c8f55707aa4]::sys::backtrace::__rust_begin_short_backtrace::<test[9d35eded1c95d3be]::run_test::{closure#1}, ()>
[INFO] [stdout]   22:     0x5e2674fce7d2 - <std[70759c8f55707aa4]::thread::lifecycle::spawn_unchecked<test[9d35eded1c95d3be]::run_test::{closure#1}, ()>::{closure#1} as core[df12db4294e9bfd3]::ops::function::FnOnce<()>>::call_once::{shim:vtable#0}
[INFO] [stdout]   23:     0x5e26751764f9 - <std[70759c8f55707aa4]::sys::thread::unix::Thread>::new::thread_start
[INFO] [stdout]   24:     0x7e605da8adfa - <unknown>
[INFO] [stdout]   25:     0x7e605db1e3d4 - clone
[INFO] [stdout]   26:                0x0 - <unknown>
[INFO] [stdout] 
[INFO] [stdout] ---- conn::pool::test::aa_should_hold_bounds2 stdout ----
[INFO] [stdout] Error: Io(Io(Os { code: 111, kind: ConnectionRefused, message: "Connection refused" }))
[INFO] [stdout] 
[INFO] [stdout] ---- conn::pool::test::should_check_inactive_connection_ttl stdout ----
[INFO] [stdout] Error: Io(Io(Os { code: 111, kind: ConnectionRefused, message: "Connection refused" }))
[INFO] [stdout] 
[INFO] [stdout] ---- conn::pool::test::zz_should_check_wait_timeout_on_get_conn stdout ----
[INFO] [stdout] Error: Io(Io(Os { code: 111, kind: ConnectionRefused, message: "Connection refused" }))
[INFO] [stdout] 
[INFO] [stdout] ---- conn::pool::test::should_track_conn_if_disconnected_outside_of_a_pool stdout ----
[INFO] [stdout] Error: Io(Io(Os { code: 111, kind: ConnectionRefused, message: "Connection refused" }))
[INFO] [stdout] 
[INFO] [stdout] ---- conn::pool::test::should_not_panic_on_unclean_shutdown stdout ----
[INFO] [stdout] 
[INFO] [stdout] thread 'conn::pool::test::should_not_panic_on_unclean_shutdown' (1816) panicked at src/conn/pool/mod.rs:807:51:
[INFO] [stdout] called `Result::unwrap()` on an `Err` value: Io(Io(Os { code: 111, kind: ConnectionRefused, message: "Connection refused" }))
[INFO] [stdout] stack backtrace:
[INFO] [stdout]    0:     0x5e2675177911 - <<std[70759c8f55707aa4]::sys::backtrace::BacktraceLock>::print::DisplayBacktrace as core[df12db4294e9bfd3]::fmt::Display>::fmt
[INFO] [stdout]    1:     0x5e267518f32a - core[df12db4294e9bfd3]::fmt::write
[INFO] [stdout]    2:     0x5e267517c74c - <alloc[2182bb758b4b3781]::vec::Vec<u8> as core[df12db4294e9bfd3]::io::write::Write>::write_fmt
[INFO] [stdout]    3:     0x5e2675151d86 - std[70759c8f55707aa4]::panicking::default_hook::{closure#0}
[INFO] [stdout]    4:     0x5e267516ed79 - std[70759c8f55707aa4]::panicking::default_hook
[INFO] [stdout]    5:     0x5e2674fcad20 - test[9d35eded1c95d3be]::test_main_inner::<test[9d35eded1c95d3be]::test_main_static::{closure#0}>::{closure#0}
[INFO] [stdout]    6:     0x5e267516f0a2 - std[70759c8f55707aa4]::panicking::panic_with_hook
[INFO] [stdout]    7:     0x5e2675151e32 - std[70759c8f55707aa4]::panicking::panic_handler::{closure#0}
[INFO] [stdout]    8:     0x5e267514a899 - std[70759c8f55707aa4]::sys::backtrace::__rust_end_short_backtrace::<std[70759c8f55707aa4]::panicking::panic_handler::{closure#0}, !>
[INFO] [stdout]    9:     0x5e2675152c1d - __rustc[8fa7c3cbc660c2b3]::rust_begin_unwind
[INFO] [stdout]   10:     0x5e267518fb0c - core[df12db4294e9bfd3]::panicking::panic_fmt
[INFO] [stdout]   11:     0x5e267518f8e2 - core[df12db4294e9bfd3]::result::unwrap_failed
[INFO] [stdout]   12:     0x5e2674fa927f - tokio[f809c8222732d088]::runtime::context::runtime::enter_runtime::<<tokio[f809c8222732d088]::runtime::scheduler::multi_thread::MultiThread>::block_on<mysql_async[6255a195f5838f0c]::conn::pool::test::should_not_panic_on_unclean_shutdown::{closure#0}>::{closure#0}, ()>
[INFO] [stdout]   13:     0x5e2674ee7b12 - <tokio[f809c8222732d088]::runtime::runtime::Runtime>::block_on::<mysql_async[6255a195f5838f0c]::conn::pool::test::should_not_panic_on_unclean_shutdown::{closure#0}>
[INFO] [stdout]   14:     0x5e2674f9d18c - mysql_async[6255a195f5838f0c]::conn::pool::test::should_not_panic_on_unclean_shutdown
[INFO] [stdout]   15:     0x5e2674f6a1b9 - <mysql_async[6255a195f5838f0c]::conn::pool::test::should_not_panic_on_unclean_shutdown::{closure#0} as core[df12db4294e9bfd3]::ops::function::FnOnce<()>>::call_once
[INFO] [stdout]   16:     0x5e2674fbe00b - test[9d35eded1c95d3be]::__rust_begin_short_backtrace::<core[df12db4294e9bfd3]::result::Result<(), alloc[2182bb758b4b3781]::string::String>, fn() -> core[df12db4294e9bfd3]::result::Result<(), alloc[2182bb758b4b3781]::string::String>>
[INFO] [stdout]   17:     0x5e2674fcb675 - test[9d35eded1c95d3be]::run_test::{closure#0}
[INFO] [stdout]   18:     0x5e2674fc4f34 - std[70759c8f55707aa4]::sys::backtrace::__rust_begin_short_backtrace::<test[9d35eded1c95d3be]::run_test::{closure#1}, ()>
[INFO] [stdout]   19:     0x5e2674fce7d2 - <std[70759c8f55707aa4]::thread::lifecycle::spawn_unchecked<test[9d35eded1c95d3be]::run_test::{closure#1}, ()>::{closure#1} as core[df12db4294e9bfd3]::ops::function::FnOnce<()>>::call_once::{shim:vtable#0}
[INFO] [stdout]   20:     0x5e26751764f9 - <std[70759c8f55707aa4]::sys::thread::unix::Thread>::new::thread_start
[INFO] [stdout]   21:     0x7e605da8adfa - <unknown>
[INFO] [stdout]   22:     0x7e605db1e3d4 - clone
[INFO] [stdout]   23:                0x0 - <unknown>
[INFO] [stdout] 
[INFO] [stdout] ---- conn::test::should_clean_state_if_wrapper_is_dropeed stdout ----
[INFO] [stdout] Error: Io(Io(Os { code: 111, kind: ConnectionRefused, message: "Connection refused" }))
[INFO] [stdout] 
[INFO] [stdout] ---- conn::test::should_connect stdout ----
[INFO] [stdout] Error: Io(Io(Os { code: 111, kind: ConnectionRefused, message: "Connection refused" }))
[INFO] [stdout] 
[INFO] [stdout] ---- conn::pool::test::should_perform_clean_shutdown stdout ----
[INFO] [stdout] 
[INFO] [stdout] thread 'tokio-rt-worker' (1865) panicked at src/conn/pool/mod.rs:827:51:
[INFO] [stdout] called `Result::unwrap()` on an `Err` value: Io(Io(Os { code: 111, kind: ConnectionRefused, message: "Connection refused" }))
[INFO] [stdout] stack backtrace:
[INFO] [stdout]    0:     0x5e2675177911 - <<std[70759c8f55707aa4]::sys::backtrace::BacktraceLock>::print::DisplayBacktrace as core[df12db4294e9bfd3]::fmt::Display>::fmt
[INFO] [stdout]    1:     0x5e267518f32a - core[df12db4294e9bfd3]::fmt::write
[INFO] [stdout]    2:     0x5e267517c74c - <alloc[2182bb758b4b3781]::vec::Vec<u8> as core[df12db4294e9bfd3]::io::write::Write>::write_fmt
[INFO] [stdout]    3:     0x5e2675151d86 - std[70759c8f55707aa4]::panicking::default_hook::{closure#0}
[INFO] [stdout]    4:     0x5e267516ed79 - std[70759c8f55707aa4]::panicking::default_hook
[INFO] [stdout]    5:     0x5e2674fcad20 - test[9d35eded1c95d3be]::test_main_inner::<test[9d35eded1c95d3be]::test_main_static::{closure#0}>::{closure#0}
[INFO] [stdout]    6:     0x5e267516f0a2 - std[70759c8f55707aa4]::panicking::panic_with_hook
[INFO] [stdout]    7:     0x5e2675151e32 - std[70759c8f55707aa4]::panicking::panic_handler::{closure#0}
[INFO] [stdout]    8:     0x5e267514a899 - std[70759c8f55707aa4]::sys::backtrace::__rust_end_short_backtrace::<std[70759c8f55707aa4]::panicking::panic_handler::{closure#0}, !>
[INFO] [stdout]    9:     0x5e2675152c1d - __rustc[8fa7c3cbc660c2b3]::rust_begin_unwind
[INFO] [stdout]   10:     0x5e267518fb0c - core[df12db4294e9bfd3]::panicking::panic_fmt
[INFO] [stdout]   11:     0x5e267518f8e2 - core[df12db4294e9bfd3]::result::unwrap_failed
[INFO] [stdout]   12:     0x5e2674ef47af - mysql_async[6255a195f5838f0c]::conn::pool::test::should_perform_clean_shutdown::{closure#0}
[INFO] [stdout]   13:     0x5e2674ef7e94 - <tokio[f809c8222732d088]::runtime::task::core::Core<mysql_async[6255a195f5838f0c]::conn::pool::test::should_perform_clean_shutdown::{closure#0}, alloc[2182bb758b4b3781]::sync::Arc<tokio[f809c8222732d088]::runtime::scheduler::multi_thread::handle::Handle>>>::poll
[INFO] [stdout]   14:     0x5e2674eb8e5f - <tokio[f809c8222732d088]::runtime::task::harness::Harness<mysql_async[6255a195f5838f0c]::conn::pool::test::should_perform_clean_shutdown::{closure#0}, alloc[2182bb758b4b3781]::sync::Arc<tokio[f809c8222732d088]::runtime::scheduler::multi_thread::handle::Handle>>>::poll
[INFO] [stdout]   15:     0x5e2675031f2d - <tokio[f809c8222732d088]::runtime::scheduler::multi_thread::worker::Context>::run_task
[INFO] [stdout]   16:     0x5e2675030eff - <tokio[f809c8222732d088]::runtime::scheduler::multi_thread::worker::Context>::run
[INFO] [stdout]   17:     0x5e267503d88e - tokio[f809c8222732d088]::runtime::context::runtime::enter_runtime::<tokio[f809c8222732d088]::runtime::scheduler::multi_thread::worker::run::{closure#0}, ()>
[INFO] [stdout]   18:     0x5e267503241d - tokio[f809c8222732d088]::runtime::scheduler::multi_thread::worker::run
[INFO] [stdout]   19:     0x5e26750416bc - <tokio[f809c8222732d088]::runtime::blocking::task::BlockingTask<<tokio[f809c8222732d088]::runtime::scheduler::multi_thread::worker::Launch>::launch::{closure#0}> as core[df12db4294e9bfd3]::future::future::Future>::poll
[INFO] [stdout]   20:     0x5e267503aec5 - <tokio[f809c8222732d088]::runtime::task::core::Core<tokio[f809c8222732d088]::runtime::blocking::task::BlockingTask<<tokio[f809c8222732d088]::runtime::scheduler::multi_thread::worker::Launch>::launch::{closure#0}>, tokio[f809c8222732d088]::runtime::blocking::schedule::BlockingSchedule>>::poll
[INFO] [stdout]   21:     0x5e2675020571 - <tokio[f809c8222732d088]::runtime::task::harness::Harness<tokio[f809c8222732d088]::runtime::blocking::task::BlockingTask<<tokio[f809c8222732d088]::runtime::scheduler::multi_thread::worker::Launch>::launch::{closure#0}>, tokio[f809c8222732d088]::runtime::blocking::schedule::BlockingSchedule>>::poll
[INFO] [stdout]   22:     0x5e2675028f6c - <tokio[f809c8222732d088]::runtime::blocking::pool::Inner>::run
[INFO] [stdout]   23:     0x5e2675026011 - std[70759c8f55707aa4]::sys::backtrace::__rust_begin_short_backtrace::<<tokio[f809c8222732d088]::runtime::blocking::pool::Spawner>::spawn_thread::{closure#0}, ()>
[INFO] [stdout]   24:     0x5e26750345e3 - <std[70759c8f55707aa4]::thread::lifecycle::spawn_unchecked<<tokio[f809c8222732d088]::runtime::blocking::pool::Spawner>::spawn_thread::{closure#0}, ()>::{closure#1} as core[df12db4294e9bfd3]::ops::function::FnOnce<()>>::call_once::{shim:vtable#0}
[INFO] [stdout]   25:     0x5e26751764f9 - <std[70759c8f55707aa4]::sys::thread::unix::Thread>::new::thread_start
[INFO] [stdout]   26:     0x7e605da8adfa - <unknown>
[INFO] [stdout]   27:     0x7e605db1e3d4 - clone
[INFO] [stdout]   28:                0x0 - <unknown>
[INFO] [stdout] 
[INFO] [stdout] thread 'conn::pool::test::should_perform_clean_shutdown' (1818) panicked at src/conn/pool/mod.rs:835:29:
[INFO] [stdout] called `Result::unwrap()` on an `Err` value: JoinError::Panic(Id(79), "called `Result::unwrap()` on an `Err` value: Io(Io(Os { code: 111, kind: ConnectionRefused, message: \"Connection refused\" }))", ...)
[INFO] [stdout] stack backtrace:
[INFO] [stdout]    0:     0x5e2675177911 - <<std[70759c8f55707aa4]::sys::backtrace::BacktraceLock>::print::DisplayBacktrace as core[df12db4294e9bfd3]::fmt::Display>::fmt
[INFO] [stdout]    1:     0x5e267518f32a - core[df12db4294e9bfd3]::fmt::write
[INFO] [stdout]    2:     0x5e267517c74c - <alloc[2182bb758b4b3781]::vec::Vec<u8> as core[df12db4294e9bfd3]::io::write::Write>::write_fmt
[INFO] [stdout]    3:     0x5e2675151d86 - std[70759c8f55707aa4]::panicking::default_hook::{closure#0}
[INFO] [stdout]    4:     0x5e267516ed79 - std[70759c8f55707aa4]::panicking::default_hook
[INFO] [stdout]    5:     0x5e2674fcad20 - test[9d35eded1c95d3be]::test_main_inner::<test[9d35eded1c95d3be]::test_main_static::{closure#0}>::{closure#0}
[INFO] [stdout]    6:     0x5e267516f0a2 - std[70759c8f55707aa4]::panicking::panic_with_hook
[INFO] [stdout]    7:     0x5e2675151e32 - std[70759c8f55707aa4]::panicking::panic_handler::{closure#0}
[INFO] [stdout]    8:     0x5e267514a899 - std[70759c8f55707aa4]::sys::backtrace::__rust_end_short_backtrace::<std[70759c8f55707aa4]::panicking::panic_handler::{closure#0}, !>
[INFO] [stdout]    9:     0x5e2675152c1d - __rustc[8fa7c3cbc660c2b3]::rust_begin_unwind
[INFO] [stdout]   10:     0x5e267518fb0c - core[df12db4294e9bfd3]::panicking::panic_fmt
[INFO] [stdout]   11:     0x5e267518f8e2 - core[df12db4294e9bfd3]::result::unwrap_failed
[INFO] [stdout]   12:     0x5e2674f9ceba - mysql_async[6255a195f5838f0c]::conn::pool::test::should_perform_clean_shutdown
[INFO] [stdout]   13:     0x5e2674f6a0b9 - <mysql_async[6255a195f5838f0c]::conn::pool::test::should_perform_clean_shutdown::{closure#0} as core[df12db4294e9bfd3]::ops::function::FnOnce<()>>::call_once
[INFO] [stdout]   14:     0x5e2674fbe00b - test[9d35eded1c95d3be]::__rust_begin_short_backtrace::<core[df12db4294e9bfd3]::result::Result<(), alloc[2182bb758b4b3781]::string::String>, fn() -> core[df12db4294e9bfd3]::result::Result<(), alloc[2182bb758b4b3781]::string::String>>
[INFO] [stdout]   15:     0x5e2674fcb675 - test[9d35eded1c95d3be]::run_test::{closure#0}
[INFO] [stdout]   16:     0x5e2674fc4f34 - std[70759c8f55707aa4]::sys::backtrace::__rust_begin_short_backtrace::<test[9d35eded1c95d3be]::run_test::{closure#1}, ()>
[INFO] [stdout]   17:     0x5e2674fce7d2 - <std[70759c8f55707aa4]::thread::lifecycle::spawn_unchecked<test[9d35eded1c95d3be]::run_test::{closure#1}, ()>::{closure#1} as core[df12db4294e9bfd3]::ops::function::FnOnce<()>>::call_once::{shim:vtable#0}
[INFO] [stdout]   18:     0x5e26751764f9 - <std[70759c8f55707aa4]::sys::thread::unix::Thread>::new::thread_start
[INFO] [stdout]   19:     0x7e605da8adfa - <unknown>
[INFO] [stdout]   20:     0x7e605db1e3d4 - clone
[INFO] [stdout]   21:                0x0 - <unknown>
[INFO] [stdout] 
[INFO] [stdout] ---- conn::test::issue_107 stdout ----
[INFO] [stdout] Error: Io(Io(Os { code: 111, kind: ConnectionRefused, message: "Connection refused" }))
[INFO] [stdout] 
[INFO] [stdout] ---- conn::test::should_connect_without_database stdout ----
[INFO] [stdout] Error: Io(Io(Os { code: 111, kind: ConnectionRefused, message: "Connection refused" }))
[INFO] [stdout] 
[INFO] [stdout] ---- conn::pool::test::should_start_transaction stdout ----
[INFO] [stdout] Error: Io(Io(Os { code: 111, kind: ConnectionRefused, message: "Connection refused" }))
[INFO] [stdout] 
[INFO] [stdout] ---- conn::test::should_first_exec_statement stdout ----
[INFO] [stdout] Error: Io(Io(Os { code: 111, kind: ConnectionRefused, message: "Connection refused" }))
[INFO] [stdout] 
[INFO] [stdout] ---- conn::test::should_handle_local_infile_globally stdout ----
[INFO] [stdout] 
[INFO] [stdout] thread 'conn::test::should_handle_local_infile_globally' (1905) panicked at src/conn/mod.rs:1996:66:
[INFO] [stdout] called `Result::unwrap()` on an `Err` value: Custom { kind: ReadOnlyFilesystem, error: PathError { path: "/opt/rustwide/workdir/.tmpGjBfhc", err: Os { code: 30, kind: ReadOnlyFilesystem, message: "Read-only file system" } } }
[INFO] [stdout] stack backtrace:
[INFO] [stdout]    0:     0x5e2675177911 - <<std[70759c8f55707aa4]::sys::backtrace::BacktraceLock>::print::DisplayBacktrace as core[df12db4294e9bfd3]::fmt::Display>::fmt
[INFO] [stdout]    1:     0x5e267518f32a - core[df12db4294e9bfd3]::fmt::write
[INFO] [stdout]    2:     0x5e267517c74c - <alloc[2182bb758b4b3781]::vec::Vec<u8> as core[df12db4294e9bfd3]::io::write::Write>::write_fmt
[INFO] [stdout]    3:     0x5e2675151d86 - std[70759c8f55707aa4]::panicking::default_hook::{closure#0}
[INFO] [stdout]    4:     0x5e267516ed79 - std[70759c8f55707aa4]::panicking::default_hook
[INFO] [stdout]    5:     0x5e2674fcad20 - test[9d35eded1c95d3be]::test_main_inner::<test[9d35eded1c95d3be]::test_main_static::{closure#0}>::{closure#0}
[INFO] [stdout]    6:     0x5e267516f0a2 - std[70759c8f55707aa4]::panicking::panic_with_hook
[INFO] [stdout]    7:     0x5e2675151e32 - std[70759c8f55707aa4]::panicking::panic_handler::{closure#0}
[INFO] [stdout]    8:     0x5e267514a899 - std[70759c8f55707aa4]::sys::backtrace::__rust_end_short_backtrace::<std[70759c8f55707aa4]::panicking::panic_handler::{closure#0}, !>
[INFO] [stdout]    9:     0x5e2675152c1d - __rustc[8fa7c3cbc660c2b3]::rust_begin_unwind
[INFO] [stdout]   10:     0x5e267518fb0c - core[df12db4294e9bfd3]::panicking::panic_fmt
[INFO] [stdout]   11:     0x5e267518f8e2 - core[df12db4294e9bfd3]::result::unwrap_failed
[INFO] [stdout]   12:     0x5e2674e7e1b4 - mysql_async[6255a195f5838f0c]::conn::test::should_handle_local_infile_globally::{closure#0}
[INFO] [stdout]   13:     0x5e2674fa3c4d - <tokio[f809c8222732d088]::runtime::scheduler::current_thread::Context>::enter::<core[df12db4294e9bfd3]::task::poll::Poll<core[df12db4294e9bfd3]::result::Result<(), mysql_async[6255a195f5838f0c]::error::Error>>, <tokio[f809c8222732d088]::runtime::scheduler::current_thread::CoreGuard>::block_on<core[df12db4294e9bfd3]::pin::Pin<&mut core[df12db4294e9bfd3]::pin::Pin<&mut dyn core[df12db4294e9bfd3]::future::future::Future<Output = core[df12db4294e9bfd3]::result::Result<(), mysql_async[6255a195f5838f0c]::error::Error>>>>>::{closure#0}::{closure#0}>
[INFO] [stdout]   14:     0x5e2674ee7c62 - <tokio[f809c8222732d088]::runtime::context::scoped::Scoped<tokio[f809c8222732d088]::runtime::scheduler::Context>>::set::<<tokio[f809c8222732d088]::runtime::scheduler::current_thread::CoreGuard>::enter<<tokio[f809c8222732d088]::runtime::scheduler::current_thread::CoreGuard>::block_on<core[df12db4294e9bfd3]::pin::Pin<&mut core[df12db4294e9bfd3]::pin::Pin<&mut dyn core[df12db4294e9bfd3]::future::future::Future<Output = core[df12db4294e9bfd3]::result::Result<(), mysql_async[6255a195f5838f0c]::error::Error>>>>>::{closure#0}, core[df12db4294e9bfd3]::option::Option<core[df12db4294e9bfd3]::result::Result<(), mysql_async[6255a195f5838f0c]::error::Error>>>::{closure#0}, (alloc[2182bb758b4b3781]::boxed::Box<tokio[f809c8222732d088]::runtime::scheduler::current_thread::Core>, core[df12db4294e9bfd3]::option::Option<core[df12db4294e9bfd3]::result::Result<(), mysql_async[6255a195f5838f0c]::error::Error>>)>
[INFO] [stdout]   15:     0x5e2674fa02a4 - <tokio[f809c8222732d088]::runtime::scheduler::current_thread::CurrentThread>::block_on::<core[df12db4294e9bfd3]::pin::Pin<&mut dyn core[df12db4294e9bfd3]::future::future::Future<Output = core[df12db4294e9bfd3]::result::Result<(), mysql_async[6255a195f5838f0c]::error::Error>>>>
[INFO] [stdout]   16:     0x5e2674ee73ee - <tokio[f809c8222732d088]::runtime::runtime::Runtime>::block_on::<core[df12db4294e9bfd3]::pin::Pin<&mut dyn core[df12db4294e9bfd3]::future::future::Future<Output = core[df12db4294e9bfd3]::result::Result<(), mysql_async[6255a195f5838f0c]::error::Error>>>>
[INFO] [stdout]   17:     0x5e2674e87931 - mysql_async[6255a195f5838f0c]::conn::test::should_handle_local_infile_globally
[INFO] [stdout]   18:     0x5e2674f68de7 - <mysql_async[6255a195f5838f0c]::conn::test::should_handle_local_infile_globally::{closure#0} as core[df12db4294e9bfd3]::ops::function::FnOnce<()>>::call_once
[INFO] [stdout]   19:     0x5e2674fbe00b - test[9d35eded1c95d3be]::__rust_begin_short_backtrace::<core[df12db4294e9bfd3]::result::Result<(), alloc[2182bb758b4b3781]::string::String>, fn() -> core[df12db4294e9bfd3]::result::Result<(), alloc[2182bb758b4b3781]::string::String>>
[INFO] [stdout]   20:     0x5e2674fcb675 - test[9d35eded1c95d3be]::run_test::{closure#0}
[INFO] [stdout]   21:     0x5e2674fc4f34 - std[70759c8f55707aa4]::sys::backtrace::__rust_begin_short_backtrace::<test[9d35eded1c95d3be]::run_test::{closure#1}, ()>
[INFO] [stdout]   22:     0x5e2674fce7d2 - <std[70759c8f55707aa4]::thread::lifecycle::spawn_unchecked<test[9d35eded1c95d3be]::run_test::{closure#1}, ()>::{closure#1} as core[df12db4294e9bfd3]::ops::function::FnOnce<()>>::call_once::{shim:vtable#0}
[INFO] [stdout]   23:     0x5e26751764f9 - <std[70759c8f55707aa4]::sys::thread::unix::Thread>::new::thread_start
[INFO] [stdout]   24:     0x7e605da8adfa - <unknown>
[INFO] [stdout]   25:     0x7e605db1e3d4 - clone
[INFO] [stdout]   26:                0x0 - <unknown>
[INFO] [stdout] 
[INFO] [stdout] ---- conn::pool::test::should_work_if_pooled_connection_operation_is_cancelled stdout ----
[INFO] [stdout] 
[INFO] [stdout] thread 'conn::pool::test::should_work_if_pooled_connection_operation_is_cancelled' (1863) panicked at src/conn/pool/mod.rs:907:18:
[INFO] [stdout] called `Result::unwrap()` on an `Err` value: Io(Io(Os { code: 111, kind: ConnectionRefused, message: "Connection refused" }))
[INFO] [stdout] stack backtrace:
[INFO] [stdout]    0:     0x5e2675177911 - <<std[70759c8f55707aa4]::sys::backtrace::BacktraceLock>::print::DisplayBacktrace as core[df12db4294e9bfd3]::fmt::Display>::fmt
[INFO] [stdout]    1:     0x5e267518f32a - core[df12db4294e9bfd3]::fmt::write
[INFO] [stdout]    2:     0x5e267517c74c - <alloc[2182bb758b4b3781]::vec::Vec<u8> as core[df12db4294e9bfd3]::io::write::Write>::write_fmt
[INFO] [stdout]    3:     0x5e2675151d86 - std[70759c8f55707aa4]::panicking::default_hook::{closure#0}
[INFO] [stdout]    4:     0x5e267516ed79 - std[70759c8f55707aa4]::panicking::default_hook
[INFO] [stdout]    5:     0x5e2674fcad20 - test[9d35eded1c95d3be]::test_main_inner::<test[9d35eded1c95d3be]::test_main_static::{closure#0}>::{closure#0}
[INFO] [stdout]    6:     0x5e267516f0a2 - std[70759c8f55707aa4]::panicking::panic_with_hook
[INFO] [stdout]    7:     0x5e2675151e32 - std[70759c8f55707aa4]::panicking::panic_handler::{closure#0}
[INFO] [stdout]    8:     0x5e267514a899 - std[70759c8f55707aa4]::sys::backtrace::__rust_end_short_backtrace::<std[70759c8f55707aa4]::panicking::panic_handler::{closure#0}, !>
[INFO] [stdout]    9:     0x5e2675152c1d - __rustc[8fa7c3cbc660c2b3]::rust_begin_unwind
[INFO] [stdout]   10:     0x5e267518fb0c - core[df12db4294e9bfd3]::panicking::panic_fmt
[INFO] [stdout]   11:     0x5e267518f8e2 - core[df12db4294e9bfd3]::result::unwrap_failed
[INFO] [stdout]   12:     0x5e2674f9a4ab - mysql_async[6255a195f5838f0c]::conn::pool::test::should_work_if_pooled_connection_operation_is_cancelled::{closure#0}
[INFO] [stdout]   13:     0x5e2674fa3c4d - <tokio[f809c8222732d088]::runtime::scheduler::current_thread::Context>::enter::<core[df12db4294e9bfd3]::task::poll::Poll<core[df12db4294e9bfd3]::result::Result<(), mysql_async[6255a195f5838f0c]::error::Error>>, <tokio[f809c8222732d088]::runtime::scheduler::current_thread::CoreGuard>::block_on<core[df12db4294e9bfd3]::pin::Pin<&mut core[df12db4294e9bfd3]::pin::Pin<&mut dyn core[df12db4294e9bfd3]::future::future::Future<Output = core[df12db4294e9bfd3]::result::Result<(), mysql_async[6255a195f5838f0c]::error::Error>>>>>::{closure#0}::{closure#0}>
[INFO] [stdout]   14:     0x5e2674ee7c62 - <tokio[f809c8222732d088]::runtime::context::scoped::Scoped<tokio[f809c8222732d088]::runtime::scheduler::Context>>::set::<<tokio[f809c8222732d088]::runtime::scheduler::current_thread::CoreGuard>::enter<<tokio[f809c8222732d088]::runtime::scheduler::current_thread::CoreGuard>::block_on<core[df12db4294e9bfd3]::pin::Pin<&mut core[df12db4294e9bfd3]::pin::Pin<&mut dyn core[df12db4294e9bfd3]::future::future::Future<Output = core[df12db4294e9bfd3]::result::Result<(), mysql_async[6255a195f5838f0c]::error::Error>>>>>::{closure#0}, core[df12db4294e9bfd3]::option::Option<core[df12db4294e9bfd3]::result::Result<(), mysql_async[6255a195f5838f0c]::error::Error>>>::{closure#0}, (alloc[2182bb758b4b3781]::boxed::Box<tokio[f809c8222732d088]::runtime::scheduler::current_thread::Core>, core[df12db4294e9bfd3]::option::Option<core[df12db4294e9bfd3]::result::Result<(), mysql_async[6255a195f5838f0c]::error::Error>>)>
[INFO] [stdout]   15:     0x5e2674fa02a4 - <tokio[f809c8222732d088]::runtime::scheduler::current_thread::CurrentThread>::block_on::<core[df12db4294e9bfd3]::pin::Pin<&mut dyn core[df12db4294e9bfd3]::future::future::Future<Output = core[df12db4294e9bfd3]::result::Result<(), mysql_async[6255a195f5838f0c]::error::Error>>>>
[INFO] [stdout]   16:     0x5e2674ee73ee - <tokio[f809c8222732d088]::runtime::runtime::Runtime>::block_on::<core[df12db4294e9bfd3]::pin::Pin<&mut dyn core[df12db4294e9bfd3]::future::future::Future<Output = core[df12db4294e9bfd3]::result::Result<(), mysql_async[6255a195f5838f0c]::error::Error>>>>
[INFO] [stdout]   17:     0x5e2674f9e721 - mysql_async[6255a195f5838f0c]::conn::pool::test::should_work_if_pooled_connection_operation_is_cancelled
[INFO] [stdout]   18:     0x5e2674f6a4c7 - <mysql_async[6255a195f5838f0c]::conn::pool::test::should_work_if_pooled_connection_operation_is_cancelled::{closure#0} as core[df12db4294e9bfd3]::ops::function::FnOnce<()>>::call_once
[INFO] [stdout]   19:     0x5e2674fbe00b - test[9d35eded1c95d3be]::__rust_begin_short_backtrace::<core[df12db4294e9bfd3]::result::Result<(), alloc[2182bb758b4b3781]::string::String>, fn() -> core[df12db4294e9bfd3]::result::Result<(), alloc[2182bb758b4b3781]::string::String>>
[INFO] [stdout]   20:     0x5e2674fcb675 - test[9d35eded1c95d3be]::run_test::{closure#0}
[INFO] [stdout]   21:     0x5e2674fc4f34 - std[70759c8f55707aa4]::sys::backtrace::__rust_begin_short_backtrace::<test[9d35eded1c95d3be]::run_test::{closure#1}, ()>
[INFO] [stdout]   22:     0x5e2674fce7d2 - <std[70759c8f55707aa4]::thread::lifecycle::spawn_unchecked<test[9d35eded1c95d3be]::run_test::{closure#1}, ()>::{closure#1} as core[df12db4294e9bfd3]::ops::function::FnOnce<()>>::call_once::{shim:vtable#0}
[INFO] [stdout]   23:     0x5e26751764f9 - <std[70759c8f55707aa4]::sys::thread::unix::Thread>::new::thread_start
[INFO] [stdout]   24:     0x7e605da8adfa - <unknown>
[INFO] [stdout]   25:     0x7e605db1e3d4 - clone
[INFO] [stdout]   26:                0x0 - <unknown>
[INFO] [stdout] 
[INFO] [stdout] ---- conn::test::should_handle_local_infile_locally stdout ----
[INFO] [stdout] 
[INFO] [stdout] thread 'conn::test::should_handle_local_infile_locally' (1907) panicked at src/conn/mod.rs:1953:52:
[INFO] [stdout] called `Result::unwrap()` on an `Err` value: Io(Io(Os { code: 111, kind: ConnectionRefused, message: "Connection refused" }))
[INFO] [stdout] stack backtrace:
[INFO] [stdout]    0:     0x5e2675177911 - <<std[70759c8f55707aa4]::sys::backtrace::BacktraceLock>::print::DisplayBacktrace as core[df12db4294e9bfd3]::fmt::Display>::fmt
[INFO] [stdout]    1:     0x5e267518f32a - core[df12db4294e9bfd3]::fmt::write
[INFO] [stdout]    2:     0x5e267517c74c - <alloc[2182bb758b4b3781]::vec::Vec<u8> as core[df12db4294e9bfd3]::io::write::Write>::write_fmt
[INFO] [stdout]    3:     0x5e2675151d86 - std[70759c8f55707aa4]::panicking::default_hook::{closure#0}
[INFO] [stdout]    4:     0x5e267516ed79 - std[70759c8f55707aa4]::panicking::default_hook
[INFO] [stdout]    5:     0x5e2674fcad20 - test[9d35eded1c95d3be]::test_main_inner::<test[9d35eded1c95d3be]::test_main_static::{closure#0}>::{closure#0}
[INFO] [stdout]    6:     0x5e267516f0a2 - std[70759c8f55707aa4]::panicking::panic_with_hook
[INFO] [stdout]    7:     0x5e2675151e32 - std[70759c8f55707aa4]::panicking::panic_handler::{closure#0}
[INFO] [stdout]    8:     0x5e267514a899 - std[70759c8f55707aa4]::sys::backtrace::__rust_end_short_backtrace::<std[70759c8f55707aa4]::panicking::panic_handler::{closure#0}, !>
[INFO] [stdout]    9:     0x5e2675152c1d - __rustc[8fa7c3cbc660c2b3]::rust_begin_unwind
[INFO] [stdout]   10:     0x5e267518fb0c - core[df12db4294e9bfd3]::panicking::panic_fmt
[INFO] [stdout]   11:     0x5e267518f8e2 - core[df12db4294e9bfd3]::result::unwrap_failed
[INFO] [stdout]   12:     0x5e2674e7c8da - mysql_async[6255a195f5838f0c]::conn::test::should_handle_local_infile_locally::{closure#0}
[INFO] [stdout]   13:     0x5e2674fa3c4d - <tokio[f809c8222732d088]::runtime::scheduler::current_thread::Context>::enter::<core[df12db4294e9bfd3]::task::poll::Poll<core[df12db4294e9bfd3]::result::Result<(), mysql_async[6255a195f5838f0c]::error::Error>>, <tokio[f809c8222732d088]::runtime::scheduler::current_thread::CoreGuard>::block_on<core[df12db4294e9bfd3]::pin::Pin<&mut core[df12db4294e9bfd3]::pin::Pin<&mut dyn core[df12db4294e9bfd3]::future::future::Future<Output = core[df12db4294e9bfd3]::result::Result<(), mysql_async[6255a195f5838f0c]::error::Error>>>>>::{closure#0}::{closure#0}>
[INFO] [stdout]   14:     0x5e2674ee7c62 - <tokio[f809c8222732d088]::runtime::context::scoped::Scoped<tokio[f809c8222732d088]::runtime::scheduler::Context>>::set::<<tokio[f809c8222732d088]::runtime::scheduler::current_thread::CoreGuard>::enter<<tokio[f809c8222732d088]::runtime::scheduler::current_thread::CoreGuard>::block_on<core[df12db4294e9bfd3]::pin::Pin<&mut core[df12db4294e9bfd3]::pin::Pin<&mut dyn core[df12db4294e9bfd3]::future::future::Future<Output = core[df12db4294e9bfd3]::result::Result<(), mysql_async[6255a195f5838f0c]::error::Error>>>>>::{closure#0}, core[df12db4294e9bfd3]::option::Option<core[df12db4294e9bfd3]::result::Result<(), mysql_async[6255a195f5838f0c]::error::Error>>>::{closure#0}, (alloc[2182bb758b4b3781]::boxed::Box<tokio[f809c8222732d088]::runtime::scheduler::current_thread::Core>, core[df12db4294e9bfd3]::option::Option<core[df12db4294e9bfd3]::result::Result<(), mysql_async[6255a195f5838f0c]::error::Error>>)>
[INFO] [stdout]   15:     0x5e2674fa02a4 - <tokio[f809c8222732d088]::runtime::scheduler::current_thread::CurrentThread>::block_on::<core[df12db4294e9bfd3]::pin::Pin<&mut dyn core[df12db4294e9bfd3]::future::future::Future<Output = core[df12db4294e9bfd3]::result::Result<(), mysql_async[6255a195f5838f0c]::error::Error>>>>
[INFO] [stdout]   16:     0x5e2674ee73ee - <tokio[f809c8222732d088]::runtime::runtime::Runtime>::block_on::<core[df12db4294e9bfd3]::pin::Pin<&mut dyn core[df12db4294e9bfd3]::future::future::Future<Output = core[df12db4294e9bfd3]::result::Result<(), mysql_async[6255a195f5838f0c]::error::Error>>>>
[INFO] [stdout]   17:     0x5e2674e87691 - mysql_async[6255a195f5838f0c]::conn::test::should_handle_local_infile_locally
[INFO] [stdout]   18:     0x5e2674f68c27 - <mysql_async[6255a195f5838f0c]::conn::test::should_handle_local_infile_locally::{closure#0} as core[df12db4294e9bfd3]::ops::function::FnOnce<()>>::call_once
[INFO] [stdout]   19:     0x5e2674fbe00b - test[9d35eded1c95d3be]::__rust_begin_short_backtrace::<core[df12db4294e9bfd3]::result::Result<(), alloc[2182bb758b4b3781]::string::String>, fn() -> core[df12db4294e9bfd3]::result::Result<(), alloc[2182bb758b4b3781]::string::String>>
[INFO] [stdout]   20:     0x5e2674fcb675 - test[9d35eded1c95d3be]::run_test::{closure#0}
[INFO] [stdout]   21:     0x5e2674fc4f34 - std[70759c8f55707aa4]::sys::backtrace::__rust_begin_short_backtrace::<test[9d35eded1c95d3be]::run_test::{closure#1}, ()>
[INFO] [stdout]   22:     0x5e2674fce7d2 - <std[70759c8f55707aa4]::thread::lifecycle::spawn_unchecked<test[9d35eded1c95d3be]::run_test::{closure#1}, ()>::{closure#1} as core[df12db4294e9bfd3]::ops::function::FnOnce<()>>::call_once::{shim:vtable#0}
[INFO] [stdout]   23:     0x5e26751764f9 - <std[70759c8f55707aa4]::sys::thread::unix::Thread>::new::thread_start
[INFO] [stdout]   24:     0x7e605da8adfa - <unknown>
[INFO] [stdout]   25:     0x7e605db1e3d4 - clone
[INFO] [stdout]   26:                0x0 - <unknown>
[INFO] [stdout] 
[INFO] [stdout] ---- conn::test::should_not_cache_statements_if_stmt_cache_size_is_zero stdout ----
[INFO] [stdout] Error: Io(Io(Os { code: 111, kind: ConnectionRefused, message: "Connection refused" }))
[INFO] [stdout] 
[INFO] [stdout] ---- conn::test::should_handle_binary_multiresult_set_with_error stdout ----
[INFO] [stdout] 
[INFO] [stdout] thread 'conn::test::should_handle_binary_multiresult_set_with_error' (1904) panicked at src/conn/mod.rs:1784:52:
[INFO] [stdout] called `Result::unwrap()` on an `Err` value: Io(Io(Os { code: 111, kind: ConnectionRefused, message: "Connection refused" }))
[INFO] [stdout] stack backtrace:
[INFO] [stdout]    0:     0x5e2675177911 - <<std[70759c8f55707aa4]::sys::backtrace::BacktraceLock>::print::DisplayBacktrace as core[df12db4294e9bfd3]::fmt::Display>::fmt
[INFO] [stdout]    1:     0x5e267518f32a - core[df12db4294e9bfd3]::fmt::write
[INFO] [stdout]    2:     0x5e267517c74c - <alloc[2182bb758b4b3781]::vec::Vec<u8> as core[df12db4294e9bfd3]::io::write::Write>::write_fmt
[INFO] [stdout]    3:     0x5e2675151d86 - std[70759c8f55707aa4]::panicking::default_hook::{closure#0}
[INFO] [stdout]    4:     0x5e267516ed79 - std[70759c8f55707aa4]::panicking::default_hook
[INFO] [stdout]    5:     0x5e2674fcad20 - test[9d35eded1c95d3be]::test_main_inner::<test[9d35eded1c95d3be]::test_main_static::{closure#0}>::{closure#0}
[INFO] [stdout]    6:     0x5e267516f0a2 - std[70759c8f55707aa4]::panicking::panic_with_hook
[INFO] [stdout]    7:     0x5e2675151e32 - std[70759c8f55707aa4]::panicking::panic_handler::{closure#0}
[INFO] [stdout]    8:     0x5e267514a899 - std[70759c8f55707aa4]::sys::backtrace::__rust_end_short_backtrace::<std[70759c8f55707aa4]::panicking::panic_handler::{closure#0}, !>
[INFO] [stdout]    9:     0x5e2675152c1d - __rustc[8fa7c3cbc660c2b3]::rust_begin_unwind
[INFO] [stdout]   10:     0x5e267518fb0c - core[df12db4294e9bfd3]::panicking::panic_fmt
[INFO] [stdout]   11:     0x5e267518f8e2 - core[df12db4294e9bfd3]::result::unwrap_failed
[INFO] [stdout]   12:     0x5e2674e82866 - mysql_async[6255a195f5838f0c]::conn::test::should_handle_binary_multiresult_set_with_error::{closure#0}
[INFO] [stdout]   13:     0x5e2674fa3c4d - <tokio[f809c8222732d088]::runtime::scheduler::current_thread::Context>::enter::<core[df12db4294e9bfd3]::task::poll::Poll<core[df12db4294e9bfd3]::result::Result<(), mysql_async[6255a195f5838f0c]::error::Error>>, <tokio[f809c8222732d088]::runtime::scheduler::current_thread::CoreGuard>::block_on<core[df12db4294e9bfd3]::pin::Pin<&mut core[df12db4294e9bfd3]::pin::Pin<&mut dyn core[df12db4294e9bfd3]::future::future::Future<Output = core[df12db4294e9bfd3]::result::Result<(), mysql_async[6255a195f5838f0c]::error::Error>>>>>::{closure#0}::{closure#0}>
[INFO] [stdout]   14:     0x5e2674ee7c62 - <tokio[f809c8222732d088]::runtime::context::scoped::Scoped<tokio[f809c8222732d088]::runtime::scheduler::Context>>::set::<<tokio[f809c8222732d088]::runtime::scheduler::current_thread::CoreGuard>::enter<<tokio[f809c8222732d088]::runtime::scheduler::current_thread::CoreGuard>::block_on<core[df12db4294e9bfd3]::pin::Pin<&mut core[df12db4294e9bfd3]::pin::Pin<&mut dyn core[df12db4294e9bfd3]::future::future::Future<Output = core[df12db4294e9bfd3]::result::Result<(), mysql_async[6255a195f5838f0c]::error::Error>>>>>::{closure#0}, core[df12db4294e9bfd3]::option::Option<core[df12db4294e9bfd3]::result::Result<(), mysql_async[6255a195f5838f0c]::error::Error>>>::{closure#0}, (alloc[2182bb758b4b3781]::boxed::Box<tokio[f809c8222732d088]::runtime::scheduler::current_thread::Core>, core[df12db4294e9bfd3]::option::Option<core[df12db4294e9bfd3]::result::Result<(), mysql_async[6255a195f5838f0c]::error::Error>>)>
[INFO] [stdout]   15:     0x5e2674fa02a4 - <tokio[f809c8222732d088]::runtime::scheduler::current_thread::CurrentThread>::block_on::<core[df12db4294e9bfd3]::pin::Pin<&mut dyn core[df12db4294e9bfd3]::future::future::Future<Output = core[df12db4294e9bfd3]::result::Result<(), mysql_async[6255a195f5838f0c]::error::Error>>>>
[INFO] [stdout]   16:     0x5e2674ee73ee - <tokio[f809c8222732d088]::runtime::runtime::Runtime>::block_on::<core[df12db4294e9bfd3]::pin::Pin<&mut dyn core[df12db4294e9bfd3]::future::future::Future<Output = core[df12db4294e9bfd3]::result::Result<(), mysql_async[6255a195f5838f0c]::error::Error>>>>
[INFO] [stdout]   17:     0x5e2674e87fc1 - mysql_async[6255a195f5838f0c]::conn::test::should_handle_binary_multiresult_set_with_error
[INFO] [stdout]   18:     0x5e2674f69247 - <mysql_async[6255a195f5838f0c]::conn::test::should_handle_binary_multiresult_set_with_error::{closure#0} as core[df12db4294e9bfd3]::ops::function::FnOnce<()>>::call_once
[INFO] [stdout]   19:     0x5e2674fbe00b - test[9d35eded1c95d3be]::__rust_begin_short_backtrace::<core[df12db4294e9bfd3]::result::Result<(), alloc[2182bb758b4b3781]::string::String>, fn() -> core[df12db4294e9bfd3]::result::Result<(), alloc[2182bb758b4b3781]::string::String>>
[INFO] [stdout]   20:     0x5e2674fcb675 - test[9d35eded1c95d3be]::run_test::{closure#0}
[INFO] [stdout]   21:     0x5e2674fc4f34 - std[70759c8f55707aa4]::sys::backtrace::__rust_begin_short_backtrace::<test[9d35eded1c95d3be]::run_test::{closure#1}, ()>
[INFO] [stdout]   22:     0x5e2674fce7d2 - <std[70759c8f55707aa4]::thread::lifecycle::spawn_unchecked<test[9d35eded1c95d3be]::run_test::{closure#1}, ()>::{closure#1} as core[df12db4294e9bfd3]::ops::function::FnOnce<()>>::call_once::{shim:vtable#0}
[INFO] [stdout]   23:     0x5e26751764f9 - <std[70759c8f55707aa4]::sys::thread::unix::Thread>::new::thread_start
[INFO] [stdout]   24:     0x7e605da8adfa - <unknown>
[INFO] [stdout]   25:     0x7e605db1e3d4 - clone
[INFO] [stdout]   26:                0x0 - <unknown>
[INFO] [stdout] 
[INFO] [stdout] ---- conn::test::should_handle_multiresult_set_with_local_infile stdout ----
[INFO] [stdout] 
[INFO] [stdout] thread 'conn::test::should_handle_multiresult_set_with_local_infile' (1910) panicked at src/conn/mod.rs:1821:66:
[INFO] [stdout] called `Result::unwrap()` on an `Err` value: Custom { kind: ReadOnlyFilesystem, error: PathError { path: "/opt/rustwide/workdir/.tmp5lB3cF", err: Os { code: 30, kind: ReadOnlyFilesystem, message: "Read-only file system" } } }
[INFO] [stdout] stack backtrace:
[INFO] [stdout]    0:     0x5e2675177911 - <<std[70759c8f55707aa4]::sys::backtrace::BacktraceLock>::print::DisplayBacktrace as core[df12db4294e9bfd3]::fmt::Display>::fmt
[INFO] [stdout]    1:     0x5e267518f32a - core[df12db4294e9bfd3]::fmt::write
[INFO] [stdout]    2:     0x5e267517c74c - <alloc[2182bb758b4b3781]::vec::Vec<u8> as core[df12db4294e9bfd3]::io::write::Write>::write_fmt
[INFO] [stdout]    3:     0x5e2675151d86 - std[70759c8f55707aa4]::panicking::default_hook::{closure#0}
[INFO] [stdout]    4:     0x5e267516ed79 - std[70759c8f55707aa4]::panicking::default_hook
[INFO] [stdout]    5:     0x5e2674fcad20 - test[9d35eded1c95d3be]::test_main_inner::<test[9d35eded1c95d3be]::test_main_static::{closure#0}>::{closure#0}
[INFO] [stdout]    6:     0x5e267516f0a2 - std[70759c8f55707aa4]::panicking::panic_with_hook
[INFO] [stdout]    7:     0x5e2675151e32 - std[70759c8f55707aa4]::panicking::panic_handler::{closure#0}
[INFO] [stdout]    8:     0x5e267514a899 - std[70759c8f55707aa4]::sys::backtrace::__rust_end_short_backtrace::<std[70759c8f55707aa4]::panicking::panic_handler::{closure#0}, !>
[INFO] [stdout]    9:     0x5e2675152c1d - __rustc[8fa7c3cbc660c2b3]::rust_begin_unwind
[INFO] [stdout]   10:     0x5e267518fb0c - core[df12db4294e9bfd3]::panicking::panic_fmt
[INFO] [stdout]   11:     0x5e267518f8e2 - core[df12db4294e9bfd3]::result::unwrap_failed
[INFO] [stdout]   12:     0x5e2674e8351d - mysql_async[6255a195f5838f0c]::conn::test::should_handle_multiresult_set_with_local_infile::{closure#0}
[INFO] [stdout]   13:     0x5e2674fa3c4d - <tokio[f809c8222732d088]::runtime::scheduler::current_thread::Context>::enter::<core[df12db4294e9bfd3]::task::poll::Poll<core[df12db4294e9bfd3]::result::Result<(), mysql_async[6255a195f5838f0c]::error::Error>>, <tokio[f809c8222732d088]::runtime::scheduler::current_thread::CoreGuard>::block_on<core[df12db4294e9bfd3]::pin::Pin<&mut core[df12db4294e9bfd3]::pin::Pin<&mut dyn core[df12db4294e9bfd3]::future::future::Future<Output = core[df12db4294e9bfd3]::result::Result<(), mysql_async[6255a195f5838f0c]::error::Error>>>>>::{closure#0}::{closure#0}>
[INFO] [stdout]   14:     0x5e2674ee7c62 - <tokio[f809c8222732d088]::runtime::context::scoped::Scoped<tokio[f809c8222732d088]::runtime::scheduler::Context>>::set::<<tokio[f809c8222732d088]::runtime::scheduler::current_thread::CoreGuard>::enter<<tokio[f809c8222732d088]::runtime::scheduler::current_thread::CoreGuard>::block_on<core[df12db4294e9bfd3]::pin::Pin<&mut core[df12db4294e9bfd3]::pin::Pin<&mut dyn core[df12db4294e9bfd3]::future::future::Future<Output = core[df12db4294e9bfd3]::result::Result<(), mysql_async[6255a195f5838f0c]::error::Error>>>>>::{closure#0}, core[df12db4294e9bfd3]::option::Option<core[df12db4294e9bfd3]::result::Result<(), mysql_async[6255a195f5838f0c]::error::Error>>>::{closure#0}, (alloc[2182bb758b4b3781]::boxed::Box<tokio[f809c8222732d088]::runtime::scheduler::current_thread::Core>, core[df12db4294e9bfd3]::option::Option<core[df12db4294e9bfd3]::result::Result<(), mysql_async[6255a195f5838f0c]::error::Error>>)>
[INFO] [stdout]   15:     0x5e2674fa02a4 - <tokio[f809c8222732d088]::runtime::scheduler::current_thread::CurrentThread>::block_on::<core[df12db4294e9bfd3]::pin::Pin<&mut dyn core[df12db4294e9bfd3]::future::future::Future<Output = core[df12db4294e9bfd3]::result::Result<(), mysql_async[6255a195f5838f0c]::error::Error>>>>
[INFO] [stdout]   16:     0x5e2674ee73ee - <tokio[f809c8222732d088]::runtime::runtime::Runtime>::block_on::<core[df12db4294e9bfd3]::pin::Pin<&mut dyn core[df12db4294e9bfd3]::future::future::Future<Output = core[df12db4294e9bfd3]::result::Result<(), mysql_async[6255a195f5838f0c]::error::Error>>>>
[INFO] [stdout]   17:     0x5e2674e88111 - mysql_async[6255a195f5838f0c]::conn::test::should_handle_multiresult_set_with_local_infile
[INFO] [stdout]   18:     0x5e2674f69327 - <mysql_async[6255a195f5838f0c]::conn::test::should_handle_multiresult_set_with_local_infile::{closure#0} as core[df12db4294e9bfd3]::ops::function::FnOnce<()>>::call_once
[INFO] [stdout]   19:     0x5e2674fbe00b - test[9d35eded1c95d3be]::__rust_begin_short_backtrace::<core[df12db4294e9bfd3]::result::Result<(), alloc[2182bb758b4b3781]::string::String>, fn() -> core[df12db4294e9bfd3]::result::Result<(), alloc[2182bb758b4b3781]::string::String>>
[INFO] [stdout]   20:     0x5e2674fcb675 - test[9d35eded1c95d3be]::run_test::{closure#0}
[INFO] [stdout]   21:     0x5e2674fc4f34 - std[70759c8f55707aa4]::sys::backtrace::__rust_begin_short_backtrace::<test[9d35eded1c95d3be]::run_test::{closure#1}, ()>
[INFO] [stdout]   22:     0x5e2674fce7d2 - <std[70759c8f55707aa4]::thread::lifecycle::spawn_unchecked<test[9d35eded1c95d3be]::run_test::{closure#1}, ()>::{closure#1} as core[df12db4294e9bfd3]::ops::function::FnOnce<()>>::call_once::{shim:vtable#0}
[INFO] [stdout]   23:     0x5e26751764f9 - <std[70759c8f55707aa4]::sys::thread::unix::Thread>::new::thread_start
[INFO] [stdout]   24:     0x7e605da8adfa - <unknown>
[INFO] [stdout]   25:     0x7e605db1e3d4 - clone
[INFO] [stdout]   26:                0x0 - <unknown>
[INFO] [stdout] 
[INFO] [stdout] ---- conn::test::should_handle_multiresult_set_with_error stdout ----
[INFO] [stdout] 
[INFO] [stdout] thread 'conn::test::should_handle_multiresult_set_with_error' (1908) panicked at src/conn/mod.rs:1752:52:
[INFO] [stdout] called `Result::unwrap()` on an `Err` value: Io(Io(Os { code: 111, kind: ConnectionRefused, message: "Connection refused" }))
[INFO] [stdout] stack backtrace:
[INFO] [stdout]    0:     0x5e2675177911 - <<std[70759c8f55707aa4]::sys::backtrace::BacktraceLock>::print::DisplayBacktrace as core[df12db4294e9bfd3]::fmt::Display>::fmt
[INFO] [stdout]    1:     0x5e267518f32a - core[df12db4294e9bfd3]::fmt::write
[INFO] [stdout]    2:     0x5e267517c74c - <alloc[2182bb758b4b3781]::vec::Vec<u8> as core[df12db4294e9bfd3]::io::write::Write>::write_fmt
[INFO] [stdout]    3:     0x5e2675151d86 - std[70759c8f55707aa4]::panicking::default_hook::{closure#0}
[INFO] [stdout]    4:     0x5e267516ed79 - std[70759c8f55707aa4]::panicking::default_hook
[INFO] [stdout]    5:     0x5e2674fcad20 - test[9d35eded1c95d3be]::test_main_inner::<test[9d35eded1c95d3be]::test_main_static::{closure#0}>::{closure#0}
[INFO] [stdout]    6:     0x5e267516f0a2 - std[70759c8f55707aa4]::panicking::panic_with_hook
[INFO] [stdout]    7:     0x5e2675151e32 - std[70759c8f55707aa4]::panicking::panic_handler::{closure#0}
[INFO] [stdout]    8:     0x5e267514a899 - std[70759c8f55707aa4]::sys::backtrace::__rust_end_short_backtrace::<std[70759c8f55707aa4]::panicking::panic_handler::{closure#0}, !>
[INFO] [stdout]    9:     0x5e2675152c1d - __rustc[8fa7c3cbc660c2b3]::rust_begin_unwind
[INFO] [stdout]   10:     0x5e267518fb0c - core[df12db4294e9bfd3]::panicking::panic_fmt
[INFO] [stdout]   11:     0x5e267518f8e2 - core[df12db4294e9bfd3]::result::unwrap_failed
[INFO] [stdout]   12:     0x5e2674e80c12 - mysql_async[6255a195f5838f0c]::conn::test::should_handle_multiresult_set_with_error::{closure#0}
[INFO] [stdout]   13:     0x5e2674fa3c4d - <tokio[f809c8222732d088]::runtime::scheduler::current_thread::Context>::enter::<core[df12db4294e9bfd3]::task::poll::Poll<core[df12db4294e9bfd3]::result::Result<(), mysql_async[6255a195f5838f0c]::error::Error>>, <tokio[f809c8222732d088]::runtime::scheduler::current_thread::CoreGuard>::block_on<core[df12db4294e9bfd3]::pin::Pin<&mut core[df12db4294e9bfd3]::pin::Pin<&mut dyn core[df12db4294e9bfd3]::future::future::Future<Output = core[df12db4294e9bfd3]::result::Result<(), mysql_async[6255a195f5838f0c]::error::Error>>>>>::{closure#0}::{closure#0}>
[INFO] [stdout]   14:     0x5e2674ee7c62 - <tokio[f809c8222732d088]::runtime::context::scoped::Scoped<tokio[f809c8222732d088]::runtime::scheduler::Context>>::set::<<tokio[f809c8222732d088]::runtime::scheduler::current_thread::CoreGuard>::enter<<tokio[f809c8222732d088]::runtime::scheduler::current_thread::CoreGuard>::block_on<core[df12db4294e9bfd3]::pin::Pin<&mut core[df12db4294e9bfd3]::pin::Pin<&mut dyn core[df12db4294e9bfd3]::future::future::Future<Output = core[df12db4294e9bfd3]::result::Result<(), mysql_async[6255a195f5838f0c]::error::Error>>>>>::{closure#0}, core[df12db4294e9bfd3]::option::Option<core[df12db4294e9bfd3]::result::Result<(), mysql_async[6255a195f5838f0c]::error::Error>>>::{closure#0}, (alloc[2182bb758b4b3781]::boxed::Box<tokio[f809c8222732d088]::runtime::scheduler::current_thread::Core>, core[df12db4294e9bfd3]::option::Option<core[df12db4294e9bfd3]::result::Result<(), mysql_async[6255a195f5838f0c]::error::Error>>)>
[INFO] [stdout]   15:     0x5e2674fa02a4 - <tokio[f809c8222732d088]::runtime::scheduler::current_thread::CurrentThread>::block_on::<core[df12db4294e9bfd3]::pin::Pin<&mut dyn core[df12db4294e9bfd3]::future::future::Future<Output = core[df12db4294e9bfd3]::result::Result<(), mysql_async[6255a195f5838f0c]::error::Error>>>>
[INFO] [stdout]   16:     0x5e2674ee73ee - <tokio[f809c8222732d088]::runtime::runtime::Runtime>::block_on::<core[df12db4294e9bfd3]::pin::Pin<&mut dyn core[df12db4294e9bfd3]::future::future::Future<Output = core[df12db4294e9bfd3]::result::Result<(), mysql_async[6255a195f5838f0c]::error::Error>>>>
[INFO] [stdout]   17:     0x5e2674e87d21 - mysql_async[6255a195f5838f0c]::conn::test::should_handle_multiresult_set_with_error
[INFO] [stdout]   18:     0x5e2674f69087 - <mysql_async[6255a195f5838f0c]::conn::test::should_handle_multiresult_set_with_error::{closure#0} as core[df12db4294e9bfd3]::ops::function::FnOnce<()>>::call_once
[INFO] [stdout]   19:     0x5e2674fbe00b - test[9d35eded1c95d3be]::__rust_begin_short_backtrace::<core[df12db4294e9bfd3]::result::Result<(), alloc[2182bb758b4b3781]::string::String>, fn() -> core[df12db4294e9bfd3]::result::Result<(), alloc[2182bb758b4b3781]::string::String>>
[INFO] [stdout]   20:     0x5e2674fcb675 - test[9d35eded1c95d3be]::run_test::{closure#0}
[INFO] [stdout]   21:     0x5e2674fc4f34 - std[70759c8f55707aa4]::sys::backtrace::__rust_begin_short_backtrace::<test[9d35eded1c95d3be]::run_test::{closure#1}, ()>
[INFO] [stdout]   22:     0x5e2674fce7d2 - <std[70759c8f55707aa4]::thread::lifecycle::spawn_unchecked<test[9d35eded1c95d3be]::run_test::{closure#1}, ()>::{closure#1} as core[df12db4294e9bfd3]::ops::function::FnOnce<()>>::call_once::{shim:vtable#0}
[INFO] [stdout]   23:     0x5e26751764f9 - <std[70759c8f55707aa4]::sys::thread::unix::Thread>::new::thread_start
[INFO] [stdout]   24:     0x7e605da8adfa - <unknown>
[INFO] [stdout]   25:     0x7e605db1e3d4 - clone
[INFO] [stdout]   26:                0x0 - <unknown>
[INFO] [stdout] 
[INFO] [stdout] ---- conn::test::should_hold_stmt_cache_size_bound stdout ----
[INFO] [stdout] Error: Io(Io(Os { code: 111, kind: ConnectionRefused, message: "Connection refused" }))
[INFO] [stdout] 
[INFO] [stdout] ---- conn::test::should_perform_queries stdout ----
[INFO] [stdout] Error: Io(Io(Os { code: 111, kind: ConnectionRefused, message: "Connection refused" }))
[INFO] [stdout] 
[INFO] [stdout] ---- conn::test::should_execute_init_queries_on_new_connection stdout ----
[INFO] [stdout] Error: Io(Io(Os { code: 111, kind: ConnectionRefused, message: "Connection refused" }))
[INFO] [stdout] 
[INFO] [stdout] ---- conn::test::should_expose_query_result_metadata stdout ----
[INFO] [stdout] Error: Io(Io(Os { code: 111, kind: ConnectionRefused, message: "Connection refused" }))
[INFO] [stdout] 
[INFO] [stdout] ---- conn::test::should_provide_multiresult_set_metadata stdout ----
[INFO] [stdout] Error: Io(Io(Os { code: 111, kind: ConnectionRefused, message: "Connection refused" }))
[INFO] [stdout] 
[INFO] [stdout] ---- conn::test::should_prep_exec_statement stdout ----
[INFO] [stdout] Error: Io(Io(Os { code: 111, kind: ConnectionRefused, message: "Connection refused" }))
[INFO] [stdout] 
[INFO] [stdout] ---- conn::test::should_prepare_statement stdout ----
[INFO] [stdout] Error: Io(Io(Os { code: 111, kind: ConnectionRefused, message: "Connection refused" }))
[INFO] [stdout] 
[INFO] [stdout] ---- conn::test::should_not_panic_if_dropped_without_tokio_runtime stdout ----
[INFO] [stdout] 
[INFO] [stdout] thread 'conn::test::should_not_panic_if_dropped_without_tokio_runtime' (1916) panicked at src/conn/mod.rs:1440:23:
[INFO] [stdout] called `Result::unwrap()` on an `Err` value: Io(Io(Os { code: 111, kind: ConnectionRefused, message: "Connection refused" }))
[INFO] [stdout] stack backtrace:
[INFO] [stdout]    0:     0x5e2675177911 - <<std[70759c8f55707aa4]::sys::backtrace::BacktraceLock>::print::DisplayBacktrace as core[df12db4294e9bfd3]::fmt::Display>::fmt
[INFO] [stdout]    1:     0x5e267518f32a - core[df12db4294e9bfd3]::fmt::write
[INFO] [stdout]    2:     0x5e267517c74c - <alloc[2182bb758b4b3781]::vec::Vec<u8> as core[df12db4294e9bfd3]::io::write::Write>::write_fmt
[INFO] [stdout]    3:     0x5e2675151d86 - std[70759c8f55707aa4]::panicking::default_hook::{closure#0}
[INFO] [stdout]    4:     0x5e267516ed79 - std[70759c8f55707aa4]::panicking::default_hook
[INFO] [stdout]    5:     0x5e2674fcad20 - test[9d35eded1c95d3be]::test_main_inner::<test[9d35eded1c95d3be]::test_main_static::{closure#0}>::{closure#0}
[INFO] [stdout]    6:     0x5e267516f0a2 - std[70759c8f55707aa4]::panicking::panic_with_hook
[INFO] [stdout]    7:     0x5e2675151e32 - std[70759c8f55707aa4]::panicking::panic_handler::{closure#0}
[INFO] [stdout]    8:     0x5e267514a899 - std[70759c8f55707aa4]::sys::backtrace::__rust_end_short_backtrace::<std[70759c8f55707aa4]::panicking::panic_handler::{closure#0}, !>
[INFO] [stdout]    9:     0x5e2675152c1d - __rustc[8fa7c3cbc660c2b3]::rust_begin_unwind
[INFO] [stdout]   10:     0x5e267518fb0c - core[df12db4294e9bfd3]::panicking::panic_fmt
[INFO] [stdout]   11:     0x5e267518f8e2 - core[df12db4294e9bfd3]::result::unwrap_failed
[INFO] [stdout]   12:     0x5e2674fa8ca0 - tokio[f809c8222732d088]::runtime::context::runtime::enter_runtime::<<tokio[f809c8222732d088]::runtime::scheduler::multi_thread::MultiThread>::block_on<mysql_async[6255a195f5838f0c]::conn::test::should_not_panic_if_dropped_without_tokio_runtime::{closure#0}>::{closure#0}, ()>
[INFO] [stdout]   13:     0x5e2674ee797e - <tokio[f809c8222732d088]::runtime::runtime::Runtime>::block_on::<mysql_async[6255a195f5838f0c]::conn::test::should_not_panic_if_dropped_without_tokio_runtime::{closure#0}>
[INFO] [stdout]   14:     0x5e2674e88253 - mysql_async[6255a195f5838f0c]::conn::test::should_not_panic_if_dropped_without_tokio_runtime
[INFO] [stdout]   15:     0x5e2674f693f9 - <mysql_async[6255a195f5838f0c]::conn::test::should_not_panic_if_dropped_without_tokio_runtime::{closure#0} as core[df12db4294e9bfd3]::ops::function::FnOnce<()>>::call_once
[INFO] [stdout]   16:     0x5e2674fbe00b - test[9d35eded1c95d3be]::__rust_begin_short_backtrace::<core[df12db4294e9bfd3]::result::Result<(), alloc[2182bb758b4b3781]::string::String>, fn() -> core[df12db4294e9bfd3]::result::Result<(), alloc[2182bb758b4b3781]::string::String>>
[INFO] [stdout]   17:     0x5e2674fcb675 - test[9d35eded1c95d3be]::run_test::{closure#0}
[INFO] [stdout]   18:     0x5e2674fc4f34 - std[70759c8f55707aa4]::sys::backtrace::__rust_begin_short_backtrace::<test[9d35eded1c95d3be]::run_test::{closure#1}, ()>
[INFO] [stdout]   19:     0x5e2674fce7d2 - <std[70759c8f55707aa4]::thread::lifecycle::spawn_unchecked<test[9d35eded1c95d3be]::run_test::{closure#1}, ()>::{closure#1} as core[df12db4294e9bfd3]::ops::function::FnOnce<()>>::call_once::{shim:vtable#0}
[INFO] [stdout]   20:     0x5e26751764f9 - <std[70759c8f55707aa4]::sys::thread::unix::Thread>::new::thread_start
[INFO] [stdout]   21:     0x7e605da8adfa - <unknown>
[INFO] [stdout]   22:     0x7e605db1e3d4 - clone
[INFO] [stdout]   23:                0x0 - <unknown>
[INFO] [stdout] 
[INFO] [stdout] ---- conn::test::should_query_drop stdout ----
[INFO] [stdout] Error: Io(Io(Os { code: 111, kind: ConnectionRefused, message: "Connection refused" }))
[INFO] [stdout] 
[INFO] [stdout] ---- conn::test::should_read_binlog stdout ----
[INFO] [stdout] 
[INFO] [stdout] thread 'conn::test::should_read_binlog' (1936) panicked at src/conn/mod.rs:1163:49:
[INFO] [stdout] called `Result::unwrap()` on an `Err` value: Io(Io(Os { code: 111, kind: ConnectionRefused, message: "Connection refused" }))
[INFO] [stdout] stack backtrace:
[INFO] [stdout]    0:     0x5e2675177911 - <<std[70759c8f55707aa4]::sys::backtrace::BacktraceLock>::print::DisplayBacktrace as core[df12db4294e9bfd3]::fmt::Display>::fmt
[INFO] [stdout]    1:     0x5e267518f32a - core[df12db4294e9bfd3]::fmt::write
[INFO] [stdout]    2:     0x5e267517c74c - <alloc[2182bb758b4b3781]::vec::Vec<u8> as core[df12db4294e9bfd3]::io::write::Write>::write_fmt
[INFO] [stdout]    3:     0x5e2675151d86 - std[70759c8f55707aa4]::panicking::default_hook::{closure#0}
[INFO] [stdout]    4:     0x5e267516ed79 - std[70759c8f55707aa4]::panicking::default_hook
[INFO] [stdout]    5:     0x5e2674fcad20 - test[9d35eded1c95d3be]::test_main_inner::<test[9d35eded1c95d3be]::test_main_static::{closure#0}>::{closure#0}
[INFO] [stdout]    6:     0x5e267516f0a2 - std[70759c8f55707aa4]::panicking::panic_with_hook
[INFO] [stdout]    7:     0x5e2675151e32 - std[70759c8f55707aa4]::panicking::panic_handler::{closure#0}
[INFO] [stdout]    8:     0x5e267514a899 - std[70759c8f55707aa4]::sys::backtrace::__rust_end_short_backtrace::<std[70759c8f55707aa4]::panicking::panic_handler::{closure#0}, !>
[INFO] [stdout]    9:     0x5e2675152c1d - __rustc[8fa7c3cbc660c2b3]::rust_begin_unwind
[INFO] [stdout]   10:     0x5e267518fb0c - core[df12db4294e9bfd3]::panicking::panic_fmt
[INFO] [stdout]   11:     0x5e267518f8e2 - core[df12db4294e9bfd3]::result::unwrap_failed
[INFO] [stdout]   12:     0x5e2674e691b9 - mysql_async[6255a195f5838f0c]::conn::test::create_binlog_stream_conn::{closure#0}
[INFO] [stdout]   13:     0x5e2674e69b0b - mysql_async[6255a195f5838f0c]::conn::test::read_binlog_streams_and_close_their_connections::{closure#0}
[INFO] [stdout]   14:     0x5e2674e6ea80 - mysql_async[6255a195f5838f0c]::conn::test::should_read_binlog::{closure#0}
[INFO] [stdout]   15:     0x5e2674fa3c4d - <tokio[f809c8222732d088]::runtime::scheduler::current_thread::Context>::enter::<core[df12db4294e9bfd3]::task::poll::Poll<core[df12db4294e9bfd3]::result::Result<(), mysql_async[6255a195f5838f0c]::error::Error>>, <tokio[f809c8222732d088]::runtime::scheduler::current_thread::CoreGuard>::block_on<core[df12db4294e9bfd3]::pin::Pin<&mut core[df12db4294e9bfd3]::pin::Pin<&mut dyn core[df12db4294e9bfd3]::future::future::Future<Output = core[df12db4294e9bfd3]::result::Result<(), mysql_async[6255a195f5838f0c]::error::Error>>>>>::{closure#0}::{closure#0}>
[INFO] [stdout]   16:     0x5e2674ee7c62 - <tokio[f809c8222732d088]::runtime::context::scoped::Scoped<tokio[f809c8222732d088]::runtime::scheduler::Context>>::set::<<tokio[f809c8222732d088]::runtime::scheduler::current_thread::CoreGuard>::enter<<tokio[f809c8222732d088]::runtime::scheduler::current_thread::CoreGuard>::block_on<core[df12db4294e9bfd3]::pin::Pin<&mut core[df12db4294e9bfd3]::pin::Pin<&mut dyn core[df12db4294e9bfd3]::future::future::Future<Output = core[df12db4294e9bfd3]::result::Result<(), mysql_async[6255a195f5838f0c]::error::Error>>>>>::{closure#0}, core[df12db4294e9bfd3]::option::Option<core[df12db4294e9bfd3]::result::Result<(), mysql_async[6255a195f5838f0c]::error::Error>>>::{closure#0}, (alloc[2182bb758b4b3781]::boxed::Box<tokio[f809c8222732d088]::runtime::scheduler::current_thread::Core>, core[df12db4294e9bfd3]::option::Option<core[df12db4294e9bfd3]::result::Result<(), mysql_async[6255a195f5838f0c]::error::Error>>)>
[INFO] [stdout]   17:     0x5e2674fa02a4 - <tokio[f809c8222732d088]::runtime::scheduler::current_thread::CurrentThread>::block_on::<core[df12db4294e9bfd3]::pin::Pin<&mut dyn core[df12db4294e9bfd3]::future::future::Future<Output = core[df12db4294e9bfd3]::result::Result<(), mysql_async[6255a195f5838f0c]::error::Error>>>>
[INFO] [stdout]   18:     0x5e2674ee73ee - <tokio[f809c8222732d088]::runtime::runtime::Runtime>::block_on::<core[df12db4294e9bfd3]::pin::Pin<&mut dyn core[df12db4294e9bfd3]::future::future::Future<Output = core[df12db4294e9bfd3]::result::Result<(), mysql_async[6255a195f5838f0c]::error::Error>>>>
[INFO] [stdout]   19:     0x5e2674e86971 - mysql_async[6255a195f5838f0c]::conn::test::should_read_binlog
[INFO] [stdout]   20:     0x5e2674f68327 - <mysql_async[6255a195f5838f0c]::conn::test::should_read_binlog::{closure#0} as core[df12db4294e9bfd3]::ops::function::FnOnce<()>>::call_once
[INFO] [stdout]   21:     0x5e2674fbe00b - test[9d35eded1c95d3be]::__rust_begin_short_backtrace::<core[df12db4294e9bfd3]::result::Result<(), alloc[2182bb758b4b3781]::string::String>, fn() -> core[df12db4294e9bfd3]::result::Result<(), alloc[2182bb758b4b3781]::string::String>>
[INFO] [stdout]   22:     0x5e2674fcb675 - test[9d35eded1c95d3be]::run_test::{closure#0}
[INFO] [stdout]   23:     0x5e2674fc4f34 - std[70759c8f55707aa4]::sys::backtrace::__rust_begin_short_backtrace::<test[9d35eded1c95d3be]::run_test::{closure#1}, ()>
[INFO] [stdout]   24:     0x5e2674fce7d2 - <std[70759c8f55707aa4]::thread::lifecycle::spawn_unchecked<test[9d35eded1c95d3be]::run_test::{closure#1}, ()>::{closure#1} as core[df12db4294e9bfd3]::ops::function::FnOnce<()>>::call_once::{shim:vtable#0}
[INFO] [stdout]   25:     0x5e26751764f9 - <std[70759c8f55707aa4]::sys::thread::unix::Thread>::new::thread_start
[INFO] [stdout]   26:     0x7e605da8adfa - <unknown>
[INFO] [stdout]   27:     0x7e605db1e3d4 - clone
[INFO] [stdout]   28:                0x0 - <unknown>
[INFO] [stdout] 
[INFO] [stdout] ---- conn::test::should_reset_the_connection stdout ----
[INFO] [stdout] Error: Io(Io(Os { code: 111, kind: ConnectionRefused, message: "Connection refused" }))
[INFO] [stdout] 
[INFO] [stdout] ---- conn::test::should_run_transactions stdout ----
[INFO] [stdout] Error: Io(Io(Os { code: 111, kind: ConnectionRefused, message: "Connection refused" }))
[INFO] [stdout] 
[INFO] [stdout] ---- io::test::should_connect_with_keepalive stdout ----
[INFO] [stdout] 
[INFO] [stdout] thread 'io::test::should_connect_with_keepalive' (1940) panicked at src/io/mod.rs:493:52:
[INFO] [stdout] called `Result::unwrap()` on an `Err` value: Io(Io(Os { code: 111, kind: ConnectionRefused, message: "Connection refused" }))
[INFO] [stdout] stack backtrace:
[INFO] [stdout]    0:     0x5e2675177911 - <<std[70759c8f55707aa4]::sys::backtrace::BacktraceLock>::print::DisplayBacktrace as core[df12db4294e9bfd3]::fmt::Display>::fmt
[INFO] [stdout]    1:     0x5e267518f32a - core[df12db4294e9bfd3]::fmt::write
[INFO] [stdout]    2:     0x5e267517c74c - <alloc[2182bb758b4b3781]::vec::Vec<u8> as core[df12db4294e9bfd3]::io::write::Write>::write_fmt
[INFO] [stdout]    3:     0x5e2675151d86 - std[70759c8f55707aa4]::panicking::default_hook::{closure#0}
[INFO] [stdout]    4:     0x5e267516ed79 - std[70759c8f55707aa4]::panicking::default_hook
[INFO] [stdout]    5:     0x5e2674fcad20 - test[9d35eded1c95d3be]::test_main_inner::<test[9d35eded1c95d3be]::test_main_static::{closure#0}>::{closure#0}
[INFO] [stdout]    6:     0x5e267516f0a2 - std[70759c8f55707aa4]::panicking::panic_with_hook
[INFO] [stdout]    7:     0x5e2675151e32 - std[70759c8f55707aa4]::panicking::panic_handler::{closure#0}
[INFO] [stdout]    8:     0x5e267514a899 - std[70759c8f55707aa4]::sys::backtrace::__rust_end_short_backtrace::<std[70759c8f55707aa4]::panicking::panic_handler::{closure#0}, !>
[INFO] [stdout]    9:     0x5e2675152c1d - __rustc[8fa7c3cbc660c2b3]::rust_begin_unwind
[INFO] [stdout]   10:     0x5e267518fb0c - core[df12db4294e9bfd3]::panicking::panic_fmt
[INFO] [stdout]   11:     0x5e267518f8e2 - core[df12db4294e9bfd3]::result::unwrap_failed
[INFO] [stdout]   12:     0x5e2674f3c0c5 - mysql_async[6255a195f5838f0c]::io::test::should_connect_with_keepalive::{closure#0}
[INFO] [stdout]   13:     0x5e2674fa41e3 - <tokio[f809c8222732d088]::runtime::scheduler::current_thread::Context>::enter::<core[df12db4294e9bfd3]::task::poll::Poll<()>, <tokio[f809c8222732d088]::runtime::scheduler::current_thread::CoreGuard>::block_on<core[df12db4294e9bfd3]::pin::Pin<&mut core[df12db4294e9bfd3]::pin::Pin<&mut dyn core[df12db4294e9bfd3]::future::future::Future<Output = ()>>>>::{closure#0}::{closure#0}>
[INFO] [stdout]   14:     0x5e2674ee7e7c - <tokio[f809c8222732d088]::runtime::context::scoped::Scoped<tokio[f809c8222732d088]::runtime::scheduler::Context>>::set::<<tokio[f809c8222732d088]::runtime::scheduler::current_thread::CoreGuard>::enter<<tokio[f809c8222732d088]::runtime::scheduler::current_thread::CoreGuard>::block_on<core[df12db4294e9bfd3]::pin::Pin<&mut core[df12db4294e9bfd3]::pin::Pin<&mut dyn core[df12db4294e9bfd3]::future::future::Future<Output = ()>>>>::{closure#0}, core[df12db4294e9bfd3]::option::Option<()>>::{closure#0}, (alloc[2182bb758b4b3781]::boxed::Box<tokio[f809c8222732d088]::runtime::scheduler::current_thread::Core>, core[df12db4294e9bfd3]::option::Option<()>)>
[INFO] [stdout]   15:     0x5e2674fa0b45 - <tokio[f809c8222732d088]::runtime::scheduler::current_thread::CurrentThread>::block_on::<core[df12db4294e9bfd3]::pin::Pin<&mut dyn core[df12db4294e9bfd3]::future::future::Future<Output = ()>>>
[INFO] [stdout]   16:     0x5e2674ee74e2 - <tokio[f809c8222732d088]::runtime::runtime::Runtime>::block_on::<core[df12db4294e9bfd3]::pin::Pin<&mut dyn core[df12db4294e9bfd3]::future::future::Future<Output = ()>>>
[INFO] [stdout]   17:     0x5e2674f3f4df - mysql_async[6255a195f5838f0c]::io::test::should_connect_with_keepalive
[INFO] [stdout]   18:     0x5e2674f68139 - <mysql_async[6255a195f5838f0c]::io::test::should_connect_with_keepalive::{closure#0} as core[df12db4294e9bfd3]::ops::function::FnOnce<()>>::call_once
[INFO] [stdout]   19:     0x5e2674fbe00b - test[9d35eded1c95d3be]::__rust_begin_short_backtrace::<core[df12db4294e9bfd3]::result::Result<(), alloc[2182bb758b4b3781]::string::String>, fn() -> core[df12db4294e9bfd3]::result::Result<(), alloc[2182bb758b4b3781]::string::String>>
[INFO] [stdout]   20:     0x5e2674fcb675 - test[9d35eded1c95d3be]::run_test::{closure#0}
[INFO] [stdout]   21:     0x5e2674fc4f34 - std[70759c8f55707aa4]::sys::backtrace::__rust_begin_short_backtrace::<test[9d35eded1c95d3be]::run_test::{closure#1}, ()>
[INFO] [stdout]   22:     0x5e2674fce7d2 - <std[70759c8f55707aa4]::thread::lifecycle::spawn_unchecked<test[9d35eded1c95d3be]::run_test::{closure#1}, ()>::{closure#1} as core[df12db4294e9bfd3]::ops::function::FnOnce<()>>::call_once::{shim:vtable#0}
[INFO] [stdout]   23:     0x5e26751764f9 - <std[70759c8f55707aa4]::sys::thread::unix::Thread>::new::thread_start
[INFO] [stdout]   24:     0x7e605da8adfa - <unknown>
[INFO] [stdout]   25:     0x7e605db1e3d4 - clone
[INFO] [stdout]   26:                0x0 - <unknown>
[INFO] [stdout] 
[INFO] [stdout] ---- query::tests::should_run_text_query stdout ----
[INFO] [stdout] Error: Io(Io(Os { code: 111, kind: ConnectionRefused, message: "Connection refused" }))
[INFO] [stdout] 
[INFO] [stdout] ---- queryable::query_result::tests::should_handle_multi_result_sets_where_some_results_have_no_output stdout ----
[INFO] [stdout] Error: Io(Io(Os { code: 111, kind: ConnectionRefused, message: "Connection refused" }))
[INFO] [stdout] 
[INFO] [stdout] ---- query::tests::should_run_bin_query stdout ----
[INFO] [stdout] Error: Io(Io(Os { code: 111, kind: ConnectionRefused, message: "Connection refused" }))
[INFO] [stdout] 
[INFO] [stdout] ---- queryable::query_result::tests::should_map_resultset stdout ----
[INFO] [stdout] Error: Io(Io(Os { code: 111, kind: ConnectionRefused, message: "Connection refused" }))
[INFO] [stdout] 
[INFO] [stdout] ---- queryable::query_result::tests::should_handle_mutliresult_set stdout ----
[INFO] [stdout] Error: Io(Io(Os { code: 111, kind: ConnectionRefused, message: "Connection refused" }))
[INFO] [stdout] 
[INFO] [stdout] ---- queryable::query_result::tests::dropped_query_result_should_emit_errors_on_cleanup stdout ----
[INFO] [stdout] Error: Io(Io(Os { code: 111, kind: ConnectionRefused, message: "Connection refused" }))
[INFO] [stdout] 
[INFO] [stdout] ---- queryable::query_result::tests::should_stream_binary_result_sets stdout ----
[INFO] [stdout] Error: Io(Io(Os { code: 111, kind: ConnectionRefused, message: "Connection refused" }))
[INFO] [stdout] 
[INFO] [stdout] ---- queryable::query_result::tests::should_reduce_resultset stdout ----
[INFO] [stdout] Error: Io(Io(Os { code: 111, kind: ConnectionRefused, message: "Connection refused" }))
[INFO] [stdout] 
[INFO] [stdout] ---- queryable::query_result::tests::should_iterate_over_resultset stdout ----
[INFO] [stdout] Error: Io(Io(Os { code: 111, kind: ConnectionRefused, message: "Connection refused" }))
[INFO] [stdout] 
[INFO] [stdout] ---- queryable::query_result::tests::should_stream_text_result_sets stdout ----
[INFO] [stdout] Error: Io(Io(Os { code: 111, kind: ConnectionRefused, message: "Connection refused" }))
[INFO] [stdout] 
[INFO] [stdout] ---- queryable::query_result::tests::should_try_collect stdout ----
[INFO] [stdout] Error: Io(Io(Os { code: 111, kind: ConnectionRefused, message: "Connection refused" }))
[INFO] [stdout] 
[INFO] [stdout] ---- queryable::query_result::tests::should_try_collect_and_drop stdout ----
[INFO] [stdout] Error: Io(Io(Os { code: 111, kind: ConnectionRefused, message: "Connection refused" }))
[INFO] [stdout] 
[INFO] [stdout] ---- queryable::tests::should_prep stdout ----
[INFO] [stdout] Error: Io(Io(Os { code: 111, kind: ConnectionRefused, message: "Connection refused" }))
[INFO] [stdout] 
[INFO] [stdout] ---- conn::test::should_execute_statement stdout ----
[INFO] [stdout] Error: Io(Io(Os { code: 111, kind: ConnectionRefused, message: "Connection refused" }))
[INFO] [stdout] 
[INFO] [stdout] 
[INFO] [stdout] failures:
[INFO] [stdout]     conn::pool::test::aa_should_hold_bounds2
[INFO] [stdout]     conn::pool::test::drop_impl_for_conn_should_not_panic_within_unwind
[INFO] [stdout]     conn::pool::test::droptest
[INFO] [stdout]     conn::pool::test::issue_126_should_cleanup_errors_in_multiresult_sets
[INFO] [stdout]     conn::pool::test::should_check_inactive_connection_ttl
[INFO] [stdout]     conn::pool::test::should_connect
[INFO] [stdout]     conn::pool::test::should_hold_bounds1
[INFO] [stdout]     conn::pool::test::should_ignore_non_fatal_errors_while_returning_to_a_pool
[INFO] [stdout]     conn::pool::test::should_not_panic_on_unclean_shutdown
[INFO] [stdout]     conn::pool::test::should_perform_clean_shutdown
[INFO] [stdout]     conn::pool::test::should_reconnect
[INFO] [stdout]     conn::pool::test::should_remove_waker_of_cancelled_task
[INFO] [stdout]     conn::pool::test::should_reuse_connections
[INFO] [stdout]     conn::pool::test::should_start_transaction
[INFO] [stdout]     conn::pool::test::should_track_conn_if_disconnected_outside_of_a_pool
[INFO] [stdout]     conn::pool::test::should_work_if_pooled_connection_operation_is_cancelled
[INFO] [stdout]     conn::pool::test::zz_should_check_wait_timeout_on_get_conn
[INFO] [stdout]     conn::test::issue_107
[INFO] [stdout]     conn::test::should_clean_state_if_wrapper_is_dropeed
[INFO] [stdout]     conn::test::should_connect
[INFO] [stdout]     conn::test::should_connect_without_database
[INFO] [stdout]     conn::test::should_execute_init_queries_on_new_connection
[INFO] [stdout]     conn::test::should_execute_statement
[INFO] [stdout]     conn::test::should_expose_query_result_metadata
[INFO] [stdout]     conn::test::should_first_exec_statement
[INFO] [stdout]     conn::test::should_handle_binary_multiresult_set_with_error
[INFO] [stdout]     conn::test::should_handle_local_infile_globally
[INFO] [stdout]     conn::test::should_handle_local_infile_locally
[INFO] [stdout]     conn::test::should_handle_multiresult_set_with_error
[INFO] [stdout]     conn::test::should_handle_multiresult_set_with_local_infile
[INFO] [stdout]     conn::test::should_hold_stmt_cache_size_bound
[INFO] [stdout]     conn::test::should_not_cache_statements_if_stmt_cache_size_is_zero
[INFO] [stdout]     conn::test::should_not_panic_if_dropped_without_tokio_runtime
[INFO] [stdout]     conn::test::should_perform_queries
[INFO] [stdout]     conn::test::should_prep_exec_statement
[INFO] [stdout]     conn::test::should_prepare_statement
[INFO] [stdout]     conn::test::should_provide_multiresult_set_metadata
[INFO] [stdout]     conn::test::should_query_drop
[INFO] [stdout]     conn::test::should_read_binlog
[INFO] [stdout]     conn::test::should_reset_the_connection
[INFO] [stdout]     conn::test::should_run_transactions
[INFO] [stdout]     io::test::should_connect_with_keepalive
[INFO] [stdout]     query::tests::should_run_bin_query
[INFO] [stdout]     query::tests::should_run_text_query
[INFO] [stdout]     queryable::query_result::tests::dropped_query_result_should_emit_errors_on_cleanup
[INFO] [stdout]     queryable::query_result::tests::should_handle_multi_result_sets_where_some_results_have_no_output
[INFO] [stdout]     queryable::query_result::tests::should_handle_mutliresult_set
[INFO] [stdout]     queryable::query_result::tests::should_iterate_over_resultset
[INFO] [stdout]     queryable::query_result::tests::should_map_resultset
[INFO] [stdout]     queryable::query_result::tests::should_reduce_resultset
[INFO] [stdout]     queryable::query_result::tests::should_stream_binary_result_sets
[INFO] [stdout]     queryable::query_result::tests::should_stream_text_result_sets
[INFO] [stdout]     queryable::query_result::tests::should_try_collect
[INFO] [stdout]     queryable::query_result::tests::should_try_collect_and_drop
[INFO] [stdout]     queryable::tests::should_prep
[INFO] [stdout] 
[INFO] [stdout] test result: FAILED. 12 passed; 55 failed; 1 ignored; 0 measured; 0 filtered out; finished in 0.13s
[INFO] [stdout] 
[INFO] running `Command { std: "docker" "inspect" "1243b07ffbef6d69cfa20282b26eff1747e3b29f9c20f3cd1b26ffe0f2ba88c6", kill_on_drop: false }`
[INFO] running `Command { std: "docker" "rm" "-f" "1243b07ffbef6d69cfa20282b26eff1747e3b29f9c20f3cd1b26ffe0f2ba88c6", kill_on_drop: false }`
[INFO] [stdout] 1243b07ffbef6d69cfa20282b26eff1747e3b29f9c20f3cd1b26ffe0f2ba88c6
