[INFO] fetching crate saola-schema-ast 0.1.0...
[INFO] testing saola-schema-ast-0.1.0 against 1.99.0-beta.8+cargoflags=--release for beta-release-1.100-2
[INFO] extracting crate saola-schema-ast 0.1.0 into /workspace/builds/worker-2-tc1/source
[INFO] started tweaking crates.io crate saola-schema-ast 0.1.0
[INFO] finished tweaking crates.io crate saola-schema-ast 0.1.0
[INFO] tweaked toml for crates.io crate saola-schema-ast 0.1.0 written to /workspace/builds/worker-2-tc1/source/Cargo.toml
[INFO] validating manifest of crates.io crate saola-schema-ast 0.1.0 on toolchain 1.99.0-beta.8
[INFO] running `Command { std: CARGO_HOME="/workspace/cargo-home" RUSTUP_HOME="/workspace/rustup-home" "/workspace/cargo-home/bin/cargo" "+1.99.0-beta.8" "metadata" "--manifest-path" "Cargo.toml" "--no-deps", kill_on_drop: false }`
[INFO] crate crates.io crate saola-schema-ast 0.1.0 already has a lockfile, it will not be regenerated
[INFO] running `Command { std: CARGO_HOME="/workspace/cargo-home" RUSTUP_HOME="/workspace/rustup-home" "/workspace/cargo-home/bin/cargo" "+1.99.0-beta.8" "fetch" "--manifest-path" "Cargo.toml", kill_on_drop: false }`
[INFO] running `Command { std: "docker" "create" "-v" "/var/lib/crater-agent-workspace/builds/worker-2-tc1/source:/opt/rustwide/workdir:ro,Z" "-v" "/var/lib/crater-agent-workspace/builds/worker-2-tc1/target:/opt/rustwide/target:rw,Z" "-v" "/var/lib/crater-agent-workspace/cargo-home:/opt/rustwide/cargo-home:ro,Z" "-v" "/var/lib/crater-agent-workspace/rustup-home:/opt/rustwide/rustup-home:ro,Z" "-m" "1610612736" "--network" "none" "ghcr.io/rust-lang/crates-build-env/linux@sha256:77db811e55d90add9212f6832c23229e3de5f1c1f9905e8cb07319ea15df73ac" "sleep" "infinity", kill_on_drop: false }`
[INFO] [stdout] 74698b2d7570c80be9722e0f079930af0c54e5fb00d9158ed7b26fd035d2ed89
[INFO] running `Command { std: "docker" "start" "74698b2d7570c80be9722e0f079930af0c54e5fb00d9158ed7b26fd035d2ed89", kill_on_drop: false }`
[INFO] running `Command { std: "docker" "inspect" "74698b2d7570c80be9722e0f079930af0c54e5fb00d9158ed7b26fd035d2ed89", kill_on_drop: false }`
[INFO] running `Command { std: "docker" "exec" "-e" "SOURCE_DIR=/opt/rustwide/workdir" "-e" "CARGO_HOME=/opt/rustwide/cargo-home" "-e" "RUSTUP_HOME=/opt/rustwide/rustup-home" "-e" "CARGO_TARGET_DIR=/opt/rustwide/target" "-w" "/opt/rustwide/workdir" "--user" "0:0" "74698b2d7570c80be9722e0f079930af0c54e5fb00d9158ed7b26fd035d2ed89" "/opt/rustwide/cargo-home/bin/cargo" "+1.99.0-beta.8" "metadata" "--no-deps" "--format-version=1", kill_on_drop: false }`
[INFO] running `Command { std: "docker" "inspect" "74698b2d7570c80be9722e0f079930af0c54e5fb00d9158ed7b26fd035d2ed89", kill_on_drop: false }`
[INFO] running `Command { std: "docker" "exec" "-e" "SOURCE_DIR=/opt/rustwide/workdir" "-e" "CARGO_HOME=/opt/rustwide/cargo-home" "-e" "RUSTUP_HOME=/opt/rustwide/rustup-home" "-e" "CARGO_TARGET_DIR=/opt/rustwide/target" "-e" "CARGO_INCREMENTAL=0" "-e" "RUST_BACKTRACE=full" "-e" "RUSTFLAGS=--cap-lints=warn" "-e" "RUSTDOCFLAGS=--cap-lints=warn" "-w" "/opt/rustwide/workdir" "--user" "0:0" "74698b2d7570c80be9722e0f079930af0c54e5fb00d9158ed7b26fd035d2ed89" "/opt/rustwide/cargo-home/bin/cargo" "+1.99.0-beta.8" "build" "--frozen" "--message-format=json" "--release", kill_on_drop: false }`
[INFO] [stderr]    Compiling syn v2.0.117
[INFO] [stderr]    Compiling serde_json v1.0.149
[INFO] [stderr]    Compiling pest v2.8.6
[INFO] [stderr]    Compiling saola-diagnostics v0.1.0
[INFO] [stderr]    Compiling pest_generator v2.8.6
[INFO] [stderr]    Compiling serde_derive v1.0.228
[INFO] [stderr]    Compiling pest_derive v2.8.6
[INFO] [stderr]    Compiling serde v1.0.228
[INFO] [stderr]    Compiling saola-schema-ast v0.1.0 (/opt/rustwide/workdir)
[INFO] [stderr]     Finished `release` profile [optimized] target(s) in 14.32s
[INFO] running `Command { std: "docker" "inspect" "74698b2d7570c80be9722e0f079930af0c54e5fb00d9158ed7b26fd035d2ed89", kill_on_drop: false }`
[INFO] running `Command { std: "docker" "exec" "-e" "SOURCE_DIR=/opt/rustwide/workdir" "-e" "CARGO_HOME=/opt/rustwide/cargo-home" "-e" "RUSTUP_HOME=/opt/rustwide/rustup-home" "-e" "CARGO_TARGET_DIR=/opt/rustwide/target" "-e" "CARGO_INCREMENTAL=0" "-e" "RUST_BACKTRACE=full" "-e" "RUSTFLAGS=--cap-lints=warn" "-e" "RUSTDOCFLAGS=--cap-lints=warn" "-w" "/opt/rustwide/workdir" "--user" "0:0" "74698b2d7570c80be9722e0f079930af0c54e5fb00d9158ed7b26fd035d2ed89" "/opt/rustwide/cargo-home/bin/cargo" "+1.99.0-beta.8" "test" "--frozen" "--no-run" "--message-format=json" "--release", kill_on_drop: false }`
[INFO] [stderr]    Compiling saola-schema-ast v0.1.0 (/opt/rustwide/workdir)
[INFO] [stderr]     Finished `release` profile [optimized] target(s) in 1.06s
[INFO] running `Command { std: "docker" "inspect" "74698b2d7570c80be9722e0f079930af0c54e5fb00d9158ed7b26fd035d2ed89", kill_on_drop: false }`
[INFO] running `Command { std: "docker" "exec" "-e" "SOURCE_DIR=/opt/rustwide/workdir" "-e" "CARGO_HOME=/opt/rustwide/cargo-home" "-e" "RUSTUP_HOME=/opt/rustwide/rustup-home" "-e" "CARGO_TARGET_DIR=/opt/rustwide/target" "-e" "CARGO_INCREMENTAL=0" "-e" "RUST_BACKTRACE=full" "-e" "RUSTFLAGS=--cap-lints=warn" "-e" "RUSTDOCFLAGS=--cap-lints=warn" "-w" "/opt/rustwide/workdir" "--user" "0:0" "74698b2d7570c80be9722e0f079930af0c54e5fb00d9158ed7b26fd035d2ed89" "/opt/rustwide/cargo-home/bin/cargo" "+1.99.0-beta.8" "test" "--frozen" "--release", kill_on_drop: false }`
[INFO] [stderr]     Finished `release` profile [optimized] target(s) in 0.07s
[INFO] [stderr]      Running unittests src/lib.rs (/opt/rustwide/target/release/deps/saola_schema_ast-eb12bec9049741b0)
[INFO] [stdout] 
[INFO] [stdout] running 0 tests
[INFO] [stdout] 
[INFO] [stdout] test result: ok. 0 passed; 0 failed; 0 ignored; 0 measured; 0 filtered out; finished in 0.00s
[INFO] [stdout] 
[INFO] [stderr]    Doc-tests saola_schema_ast
[INFO] [stdout] 
[INFO] [stdout] running 32 tests
[INFO] [stdout] test src/ast/argument.rs - ast::argument::Argument::name (line 41) ... ignored
[INFO] [stdout] test src/ast/argument.rs - ast::argument::Argument::value (line 48) ... ignored
[INFO] [stdout] test src/ast/argument.rs - ast::argument::ArgumentsList::arguments (line 9) ... ignored
[INFO] [stdout] test src/ast/argument.rs - ast::argument::ArgumentsList::empty_arguments (line 16) ... ignored
[INFO] [stdout] test src/ast/argument.rs - ast::argument::ArgumentsList::trailing_comma (line 23) ... ignored
[INFO] [stdout] test src/ast/argument.rs - ast::argument::EmptyArgument (line 88) ... ignored
[INFO] [stdout] test src/ast/attribute.rs - ast::attribute::Attribute::arguments (line 17) ... ignored
[INFO] [stdout] test src/ast/attribute.rs - ast::attribute::Attribute::name (line 10) ... ignored
[INFO] [stdout] test src/ast/composite_type.rs - ast::composite_type::CompositeType::documentation (line 30) ... ignored
[INFO] [stdout] test src/ast/composite_type.rs - ast::composite_type::CompositeType::fields (line 21) ... ignored
[INFO] [stdout] test src/ast/composite_type.rs - ast::composite_type::CompositeType::name (line 14) ... ignored
[INFO] [stdout] test src/ast/config.rs - ast::config::ConfigBlockProperty (line 7) ... ignored
[INFO] [stdout] test src/ast/config.rs - ast::config::ConfigBlockProperty::name (line 17) ... ignored
[INFO] [stdout] test src/ast/config.rs - ast::config::ConfigBlockProperty::value (line 26) ... ignored
[INFO] [stdout] test src/ast/enum.rs - ast::r#enum::Enum::attributes (line 50) ... ignored
[INFO] [stdout] test src/ast/enum.rs - ast::r#enum::Enum::documentation (line 62) ... ignored
[INFO] [stdout] test src/ast/enum.rs - ast::r#enum::Enum::name (line 32) ... ignored
[INFO] [stdout] test src/ast/enum.rs - ast::r#enum::Enum::values (line 39) ... ignored
[INFO] [stdout] test src/ast/enum.rs - ast::r#enum::EnumValue::attributes (line 117) ... ignored
[INFO] [stdout] test src/ast/field.rs - ast::field::Field::attributes (line 28) ... ignored
[INFO] [stdout] test src/ast/field.rs - ast::field::Field::documentation (line 35) ... ignored
[INFO] [stdout] test src/ast/field.rs - ast::field::Field::field_type (line 12) ... ignored
[INFO] [stdout] test src/ast/field.rs - ast::field::Field::name (line 19) ... ignored
[INFO] [stdout] test src/ast/field.rs - ast::field::FieldArity::List (line 129) ... ignored
[INFO] [stdout] test src/ast/field.rs - ast::field::FieldArity::Optional (line 123) ... ignored
[INFO] [stdout] test src/ast/field.rs - ast::field::FieldArity::Required (line 116) ... ignored
[INFO] [stdout] test src/ast/model.rs - ast::model::Model::attributes (line 46) ... ignored
[INFO] [stdout] test src/ast/model.rs - ast::model::Model::documentation (line 60) ... ignored
[INFO] [stdout] test src/ast/model.rs - ast::model::Model::fields (line 35) ... ignored
[INFO] [stdout] test src/ast/model.rs - ast::model::Model::is_view (line 71) ... ignored
[INFO] [stdout] test src/ast/model.rs - ast::model::Model::name (line 28) ... ignored
[INFO] [stdout] test src/lib.rs - string_literal (line 22) ... FAILED
[INFO] [stdout] 
[INFO] [stdout] failures:
[INFO] [stdout] 
[INFO] [stdout] ---- src/lib.rs - string_literal (line 22) stdout ----
[INFO] [stdout] error[E0432]: unresolved import `schema_ast`
[INFO] [stdout]   --> src/lib.rs:23:5
[INFO] [stdout]    |
[INFO] [stdout] 23 | use schema_ast::string_literal;
[INFO] [stdout]    |     ^^^^^^^^^^ use of unresolved module or unlinked crate `schema_ast`
[INFO] [stdout]    |
[INFO] [stdout]    = help: if you wanted to use a crate named `schema_ast`, use `cargo add schema_ast` to add it to your `Cargo.toml`
[INFO] [stdout] 
[INFO] [stdout] error: aborting due to 1 previous error
[INFO] [stdout] 
[INFO] [stdout] For more information about this error, try `rustc --explain E0432`.
[INFO] [stdout] Couldn't compile the test.
[INFO] [stdout] 
[INFO] [stdout] failures:
[INFO] [stdout]     src/lib.rs - string_literal (line 22)
[INFO] [stdout] 
[INFO] [stdout] test result: FAILED. 0 passed; 1 failed; 31 ignored; 0 measured; 0 filtered out; finished in 0.10s
[INFO] [stdout] 
[INFO] [stdout] all doctests ran in 0.17s; merged doctests compilation took 0.07s
[INFO] [stderr] error: doctest failed, to rerun pass `--doc`
[INFO] running `Command { std: "docker" "inspect" "74698b2d7570c80be9722e0f079930af0c54e5fb00d9158ed7b26fd035d2ed89", kill_on_drop: false }`
[INFO] running `Command { std: "docker" "rm" "-f" "74698b2d7570c80be9722e0f079930af0c54e5fb00d9158ed7b26fd035d2ed89", kill_on_drop: false }`
[INFO] [stdout] 74698b2d7570c80be9722e0f079930af0c54e5fb00d9158ed7b26fd035d2ed89
