[INFO] fetching crate saola-psl-core 0.1.0...
[INFO] testing saola-psl-core-0.1.0 against 1.99.0-beta.8+cargoflags=--release for beta-release-1.100-2
[INFO] extracting crate saola-psl-core 0.1.0 into /workspace/builds/worker-6-tc1/source
[INFO] started tweaking crates.io crate saola-psl-core 0.1.0
[INFO] finished tweaking crates.io crate saola-psl-core 0.1.0
[INFO] tweaked toml for crates.io crate saola-psl-core 0.1.0 written to /workspace/builds/worker-6-tc1/source/Cargo.toml
[INFO] validating manifest of crates.io crate saola-psl-core 0.1.0 on toolchain 1.99.0-beta.8
[INFO] running `Command { std: CARGO_HOME="/workspace/cargo-home" RUSTUP_HOME="/workspace/rustup-home" "/workspace/cargo-home/bin/cargo" "+1.99.0-beta.8" "metadata" "--manifest-path" "Cargo.toml" "--no-deps", kill_on_drop: false }`
[INFO] crate crates.io crate saola-psl-core 0.1.0 already has a lockfile, it will not be regenerated
[INFO] running `Command { std: CARGO_HOME="/workspace/cargo-home" RUSTUP_HOME="/workspace/rustup-home" "/workspace/cargo-home/bin/cargo" "+1.99.0-beta.8" "fetch" "--manifest-path" "Cargo.toml", kill_on_drop: false }`
[INFO] [stderr]     Updating crates.io index
[INFO] [stderr]  Downloading crates ...
[INFO] [stderr]   Downloaded saola-schema-ast v0.1.0
[INFO] [stderr]   Downloaded saola-diagnostics v0.1.0
[INFO] [stderr]   Downloaded bigdecimal v0.3.1
[INFO] [stderr]   Downloaded saola-prisma-value v0.1.0
[INFO] [stderr]   Downloaded saola-parser-database v0.1.0
[INFO] [stderr]   Downloaded connection-string v0.2.0
[INFO] [stderr]   Downloaded cruet v0.15.0
[INFO] [stderr]   Downloaded lsp-types v0.95.1
[INFO] running `Command { std: "docker" "create" "-v" "/var/lib/crater-agent-workspace/builds/worker-6-tc1/source:/opt/rustwide/workdir:ro,Z" "-v" "/var/lib/crater-agent-workspace/builds/worker-6-tc1/target:/opt/rustwide/target:rw,Z" "-v" "/var/lib/crater-agent-workspace/cargo-home:/opt/rustwide/cargo-home:ro,Z" "-v" "/var/lib/crater-agent-workspace/rustup-home:/opt/rustwide/rustup-home:ro,Z" "-m" "1610612736" "--network" "none" "ghcr.io/rust-lang/crates-build-env/linux@sha256:77db811e55d90add9212f6832c23229e3de5f1c1f9905e8cb07319ea15df73ac" "sleep" "infinity", kill_on_drop: false }`
[INFO] [stdout] f027d33131ddd94e17c38f5149365e12ecee948454d92b2c55c652fb0f422a7b
[INFO] running `Command { std: "docker" "start" "f027d33131ddd94e17c38f5149365e12ecee948454d92b2c55c652fb0f422a7b", kill_on_drop: false }`
[INFO] running `Command { std: "docker" "inspect" "f027d33131ddd94e17c38f5149365e12ecee948454d92b2c55c652fb0f422a7b", kill_on_drop: false }`
[INFO] running `Command { std: "docker" "exec" "-e" "SOURCE_DIR=/opt/rustwide/workdir" "-e" "CARGO_HOME=/opt/rustwide/cargo-home" "-e" "RUSTUP_HOME=/opt/rustwide/rustup-home" "-e" "CARGO_TARGET_DIR=/opt/rustwide/target" "-w" "/opt/rustwide/workdir" "--user" "0:0" "f027d33131ddd94e17c38f5149365e12ecee948454d92b2c55c652fb0f422a7b" "/opt/rustwide/cargo-home/bin/cargo" "+1.99.0-beta.8" "metadata" "--no-deps" "--format-version=1", kill_on_drop: false }`
[INFO] running `Command { std: "docker" "inspect" "f027d33131ddd94e17c38f5149365e12ecee948454d92b2c55c652fb0f422a7b", kill_on_drop: false }`
[INFO] running `Command { std: "docker" "exec" "-e" "SOURCE_DIR=/opt/rustwide/workdir" "-e" "CARGO_HOME=/opt/rustwide/cargo-home" "-e" "RUSTUP_HOME=/opt/rustwide/rustup-home" "-e" "CARGO_TARGET_DIR=/opt/rustwide/target" "-e" "CARGO_INCREMENTAL=0" "-e" "RUST_BACKTRACE=full" "-e" "RUSTFLAGS=--cap-lints=warn" "-e" "RUSTDOCFLAGS=--cap-lints=warn" "-w" "/opt/rustwide/workdir" "--user" "0:0" "f027d33131ddd94e17c38f5149365e12ecee948454d92b2c55c652fb0f422a7b" "/opt/rustwide/cargo-home/bin/cargo" "+1.99.0-beta.8" "build" "--frozen" "--message-format=json" "--release", kill_on_drop: false }`
[INFO] [stderr]    Compiling syn v2.0.117
[INFO] [stderr]    Compiling hashbrown v0.17.0
[INFO] [stderr]    Compiling libc v0.2.184
[INFO] [stderr]    Compiling num-traits v0.2.19
[INFO] [stderr]    Compiling serde_json v1.0.149
[INFO] [stderr]    Compiling aho-corasick v1.1.4
[INFO] [stderr]    Compiling ucd-trie v0.1.7
[INFO] [stderr]    Compiling getrandom v0.4.2
[INFO] [stderr]    Compiling indoc v2.0.7
[INFO] [stderr]    Compiling connection-string v0.2.0
[INFO] [stderr]    Compiling itertools v0.13.0
[INFO] [stderr]    Compiling pest v2.8.6
[INFO] [stderr]    Compiling indexmap v2.14.0
[INFO] [stderr]    Compiling saola-diagnostics v0.1.0
[INFO] [stderr]    Compiling num-integer v0.1.46
[INFO] [stderr]    Compiling num-bigint v0.4.6
[INFO] [stderr]    Compiling uuid v1.23.0
[INFO] [stderr]    Compiling synstructure v0.13.2
[INFO] [stderr]    Compiling pest_generator v2.8.6
[INFO] [stderr]    Compiling regex-automata v0.4.14
[INFO] [stderr]    Compiling zerovec-derive v0.11.3
[INFO] [stderr]    Compiling displaydoc v0.2.5
[INFO] [stderr]    Compiling serde_derive v1.0.228
[INFO] [stderr]    Compiling enumflags2_derive v0.7.12
[INFO] [stderr]    Compiling zerofrom-derive v0.1.7
[INFO] [stderr]    Compiling yoke-derive v0.8.2
[INFO] [stderr]    Compiling enumflags2 v0.7.12
[INFO] [stderr]    Compiling zerofrom v0.1.7
[INFO] [stderr]    Compiling pest_derive v2.8.6
[INFO] [stderr]    Compiling yoke v0.8.2
[INFO] [stderr]    Compiling zerovec v0.11.6
[INFO] [stderr]    Compiling zerotrie v0.2.4
[INFO] [stderr]    Compiling bigdecimal v0.3.1
[INFO] [stderr]    Compiling tinystr v0.8.3
[INFO] [stderr]    Compiling potential_utf v0.1.5
[INFO] [stderr]    Compiling icu_collections v2.2.0
[INFO] [stderr]    Compiling icu_locale_core v2.2.0
[INFO] [stderr]    Compiling serde v1.0.228
[INFO] [stderr]    Compiling saola-schema-ast v0.1.0
[INFO] [stderr]    Compiling chrono v0.4.44
[INFO] [stderr]    Compiling icu_provider v2.2.0
[INFO] [stderr]    Compiling regex v1.12.3
[INFO] [stderr]    Compiling icu_properties v2.2.0
[INFO] [stderr]    Compiling icu_normalizer v2.2.0
[INFO] [stderr]    Compiling cruet v0.15.0
[INFO] [stderr]    Compiling idna_adapter v1.2.1
[INFO] [stderr]    Compiling idna v1.1.0
[INFO] [stderr]    Compiling saola-parser-database v0.1.0
[INFO] [stderr]    Compiling saola-prisma-value v0.1.0
[INFO] [stderr]    Compiling url v2.5.8
[INFO] [stderr]    Compiling saola-psl-core v0.1.0 (/opt/rustwide/workdir)
[INFO] [stderr]     Finished `release` profile [optimized] target(s) in 53.92s
[INFO] running `Command { std: "docker" "inspect" "f027d33131ddd94e17c38f5149365e12ecee948454d92b2c55c652fb0f422a7b", kill_on_drop: false }`
[INFO] running `Command { std: "docker" "exec" "-e" "SOURCE_DIR=/opt/rustwide/workdir" "-e" "CARGO_HOME=/opt/rustwide/cargo-home" "-e" "RUSTUP_HOME=/opt/rustwide/rustup-home" "-e" "CARGO_TARGET_DIR=/opt/rustwide/target" "-e" "CARGO_INCREMENTAL=0" "-e" "RUST_BACKTRACE=full" "-e" "RUSTFLAGS=--cap-lints=warn" "-e" "RUSTDOCFLAGS=--cap-lints=warn" "-w" "/opt/rustwide/workdir" "--user" "0:0" "f027d33131ddd94e17c38f5149365e12ecee948454d92b2c55c652fb0f422a7b" "/opt/rustwide/cargo-home/bin/cargo" "+1.99.0-beta.8" "test" "--frozen" "--no-run" "--message-format=json" "--release", kill_on_drop: false }`
[INFO] [stderr]    Compiling saola-psl-core v0.1.0 (/opt/rustwide/workdir)
[INFO] [stderr]     Finished `release` profile [optimized] target(s) in 2.11s
[INFO] running `Command { std: "docker" "inspect" "f027d33131ddd94e17c38f5149365e12ecee948454d92b2c55c652fb0f422a7b", kill_on_drop: false }`
[INFO] running `Command { std: "docker" "exec" "-e" "SOURCE_DIR=/opt/rustwide/workdir" "-e" "CARGO_HOME=/opt/rustwide/cargo-home" "-e" "RUSTUP_HOME=/opt/rustwide/rustup-home" "-e" "CARGO_TARGET_DIR=/opt/rustwide/target" "-e" "CARGO_INCREMENTAL=0" "-e" "RUST_BACKTRACE=full" "-e" "RUSTFLAGS=--cap-lints=warn" "-e" "RUSTDOCFLAGS=--cap-lints=warn" "-w" "/opt/rustwide/workdir" "--user" "0:0" "f027d33131ddd94e17c38f5149365e12ecee948454d92b2c55c652fb0f422a7b" "/opt/rustwide/cargo-home/bin/cargo" "+1.99.0-beta.8" "test" "--frozen" "--release", kill_on_drop: false }`
[INFO] [stderr]     Finished `release` profile [optimized] target(s) in 0.11s
[INFO] [stderr]      Running unittests src/lib.rs (/opt/rustwide/target/release/deps/saola_psl_core-aa113a075742c926)
[INFO] [stdout] 
[INFO] [stdout] running 2 tests
[INFO] [stdout] test validate::validation_pipeline::validations::relation_fields::tests::test_is_left_wise_included ... ok
[INFO] [stdout] test datamodel_connector::empty_connector::tests::empty_datamodel_connector_as_dyn_connector ... ok
[INFO] [stderr]    Doc-tests saola_psl_core
[INFO] [stdout] 
[INFO] [stdout] test result: ok. 2 passed; 0 failed; 0 ignored; 0 measured; 0 filtered out; finished in 0.00s
[INFO] [stdout] 
[INFO] [stdout] 
[INFO] [stdout] running 4 tests
[INFO] [stdout] test src/builtin_connectors/capabilities_support.rs - builtin_connectors::capabilities_support::can_have_capability (line 56) ... ignored
[INFO] [stdout] test src/builtin_connectors/native_type_definition.rs - builtin_connectors::native_type_definition (line 12) ... ignored
[INFO] [stdout] test src/validate/validation_pipeline/validations/indexes.rs - validate::validation_pipeline::validations::indexes::fulltext_text_columns_should_be_bundled_together (line 153) ... ignored
[INFO] [stdout] test src/datamodel_connector/completions.rs - datamodel_connector::completions::format_completion_docs (line 78) ... FAILED
[INFO] [stdout] 
[INFO] [stdout] failures:
[INFO] [stdout] 
[INFO] [stdout] ---- src/datamodel_connector/completions.rs - datamodel_connector::completions::format_completion_docs (line 78) stdout ----
[INFO] [stdout] error[E0433]: cannot find module or crate `psl_core` in this scope
[INFO] [stdout]   --> src/datamodel_connector/completions.rs:79:5
[INFO] [stdout]    |
[INFO] [stdout] 79 | use psl_core::datamodel_connector::format_completion_docs;
[INFO] [stdout]    |     ^^^^^^^^ use of unresolved module or unlinked crate `psl_core`
[INFO] [stdout]    |
[INFO] [stdout]    = help: if you wanted to use a crate named `psl_core`, use `cargo add psl_core` to add it to your `Cargo.toml`
[INFO] [stdout] 
[INFO] [stdout] error: aborting due to 1 previous error
[INFO] [stdout] 
[INFO] [stdout] For more information about this error, try `rustc --explain E0433`.
[INFO] [stdout] Couldn't compile the test.
[INFO] [stdout] 
[INFO] [stdout] failures:
[INFO] [stdout]     src/datamodel_connector/completions.rs - datamodel_connector::completions::format_completion_docs (line 78)
[INFO] [stdout] 
[INFO] [stdout] test result: FAILED. 0 passed; 1 failed; 3 ignored; 0 measured; 0 filtered out; finished in 0.06s
[INFO] [stdout] 
[INFO] [stdout] all doctests ran in 0.10s; merged doctests compilation took 0.04s
[INFO] [stderr] error: doctest failed, to rerun pass `--doc`
[INFO] running `Command { std: "docker" "inspect" "f027d33131ddd94e17c38f5149365e12ecee948454d92b2c55c652fb0f422a7b", kill_on_drop: false }`
[INFO] running `Command { std: "docker" "rm" "-f" "f027d33131ddd94e17c38f5149365e12ecee948454d92b2c55c652fb0f422a7b", kill_on_drop: false }`
[INFO] [stdout] f027d33131ddd94e17c38f5149365e12ecee948454d92b2c55c652fb0f422a7b
