[INFO] fetching crate sanity_rs_client 0.1.0...
[INFO] testing sanity_rs_client-0.1.0 against 1.99.0-beta.8+cargoflags=--release for beta-release-1.100-2
[INFO] extracting crate sanity_rs_client 0.1.0 into /workspace/builds/worker-6-tc1/source
[INFO] started tweaking crates.io crate sanity_rs_client 0.1.0
[INFO] finished tweaking crates.io crate sanity_rs_client 0.1.0
[INFO] tweaked toml for crates.io crate sanity_rs_client 0.1.0 written to /workspace/builds/worker-6-tc1/source/Cargo.toml
[INFO] validating manifest of crates.io crate sanity_rs_client 0.1.0 on toolchain 1.99.0-beta.8
[INFO] running `Command { std: CARGO_HOME="/workspace/cargo-home" RUSTUP_HOME="/workspace/rustup-home" "/workspace/cargo-home/bin/cargo" "+1.99.0-beta.8" "metadata" "--manifest-path" "Cargo.toml" "--no-deps", kill_on_drop: false }`
[INFO] crate crates.io crate sanity_rs_client 0.1.0 already has a lockfile, it will not be regenerated
[INFO] running `Command { std: CARGO_HOME="/workspace/cargo-home" RUSTUP_HOME="/workspace/rustup-home" "/workspace/cargo-home/bin/cargo" "+1.99.0-beta.8" "fetch" "--manifest-path" "Cargo.toml", kill_on_drop: false }`
[INFO] [stderr]  Downloading crates ...
[INFO] [stderr]   Downloaded proc-macro2 v1.0.39
[INFO] [stderr]   Downloaded once_cell v1.11.0
[INFO] [stderr]   Downloaded urlencoding v2.1.0
[INFO] [stderr]   Downloaded itoa v1.0.2
[INFO] [stderr]   Downloaded ryu v1.0.10
[INFO] [stderr]   Downloaded openssl-sys v0.9.73
[INFO] [stderr]   Downloaded tokio-util v0.7.2
[INFO] [stderr]   Downloaded mio v0.8.3
[INFO] [stderr]   Downloaded syn v1.0.95
[INFO] [stderr]   Downloaded serde_json v1.0.81
[INFO] [stderr]   Downloaded openssl v0.10.40
[INFO] [stderr]   Downloaded tokio v1.18.2
[INFO] running `Command { std: "docker" "create" "-v" "/var/lib/crater-agent-workspace/builds/worker-6-tc1/source:/opt/rustwide/workdir:ro,Z" "-v" "/var/lib/crater-agent-workspace/builds/worker-6-tc1/target:/opt/rustwide/target:rw,Z" "-v" "/var/lib/crater-agent-workspace/cargo-home:/opt/rustwide/cargo-home:ro,Z" "-v" "/var/lib/crater-agent-workspace/rustup-home:/opt/rustwide/rustup-home:ro,Z" "-m" "1610612736" "--network" "none" "ghcr.io/rust-lang/crates-build-env/linux@sha256:77db811e55d90add9212f6832c23229e3de5f1c1f9905e8cb07319ea15df73ac" "sleep" "infinity", kill_on_drop: false }`
[INFO] [stdout] b9d62e76d30e17c79e4c43daaec9ccc7d3783f40c66c156f127a2ca47d2a5f1e
[INFO] running `Command { std: "docker" "start" "b9d62e76d30e17c79e4c43daaec9ccc7d3783f40c66c156f127a2ca47d2a5f1e", kill_on_drop: false }`
[INFO] running `Command { std: "docker" "inspect" "b9d62e76d30e17c79e4c43daaec9ccc7d3783f40c66c156f127a2ca47d2a5f1e", kill_on_drop: false }`
[INFO] running `Command { std: "docker" "exec" "-e" "SOURCE_DIR=/opt/rustwide/workdir" "-e" "CARGO_HOME=/opt/rustwide/cargo-home" "-e" "RUSTUP_HOME=/opt/rustwide/rustup-home" "-e" "CARGO_TARGET_DIR=/opt/rustwide/target" "-w" "/opt/rustwide/workdir" "--user" "0:0" "b9d62e76d30e17c79e4c43daaec9ccc7d3783f40c66c156f127a2ca47d2a5f1e" "/opt/rustwide/cargo-home/bin/cargo" "+1.99.0-beta.8" "metadata" "--no-deps" "--format-version=1", kill_on_drop: false }`
[INFO] running `Command { std: "docker" "inspect" "b9d62e76d30e17c79e4c43daaec9ccc7d3783f40c66c156f127a2ca47d2a5f1e", kill_on_drop: false }`
[INFO] running `Command { std: "docker" "exec" "-e" "SOURCE_DIR=/opt/rustwide/workdir" "-e" "CARGO_HOME=/opt/rustwide/cargo-home" "-e" "RUSTUP_HOME=/opt/rustwide/rustup-home" "-e" "CARGO_TARGET_DIR=/opt/rustwide/target" "-e" "CARGO_INCREMENTAL=0" "-e" "RUST_BACKTRACE=full" "-e" "RUSTFLAGS=--cap-lints=warn" "-e" "RUSTDOCFLAGS=--cap-lints=warn" "-w" "/opt/rustwide/workdir" "--user" "0:0" "b9d62e76d30e17c79e4c43daaec9ccc7d3783f40c66c156f127a2ca47d2a5f1e" "/opt/rustwide/cargo-home/bin/cargo" "+1.99.0-beta.8" "build" "--frozen" "--message-format=json" "--release", kill_on_drop: false }`
[INFO] [stderr]    Compiling proc-macro2 v1.0.39
[INFO] [stderr]    Compiling unicode-ident v1.0.0
[INFO] [stderr]    Compiling syn v1.0.95
[INFO] [stderr]    Compiling cc v1.0.73
[INFO] [stderr]    Compiling pkg-config v0.3.25
[INFO] [stderr]    Compiling smallvec v1.8.0
[INFO] [stderr]    Compiling futures-core v0.3.21
[INFO] [stderr]    Compiling once_cell v1.11.0
[INFO] [stderr]    Compiling itoa v1.0.2
[INFO] [stderr]    Compiling parking_lot_core v0.9.3
[INFO] [stderr]    Compiling mio v0.8.3
[INFO] [stderr]    Compiling futures-task v0.3.21
[INFO] [stderr]    Compiling tracing-core v0.1.26
[INFO] [stderr]    Compiling indexmap v1.8.1
[INFO] [stderr]    Compiling openssl v0.10.40
[INFO] [stderr]    Compiling serde_derive v1.0.137
[INFO] [stderr]    Compiling parking_lot v0.12.0
[INFO] [stderr]    Compiling futures-util v0.3.21
[INFO] [stderr]    Compiling http v0.2.7
[INFO] [stderr]    Compiling unicase v2.6.0
[INFO] [stderr]    Compiling serde v1.0.137
[INFO] [stderr]    Compiling native-tls v0.2.10
[INFO] [stderr]    Compiling quote v1.0.18
[INFO] [stderr]    Compiling slab v0.4.6
[INFO] [stderr]    Compiling openssl-sys v0.9.73
[INFO] [stderr]    Compiling futures-channel v0.3.21
[INFO] [stderr]    Compiling matches v0.1.9
[INFO] [stderr]    Compiling futures-sink v0.3.21
[INFO] [stderr]    Compiling httparse v1.7.1
[INFO] [stderr]    Compiling futures-io v0.3.21
[INFO] [stderr]    Compiling tinyvec v1.6.0
[INFO] [stderr]    Compiling want v0.3.0
[INFO] [stderr]    Compiling form_urlencoded v1.0.1
[INFO] [stderr]    Compiling mime_guess v2.0.4
[INFO] [stderr]    Compiling http-body v0.4.5
[INFO] [stderr]    Compiling httpdate v1.0.2
[INFO] [stderr]    Compiling ryu v1.0.10
[INFO] [stderr]    Compiling unicode-normalization v0.1.19
[INFO] [stderr]    Compiling encoding_rs v0.8.31
[INFO] [stderr]    Compiling unicode-bidi v0.3.8
[INFO] [stderr]    Compiling serde_json v1.0.81
[INFO] [stderr]    Compiling ipnet v2.5.0
[INFO] [stderr]    Compiling idna v0.2.3
[INFO] [stderr]    Compiling urlencoding v2.1.0
[INFO] [stderr]    Compiling url v2.2.2
[INFO] [stderr]    Compiling tokio-macros v1.7.0
[INFO] [stderr]    Compiling tracing-attributes v0.1.21
[INFO] [stderr]    Compiling openssl-macros v0.1.0
[INFO] [stderr]    Compiling tokio v1.18.2
[INFO] [stderr]    Compiling tracing v0.1.34
[INFO] [stderr]    Compiling tokio-util v0.7.2
[INFO] [stderr]    Compiling tokio-native-tls v0.3.0
[INFO] [stderr]    Compiling h2 v0.3.13
[INFO] [stderr]    Compiling serde_urlencoded v0.7.1
[INFO] [stderr]    Compiling hyper v0.14.18
[INFO] [stderr]    Compiling hyper-tls v0.5.0
[INFO] [stderr]    Compiling reqwest v0.11.10
[INFO] [stderr]    Compiling sanity_rs_client v0.1.0 (/opt/rustwide/workdir)
[INFO] [stdout] warning: unused variable: `clone`
[INFO] [stdout]    --> src/sanity_client.rs:226:13
[INFO] [stdout]     |
[INFO] [stdout] 226 |         let clone = Arc::new(self);
[INFO] [stdout]     |             ^^^^^ help: if this is intentional, prefix it with an underscore: `_clone`
[INFO] [stdout]     |
[INFO] [stdout]     = note: `#[warn(unused_variables)]` (part of `#[warn(unused)]`) on by default
[INFO] [stdout] 
[INFO] [stdout] 
[INFO] [stderr]     Finished `release` profile [optimized] target(s) in 1m 42s
[INFO] [stderr] warning: the following packages contain code that will be rejected by a future version of Rust: openssl v0.10.40
[INFO] [stderr] note: to see what the problems were, use the option `--future-incompat-report`, or run `cargo report future-incompatibilities --id 4`
[INFO] running `Command { std: "docker" "inspect" "b9d62e76d30e17c79e4c43daaec9ccc7d3783f40c66c156f127a2ca47d2a5f1e", kill_on_drop: false }`
[INFO] running `Command { std: "docker" "exec" "-e" "SOURCE_DIR=/opt/rustwide/workdir" "-e" "CARGO_HOME=/opt/rustwide/cargo-home" "-e" "RUSTUP_HOME=/opt/rustwide/rustup-home" "-e" "CARGO_TARGET_DIR=/opt/rustwide/target" "-e" "CARGO_INCREMENTAL=0" "-e" "RUST_BACKTRACE=full" "-e" "RUSTFLAGS=--cap-lints=warn" "-e" "RUSTDOCFLAGS=--cap-lints=warn" "-w" "/opt/rustwide/workdir" "--user" "0:0" "b9d62e76d30e17c79e4c43daaec9ccc7d3783f40c66c156f127a2ca47d2a5f1e" "/opt/rustwide/cargo-home/bin/cargo" "+1.99.0-beta.8" "test" "--frozen" "--no-run" "--message-format=json" "--release", kill_on_drop: false }`
[INFO] [stderr]    Compiling sanity_rs_client v0.1.0 (/opt/rustwide/workdir)
[INFO] [stdout] warning: unused variable: `clone`
[INFO] [stdout]    --> src/sanity_client.rs:226:13
[INFO] [stdout]     |
[INFO] [stdout] 226 |         let clone = Arc::new(self);
[INFO] [stdout]     |             ^^^^^ help: if this is intentional, prefix it with an underscore: `_clone`
[INFO] [stdout]     |
[INFO] [stdout]     = note: `#[warn(unused_variables)]` (part of `#[warn(unused)]`) on by default
[INFO] [stdout] 
[INFO] [stdout] 
[INFO] [stdout] warning: unused variable: `clone`
[INFO] [stdout]    --> src/sanity_client.rs:226:13
[INFO] [stdout]     |
[INFO] [stdout] 226 |         let clone = Arc::new(self);
[INFO] [stdout]     |             ^^^^^ help: if this is intentional, prefix it with an underscore: `_clone`
[INFO] [stdout]     |
[INFO] [stdout]     = note: `#[warn(unused_variables)]` (part of `#[warn(unused)]`) on by default
[INFO] [stdout] 
[INFO] [stdout] 
[INFO] [stdout] warning: unused variable: `id`
[INFO] [stdout]    --> src/sanity_client.rs:365:13
[INFO] [stdout]     |
[INFO] [stdout] 365 |         let id = "34l3kdkb";
[INFO] [stdout]     |             ^^ help: if this is intentional, prefix it with an underscore: `_id`
[INFO] [stdout] 
[INFO] [stdout] 
[INFO] [stdout] warning: unused variable: `dataset`
[INFO] [stdout]    --> src/sanity_client.rs:366:13
[INFO] [stdout]     |
[INFO] [stdout] 366 |         let dataset = "production";
[INFO] [stdout]     |             ^^^^^^^ help: if this is intentional, prefix it with an underscore: `_dataset`
[INFO] [stdout] 
[INFO] [stdout] 
[INFO] [stdout] warning: unused variable: `api_version`
[INFO] [stdout]    --> src/sanity_client.rs:367:13
[INFO] [stdout]     |
[INFO] [stdout] 367 |         let api_version = "2021-10-21";
[INFO] [stdout]     |             ^^^^^^^^^^^ help: if this is intentional, prefix it with an underscore: `_api_version`
[INFO] [stdout] 
[INFO] [stdout] 
[INFO] [stdout] warning: unused variable: `response`
[INFO] [stdout]  --> examples/simple.rs:8:9
[INFO] [stdout]   |
[INFO] [stdout] 8 |     let response = tokio::task::spawn_blocking(move || {
[INFO] [stdout]   |         ^^^^^^^^ help: if this is intentional, prefix it with an underscore: `_response`
[INFO] [stdout]   |
[INFO] [stdout]   = note: `#[warn(unused_variables)]` (part of `#[warn(unused)]`) on by default
[INFO] [stdout] 
[INFO] [stdout] 
[INFO] [stdout] warning: unused variable: `upload`
[INFO] [stdout]   --> examples/simple.rs:30:9
[INFO] [stdout]    |
[INFO] [stdout] 30 |     let upload = upload_image(arc_client).await;
[INFO] [stdout]    |         ^^^^^^ help: if this is intentional, prefix it with an underscore: `_upload`
[INFO] [stdout] 
[INFO] [stdout] 
[INFO] [stderr]     Finished `release` profile [optimized] target(s) in 6.16s
[INFO] [stderr] warning: the following packages contain code that will be rejected by a future version of Rust: openssl v0.10.40
[INFO] [stderr] note: to see what the problems were, use the option `--future-incompat-report`, or run `cargo report future-incompatibilities --id 4`
[INFO] running `Command { std: "docker" "inspect" "b9d62e76d30e17c79e4c43daaec9ccc7d3783f40c66c156f127a2ca47d2a5f1e", kill_on_drop: false }`
[INFO] running `Command { std: "docker" "exec" "-e" "SOURCE_DIR=/opt/rustwide/workdir" "-e" "CARGO_HOME=/opt/rustwide/cargo-home" "-e" "RUSTUP_HOME=/opt/rustwide/rustup-home" "-e" "CARGO_TARGET_DIR=/opt/rustwide/target" "-e" "CARGO_INCREMENTAL=0" "-e" "RUST_BACKTRACE=full" "-e" "RUSTFLAGS=--cap-lints=warn" "-e" "RUSTDOCFLAGS=--cap-lints=warn" "-w" "/opt/rustwide/workdir" "--user" "0:0" "b9d62e76d30e17c79e4c43daaec9ccc7d3783f40c66c156f127a2ca47d2a5f1e" "/opt/rustwide/cargo-home/bin/cargo" "+1.99.0-beta.8" "test" "--frozen" "--release", kill_on_drop: false }`
[INFO] [stderr] warning: unused variable: `clone`
[INFO] [stderr]    --> src/sanity_client.rs:226:13
[INFO] [stderr]     |
[INFO] [stderr] 226 |         let clone = Arc::new(self);
[INFO] [stderr]     |             ^^^^^ help: if this is intentional, prefix it with an underscore: `_clone`
[INFO] [stderr]     |
[INFO] [stderr]     = note: `#[warn(unused_variables)]` (part of `#[warn(unused)]`) on by default
[INFO] [stderr] 
[INFO] [stderr] warning: unused variable: `id`
[INFO] [stderr]    --> src/sanity_client.rs:365:13
[INFO] [stderr]     |
[INFO] [stderr] 365 |         let id = "34l3kdkb";
[INFO] [stderr]     |             ^^ help: if this is intentional, prefix it with an underscore: `_id`
[INFO] [stderr] 
[INFO] [stderr] warning: unused variable: `dataset`
[INFO] [stderr]    --> src/sanity_client.rs:366:13
[INFO] [stderr]     |
[INFO] [stderr] 366 |         let dataset = "production";
[INFO] [stderr]     |             ^^^^^^^ help: if this is intentional, prefix it with an underscore: `_dataset`
[INFO] [stderr] 
[INFO] [stderr] warning: unused variable: `api_version`
[INFO] [stderr]    --> src/sanity_client.rs:367:13
[INFO] [stderr]     |
[INFO] [stderr] 367 |         let api_version = "2021-10-21";
[INFO] [stderr]     |             ^^^^^^^^^^^ help: if this is intentional, prefix it with an underscore: `_api_version`
[INFO] [stderr] 
[INFO] [stderr] warning: `sanity_rs_client` (lib) generated 1 warning (run `cargo fix --lib -p sanity_rs_client` to apply 1 suggestion)
[INFO] [stderr] warning: `sanity_rs_client` (lib test) generated 4 warnings (1 duplicate) (run `cargo fix --lib -p sanity_rs_client --tests` to apply 3 suggestions)
[INFO] [stderr] warning: unused variable: `response`
[INFO] [stderr]  --> examples/simple.rs:8:9
[INFO] [stderr]   |
[INFO] [stderr] 8 |     let response = tokio::task::spawn_blocking(move || {
[INFO] [stderr]   |         ^^^^^^^^ help: if this is intentional, prefix it with an underscore: `_response`
[INFO] [stderr]   |
[INFO] [stderr]   = note: `#[warn(unused_variables)]` (part of `#[warn(unused)]`) on by default
[INFO] [stderr] 
[INFO] [stderr] warning: unused variable: `upload`
[INFO] [stderr]   --> examples/simple.rs:30:9
[INFO] [stderr]    |
[INFO] [stderr] 30 |     let upload = upload_image(arc_client).await;
[INFO] [stderr]    |         ^^^^^^ help: if this is intentional, prefix it with an underscore: `_upload`
[INFO] [stderr] 
[INFO] [stderr] warning: `sanity_rs_client` (example "simple") generated 2 warnings (run `cargo fix --example "simple" -p sanity_rs_client` to apply 2 suggestions)
[INFO] [stderr]     Finished `release` profile [optimized] target(s) in 0.21s
[INFO] [stderr] warning: the following packages contain code that will be rejected by a future version of Rust: openssl v0.10.40
[INFO] [stderr] note: to see what the problems were, use the option `--future-incompat-report`, or run `cargo report future-incompatibilities --id 4`
[INFO] [stderr]      Running unittests src/lib.rs (/opt/rustwide/target/release/deps/sanity_rs_client-32ded96908364d23)
[INFO] [stdout] 
[INFO] [stdout] running 4 tests
[INFO] [stdout] test sanity_client::client_test::test_mutate ... ignored
[INFO] [stdout] test sanity_client::client_test::upload_image_test ... ignored
[INFO] [stdout] test tests::it_works ... ok
[INFO] [stdout] test sanity_client::client_test::check_client ... FAILED
[INFO] [stdout] 
[INFO] [stdout] failures:
[INFO] [stdout] 
[INFO] [stdout] ---- sanity_client::client_test::check_client stdout ----
[INFO] [stdout] 
[INFO] [stdout] thread 'sanity_client::client_test::check_client' (1387) panicked at src/sanity_client.rs:394:13:
[INFO] [stdout] Invalid Response error sending request for url (https://.api.sanity.io/v/data/query/?query=%2A%5B_type%3D%3D%27site%27%20%26%26%20id%3D%3D%24siteId%5D%5B0%5D&%24siteId=1&%24var2=%2527adasdasd%2527): error trying to connect: dns error: failed to lookup address information: Name or service not known
[INFO] [stdout] stack backtrace:
[INFO] [stdout]    0:     0x605df07132f1 - <<std[70759c8f55707aa4]::sys::backtrace::BacktraceLock>::print::DisplayBacktrace as core[df12db4294e9bfd3]::fmt::Display>::fmt
[INFO] [stdout]    1:     0x605df072944a - core[df12db4294e9bfd3]::fmt::write
[INFO] [stdout]    2:     0x605df0717e2c - <alloc[2182bb758b4b3781]::vec::Vec<u8> as core[df12db4294e9bfd3]::io::write::Write>::write_fmt
[INFO] [stdout]    3:     0x605df06ee246 - std[70759c8f55707aa4]::panicking::default_hook::{closure#0}
[INFO] [stdout]    4:     0x605df070b0b9 - std[70759c8f55707aa4]::panicking::default_hook
[INFO] [stdout]    5:     0x605df054ed90 - test[9d35eded1c95d3be]::test_main_inner::<test[9d35eded1c95d3be]::test_main_static::{closure#0}>::{closure#0}
[INFO] [stdout]    6:     0x605df070b3e2 - std[70759c8f55707aa4]::panicking::panic_with_hook
[INFO] [stdout]    7:     0x605df06ee2f2 - std[70759c8f55707aa4]::panicking::panic_handler::{closure#0}
[INFO] [stdout]    8:     0x605df06e6d59 - std[70759c8f55707aa4]::sys::backtrace::__rust_end_short_backtrace::<std[70759c8f55707aa4]::panicking::panic_handler::{closure#0}, !>
[INFO] [stdout]    9:     0x605df06ef17d - __rustc[8fa7c3cbc660c2b3]::rust_begin_unwind
[INFO] [stdout]   10:     0x605df0729bac - core[df12db4294e9bfd3]::panicking::panic_fmt
[INFO] [stdout]   11:     0x605df052b722 - <core[df12db4294e9bfd3]::pin::Pin<&mut sanity_rs_client[4f70c26371cc894f]::sanity_client::client_test::check_client::{closure#0}> as core[df12db4294e9bfd3]::future::future::Future>::poll
[INFO] [stdout]   12:     0x605df0532acb - <tokio[a6edf72c6a2e1da6]::runtime::basic_scheduler::Context>::enter::<core[df12db4294e9bfd3]::task::poll::Poll<()>, <tokio[a6edf72c6a2e1da6]::runtime::basic_scheduler::CoreGuard>::block_on<core[df12db4294e9bfd3]::pin::Pin<&mut sanity_rs_client[4f70c26371cc894f]::sanity_client::client_test::check_client::{closure#0}>>::{closure#0}::{closure#0}>
[INFO] [stdout]   13:     0x605df053c37a - <tokio[a6edf72c6a2e1da6]::macros::scoped_tls::ScopedKey<tokio[a6edf72c6a2e1da6]::runtime::basic_scheduler::Context>>::set::<<tokio[a6edf72c6a2e1da6]::runtime::basic_scheduler::CoreGuard>::enter<<tokio[a6edf72c6a2e1da6]::runtime::basic_scheduler::CoreGuard>::block_on<core[df12db4294e9bfd3]::pin::Pin<&mut sanity_rs_client[4f70c26371cc894f]::sanity_client::client_test::check_client::{closure#0}>>::{closure#0}, ()>::{closure#0}, (alloc[2182bb758b4b3781]::boxed::Box<tokio[a6edf72c6a2e1da6]::runtime::basic_scheduler::Core>, ())>
[INFO] [stdout]   14:     0x605df05327b9 - <tokio[a6edf72c6a2e1da6]::runtime::basic_scheduler::BasicScheduler>::block_on::<sanity_rs_client[4f70c26371cc894f]::sanity_client::client_test::check_client::{closure#0}>
[INFO] [stdout]   15:     0x605df053bf4e - <tokio[a6edf72c6a2e1da6]::runtime::Runtime>::block_on::<sanity_rs_client[4f70c26371cc894f]::sanity_client::client_test::check_client::{closure#0}>
[INFO] [stdout]   16:     0x605df0539e73 - sanity_rs_client[4f70c26371cc894f]::sanity_client::client_test::check_client
[INFO] [stdout]   17:     0x605df053aee9 - <sanity_rs_client[4f70c26371cc894f]::sanity_client::client_test::check_client::{closure#0} as core[df12db4294e9bfd3]::ops::function::FnOnce<()>>::call_once
[INFO] [stdout]   18:     0x605df054207b - test[9d35eded1c95d3be]::__rust_begin_short_backtrace::<core[df12db4294e9bfd3]::result::Result<(), alloc[2182bb758b4b3781]::string::String>, fn() -> core[df12db4294e9bfd3]::result::Result<(), alloc[2182bb758b4b3781]::string::String>>
[INFO] [stdout]   19:     0x605df054f6e5 - test[9d35eded1c95d3be]::run_test::{closure#0}
[INFO] [stdout]   20:     0x605df0548fa4 - std[70759c8f55707aa4]::sys::backtrace::__rust_begin_short_backtrace::<test[9d35eded1c95d3be]::run_test::{closure#1}, ()>
[INFO] [stdout]   21:     0x605df0552842 - <std[70759c8f55707aa4]::thread::lifecycle::spawn_unchecked<test[9d35eded1c95d3be]::run_test::{closure#1}, ()>::{closure#1} as core[df12db4294e9bfd3]::ops::function::FnOnce<()>>::call_once::{shim:vtable#0}
[INFO] [stdout]   22:     0x605df0712819 - <std[70759c8f55707aa4]::sys::thread::unix::Thread>::new::thread_start
[INFO] [stdout]   23:     0x788fc4006dfa - <unknown>
[INFO] [stdout]   24:     0x788fc409a3d4 - clone
[INFO] [stdout]   25:                0x0 - <unknown>
[INFO] [stdout] 
[INFO] [stdout] 
[INFO] [stdout] failures:
[INFO] [stdout]     sanity_client::client_test::check_client
[INFO] [stdout] 
[INFO] [stdout] test result: FAILED. 1 passed; 1 failed; 2 ignored; 0 measured; 0 filtered out; finished in 0.10s
[INFO] [stdout] 
[INFO] [stderr] error: test failed, to rerun pass `--lib`
[INFO] running `Command { std: "docker" "inspect" "b9d62e76d30e17c79e4c43daaec9ccc7d3783f40c66c156f127a2ca47d2a5f1e", kill_on_drop: false }`
[INFO] running `Command { std: "docker" "rm" "-f" "b9d62e76d30e17c79e4c43daaec9ccc7d3783f40c66c156f127a2ca47d2a5f1e", kill_on_drop: false }`
[INFO] [stdout] b9d62e76d30e17c79e4c43daaec9ccc7d3783f40c66c156f127a2ca47d2a5f1e
