[INFO] fetching crate sandlock-cli 0.9.0...
[INFO] testing sandlock-cli-0.9.0 against 1.99.0-beta.8+cargoflags=--release for beta-release-1.100-2
[INFO] extracting crate sandlock-cli 0.9.0 into /workspace/builds/worker-4-tc1/source
[INFO] started tweaking crates.io crate sandlock-cli 0.9.0
[INFO] removed 0 missing tests
[INFO] finished tweaking crates.io crate sandlock-cli 0.9.0
[INFO] tweaked toml for crates.io crate sandlock-cli 0.9.0 written to /workspace/builds/worker-4-tc1/source/Cargo.toml
[INFO] validating manifest of crates.io crate sandlock-cli 0.9.0 on toolchain 1.99.0-beta.8
[INFO] running `Command { std: CARGO_HOME="/workspace/cargo-home" RUSTUP_HOME="/workspace/rustup-home" "/workspace/cargo-home/bin/cargo" "+1.99.0-beta.8" "metadata" "--manifest-path" "Cargo.toml" "--no-deps", kill_on_drop: false }`
[INFO] crate crates.io crate sandlock-cli 0.9.0 already has a lockfile, it will not be regenerated
[INFO] running `Command { std: CARGO_HOME="/workspace/cargo-home" RUSTUP_HOME="/workspace/rustup-home" "/workspace/cargo-home/bin/cargo" "+1.99.0-beta.8" "fetch" "--manifest-path" "Cargo.toml", kill_on_drop: false }`
[INFO] [stderr]     Updating crates.io index
[INFO] [stderr]  Downloading crates ...
[INFO] [stderr]   Downloaded twox-hash v2.1.4
[INFO] [stderr]   Downloaded fastrand v2.4.0
[INFO] [stderr]   Downloaded syscalls v0.8.1
[INFO] [stderr]   Downloaded scroll_derive v0.12.1
[INFO] [stderr]   Downloaded bollard v0.21.0
[INFO] [stderr]   Downloaded goblin v0.9.3
[INFO] [stderr]   Downloaded sandlock-core v0.9.0
[INFO] running `Command { std: "docker" "create" "-v" "/var/lib/crater-agent-workspace/builds/worker-4-tc1/source:/opt/rustwide/workdir:ro,Z" "-v" "/var/lib/crater-agent-workspace/builds/worker-4-tc1/target:/opt/rustwide/target:rw,Z" "-v" "/var/lib/crater-agent-workspace/cargo-home:/opt/rustwide/cargo-home:ro,Z" "-v" "/var/lib/crater-agent-workspace/rustup-home:/opt/rustwide/rustup-home:ro,Z" "-m" "1610612736" "--network" "none" "ghcr.io/rust-lang/crates-build-env/linux@sha256:77db811e55d90add9212f6832c23229e3de5f1c1f9905e8cb07319ea15df73ac" "sleep" "infinity", kill_on_drop: false }`
[INFO] [stdout] c422b6bd69ca3ec8654c0650a7ebdd47e0d8c7ecb3f6359f37d5afce1d982fac
[INFO] running `Command { std: "docker" "start" "c422b6bd69ca3ec8654c0650a7ebdd47e0d8c7ecb3f6359f37d5afce1d982fac", kill_on_drop: false }`
[INFO] running `Command { std: "docker" "inspect" "c422b6bd69ca3ec8654c0650a7ebdd47e0d8c7ecb3f6359f37d5afce1d982fac", kill_on_drop: false }`
[INFO] running `Command { std: "docker" "exec" "-e" "SOURCE_DIR=/opt/rustwide/workdir" "-e" "CARGO_HOME=/opt/rustwide/cargo-home" "-e" "RUSTUP_HOME=/opt/rustwide/rustup-home" "-e" "CARGO_TARGET_DIR=/opt/rustwide/target" "-w" "/opt/rustwide/workdir" "--user" "0:0" "c422b6bd69ca3ec8654c0650a7ebdd47e0d8c7ecb3f6359f37d5afce1d982fac" "/opt/rustwide/cargo-home/bin/cargo" "+1.99.0-beta.8" "metadata" "--no-deps" "--format-version=1", kill_on_drop: false }`
[INFO] running `Command { std: "docker" "inspect" "c422b6bd69ca3ec8654c0650a7ebdd47e0d8c7ecb3f6359f37d5afce1d982fac", kill_on_drop: false }`
[INFO] running `Command { std: "docker" "exec" "-e" "SOURCE_DIR=/opt/rustwide/workdir" "-e" "CARGO_HOME=/opt/rustwide/cargo-home" "-e" "RUSTUP_HOME=/opt/rustwide/rustup-home" "-e" "CARGO_TARGET_DIR=/opt/rustwide/target" "-e" "CARGO_INCREMENTAL=0" "-e" "RUST_BACKTRACE=full" "-e" "RUSTFLAGS=--cap-lints=warn" "-e" "RUSTDOCFLAGS=--cap-lints=warn" "-w" "/opt/rustwide/workdir" "--user" "0:0" "c422b6bd69ca3ec8654c0650a7ebdd47e0d8c7ecb3f6359f37d5afce1d982fac" "/opt/rustwide/cargo-home/bin/cargo" "+1.99.0-beta.8" "build" "--frozen" "--message-format=json" "--release", kill_on_drop: false }`
[INFO] [stderr]    Compiling syn v2.0.117
[INFO] [stderr]    Compiling libc v0.2.184
[INFO] [stderr]    Compiling cc v1.2.59
[INFO] [stderr]    Compiling num-traits v0.2.19
[INFO] [stderr]    Compiling num-conv v0.2.1
[INFO] [stderr]    Compiling nom v7.1.3
[INFO] [stderr]    Compiling futures-channel v0.3.32
[INFO] [stderr]    Compiling rustix v1.1.4
[INFO] [stderr]    Compiling rustls v0.23.44
[INFO] [stderr]    Compiling oid-registry v0.7.1
[INFO] [stderr]    Compiling form_urlencoded v1.2.2
[INFO] [stderr]    Compiling crc32fast v1.5.2
[INFO] [stderr]    Compiling indexmap v2.13.1
[INFO] [stderr]    Compiling nix v0.29.0
[INFO] [stderr]    Compiling serde_json v1.0.149
[INFO] [stderr]    Compiling data-encoding v2.10.0
[INFO] [stderr]    Compiling syscalls v0.8.1
[INFO] [stderr]    Compiling time-macros v0.2.27
[INFO] [stderr]    Compiling rustls-native-certs v0.8.4
[INFO] [stderr]    Compiling plain v0.2.3
[INFO] [stderr]    Compiling twox-hash v2.1.4
[INFO] [stderr]    Compiling sandlock-core v0.9.0
[INFO] [stderr]    Compiling ruzstd v0.9.0
[INFO] [stderr]    Compiling flate2 v1.1.10
[INFO] [stderr]    Compiling pathdiff v0.2.3
[INFO] [stderr]    Compiling jiff v0.2.23
[INFO] [stderr]    Compiling time v0.3.47
[INFO] [stderr]    Compiling ring v0.17.14
[INFO] [stderr]    Compiling num-integer v0.1.46
[INFO] [stderr]    Compiling num-bigint v0.4.6
[INFO] [stderr]    Compiling getrandom v0.2.17
[INFO] [stderr]    Compiling mio v1.2.0
[INFO] [stderr]    Compiling socket2 v0.6.3
[INFO] [stderr]    Compiling getrandom v0.4.2
[INFO] [stderr]    Compiling filetime v0.2.29
[INFO] [stderr]    Compiling rand_core v0.6.4
[INFO] [stderr]    Compiling uuid v1.23.0
[INFO] [stderr]    Compiling rand_chacha v0.3.1
[INFO] [stderr]    Compiling xattr v1.6.1
[INFO] [stderr]    Compiling rusticata-macros v4.1.0
[INFO] [stderr]    Compiling tar v0.4.46
[INFO] [stderr]    Compiling rand v0.8.5
[INFO] [stderr]    Compiling yasna v0.5.2
[INFO] [stderr]    Compiling synstructure v0.13.2
[INFO] [stderr]    Compiling displaydoc v0.2.5
[INFO] [stderr]    Compiling zerofrom-derive v0.1.7
[INFO] [stderr]    Compiling yoke-derive v0.8.2
[INFO] [stderr]    Compiling zerovec-derive v0.11.3
[INFO] [stderr]    Compiling serde_derive v1.0.228
[INFO] [stderr]    Compiling tokio-macros v2.7.0
[INFO] [stderr]    Compiling thiserror-impl v1.0.69
[INFO] [stderr]    Compiling futures-macro v0.3.32
[INFO] [stderr]    Compiling asn1-rs-impl v0.2.0
[INFO] [stderr]    Compiling asn1-rs-derive v0.5.1
[INFO] [stderr]    Compiling scroll_derive v0.12.1
[INFO] [stderr]    Compiling serde_repr v0.1.20
[INFO] [stderr]    Compiling thiserror-impl v2.0.18
[INFO] [stderr]    Compiling clap_derive v4.6.0
[INFO] [stderr]    Compiling tokio v1.51.0
[INFO] [stderr]    Compiling scroll v0.12.0
[INFO] [stderr]    Compiling futures-util v0.3.32
[INFO] [stderr]    Compiling thiserror v2.0.18
[INFO] [stderr]    Compiling thiserror v1.0.69
[INFO] [stderr]    Compiling zerofrom v0.1.7
[INFO] [stderr]    Compiling asn1-rs v0.6.2
[INFO] [stderr]    Compiling yoke v0.8.2
[INFO] [stderr]    Compiling goblin v0.9.3
[INFO] [stderr]    Compiling zerovec v0.11.6
[INFO] [stderr]    Compiling zerotrie v0.2.4
[INFO] [stderr]    Compiling tinystr v0.8.3
[INFO] [stderr]    Compiling potential_utf v0.1.5
[INFO] [stderr]    Compiling icu_collections v2.2.0
[INFO] [stderr]    Compiling icu_locale_core v2.2.0
[INFO] [stderr]    Compiling clap v4.6.0
[INFO] [stderr]    Compiling icu_provider v2.2.0
[INFO] [stderr]    Compiling icu_normalizer v2.2.0
[INFO] [stderr]    Compiling icu_properties v2.2.0
[INFO] [stderr]    Compiling der-parser v9.0.0
[INFO] [stderr]    Compiling serde v1.0.228
[INFO] [stderr]    Compiling idna_adapter v1.2.1
[INFO] [stderr]    Compiling serde_spanned v0.6.9
[INFO] [stderr]    Compiling toml_datetime v0.6.11
[INFO] [stderr]    Compiling serde_urlencoded v0.7.1
[INFO] [stderr]    Compiling bollard-stubs v1.53.1-rc.29.3.1
[INFO] [stderr]    Compiling bincode v1.3.3
[INFO] [stderr]    Compiling idna v1.1.0
[INFO] [stderr]    Compiling toml_edit v0.22.27
[INFO] [stderr]    Compiling url v2.5.8
[INFO] [stderr]    Compiling hyper v1.9.0
[INFO] [stderr]    Compiling tokio-util v0.7.18
[INFO] [stderr]    Compiling rustls-webpki v0.103.15
[INFO] [stderr]    Compiling x509-parser v0.16.0
[INFO] [stderr]    Compiling toml v0.8.23
[INFO] [stderr]    Compiling rcgen v0.13.2
[INFO] [stderr]    Compiling hyper-util v0.1.20
[INFO] [stderr]    Compiling hyperlocal v0.9.1
[INFO] [stderr]    Compiling tokio-rustls v0.26.5
[INFO] [stderr]    Compiling hyper-rustls v0.27.9
[INFO] [stderr]    Compiling bollard v0.21.0
[INFO] [stderr]    Compiling sandlock-cli v0.9.0 (/opt/rustwide/workdir)
[INFO] [stderr]     Finished `release` profile [optimized] target(s) in 3m 03s
[INFO] running `Command { std: "docker" "inspect" "c422b6bd69ca3ec8654c0650a7ebdd47e0d8c7ecb3f6359f37d5afce1d982fac", kill_on_drop: false }`
[INFO] running `Command { std: "docker" "exec" "-e" "SOURCE_DIR=/opt/rustwide/workdir" "-e" "CARGO_HOME=/opt/rustwide/cargo-home" "-e" "RUSTUP_HOME=/opt/rustwide/rustup-home" "-e" "CARGO_TARGET_DIR=/opt/rustwide/target" "-e" "CARGO_INCREMENTAL=0" "-e" "RUST_BACKTRACE=full" "-e" "RUSTFLAGS=--cap-lints=warn" "-e" "RUSTDOCFLAGS=--cap-lints=warn" "-w" "/opt/rustwide/workdir" "--user" "0:0" "c422b6bd69ca3ec8654c0650a7ebdd47e0d8c7ecb3f6359f37d5afce1d982fac" "/opt/rustwide/cargo-home/bin/cargo" "+1.99.0-beta.8" "test" "--frozen" "--no-run" "--message-format=json" "--release", kill_on_drop: false }`
[INFO] [stderr]    Compiling xattr v1.6.1
[INFO] [stderr]    Compiling fastrand v2.4.0
[INFO] [stderr]    Compiling tempfile v3.27.0
[INFO] [stderr]    Compiling tar v0.4.46
[INFO] [stderr]    Compiling sandlock-core v0.9.0
[INFO] [stderr]    Compiling sandlock-cli v0.9.0 (/opt/rustwide/workdir)
[INFO] [stderr]     Finished `release` profile [optimized] target(s) in 1m 01s
[INFO] running `Command { std: "docker" "inspect" "c422b6bd69ca3ec8654c0650a7ebdd47e0d8c7ecb3f6359f37d5afce1d982fac", kill_on_drop: false }`
[INFO] running `Command { std: "docker" "exec" "-e" "SOURCE_DIR=/opt/rustwide/workdir" "-e" "CARGO_HOME=/opt/rustwide/cargo-home" "-e" "RUSTUP_HOME=/opt/rustwide/rustup-home" "-e" "CARGO_TARGET_DIR=/opt/rustwide/target" "-e" "CARGO_INCREMENTAL=0" "-e" "RUST_BACKTRACE=full" "-e" "RUSTFLAGS=--cap-lints=warn" "-e" "RUSTDOCFLAGS=--cap-lints=warn" "-w" "/opt/rustwide/workdir" "--user" "0:0" "c422b6bd69ca3ec8654c0650a7ebdd47e0d8c7ecb3f6359f37d5afce1d982fac" "/opt/rustwide/cargo-home/bin/cargo" "+1.99.0-beta.8" "test" "--frozen" "--release", kill_on_drop: false }`
[INFO] [stderr]     Finished `release` profile [optimized] target(s) in 0.21s
[INFO] [stderr]      Running unittests src/main.rs (/opt/rustwide/target/release/deps/sandlock-2e5b61879b1a86ae)
[INFO] [stdout] 
[INFO] [stdout] running 6 tests
[INFO] [stdout] test render_tests::render_allow_any_ip_all_ports_schemeless_pair ... ok
[INFO] [stdout] test learn::tests::controlling_terminal_is_granted_and_pts_folds_to_its_directory ... ok
[INFO] [stdout] test render_tests::render_allow_host_ports ... ok
[INFO] [stdout] test render_tests::render_roundtrips_through_parse ... ok
[INFO] [stdout] test render_tests::render_allow_drops_redundant_all_ports_star ... ok
[INFO] [stderr]      Running tests/cli_test.rs (/opt/rustwide/target/release/deps/cli_test-e0d79bff7993ee3d)
[INFO] [stdout] test render_tests::render_cidr_and_ipv6_round_trip ... ok
[INFO] [stdout] 
[INFO] [stdout] test result: ok. 6 passed; 0 failed; 0 ignored; 0 measured; 0 filtered out; finished in 0.00s
[INFO] [stdout] 
[INFO] [stdout] 
[INFO] [stdout] running 32 tests
[INFO] [stdout] test test_cpu_cores_flag_accepted ... ok
[INFO] [stdout] test test_check_command ... ok
[INFO] [stdout] test test_kill_nonexistent_sandbox ... ok
[INFO] [stdout] test test_no_args_shows_help ... ok
[INFO] [stdout] test test_help_shows_ps_and_inspect ... ok
[INFO] [stdout] test test_no_supervisor_rejects_fs_deny ... ok
[INFO] [stdout] test test_no_supervisor_rejects_incompatible_flags ... ok
[INFO] [stdout] test test_no_supervisor_rejects_net_deny ... ok
[INFO] [stdout] test test_profile_list_empty ... ok
[INFO] [stdout] test test_inspect_nonexistent_sandbox ... ok
[INFO] [stdout] test test_no_supervisor_echo ... ok
[INFO] [stdout] test test_no_supervisor_exit_code ... ok
[INFO] [stdout] test test_run_denied_path ... ok
[INFO] [stdout] test test_no_supervisor_blocks_denied_path ... ok
[INFO] [stdout] test test_status_fd_flag_accepted ... ok
[INFO] [stdout] test test_no_supervisor_writable_path ... ok
[INFO] [stdout] test test_run_exit_code ... FAILED
[INFO] [stdout] test test_run_hostname_virtualized ... FAILED
[INFO] [stdout] test test_no_supervisor_nested_sandbox ... FAILED
[INFO] [stdout] test test_run_echo ... FAILED
[INFO] [stdout] test test_uid_mapping_fakes_root ... FAILED
[INFO] [stdout] test test_time_start_fakes_year ... FAILED
[INFO] [stdout] test test_uid_mapping_arbitrary_uid ... FAILED
[INFO] [stdout] test test_cow_commit_runs_on_cli_exit ... FAILED
[INFO] [stdout] test test_dry_run_reports_changes_and_writes_nothing ... FAILED
[INFO] [stdout] test test_net_allow_and_net_deny_combine ... FAILED
[INFO] [stdout] test test_ps_no_sandboxes ... ok
[INFO] [stdout] test test_inspect_returns_json_policy ... FAILED
[INFO] [stdout] test test_run_denial_hint_on_nonzero_exit ... FAILED
[INFO] [stdout] test test_inspect_toml_flag_produces_toml ... FAILED
[INFO] [stdout] test test_ps_lists_running_sandbox ... FAILED
[INFO] [stdout] test test_kill_stops_sandbox ... FAILED
[INFO] [stdout] 
[INFO] [stdout] failures:
[INFO] [stdout] 
[INFO] [stdout] ---- test_run_exit_code stdout ----
[INFO] [stdout] 
[INFO] [stdout] thread 'test_run_exit_code' (2867) panicked at tests/cli_test.rs:58:5:
[INFO] [stdout] assertion `left == right` failed
[INFO] [stdout]   left: Some(1)
[INFO] [stdout]  right: Some(42)
[INFO] [stdout] stack backtrace:
[INFO] [stdout]    0:     0x609dc00744b1 - <<std[70759c8f55707aa4]::sys::backtrace::BacktraceLock>::print::DisplayBacktrace as core[df12db4294e9bfd3]::fmt::Display>::fmt
[INFO] [stdout]    1:     0x609dc0088f0a - core[df12db4294e9bfd3]::fmt::write
[INFO] [stdout]    2:     0x609dc0078e0c - <alloc[2182bb758b4b3781]::vec::Vec<u8> as core[df12db4294e9bfd3]::io::write::Write>::write_fmt
[INFO] [stdout]    3:     0x609dc004ecc6 - std[70759c8f55707aa4]::panicking::default_hook::{closure#0}
[INFO] [stdout]    4:     0x609dc006c009 - std[70759c8f55707aa4]::panicking::default_hook
[INFO] [stdout]    5:     0x609dc0006b80 - test[9d35eded1c95d3be]::test_main_inner::<test[9d35eded1c95d3be]::test_main_static::{closure#0}>::{closure#0}
[INFO] [stdout]    6:     0x609dc006c1c2 - std[70759c8f55707aa4]::panicking::panic_with_hook
[INFO] [stdout]    7:     0x609dc004ed72 - std[70759c8f55707aa4]::panicking::panic_handler::{closure#0}
[INFO] [stdout]    8:     0x609dc0047849 - std[70759c8f55707aa4]::sys::backtrace::__rust_end_short_backtrace::<std[70759c8f55707aa4]::panicking::panic_handler::{closure#0}, !>
[INFO] [stdout]    9:     0x609dc004f96d - __rustc[8fa7c3cbc660c2b3]::rust_begin_unwind
[INFO] [stdout]   10:     0x609dc008963c - core[df12db4294e9bfd3]::panicking::panic_fmt
[INFO] [stdout]   11:     0x609dc0089553 - core[df12db4294e9bfd3]::panicking::assert_failed_inner
[INFO] [stdout]   12:     0x609dbfff6e39 - core[df12db4294e9bfd3]::panicking::assert_failed::<core[df12db4294e9bfd3]::option::Option<i32>, core[df12db4294e9bfd3]::option::Option<i32>>
[INFO] [stdout]   13:     0x609dbfff098c - <cli_test[2f4bdff5668855cb]::test_run_exit_code::{closure#0} as core[df12db4294e9bfd3]::ops::function::FnOnce<()>>::call_once
[INFO] [stdout]   14:     0x609dbfff9e6b - test[9d35eded1c95d3be]::__rust_begin_short_backtrace::<core[df12db4294e9bfd3]::result::Result<(), alloc[2182bb758b4b3781]::string::String>, fn() -> core[df12db4294e9bfd3]::result::Result<(), alloc[2182bb758b4b3781]::string::String>>
[INFO] [stdout]   15:     0x609dc00074d5 - test[9d35eded1c95d3be]::run_test::{closure#0}
[INFO] [stdout]   16:     0x609dc0000d94 - std[70759c8f55707aa4]::sys::backtrace::__rust_begin_short_backtrace::<test[9d35eded1c95d3be]::run_test::{closure#1}, ()>
[INFO] [stdout]   17:     0x609dc000a632 - <std[70759c8f55707aa4]::thread::lifecycle::spawn_unchecked<test[9d35eded1c95d3be]::run_test::{closure#1}, ()>::{closure#1} as core[df12db4294e9bfd3]::ops::function::FnOnce<()>>::call_once::{shim:vtable#0}
[INFO] [stdout]   18:     0x609dc0073a19 - <std[70759c8f55707aa4]::sys::thread::unix::Thread>::new::thread_start
[INFO] [stdout]   19:     0x748347f56dfa - <unknown>
[INFO] [stdout]   20:     0x748347fea3d4 - clone
[INFO] [stdout]   21:                0x0 - <unknown>
[INFO] [stdout] 
[INFO] [stdout] ---- test_run_hostname_virtualized stdout ----
[INFO] [stdout] 
[INFO] [stdout] thread 'test_run_hostname_virtualized' (2875) panicked at tests/cli_test.rs:79:5:
[INFO] [stdout] virtualized /etc/hostname should be readable: stderr=Error: process error: child process error: pidfd_getfd: Operation not permitted (os error 1)
[INFO] [stdout] 
[INFO] [stdout] Caused by:
[INFO] [stdout]     child process error: pidfd_getfd: Operation not permitted (os error 1)
[INFO] [stdout] 
[INFO] [stdout] Stack backtrace:
[INFO] [stdout]    0: <anyhow::Error as core::convert::From<sandlock_core::error::SandlockError>>::from
[INFO] [stdout]    1: sandlock::run_command::{closure#0}
[INFO] [stdout]    2: <tokio::runtime::park::CachedParkThread>::block_on::<sandlock::main::{closure#0}>
[INFO] [stdout]    3: tokio::runtime::context::runtime::enter_runtime::<<tokio::runtime::scheduler::multi_thread::MultiThread>::block_on<sandlock::main::{closure#0}>::{closure#0}, core::result::Result<(), anyhow::Error>>
[INFO] [stdout]    4: <tokio::runtime::runtime::Runtime>::block_on::<sandlock::main::{closure#0}>
[INFO] [stdout]    5: sandlock::main
[INFO] [stdout]    6: std::sys::backtrace::__rust_begin_short_backtrace::<fn() -> core::result::Result<(), anyhow::Error>, core::result::Result<(), anyhow::Error>>
[INFO] [stdout]    7: std::rt::lang_start::<core::result::Result<(), anyhow::Error>>::{closure#0}
[INFO] [stdout]    8: std::rt::lang_start_internal
[INFO] [stdout]    9: main
[INFO] [stdout]   10: <unknown>
[INFO] [stdout]   11: __libc_start_main
[INFO] [stdout]   12: _start
[INFO] [stdout] 
[INFO] [stdout] stack backtrace:
[INFO] [stdout]    0:     0x609dc00744b1 - <<std[70759c8f55707aa4]::sys::backtrace::BacktraceLock>::print::DisplayBacktrace as core[df12db4294e9bfd3]::fmt::Display>::fmt
[INFO] [stdout]    1:     0x609dc0088f0a - core[df12db4294e9bfd3]::fmt::write
[INFO] [stdout]    2:     0x609dc0078e0c - <alloc[2182bb758b4b3781]::vec::Vec<u8> as core[df12db4294e9bfd3]::io::write::Write>::write_fmt
[INFO] [stdout]    3:     0x609dc004ecc6 - std[70759c8f55707aa4]::panicking::default_hook::{closure#0}
[INFO] [stdout]    4:     0x609dc006c009 - std[70759c8f55707aa4]::panicking::default_hook
[INFO] [stdout]    5:     0x609dc0006b80 - test[9d35eded1c95d3be]::test_main_inner::<test[9d35eded1c95d3be]::test_main_static::{closure#0}>::{closure#0}
[INFO] [stdout]    6:     0x609dc006c1c2 - std[70759c8f55707aa4]::panicking::panic_with_hook
[INFO] [stdout]    7:     0x609dc004ed72 - std[70759c8f55707aa4]::panicking::panic_handler::{closure#0}
[INFO] [stdout]    8:     0x609dc0047849 - std[70759c8f55707aa4]::sys::backtrace::__rust_end_short_backtrace::<std[70759c8f55707aa4]::panicking::panic_handler::{closure#0}, !>
[INFO] [stdout]    9:     0x609dc004f96d - __rustc[8fa7c3cbc660c2b3]::rust_begin_unwind
[INFO] [stdout]   10:     0x609dc008963c - core[df12db4294e9bfd3]::panicking::panic_fmt
[INFO] [stdout]   11:     0x609dbfff2be8 - <cli_test[2f4bdff5668855cb]::test_run_hostname_virtualized::{closure#0} as core[df12db4294e9bfd3]::ops::function::FnOnce<()>>::call_once
[INFO] [stdout]   12:     0x609dbfff9e6b - test[9d35eded1c95d3be]::__rust_begin_short_backtrace::<core[df12db4294e9bfd3]::result::Result<(), alloc[2182bb758b4b3781]::string::String>, fn() -> core[df12db4294e9bfd3]::result::Result<(), alloc[2182bb758b4b3781]::string::String>>
[INFO] [stdout]   13:     0x609dc00074d5 - test[9d35eded1c95d3be]::run_test::{closure#0}
[INFO] [stdout]   14:     0x609dc0000d94 - std[70759c8f55707aa4]::sys::backtrace::__rust_begin_short_backtrace::<test[9d35eded1c95d3be]::run_test::{closure#1}, ()>
[INFO] [stdout]   15:     0x609dc000a632 - <std[70759c8f55707aa4]::thread::lifecycle::spawn_unchecked<test[9d35eded1c95d3be]::run_test::{closure#1}, ()>::{closure#1} as core[df12db4294e9bfd3]::ops::function::FnOnce<()>>::call_once::{shim:vtable#0}
[INFO] [stdout]   16:     0x609dc0073a19 - <std[70759c8f55707aa4]::sys::thread::unix::Thread>::new::thread_start
[INFO] [stdout]   17:     0x748347f56dfa - <unknown>
[INFO] [stdout]   18:     0x748347fea3d4 - clone
[INFO] [stdout]   19:                0x0 - <unknown>
[INFO] [stdout] 
[INFO] [stdout] ---- test_no_supervisor_nested_sandbox stdout ----
[INFO] [stdout] 
[INFO] [stdout] thread 'test_no_supervisor_nested_sandbox' (2761) panicked at tests/cli_test.rs:257:5:
[INFO] [stdout] Exit status: ExitStatus(unix_wait_status(256)), stderr: sandlock: control socket setup failed for 'sandbox-2781-1': Operation not permitted (os error 1) (introspection unavailable for this sandbox)
[INFO] [stdout] Error: process error: child process error: pidfd_getfd: Operation not permitted (os error 1)
[INFO] [stdout] 
[INFO] [stdout] Caused by:
[INFO] [stdout]     child process error: pidfd_getfd: Operation not permitted (os error 1)
[INFO] [stdout] 
[INFO] [stdout] Stack backtrace:
[INFO] [stdout]    0: <anyhow::Error as core::convert::From<sandlock_core::error::SandlockError>>::from
[INFO] [stdout]    1: sandlock::run_command::{closure#0}
[INFO] [stdout]    2: <tokio::runtime::park::CachedParkThread>::block_on::<sandlock::main::{closure#0}>
[INFO] [stdout]    3: tokio::runtime::context::runtime::enter_runtime::<<tokio::runtime::scheduler::multi_thread::MultiThread>::block_on<sandlock::main::{closure#0}>::{closure#0}, core::result::Result<(), anyhow::Error>>
[INFO] [stdout]    4: <tokio::runtime::runtime::Runtime>::block_on::<sandlock::main::{closure#0}>
[INFO] [stdout]    5: sandlock::main
[INFO] [stdout]    6: std::sys::backtrace::__rust_begin_short_backtrace::<fn() -> core::result::Result<(), anyhow::Error>, core::result::Result<(), anyhow::Error>>
[INFO] [stdout]    7: std::rt::lang_start::<core::result::Result<(), anyhow::Error>>::{closure#0}
[INFO] [stdout]    8: std::rt::lang_start_internal
[INFO] [stdout]    9: main
[INFO] [stdout]   10: <unknown>
[INFO] [stdout]   11: __libc_start_main
[INFO] [stdout]   12: _start
[INFO] [stdout] 
[INFO] [stdout] stack backtrace:
[INFO] [stdout]    0:     0x609dc00744b1 - <<std[70759c8f55707aa4]::sys::backtrace::BacktraceLock>::print::DisplayBacktrace as core[df12db4294e9bfd3]::fmt::Display>::fmt
[INFO] [stdout]    1:     0x609dc0088f0a - core[df12db4294e9bfd3]::fmt::write
[INFO] [stdout]    2:     0x609dc0078e0c - <alloc[2182bb758b4b3781]::vec::Vec<u8> as core[df12db4294e9bfd3]::io::write::Write>::write_fmt
[INFO] [stdout]    3:     0x609dc004ecc6 - std[70759c8f55707aa4]::panicking::default_hook::{closure#0}
[INFO] [stdout]    4:     0x609dc006c009 - std[70759c8f55707aa4]::panicking::default_hook
[INFO] [stdout]    5:     0x609dc0006b80 - test[9d35eded1c95d3be]::test_main_inner::<test[9d35eded1c95d3be]::test_main_static::{closure#0}>::{closure#0}
[INFO] [stdout]    6:     0x609dc006c1c2 - std[70759c8f55707aa4]::panicking::panic_with_hook
[INFO] [stdout]    7:     0x609dc004ed72 - std[70759c8f55707aa4]::panicking::panic_handler::{closure#0}
[INFO] [stdout]    8:     0x609dc0047849 - std[70759c8f55707aa4]::sys::backtrace::__rust_end_short_backtrace::<std[70759c8f55707aa4]::panicking::panic_handler::{closure#0}, !>
[INFO] [stdout]    9:     0x609dc004f96d - __rustc[8fa7c3cbc660c2b3]::rust_begin_unwind
[INFO] [stdout]   10:     0x609dc008963c - core[df12db4294e9bfd3]::panicking::panic_fmt
[INFO] [stdout]   11:     0x609dbfff4841 - <cli_test[2f4bdff5668855cb]::test_no_supervisor_nested_sandbox::{closure#0} as core[df12db4294e9bfd3]::ops::function::FnOnce<()>>::call_once
[INFO] [stdout]   12:     0x609dbfff9e6b - test[9d35eded1c95d3be]::__rust_begin_short_backtrace::<core[df12db4294e9bfd3]::result::Result<(), alloc[2182bb758b4b3781]::string::String>, fn() -> core[df12db4294e9bfd3]::result::Result<(), alloc[2182bb758b4b3781]::string::String>>
[INFO] [stdout]   13:     0x609dc00074d5 - test[9d35eded1c95d3be]::run_test::{closure#0}
[INFO] [stdout]   14:     0x609dc0000d94 - std[70759c8f55707aa4]::sys::backtrace::__rust_begin_short_backtrace::<test[9d35eded1c95d3be]::run_test::{closure#1}, ()>
[INFO] [stdout]   15:     0x609dc000a632 - <std[70759c8f55707aa4]::thread::lifecycle::spawn_unchecked<test[9d35eded1c95d3be]::run_test::{closure#1}, ()>::{closure#1} as core[df12db4294e9bfd3]::ops::function::FnOnce<()>>::call_once::{shim:vtable#0}
[INFO] [stdout]   16:     0x609dc0073a19 - <std[70759c8f55707aa4]::sys::thread::unix::Thread>::new::thread_start
[INFO] [stdout]   17:     0x748347f56dfa - <unknown>
[INFO] [stdout]   18:     0x748347fea3d4 - clone
[INFO] [stdout]   19:                0x0 - <unknown>
[INFO] [stdout] 
[INFO] [stdout] ---- test_run_echo stdout ----
[INFO] [stdout] 
[INFO] [stdout] thread 'test_run_echo' (2861) panicked at tests/cli_test.rs:47:5:
[INFO] [stdout] Exit status: ExitStatus(unix_wait_status(256)), stderr: Error: process error: child process error: pidfd_getfd: Operation not permitted (os error 1)
[INFO] [stdout] 
[INFO] [stdout] Caused by:
[INFO] [stdout]     child process error: pidfd_getfd: Operation not permitted (os error 1)
[INFO] [stdout] 
[INFO] [stdout] Stack backtrace:
[INFO] [stdout]    0: <anyhow::Error as core::convert::From<sandlock_core::error::SandlockError>>::from
[INFO] [stdout]    1: sandlock::run_command::{closure#0}
[INFO] [stdout]    2: <tokio::runtime::park::CachedParkThread>::block_on::<sandlock::main::{closure#0}>
[INFO] [stdout]    3: tokio::runtime::context::runtime::enter_runtime::<<tokio::runtime::scheduler::multi_thread::MultiThread>::block_on<sandlock::main::{closure#0}>::{closure#0}, core::result::Result<(), anyhow::Error>>
[INFO] [stdout]    4: <tokio::runtime::runtime::Runtime>::block_on::<sandlock::main::{closure#0}>
[INFO] [stdout]    5: sandlock::main
[INFO] [stdout]    6: std::sys::backtrace::__rust_begin_short_backtrace::<fn() -> core::result::Result<(), anyhow::Error>, core::result::Result<(), anyhow::Error>>
[INFO] [stdout]    7: std::rt::lang_start::<core::result::Result<(), anyhow::Error>>::{closure#0}
[INFO] [stdout]    8: std::rt::lang_start_internal
[INFO] [stdout]    9: main
[INFO] [stdout]   10: <unknown>
[INFO] [stdout]   11: __libc_start_main
[INFO] [stdout]   12: _start
[INFO] [stdout] 
[INFO] [stdout] stack backtrace:
[INFO] [stdout]    0:     0x609dc00744b1 - <<std[70759c8f55707aa4]::sys::backtrace::BacktraceLock>::print::DisplayBacktrace as core[df12db4294e9bfd3]::fmt::Display>::fmt
[INFO] [stdout]    1:     0x609dc0088f0a - core[df12db4294e9bfd3]::fmt::write
[INFO] [stdout]    2:     0x609dc0078e0c - <alloc[2182bb758b4b3781]::vec::Vec<u8> as core[df12db4294e9bfd3]::io::write::Write>::write_fmt
[INFO] [stdout]    3:     0x609dc004ecc6 - std[70759c8f55707aa4]::panicking::default_hook::{closure#0}
[INFO] [stdout]    4:     0x609dc006c009 - std[70759c8f55707aa4]::panicking::default_hook
[INFO] [stdout]    5:     0x609dc0006b80 - test[9d35eded1c95d3be]::test_main_inner::<test[9d35eded1c95d3be]::test_main_static::{closure#0}>::{closure#0}
[INFO] [stdout]    6:     0x609dc006c1c2 - std[70759c8f55707aa4]::panicking::panic_with_hook
[INFO] [stdout]    7:     0x609dc004ed72 - std[70759c8f55707aa4]::panicking::panic_handler::{closure#0}
[INFO] [stdout]    8:     0x609dc0047849 - std[70759c8f55707aa4]::sys::backtrace::__rust_end_short_backtrace::<std[70759c8f55707aa4]::panicking::panic_handler::{closure#0}, !>
[INFO] [stdout]    9:     0x609dc004f96d - __rustc[8fa7c3cbc660c2b3]::rust_begin_unwind
[INFO] [stdout]   10:     0x609dc008963c - core[df12db4294e9bfd3]::panicking::panic_fmt
[INFO] [stdout]   11:     0x609dbfff05c1 - <cli_test[2f4bdff5668855cb]::test_run_echo::{closure#0} as core[df12db4294e9bfd3]::ops::function::FnOnce<()>>::call_once
[INFO] [stdout]   12:     0x609dbfff9e6b - test[9d35eded1c95d3be]::__rust_begin_short_backtrace::<core[df12db4294e9bfd3]::result::Result<(), alloc[2182bb758b4b3781]::string::String>, fn() -> core[df12db4294e9bfd3]::result::Result<(), alloc[2182bb758b4b3781]::string::String>>
[INFO] [stdout]   13:     0x609dc00074d5 - test[9d35eded1c95d3be]::run_test::{closure#0}
[INFO] [stdout]   14:     0x609dc0000d94 - std[70759c8f55707aa4]::sys::backtrace::__rust_begin_short_backtrace::<test[9d35eded1c95d3be]::run_test::{closure#1}, ()>
[INFO] [stdout]   15:     0x609dc000a632 - <std[70759c8f55707aa4]::thread::lifecycle::spawn_unchecked<test[9d35eded1c95d3be]::run_test::{closure#1}, ()>::{closure#1} as core[df12db4294e9bfd3]::ops::function::FnOnce<()>>::call_once::{shim:vtable#0}
[INFO] [stdout]   16:     0x609dc0073a19 - <std[70759c8f55707aa4]::sys::thread::unix::Thread>::new::thread_start
[INFO] [stdout]   17:     0x748347f56dfa - <unknown>
[INFO] [stdout]   18:     0x748347fea3d4 - clone
[INFO] [stdout]   19:                0x0 - <unknown>
[INFO] [stdout] 
[INFO] [stdout] ---- test_uid_mapping_fakes_root stdout ----
[INFO] [stdout] 
[INFO] [stdout] thread 'test_uid_mapping_fakes_root' (2903) panicked at tests/cli_test.rs:332:5:
[INFO] [stdout] sandlock --user 0:0 failed: stderr=Error: process error: child process error: pidfd_getfd: Operation not permitted (os error 1)
[INFO] [stdout] 
[INFO] [stdout] Caused by:
[INFO] [stdout]     child process error: pidfd_getfd: Operation not permitted (os error 1)
[INFO] [stdout] 
[INFO] [stdout] Stack backtrace:
[INFO] [stdout]    0: <anyhow::Error as core::convert::From<sandlock_core::error::SandlockError>>::from
[INFO] [stdout]    1: sandlock::run_command::{closure#0}
[INFO] [stdout]    2: <tokio::runtime::park::CachedParkThread>::block_on::<sandlock::main::{closure#0}>
[INFO] [stdout]    3: tokio::runtime::context::runtime::enter_runtime::<<tokio::runtime::scheduler::multi_thread::MultiThread>::block_on<sandlock::main::{closure#0}>::{closure#0}, core::result::Result<(), anyhow::Error>>
[INFO] [stdout]    4: <tokio::runtime::runtime::Runtime>::block_on::<sandlock::main::{closure#0}>
[INFO] [stdout]    5: sandlock::main
[INFO] [stdout]    6: std::sys::backtrace::__rust_begin_short_backtrace::<fn() -> core::result::Result<(), anyhow::Error>, core::result::Result<(), anyhow::Error>>
[INFO] [stdout]    7: std::rt::lang_start::<core::result::Result<(), anyhow::Error>>::{closure#0}
[INFO] [stdout]    8: std::rt::lang_start_internal
[INFO] [stdout]    9: main
[INFO] [stdout]   10: <unknown>
[INFO] [stdout]   11: __libc_start_main
[INFO] [stdout]   12: _start
[INFO] [stdout] 
[INFO] [stdout] stack backtrace:
[INFO] [stdout]    0:     0x609dc00744b1 - <<std[70759c8f55707aa4]::sys::backtrace::BacktraceLock>::print::DisplayBacktrace as core[df12db4294e9bfd3]::fmt::Display>::fmt
[INFO] [stdout]    1:     0x609dc0088f0a - core[df12db4294e9bfd3]::fmt::write
[INFO] [stdout]    2:     0x609dc0078e0c - <alloc[2182bb758b4b3781]::vec::Vec<u8> as core[df12db4294e9bfd3]::io::write::Write>::write_fmt
[INFO] [stdout]    3:     0x609dc004ecc6 - std[70759c8f55707aa4]::panicking::default_hook::{closure#0}
[INFO] [stdout]    4:     0x609dc006c009 - std[70759c8f55707aa4]::panicking::default_hook
[INFO] [stdout]    5:     0x609dc0006b80 - test[9d35eded1c95d3be]::test_main_inner::<test[9d35eded1c95d3be]::test_main_static::{closure#0}>::{closure#0}
[INFO] [stdout]    6:     0x609dc006c1c2 - std[70759c8f55707aa4]::panicking::panic_with_hook
[INFO] [stdout]    7:     0x609dc004ed72 - std[70759c8f55707aa4]::panicking::panic_handler::{closure#0}
[INFO] [stdout]    8:     0x609dc0047849 - std[70759c8f55707aa4]::sys::backtrace::__rust_end_short_backtrace::<std[70759c8f55707aa4]::panicking::panic_handler::{closure#0}, !>
[INFO] [stdout]    9:     0x609dc004f96d - __rustc[8fa7c3cbc660c2b3]::rust_begin_unwind
[INFO] [stdout]   10:     0x609dc008963c - core[df12db4294e9bfd3]::panicking::panic_fmt
[INFO] [stdout]   11:     0x609dbfff1d1a - <cli_test[2f4bdff5668855cb]::test_uid_mapping_fakes_root::{closure#0} as core[df12db4294e9bfd3]::ops::function::FnOnce<()>>::call_once
[INFO] [stdout]   12:     0x609dbfff9e6b - test[9d35eded1c95d3be]::__rust_begin_short_backtrace::<core[df12db4294e9bfd3]::result::Result<(), alloc[2182bb758b4b3781]::string::String>, fn() -> core[df12db4294e9bfd3]::result::Result<(), alloc[2182bb758b4b3781]::string::String>>
[INFO] [stdout]   13:     0x609dc00074d5 - test[9d35eded1c95d3be]::run_test::{closure#0}
[INFO] [stdout]   14:     0x609dc0000d94 - std[70759c8f55707aa4]::sys::backtrace::__rust_begin_short_backtrace::<test[9d35eded1c95d3be]::run_test::{closure#1}, ()>
[INFO] [stdout]   15:     0x609dc000a632 - <std[70759c8f55707aa4]::thread::lifecycle::spawn_unchecked<test[9d35eded1c95d3be]::run_test::{closure#1}, ()>::{closure#1} as core[df12db4294e9bfd3]::ops::function::FnOnce<()>>::call_once::{shim:vtable#0}
[INFO] [stdout]   16:     0x609dc0073a19 - <std[70759c8f55707aa4]::sys::thread::unix::Thread>::new::thread_start
[INFO] [stdout]   17:     0x748347f56dfa - <unknown>
[INFO] [stdout]   18:     0x748347fea3d4 - clone
[INFO] [stdout]   19:                0x0 - <unknown>
[INFO] [stdout] 
[INFO] [stdout] ---- test_time_start_fakes_year stdout ----
[INFO] [stdout] 
[INFO] [stdout] thread 'test_time_start_fakes_year' (2893) panicked at tests/cli_test.rs:143:5:
[INFO] [stdout] sandlock exited with failure: Error: process error: child process error: pidfd_getfd: Operation not permitted (os error 1)
[INFO] [stdout] 
[INFO] [stdout] Caused by:
[INFO] [stdout]     child process error: pidfd_getfd: Operation not permitted (os error 1)
[INFO] [stdout] 
[INFO] [stdout] Stack backtrace:
[INFO] [stdout]    0: <anyhow::Error as core::convert::From<sandlock_core::error::SandlockError>>::from
[INFO] [stdout]    1: sandlock::run_command::{closure#0}
[INFO] [stdout]    2: <tokio::runtime::park::CachedParkThread>::block_on::<sandlock::main::{closure#0}>
[INFO] [stdout]    3: tokio::runtime::context::runtime::enter_runtime::<<tokio::runtime::scheduler::multi_thread::MultiThread>::block_on<sandlock::main::{closure#0}>::{closure#0}, core::result::Result<(), anyhow::Error>>
[INFO] [stdout]    4: <tokio::runtime::runtime::Runtime>::block_on::<sandlock::main::{closure#0}>
[INFO] [stdout]    5: sandlock::main
[INFO] [stdout]    6: std::sys::backtrace::__rust_begin_short_backtrace::<fn() -> core::result::Result<(), anyhow::Error>, core::result::Result<(), anyhow::Error>>
[INFO] [stdout]    7: std::rt::lang_start::<core::result::Result<(), anyhow::Error>>::{closure#0}
[INFO] [stdout]    8: std::rt::lang_start_internal
[INFO] [stdout]    9: main
[INFO] [stdout]   10: <unknown>
[INFO] [stdout]   11: __libc_start_main
[INFO] [stdout]   12: _start
[INFO] [stdout] 
[INFO] [stdout] stack backtrace:
[INFO] [stdout]    0:     0x609dc00744b1 - <<std[70759c8f55707aa4]::sys::backtrace::BacktraceLock>::print::DisplayBacktrace as core[df12db4294e9bfd3]::fmt::Display>::fmt
[INFO] [stdout]    1:     0x609dc0088f0a - core[df12db4294e9bfd3]::fmt::write
[INFO] [stdout]    2:     0x609dc0078e0c - <alloc[2182bb758b4b3781]::vec::Vec<u8> as core[df12db4294e9bfd3]::io::write::Write>::write_fmt
[INFO] [stdout]    3:     0x609dc004ecc6 - std[70759c8f55707aa4]::panicking::default_hook::{closure#0}
[INFO] [stdout]    4:     0x609dc006c009 - std[70759c8f55707aa4]::panicking::default_hook
[INFO] [stdout]    5:     0x609dc0006b80 - test[9d35eded1c95d3be]::test_main_inner::<test[9d35eded1c95d3be]::test_main_static::{closure#0}>::{closure#0}
[INFO] [stdout]    6:     0x609dc006c1c2 - std[70759c8f55707aa4]::panicking::panic_with_hook
[INFO] [stdout]    7:     0x609dc004ed72 - std[70759c8f55707aa4]::panicking::panic_handler::{closure#0}
[INFO] [stdout]    8:     0x609dc0047849 - std[70759c8f55707aa4]::sys::backtrace::__rust_end_short_backtrace::<std[70759c8f55707aa4]::panicking::panic_handler::{closure#0}, !>
[INFO] [stdout]    9:     0x609dc004f96d - __rustc[8fa7c3cbc660c2b3]::rust_begin_unwind
[INFO] [stdout]   10:     0x609dc008963c - core[df12db4294e9bfd3]::panicking::panic_fmt
[INFO] [stdout]   11:     0x609dbfff1a4e - <cli_test[2f4bdff5668855cb]::test_time_start_fakes_year::{closure#0} as core[df12db4294e9bfd3]::ops::function::FnOnce<()>>::call_once
[INFO] [stdout]   12:     0x609dbfff9e6b - test[9d35eded1c95d3be]::__rust_begin_short_backtrace::<core[df12db4294e9bfd3]::result::Result<(), alloc[2182bb758b4b3781]::string::String>, fn() -> core[df12db4294e9bfd3]::result::Result<(), alloc[2182bb758b4b3781]::string::String>>
[INFO] [stdout]   13:     0x609dc00074d5 - test[9d35eded1c95d3be]::run_test::{closure#0}
[INFO] [stdout]   14:     0x609dc0000d94 - std[70759c8f55707aa4]::sys::backtrace::__rust_begin_short_backtrace::<test[9d35eded1c95d3be]::run_test::{closure#1}, ()>
[INFO] [stdout]   15:     0x609dc000a632 - <std[70759c8f55707aa4]::thread::lifecycle::spawn_unchecked<test[9d35eded1c95d3be]::run_test::{closure#1}, ()>::{closure#1} as core[df12db4294e9bfd3]::ops::function::FnOnce<()>>::call_once::{shim:vtable#0}
[INFO] [stdout]   16:     0x609dc0073a19 - <std[70759c8f55707aa4]::sys::thread::unix::Thread>::new::thread_start
[INFO] [stdout]   17:     0x748347f56dfa - <unknown>
[INFO] [stdout]   18:     0x748347fea3d4 - clone
[INFO] [stdout]   19:                0x0 - <unknown>
[INFO] [stdout] 
[INFO] [stdout] ---- test_uid_mapping_arbitrary_uid stdout ----
[INFO] [stdout] 
[INFO] [stdout] thread 'test_uid_mapping_arbitrary_uid' (2895) panicked at tests/cli_test.rs:357:5:
[INFO] [stdout] sandlock --user 1234:1234 failed: stderr=sandlock child: unshare(CLONE_NEWUSER): Operation not permitted (os error 1)
[INFO] [stdout] Error: process error: child process error: read notif fd from child: pipe closed before 4 bytes read
[INFO] [stdout] 
[INFO] [stdout] Caused by:
[INFO] [stdout]     child process error: read notif fd from child: pipe closed before 4 bytes read
[INFO] [stdout] 
[INFO] [stdout] Stack backtrace:
[INFO] [stdout]    0: <anyhow::Error as core::convert::From<sandlock_core::error::SandlockError>>::from
[INFO] [stdout]    1: sandlock::run_command::{closure#0}
[INFO] [stdout]    2: <tokio::runtime::park::CachedParkThread>::block_on::<sandlock::main::{closure#0}>
[INFO] [stdout]    3: tokio::runtime::context::runtime::enter_runtime::<<tokio::runtime::scheduler::multi_thread::MultiThread>::block_on<sandlock::main::{closure#0}>::{closure#0}, core::result::Result<(), anyhow::Error>>
[INFO] [stdout]    4: <tokio::runtime::runtime::Runtime>::block_on::<sandlock::main::{closure#0}>
[INFO] [stdout]    5: sandlock::main
[INFO] [stdout]    6: std::sys::backtrace::__rust_begin_short_backtrace::<fn() -> core::result::Result<(), anyhow::Error>, core::result::Result<(), anyhow::Error>>
[INFO] [stdout]    7: std::rt::lang_start::<core::result::Result<(), anyhow::Error>>::{closure#0}
[INFO] [stdout]    8: std::rt::lang_start_internal
[INFO] [stdout]    9: main
[INFO] [stdout]   10: <unknown>
[INFO] [stdout]   11: __libc_start_main
[INFO] [stdout]   12: _start
[INFO] [stdout] 
[INFO] [stdout] stack backtrace:
[INFO] [stdout]    0:     0x609dc00744b1 - <<std[70759c8f55707aa4]::sys::backtrace::BacktraceLock>::print::DisplayBacktrace as core[df12db4294e9bfd3]::fmt::Display>::fmt
[INFO] [stdout]    1:     0x609dc0088f0a - core[df12db4294e9bfd3]::fmt::write
[INFO] [stdout]    2:     0x609dc0078e0c - <alloc[2182bb758b4b3781]::vec::Vec<u8> as core[df12db4294e9bfd3]::io::write::Write>::write_fmt
[INFO] [stdout]    3:     0x609dc004ecc6 - std[70759c8f55707aa4]::panicking::default_hook::{closure#0}
[INFO] [stdout]    4:     0x609dc006c009 - std[70759c8f55707aa4]::panicking::default_hook
[INFO] [stdout]    5:     0x609dc0006b80 - test[9d35eded1c95d3be]::test_main_inner::<test[9d35eded1c95d3be]::test_main_static::{closure#0}>::{closure#0}
[INFO] [stdout]    6:     0x609dc006c1c2 - std[70759c8f55707aa4]::panicking::panic_with_hook
[INFO] [stdout]    7:     0x609dc004ed72 - std[70759c8f55707aa4]::panicking::panic_handler::{closure#0}
[INFO] [stdout]    8:     0x609dc0047849 - std[70759c8f55707aa4]::sys::backtrace::__rust_end_short_backtrace::<std[70759c8f55707aa4]::panicking::panic_handler::{closure#0}, !>
[INFO] [stdout]    9:     0x609dc004f96d - __rustc[8fa7c3cbc660c2b3]::rust_begin_unwind
[INFO] [stdout]   10:     0x609dc008963c - core[df12db4294e9bfd3]::panicking::panic_fmt
[INFO] [stdout]   11:     0x609dbfff30b9 - <cli_test[2f4bdff5668855cb]::test_uid_mapping_arbitrary_uid::{closure#0} as core[df12db4294e9bfd3]::ops::function::FnOnce<()>>::call_once
[INFO] [stdout]   12:     0x609dbfff9e6b - test[9d35eded1c95d3be]::__rust_begin_short_backtrace::<core[df12db4294e9bfd3]::result::Result<(), alloc[2182bb758b4b3781]::string::String>, fn() -> core[df12db4294e9bfd3]::result::Result<(), alloc[2182bb758b4b3781]::string::String>>
[INFO] [stdout]   13:     0x609dc00074d5 - test[9d35eded1c95d3be]::run_test::{closure#0}
[INFO] [stdout]   14:     0x609dc0000d94 - std[70759c8f55707aa4]::sys::backtrace::__rust_begin_short_backtrace::<test[9d35eded1c95d3be]::run_test::{closure#1}, ()>
[INFO] [stdout]   15:     0x609dc000a632 - <std[70759c8f55707aa4]::thread::lifecycle::spawn_unchecked<test[9d35eded1c95d3be]::run_test::{closure#1}, ()>::{closure#1} as core[df12db4294e9bfd3]::ops::function::FnOnce<()>>::call_once::{shim:vtable#0}
[INFO] [stdout]   16:     0x609dc0073a19 - <std[70759c8f55707aa4]::sys::thread::unix::Thread>::new::thread_start
[INFO] [stdout]   17:     0x748347f56dfa - <unknown>
[INFO] [stdout]   18:     0x748347fea3d4 - clone
[INFO] [stdout]   19:                0x0 - <unknown>
[INFO] [stdout] 
[INFO] [stdout] ---- test_cow_commit_runs_on_cli_exit stdout ----
[INFO] [stdout] 
[INFO] [stdout] thread 'test_cow_commit_runs_on_cli_exit' (2747) panicked at tests/cli_test.rs:298:5:
[INFO] [stdout] sandlock exit=Some(1), stderr: Error: process error: child process error: pidfd_getfd: Operation not permitted (os error 1)
[INFO] [stdout] 
[INFO] [stdout] Caused by:
[INFO] [stdout]     child process error: pidfd_getfd: Operation not permitted (os error 1)
[INFO] [stdout] 
[INFO] [stdout] Stack backtrace:
[INFO] [stdout]    0: <anyhow::Error as core::convert::From<sandlock_core::error::SandlockError>>::from
[INFO] [stdout]    1: sandlock::run_command::{closure#0}
[INFO] [stdout]    2: <tokio::runtime::park::CachedParkThread>::block_on::<sandlock::main::{closure#0}>
[INFO] [stdout]    3: tokio::runtime::context::runtime::enter_runtime::<<tokio::runtime::scheduler::multi_thread::MultiThread>::block_on<sandlock::main::{closure#0}>::{closure#0}, core::result::Result<(), anyhow::Error>>
[INFO] [stdout]    4: <tokio::runtime::runtime::Runtime>::block_on::<sandlock::main::{closure#0}>
[INFO] [stdout]    5: sandlock::main
[INFO] [stdout]    6: std::sys::backtrace::__rust_begin_short_backtrace::<fn() -> core::result::Result<(), anyhow::Error>, core::result::Result<(), anyhow::Error>>
[INFO] [stdout]    7: std::rt::lang_start::<core::result::Result<(), anyhow::Error>>::{closure#0}
[INFO] [stdout]    8: std::rt::lang_start_internal
[INFO] [stdout]    9: main
[INFO] [stdout]   10: <unknown>
[INFO] [stdout]   11: __libc_start_main
[INFO] [stdout]   12: _start
[INFO] [stdout] 
[INFO] [stdout] stack backtrace:
[INFO] [stdout]    0:     0x609dc00744b1 - <<std[70759c8f55707aa4]::sys::backtrace::BacktraceLock>::print::DisplayBacktrace as core[df12db4294e9bfd3]::fmt::Display>::fmt
[INFO] [stdout]    1:     0x609dc0088f0a - core[df12db4294e9bfd3]::fmt::write
[INFO] [stdout]    2:     0x609dc0078e0c - <alloc[2182bb758b4b3781]::vec::Vec<u8> as core[df12db4294e9bfd3]::io::write::Write>::write_fmt
[INFO] [stdout]    3:     0x609dc004ecc6 - std[70759c8f55707aa4]::panicking::default_hook::{closure#0}
[INFO] [stdout]    4:     0x609dc006c009 - std[70759c8f55707aa4]::panicking::default_hook
[INFO] [stdout]    5:     0x609dc0006b80 - test[9d35eded1c95d3be]::test_main_inner::<test[9d35eded1c95d3be]::test_main_static::{closure#0}>::{closure#0}
[INFO] [stdout]    6:     0x609dc006c1c2 - std[70759c8f55707aa4]::panicking::panic_with_hook
[INFO] [stdout]    7:     0x609dc004ed72 - std[70759c8f55707aa4]::panicking::panic_handler::{closure#0}
[INFO] [stdout]    8:     0x609dc0047849 - std[70759c8f55707aa4]::sys::backtrace::__rust_end_short_backtrace::<std[70759c8f55707aa4]::panicking::panic_handler::{closure#0}, !>
[INFO] [stdout]    9:     0x609dc004f96d - __rustc[8fa7c3cbc660c2b3]::rust_begin_unwind
[INFO] [stdout]   10:     0x609dc008963c - core[df12db4294e9bfd3]::panicking::panic_fmt
[INFO] [stdout]   11:     0x609dbfff37e8 - <cli_test[2f4bdff5668855cb]::test_cow_commit_runs_on_cli_exit::{closure#0} as core[df12db4294e9bfd3]::ops::function::FnOnce<()>>::call_once
[INFO] [stdout]   12:     0x609dbfff9e6b - test[9d35eded1c95d3be]::__rust_begin_short_backtrace::<core[df12db4294e9bfd3]::result::Result<(), alloc[2182bb758b4b3781]::string::String>, fn() -> core[df12db4294e9bfd3]::result::Result<(), alloc[2182bb758b4b3781]::string::String>>
[INFO] [stdout]   13:     0x609dc00074d5 - test[9d35eded1c95d3be]::run_test::{closure#0}
[INFO] [stdout]   14:     0x609dc0000d94 - std[70759c8f55707aa4]::sys::backtrace::__rust_begin_short_backtrace::<test[9d35eded1c95d3be]::run_test::{closure#1}, ()>
[INFO] [stdout]   15:     0x609dc000a632 - <std[70759c8f55707aa4]::thread::lifecycle::spawn_unchecked<test[9d35eded1c95d3be]::run_test::{closure#1}, ()>::{closure#1} as core[df12db4294e9bfd3]::ops::function::FnOnce<()>>::call_once::{shim:vtable#0}
[INFO] [stdout]   16:     0x609dc0073a19 - <std[70759c8f55707aa4]::sys::thread::unix::Thread>::new::thread_start
[INFO] [stdout]   17:     0x748347f56dfa - <unknown>
[INFO] [stdout]   18:     0x748347fea3d4 - clone
[INFO] [stdout]   19:                0x0 - <unknown>
[INFO] [stdout] 
[INFO] [stdout] ---- test_dry_run_reports_changes_and_writes_nothing stdout ----
[INFO] [stdout] 
[INFO] [stdout] thread 'test_dry_run_reports_changes_and_writes_nothing' (2749) panicked at tests/cli_test.rs:720:5:
[INFO] [stdout] sandlock exit=Some(1), stderr: Error: process error: child process error: pidfd_getfd: Operation not permitted (os error 1)
[INFO] [stdout] 
[INFO] [stdout] Caused by:
[INFO] [stdout]     child process error: pidfd_getfd: Operation not permitted (os error 1)
[INFO] [stdout] 
[INFO] [stdout] Stack backtrace:
[INFO] [stdout]    0: <anyhow::Error as core::convert::From<sandlock_core::error::SandlockError>>::from
[INFO] [stdout]    1: sandlock::run_command::{closure#0}
[INFO] [stdout]    2: <tokio::runtime::park::CachedParkThread>::block_on::<sandlock::main::{closure#0}>
[INFO] [stdout]    3: tokio::runtime::context::runtime::enter_runtime::<<tokio::runtime::scheduler::multi_thread::MultiThread>::block_on<sandlock::main::{closure#0}>::{closure#0}, core::result::Result<(), anyhow::Error>>
[INFO] [stdout]    4: <tokio::runtime::runtime::Runtime>::block_on::<sandlock::main::{closure#0}>
[INFO] [stdout]    5: sandlock::main
[INFO] [stdout]    6: std::sys::backtrace::__rust_begin_short_backtrace::<fn() -> core::result::Result<(), anyhow::Error>, core::result::Result<(), anyhow::Error>>
[INFO] [stdout]    7: std::rt::lang_start::<core::result::Result<(), anyhow::Error>>::{closure#0}
[INFO] [stdout]    8: std::rt::lang_start_internal
[INFO] [stdout]    9: main
[INFO] [stdout]   10: <unknown>
[INFO] [stdout]   11: __libc_start_main
[INFO] [stdout]   12: _start
[INFO] [stdout] 
[INFO] [stdout] stack backtrace:
[INFO] [stdout]    0:     0x609dc00744b1 - <<std[70759c8f55707aa4]::sys::backtrace::BacktraceLock>::print::DisplayBacktrace as core[df12db4294e9bfd3]::fmt::Display>::fmt
[INFO] [stdout]    1:     0x609dc0088f0a - core[df12db4294e9bfd3]::fmt::write
[INFO] [stdout]    2:     0x609dc0078e0c - <alloc[2182bb758b4b3781]::vec::Vec<u8> as core[df12db4294e9bfd3]::io::write::Write>::write_fmt
[INFO] [stdout]    3:     0x609dc004ecc6 - std[70759c8f55707aa4]::panicking::default_hook::{closure#0}
[INFO] [stdout]    4:     0x609dc006c009 - std[70759c8f55707aa4]::panicking::default_hook
[INFO] [stdout]    5:     0x609dc0006b80 - test[9d35eded1c95d3be]::test_main_inner::<test[9d35eded1c95d3be]::test_main_static::{closure#0}>::{closure#0}
[INFO] [stdout]    6:     0x609dc006c1c2 - std[70759c8f55707aa4]::panicking::panic_with_hook
[INFO] [stdout]    7:     0x609dc004ed72 - std[70759c8f55707aa4]::panicking::panic_handler::{closure#0}
[INFO] [stdout]    8:     0x609dc0047849 - std[70759c8f55707aa4]::sys::backtrace::__rust_end_short_backtrace::<std[70759c8f55707aa4]::panicking::panic_handler::{closure#0}, !>
[INFO] [stdout]    9:     0x609dc004f96d - __rustc[8fa7c3cbc660c2b3]::rust_begin_unwind
[INFO] [stdout]   10:     0x609dc008963c - core[df12db4294e9bfd3]::panicking::panic_fmt
[INFO] [stdout]   11:     0x609dbfff673c - <cli_test[2f4bdff5668855cb]::test_dry_run_reports_changes_and_writes_nothing::{closure#0} as core[df12db4294e9bfd3]::ops::function::FnOnce<()>>::call_once
[INFO] [stdout]   12:     0x609dbfff9e6b - test[9d35eded1c95d3be]::__rust_begin_short_backtrace::<core[df12db4294e9bfd3]::result::Result<(), alloc[2182bb758b4b3781]::string::String>, fn() -> core[df12db4294e9bfd3]::result::Result<(), alloc[2182bb758b4b3781]::string::String>>
[INFO] [stdout]   13:     0x609dc00074d5 - test[9d35eded1c95d3be]::run_test::{closure#0}
[INFO] [stdout]   14:     0x609dc0000d94 - std[70759c8f55707aa4]::sys::backtrace::__rust_begin_short_backtrace::<test[9d35eded1c95d3be]::run_test::{closure#1}, ()>
[INFO] [stdout]   15:     0x609dc000a632 - <std[70759c8f55707aa4]::thread::lifecycle::spawn_unchecked<test[9d35eded1c95d3be]::run_test::{closure#1}, ()>::{closure#1} as core[df12db4294e9bfd3]::ops::function::FnOnce<()>>::call_once::{shim:vtable#0}
[INFO] [stdout]   16:     0x609dc0073a19 - <std[70759c8f55707aa4]::sys::thread::unix::Thread>::new::thread_start
[INFO] [stdout]   17:     0x748347f56dfa - <unknown>
[INFO] [stdout]   18:     0x748347fea3d4 - clone
[INFO] [stdout]   19:                0x0 - <unknown>
[INFO] [stdout] 
[INFO] [stdout] ---- test_net_allow_and_net_deny_combine stdout ----
[INFO] [stdout] 
[INFO] [stdout] thread 'test_net_allow_and_net_deny_combine' (2756) panicked at tests/cli_test.rs:210:5:
[INFO] [stdout] stderr: Error: process error: child process error: pidfd_getfd: Operation not permitted (os error 1)
[INFO] [stdout] 
[INFO] [stdout] Caused by:
[INFO] [stdout]     child process error: pidfd_getfd: Operation not permitted (os error 1)
[INFO] [stdout] 
[INFO] [stdout] Stack backtrace:
[INFO] [stdout]    0: <anyhow::Error as core::convert::From<sandlock_core::error::SandlockError>>::from
[INFO] [stdout]    1: sandlock::run_command::{closure#0}
[INFO] [stdout]    2: <tokio::runtime::park::CachedParkThread>::block_on::<sandlock::main::{closure#0}>
[INFO] [stdout]    3: tokio::runtime::context::runtime::enter_runtime::<<tokio::runtime::scheduler::multi_thread::MultiThread>::block_on<sandlock::main::{closure#0}>::{closure#0}, core::result::Result<(), anyhow::Error>>
[INFO] [stdout]    4: <tokio::runtime::runtime::Runtime>::block_on::<sandlock::main::{closure#0}>
[INFO] [stdout]    5: sandlock::main
[INFO] [stdout]    6: std::sys::backtrace::__rust_begin_short_backtrace::<fn() -> core::result::Result<(), anyhow::Error>, core::result::Result<(), anyhow::Error>>
[INFO] [stdout]    7: std::rt::lang_start::<core::result::Result<(), anyhow::Error>>::{closure#0}
[INFO] [stdout]    8: std::rt::lang_start_internal
[INFO] [stdout]    9: main
[INFO] [stdout]   10: <unknown>
[INFO] [stdout]   11: __libc_start_main
[INFO] [stdout]   12: _start
[INFO] [stdout] 
[INFO] [stdout] stack backtrace:
[INFO] [stdout]    0:     0x609dc00744b1 - <<std[70759c8f55707aa4]::sys::backtrace::BacktraceLock>::print::DisplayBacktrace as core[df12db4294e9bfd3]::fmt::Display>::fmt
[INFO] [stdout]    1:     0x609dc0088f0a - core[df12db4294e9bfd3]::fmt::write
[INFO] [stdout]    2:     0x609dc0078e0c - <alloc[2182bb758b4b3781]::vec::Vec<u8> as core[df12db4294e9bfd3]::io::write::Write>::write_fmt
[INFO] [stdout]    3:     0x609dc004ecc6 - std[70759c8f55707aa4]::panicking::default_hook::{closure#0}
[INFO] [stdout]    4:     0x609dc006c009 - std[70759c8f55707aa4]::panicking::default_hook
[INFO] [stdout]    5:     0x609dc0006b80 - test[9d35eded1c95d3be]::test_main_inner::<test[9d35eded1c95d3be]::test_main_static::{closure#0}>::{closure#0}
[INFO] [stdout]    6:     0x609dc006c1c2 - std[70759c8f55707aa4]::panicking::panic_with_hook
[INFO] [stdout]    7:     0x609dc004ed72 - std[70759c8f55707aa4]::panicking::panic_handler::{closure#0}
[INFO] [stdout]    8:     0x609dc0047849 - std[70759c8f55707aa4]::sys::backtrace::__rust_end_short_backtrace::<std[70759c8f55707aa4]::panicking::panic_handler::{closure#0}, !>
[INFO] [stdout]    9:     0x609dc004f96d - __rustc[8fa7c3cbc660c2b3]::rust_begin_unwind
[INFO] [stdout]   10:     0x609dc008963c - core[df12db4294e9bfd3]::panicking::panic_fmt
[INFO] [stdout]   11:     0x609dbfff4d7c - <cli_test[2f4bdff5668855cb]::test_net_allow_and_net_deny_combine::{closure#0} as core[df12db4294e9bfd3]::ops::function::FnOnce<()>>::call_once
[INFO] [stdout]   12:     0x609dbfff9e6b - test[9d35eded1c95d3be]::__rust_begin_short_backtrace::<core[df12db4294e9bfd3]::result::Result<(), alloc[2182bb758b4b3781]::string::String>, fn() -> core[df12db4294e9bfd3]::result::Result<(), alloc[2182bb758b4b3781]::string::String>>
[INFO] [stdout]   13:     0x609dc00074d5 - test[9d35eded1c95d3be]::run_test::{closure#0}
[INFO] [stdout]   14:     0x609dc0000d94 - std[70759c8f55707aa4]::sys::backtrace::__rust_begin_short_backtrace::<test[9d35eded1c95d3be]::run_test::{closure#1}, ()>
[INFO] [stdout]   15:     0x609dc000a632 - <std[70759c8f55707aa4]::thread::lifecycle::spawn_unchecked<test[9d35eded1c95d3be]::run_test::{closure#1}, ()>::{closure#1} as core[df12db4294e9bfd3]::ops::function::FnOnce<()>>::call_once::{shim:vtable#0}
[INFO] [stdout]   16:     0x609dc0073a19 - <std[70759c8f55707aa4]::sys::thread::unix::Thread>::new::thread_start
[INFO] [stdout]   17:     0x748347f56dfa - <unknown>
[INFO] [stdout]   18:     0x748347fea3d4 - clone
[INFO] [stdout]   19:                0x0 - <unknown>
[INFO] [stdout] 
[INFO] [stdout] ---- test_inspect_returns_json_policy stdout ----
[INFO] [stdout] 
[INFO] [stdout] thread 'test_inspect_returns_json_policy' (2752) panicked at tests/cli_test.rs:562:13:
[INFO] [stdout] inspect should succeed: stderr=sandlock: inspect failed: no sandbox named 'test-config-cli-2745'
[INFO] [stdout] 
[INFO] [stdout] stack backtrace:
[INFO] [stdout]    0:     0x609dc00744b1 - <<std[70759c8f55707aa4]::sys::backtrace::BacktraceLock>::print::DisplayBacktrace as core[df12db4294e9bfd3]::fmt::Display>::fmt
[INFO] [stdout]    1:     0x609dc0088f0a - core[df12db4294e9bfd3]::fmt::write
[INFO] [stdout]    2:     0x609dc0078e0c - <alloc[2182bb758b4b3781]::vec::Vec<u8> as core[df12db4294e9bfd3]::io::write::Write>::write_fmt
[INFO] [stdout]    3:     0x609dc004ecc6 - std[70759c8f55707aa4]::panicking::default_hook::{closure#0}
[INFO] [stdout]    4:     0x609dc006c009 - std[70759c8f55707aa4]::panicking::default_hook
[INFO] [stdout]    5:     0x609dc0006b80 - test[9d35eded1c95d3be]::test_main_inner::<test[9d35eded1c95d3be]::test_main_static::{closure#0}>::{closure#0}
[INFO] [stdout]    6:     0x609dc006c1c2 - std[70759c8f55707aa4]::panicking::panic_with_hook
[INFO] [stdout]    7:     0x609dc004ed72 - std[70759c8f55707aa4]::panicking::panic_handler::{closure#0}
[INFO] [stdout]    8:     0x609dc0047849 - std[70759c8f55707aa4]::sys::backtrace::__rust_end_short_backtrace::<std[70759c8f55707aa4]::panicking::panic_handler::{closure#0}, !>
[INFO] [stdout]    9:     0x609dc004f96d - __rustc[8fa7c3cbc660c2b3]::rust_begin_unwind
[INFO] [stdout]   10:     0x609dc008963c - core[df12db4294e9bfd3]::panicking::panic_fmt
[INFO] [stdout]   11:     0x609dbfff3f48 - <cli_test[2f4bdff5668855cb]::test_inspect_returns_json_policy::{closure#0} as core[df12db4294e9bfd3]::ops::function::FnOnce<()>>::call_once
[INFO] [stdout]   12:     0x609dbfff9e6b - test[9d35eded1c95d3be]::__rust_begin_short_backtrace::<core[df12db4294e9bfd3]::result::Result<(), alloc[2182bb758b4b3781]::string::String>, fn() -> core[df12db4294e9bfd3]::result::Result<(), alloc[2182bb758b4b3781]::string::String>>
[INFO] [stdout]   13:     0x609dc00074d5 - test[9d35eded1c95d3be]::run_test::{closure#0}
[INFO] [stdout]   14:     0x609dc0000d94 - std[70759c8f55707aa4]::sys::backtrace::__rust_begin_short_backtrace::<test[9d35eded1c95d3be]::run_test::{closure#1}, ()>
[INFO] [stdout]   15:     0x609dc000a632 - <std[70759c8f55707aa4]::thread::lifecycle::spawn_unchecked<test[9d35eded1c95d3be]::run_test::{closure#1}, ()>::{closure#1} as core[df12db4294e9bfd3]::ops::function::FnOnce<()>>::call_once::{shim:vtable#0}
[INFO] [stdout]   16:     0x609dc0073a19 - <std[70759c8f55707aa4]::sys::thread::unix::Thread>::new::thread_start
[INFO] [stdout]   17:     0x748347f56dfa - <unknown>
[INFO] [stdout]   18:     0x748347fea3d4 - clone
[INFO] [stdout]   19:                0x0 - <unknown>
[INFO] [stdout] 
[INFO] [stdout] ---- test_run_denial_hint_on_nonzero_exit stdout ----
[INFO] [stdout] 
[INFO] [stdout] thread 'test_run_denial_hint_on_nonzero_exit' (2856) panicked at tests/cli_test.rs:381:5:
[INFO] [stdout] learn failed: sandlock learn: observing true ...
[INFO] [stdout] Error: sandbox error: process error: child process error: pidfd_getfd: Operation not permitted (os error 1)
[INFO] [stdout] 
[INFO] [stdout] Stack backtrace:
[INFO] [stdout]    0: <anyhow::Error>::msg::<alloc::string::String>
[INFO] [stdout]    1: anyhow::__private::format_err
[INFO] [stdout]    2: sandlock::learn::run::{closure#0}::{closure#3}
[INFO] [stdout]    3: sandlock::learn::run::{closure#0}
[INFO] [stdout]    4: <tokio::runtime::park::CachedParkThread>::block_on::<sandlock::main::{closure#0}>
[INFO] [stdout]    5: tokio::runtime::context::runtime::enter_runtime::<<tokio::runtime::scheduler::multi_thread::MultiThread>::block_on<sandlock::main::{closure#0}>::{closure#0}, core::result::Result<(), anyhow::Error>>
[INFO] [stdout]    6: <tokio::runtime::runtime::Runtime>::block_on::<sandlock::main::{closure#0}>
[INFO] [stdout]    7: sandlock::main
[INFO] [stdout]    8: std::sys::backtrace::__rust_begin_short_backtrace::<fn() -> core::result::Result<(), anyhow::Error>, core::result::Result<(), anyhow::Error>>
[INFO] [stdout]    9: std::rt::lang_start::<core::result::Result<(), anyhow::Error>>::{closure#0}
[INFO] [stdout]   10: std::rt::lang_start_internal
[INFO] [stdout]   11: main
[INFO] [stdout]   12: <unknown>
[INFO] [stdout]   13: __libc_start_main
[INFO] [stdout]   14: _start
[INFO] [stdout] 
[INFO] [stdout] stack backtrace:
[INFO] [stdout]    0:     0x609dc00744b1 - <<std[70759c8f55707aa4]::sys::backtrace::BacktraceLock>::print::DisplayBacktrace as core[df12db4294e9bfd3]::fmt::Display>::fmt
[INFO] [stdout]    1:     0x609dc0088f0a - core[df12db4294e9bfd3]::fmt::write
[INFO] [stdout]    2:     0x609dc0078e0c - <alloc[2182bb758b4b3781]::vec::Vec<u8> as core[df12db4294e9bfd3]::io::write::Write>::write_fmt
[INFO] [stdout]    3:     0x609dc004ecc6 - std[70759c8f55707aa4]::panicking::default_hook::{closure#0}
[INFO] [stdout]    4:     0x609dc006c009 - std[70759c8f55707aa4]::panicking::default_hook
[INFO] [stdout]    5:     0x609dc0006b80 - test[9d35eded1c95d3be]::test_main_inner::<test[9d35eded1c95d3be]::test_main_static::{closure#0}>::{closure#0}
[INFO] [stdout]    6:     0x609dc006c1c2 - std[70759c8f55707aa4]::panicking::panic_with_hook
[INFO] [stdout]    7:     0x609dc004ed72 - std[70759c8f55707aa4]::panicking::panic_handler::{closure#0}
[INFO] [stdout]    8:     0x609dc0047849 - std[70759c8f55707aa4]::sys::backtrace::__rust_end_short_backtrace::<std[70759c8f55707aa4]::panicking::panic_handler::{closure#0}, !>
[INFO] [stdout]    9:     0x609dc004f96d - __rustc[8fa7c3cbc660c2b3]::rust_begin_unwind
[INFO] [stdout]   10:     0x609dc008963c - core[df12db4294e9bfd3]::panicking::panic_fmt
[INFO] [stdout]   11:     0x609dbfff5b5e - <cli_test[2f4bdff5668855cb]::test_run_denial_hint_on_nonzero_exit::{closure#0} as core[df12db4294e9bfd3]::ops::function::FnOnce<()>>::call_once
[INFO] [stdout]   12:     0x609dbfff9e6b - test[9d35eded1c95d3be]::__rust_begin_short_backtrace::<core[df12db4294e9bfd3]::result::Result<(), alloc[2182bb758b4b3781]::string::String>, fn() -> core[df12db4294e9bfd3]::result::Result<(), alloc[2182bb758b4b3781]::string::String>>
[INFO] [stdout]   13:     0x609dc00074d5 - test[9d35eded1c95d3be]::run_test::{closure#0}
[INFO] [stdout]   14:     0x609dc0000d94 - std[70759c8f55707aa4]::sys::backtrace::__rust_begin_short_backtrace::<test[9d35eded1c95d3be]::run_test::{closure#1}, ()>
[INFO] [stdout]   15:     0x609dc000a632 - <std[70759c8f55707aa4]::thread::lifecycle::spawn_unchecked<test[9d35eded1c95d3be]::run_test::{closure#1}, ()>::{closure#1} as core[df12db4294e9bfd3]::ops::function::FnOnce<()>>::call_once::{shim:vtable#0}
[INFO] [stdout]   16:     0x609dc0073a19 - <std[70759c8f55707aa4]::sys::thread::unix::Thread>::new::thread_start
[INFO] [stdout]   17:     0x748347f56dfa - <unknown>
[INFO] [stdout]   18:     0x748347fea3d4 - clone
[INFO] [stdout]   19:                0x0 - <unknown>
[INFO] [stdout] 
[INFO] [stdout] ---- test_inspect_toml_flag_produces_toml stdout ----
[INFO] [stdout] 
[INFO] [stdout] thread 'test_inspect_toml_flag_produces_toml' (2753) panicked at tests/cli_test.rs:602:13:
[INFO] [stdout] inspect --toml should succeed: stderr=sandlock: inspect failed: no sandbox named 'test-config-toml-cli-2745'
[INFO] [stdout] 
[INFO] [stdout] stack backtrace:
[INFO] [stdout]    0:     0x609dc00744b1 - <<std[70759c8f55707aa4]::sys::backtrace::BacktraceLock>::print::DisplayBacktrace as core[df12db4294e9bfd3]::fmt::Display>::fmt
[INFO] [stdout]    1:     0x609dc0088f0a - core[df12db4294e9bfd3]::fmt::write
[INFO] [stdout]    2:     0x609dc0078e0c - <alloc[2182bb758b4b3781]::vec::Vec<u8> as core[df12db4294e9bfd3]::io::write::Write>::write_fmt
[INFO] [stdout]    3:     0x609dc004ecc6 - std[70759c8f55707aa4]::panicking::default_hook::{closure#0}
[INFO] [stdout]    4:     0x609dc006c009 - std[70759c8f55707aa4]::panicking::default_hook
[INFO] [stdout]    5:     0x609dc0006b80 - test[9d35eded1c95d3be]::test_main_inner::<test[9d35eded1c95d3be]::test_main_static::{closure#0}>::{closure#0}
[INFO] [stdout]    6:     0x609dc006c1c2 - std[70759c8f55707aa4]::panicking::panic_with_hook
[INFO] [stdout]    7:     0x609dc004ed72 - std[70759c8f55707aa4]::panicking::panic_handler::{closure#0}
[INFO] [stdout]    8:     0x609dc0047849 - std[70759c8f55707aa4]::sys::backtrace::__rust_end_short_backtrace::<std[70759c8f55707aa4]::panicking::panic_handler::{closure#0}, !>
[INFO] [stdout]    9:     0x609dc004f96d - __rustc[8fa7c3cbc660c2b3]::rust_begin_unwind
[INFO] [stdout]   10:     0x609dc008963c - core[df12db4294e9bfd3]::panicking::panic_fmt
[INFO] [stdout]   11:     0x609dbfff54c2 - <cli_test[2f4bdff5668855cb]::test_inspect_toml_flag_produces_toml::{closure#0} as core[df12db4294e9bfd3]::ops::function::FnOnce<()>>::call_once
[INFO] [stdout]   12:     0x609dbfff9e6b - test[9d35eded1c95d3be]::__rust_begin_short_backtrace::<core[df12db4294e9bfd3]::result::Result<(), alloc[2182bb758b4b3781]::string::String>, fn() -> core[df12db4294e9bfd3]::result::Result<(), alloc[2182bb758b4b3781]::string::String>>
[INFO] [stdout]   13:     0x609dc00074d5 - test[9d35eded1c95d3be]::run_test::{closure#0}
[INFO] [stdout]   14:     0x609dc0000d94 - std[70759c8f55707aa4]::sys::backtrace::__rust_begin_short_backtrace::<test[9d35eded1c95d3be]::run_test::{closure#1}, ()>
[INFO] [stdout]   15:     0x609dc000a632 - <std[70759c8f55707aa4]::thread::lifecycle::spawn_unchecked<test[9d35eded1c95d3be]::run_test::{closure#1}, ()>::{closure#1} as core[df12db4294e9bfd3]::ops::function::FnOnce<()>>::call_once::{shim:vtable#0}
[INFO] [stdout]   16:     0x609dc0073a19 - <std[70759c8f55707aa4]::sys::thread::unix::Thread>::new::thread_start
[INFO] [stdout]   17:     0x748347f56dfa - <unknown>
[INFO] [stdout]   18:     0x748347fea3d4 - clone
[INFO] [stdout]   19:                0x0 - <unknown>
[INFO] [stdout] 
[INFO] [stdout] ---- test_ps_lists_running_sandbox stdout ----
[INFO] [stdout] 
[INFO] [stdout] thread 'test_ps_lists_running_sandbox' (2853) panicked at tests/cli_test.rs:511:13:
[INFO] [stdout] ps output should contain sandbox name 'test-ps-cli-2745':
[INFO] [stdout] No running sandboxes.
[INFO] [stdout] 
[INFO] [stdout] stack backtrace:
[INFO] [stdout]    0:     0x609dc00744b1 - <<std[70759c8f55707aa4]::sys::backtrace::BacktraceLock>::print::DisplayBacktrace as core[df12db4294e9bfd3]::fmt::Display>::fmt
[INFO] [stdout]    1:     0x609dc0088f0a - core[df12db4294e9bfd3]::fmt::write
[INFO] [stdout]    2:     0x609dc0078e0c - <alloc[2182bb758b4b3781]::vec::Vec<u8> as core[df12db4294e9bfd3]::io::write::Write>::write_fmt
[INFO] [stdout]    3:     0x609dc004ecc6 - std[70759c8f55707aa4]::panicking::default_hook::{closure#0}
[INFO] [stdout]    4:     0x609dc006c009 - std[70759c8f55707aa4]::panicking::default_hook
[INFO] [stdout]    5:     0x609dc0006b80 - test[9d35eded1c95d3be]::test_main_inner::<test[9d35eded1c95d3be]::test_main_static::{closure#0}>::{closure#0}
[INFO] [stdout]    6:     0x609dc006c1c2 - std[70759c8f55707aa4]::panicking::panic_with_hook
[INFO] [stdout]    7:     0x609dc004ed72 - std[70759c8f55707aa4]::panicking::panic_handler::{closure#0}
[INFO] [stdout]    8:     0x609dc0047849 - std[70759c8f55707aa4]::sys::backtrace::__rust_end_short_backtrace::<std[70759c8f55707aa4]::panicking::panic_handler::{closure#0}, !>
[INFO] [stdout]    9:     0x609dc004f96d - __rustc[8fa7c3cbc660c2b3]::rust_begin_unwind
[INFO] [stdout]   10:     0x609dc008963c - core[df12db4294e9bfd3]::panicking::panic_fmt
[INFO] [stdout]   11:     0x609dbfff2882 - <cli_test[2f4bdff5668855cb]::test_ps_lists_running_sandbox::{closure#0} as core[df12db4294e9bfd3]::ops::function::FnOnce<()>>::call_once
[INFO] [stdout]   12:     0x609dbfff9e6b - test[9d35eded1c95d3be]::__rust_begin_short_backtrace::<core[df12db4294e9bfd3]::result::Result<(), alloc[2182bb758b4b3781]::string::String>, fn() -> core[df12db4294e9bfd3]::result::Result<(), alloc[2182bb758b4b3781]::string::String>>
[INFO] [stdout]   13:     0x609dc00074d5 - test[9d35eded1c95d3be]::run_test::{closure#0}
[INFO] [stdout]   14:     0x609dc0000d94 - std[70759c8f55707aa4]::sys::backtrace::__rust_begin_short_backtrace::<test[9d35eded1c95d3be]::run_test::{closure#1}, ()>
[INFO] [stdout]   15:     0x609dc000a632 - <std[70759c8f55707aa4]::thread::lifecycle::spawn_unchecked<test[9d35eded1c95d3be]::run_test::{closure#1}, ()>::{closure#1} as core[df12db4294e9bfd3]::ops::function::FnOnce<()>>::call_once::{shim:vtable#0}
[INFO] [stdout]   16:     0x609dc0073a19 - <std[70759c8f55707aa4]::sys::thread::unix::Thread>::new::thread_start
[INFO] [stdout]   17:     0x748347f56dfa - <unknown>
[INFO] [stdout]   18:     0x748347fea3d4 - clone
[INFO] [stdout]   19:                0x0 - <unknown>
[INFO] [stdout] 
[INFO] [stdout] ---- test_kill_stops_sandbox stdout ----
[INFO] [stdout] 
[INFO] [stdout] thread 'test_kill_stops_sandbox' (2755) panicked at tests/cli_test.rs:669:13:
[INFO] [stdout] sandbox 'test-kill-cli-2745' exited (exit status: 1) before appearing in ps: Error: process error: child process error: pidfd_getfd: Operation not permitted (os error 1)
[INFO] [stdout] 
[INFO] [stdout] Caused by:
[INFO] [stdout]     child process error: pidfd_getfd: Operation not permitted (os error 1)
[INFO] [stdout] 
[INFO] [stdout] Stack backtrace:
[INFO] [stdout]    0: <anyhow::Error as core::convert::From<sandlock_core::error::SandlockError>>::from
[INFO] [stdout]    1: sandlock::run_command::{closure#0}
[INFO] [stdout]    2: <tokio::runtime::park::CachedParkThread>::block_on::<sandlock::main::{closure#0}>
[INFO] [stdout]    3: tokio::runtime::context::runtime::enter_runtime::<<tokio::runtime::scheduler::multi_thread::MultiThread>::block_on<sandlock::main::{closure#0}>::{closure#0}, core::result::Result<(), anyhow::Error>>
[INFO] [stdout]    4: <tokio::runtime::runtime::Runtime>::block_on::<sandlock::main::{closure#0}>
[INFO] [stdout]    5: sandlock::main
[INFO] [stdout]    6: std::sys::backtrace::__rust_begin_short_backtrace::<fn() -> core::result::Result<(), anyhow::Error>, core::result::Result<(), anyhow::Error>>
[INFO] [stdout]    7: std::rt::lang_start::<core::result::Result<(), anyhow::Error>>::{closure#0}
[INFO] [stdout]    8: std::rt::lang_start_internal
[INFO] [stdout]    9: main
[INFO] [stdout]   10: <unknown>
[INFO] [stdout]   11: __libc_start_main
[INFO] [stdout]   12: _start
[INFO] [stdout] 
[INFO] [stdout] stack backtrace:
[INFO] [stdout]    0:     0x609dc00744b1 - <<std[70759c8f55707aa4]::sys::backtrace::BacktraceLock>::print::DisplayBacktrace as core[df12db4294e9bfd3]::fmt::Display>::fmt
[INFO] [stdout]    1:     0x609dc0088f0a - core[df12db4294e9bfd3]::fmt::write
[INFO] [stdout]    2:     0x609dc0078e0c - <alloc[2182bb758b4b3781]::vec::Vec<u8> as core[df12db4294e9bfd3]::io::write::Write>::write_fmt
[INFO] [stdout]    3:     0x609dc004ecc6 - std[70759c8f55707aa4]::panicking::default_hook::{closure#0}
[INFO] [stdout]    4:     0x609dc006c009 - std[70759c8f55707aa4]::panicking::default_hook
[INFO] [stdout]    5:     0x609dc0006b80 - test[9d35eded1c95d3be]::test_main_inner::<test[9d35eded1c95d3be]::test_main_static::{closure#0}>::{closure#0}
[INFO] [stdout]    6:     0x609dc006c1c2 - std[70759c8f55707aa4]::panicking::panic_with_hook
[INFO] [stdout]    7:     0x609dc004ed72 - std[70759c8f55707aa4]::panicking::panic_handler::{closure#0}
[INFO] [stdout]    8:     0x609dc0047849 - std[70759c8f55707aa4]::sys::backtrace::__rust_end_short_backtrace::<std[70759c8f55707aa4]::panicking::panic_handler::{closure#0}, !>
[INFO] [stdout]    9:     0x609dc004f96d - __rustc[8fa7c3cbc660c2b3]::rust_begin_unwind
[INFO] [stdout]   10:     0x609dc008963c - core[df12db4294e9bfd3]::panicking::panic_fmt
[INFO] [stdout]   11:     0x609dbfff1109 - <cli_test[2f4bdff5668855cb]::test_kill_stops_sandbox::{closure#0} as core[df12db4294e9bfd3]::ops::function::FnOnce<()>>::call_once
[INFO] [stdout]   12:     0x609dbfff9e6b - test[9d35eded1c95d3be]::__rust_begin_short_backtrace::<core[df12db4294e9bfd3]::result::Result<(), alloc[2182bb758b4b3781]::string::String>, fn() -> core[df12db4294e9bfd3]::result::Result<(), alloc[2182bb758b4b3781]::string::String>>
[INFO] [stdout]   13:     0x609dc00074d5 - test[9d35eded1c95d3be]::run_test::{closure#0}
[INFO] [stdout]   14:     0x609dc0000d94 - std[70759c8f55707aa4]::sys::backtrace::__rust_begin_short_backtrace::<test[9d35eded1c95d3be]::run_test::{closure#1}, ()>
[INFO] [stdout]   15:     0x609dc000a632 - <std[70759c8f55707aa4]::thread::lifecycle::spawn_unchecked<test[9d35eded1c95d3be]::run_test::{closure#1}, ()>::{closure#1} as core[df12db4294e9bfd3]::ops::function::FnOnce<()>>::call_once::{shim:vtable#0}
[INFO] [stdout]   16:     0x609dc0073a19 - <std[70759c8f55707aa4]::sys::thread::unix::Thread>::new::thread_start
[INFO] [stdout]   17:     0x748347f56dfa - <unknown>
[INFO] [stdout]   18:     0x748347fea3d4 - clone
[INFO] [stdout]   19:                0x0 - <unknown>
[INFO] [stdout] 
[INFO] [stdout] 
[INFO] [stdout] failures:
[INFO] [stdout]     test_cow_commit_runs_on_cli_exit
[INFO] [stdout]     test_dry_run_reports_changes_and_writes_nothing
[INFO] [stdout]     test_inspect_returns_json_policy
[INFO] [stdout]     test_inspect_toml_flag_produces_toml
[INFO] [stdout]     test_kill_stops_sandbox
[INFO] [stdout]     test_net_allow_and_net_deny_combine
[INFO] [stdout]     test_no_supervisor_nested_sandbox
[INFO] [stdout]     test_ps_lists_running_sandbox
[INFO] [stdout]     test_run_denial_hint_on_nonzero_exit
[INFO] [stdout]     test_run_echo
[INFO] [stdout]     test_run_exit_code
[INFO] [stdout]     test_run_hostname_virtualized
[INFO] [stdout]     test_time_start_fakes_year
[INFO] [stdout]     test_uid_mapping_arbitrary_uid
[INFO] [stdout]     test_uid_mapping_fakes_root
[INFO] [stdout] 
[INFO] [stdout] test result: FAILED. 17 passed; 15 failed; 0 ignored; 0 measured; 0 filtered out; finished in 0.54s
[INFO] [stdout] 
[INFO] [stderr] error: test failed, to rerun pass `--test cli_test`
[INFO] running `Command { std: "docker" "inspect" "c422b6bd69ca3ec8654c0650a7ebdd47e0d8c7ecb3f6359f37d5afce1d982fac", kill_on_drop: false }`
[INFO] running `Command { std: "docker" "rm" "-f" "c422b6bd69ca3ec8654c0650a7ebdd47e0d8c7ecb3f6359f37d5afce1d982fac", kill_on_drop: false }`
[INFO] [stdout] c422b6bd69ca3ec8654c0650a7ebdd47e0d8c7ecb3f6359f37d5afce1d982fac
