[INFO] fetching crate sandhi-store 0.13.0...
[INFO] testing sandhi-store-0.13.0 against 1.100.0-beta.1+cargoflags=--release for beta-release-1.100-2
[INFO] extracting crate sandhi-store 0.13.0 into /workspace/builds/worker-2-tc2/source
[INFO] started tweaking crates.io crate sandhi-store 0.13.0
[INFO] removed 0 missing examples
[INFO] finished tweaking crates.io crate sandhi-store 0.13.0
[INFO] tweaked toml for crates.io crate sandhi-store 0.13.0 written to /workspace/builds/worker-2-tc2/source/Cargo.toml
[INFO] validating manifest of crates.io crate sandhi-store 0.13.0 on toolchain 1.100.0-beta.1
[INFO] running `Command { std: CARGO_HOME="/workspace/cargo-home" RUSTUP_HOME="/workspace/rustup-home" "/workspace/cargo-home/bin/cargo" "+1.100.0-beta.1" "metadata" "--manifest-path" "Cargo.toml" "--no-deps", kill_on_drop: false }`
[INFO] crate crates.io crate sandhi-store 0.13.0 already has a lockfile, it will not be regenerated
[INFO] running `Command { std: CARGO_HOME="/workspace/cargo-home" RUSTUP_HOME="/workspace/rustup-home" "/workspace/cargo-home/bin/cargo" "+1.100.0-beta.1" "fetch" "--manifest-path" "Cargo.toml", kill_on_drop: false }`
[INFO] running `Command { std: "docker" "create" "-v" "/var/lib/crater-agent-workspace/builds/worker-2-tc2/source:/opt/rustwide/workdir:ro,Z" "-v" "/var/lib/crater-agent-workspace/builds/worker-2-tc2/target:/opt/rustwide/target:rw,Z" "-v" "/var/lib/crater-agent-workspace/cargo-home:/opt/rustwide/cargo-home:ro,Z" "-v" "/var/lib/crater-agent-workspace/rustup-home:/opt/rustwide/rustup-home:ro,Z" "-m" "1610612736" "--network" "none" "ghcr.io/rust-lang/crates-build-env/linux@sha256:77db811e55d90add9212f6832c23229e3de5f1c1f9905e8cb07319ea15df73ac" "sleep" "infinity", kill_on_drop: false }`
[INFO] [stdout] 174d32963a5c37bea90c89dd9491e9926f3bef9c5ec43b0d247a2dbe8e725a6f
[INFO] running `Command { std: "docker" "start" "174d32963a5c37bea90c89dd9491e9926f3bef9c5ec43b0d247a2dbe8e725a6f", kill_on_drop: false }`
[INFO] running `Command { std: "docker" "inspect" "174d32963a5c37bea90c89dd9491e9926f3bef9c5ec43b0d247a2dbe8e725a6f", kill_on_drop: false }`
[INFO] running `Command { std: "docker" "exec" "-e" "SOURCE_DIR=/opt/rustwide/workdir" "-e" "CARGO_HOME=/opt/rustwide/cargo-home" "-e" "RUSTUP_HOME=/opt/rustwide/rustup-home" "-e" "CARGO_TARGET_DIR=/opt/rustwide/target" "-w" "/opt/rustwide/workdir" "--user" "0:0" "174d32963a5c37bea90c89dd9491e9926f3bef9c5ec43b0d247a2dbe8e725a6f" "/opt/rustwide/cargo-home/bin/cargo" "+1.100.0-beta.1" "metadata" "--no-deps" "--format-version=1", kill_on_drop: false }`
[INFO] running `Command { std: "docker" "inspect" "174d32963a5c37bea90c89dd9491e9926f3bef9c5ec43b0d247a2dbe8e725a6f", kill_on_drop: false }`
[INFO] running `Command { std: "docker" "exec" "-e" "SOURCE_DIR=/opt/rustwide/workdir" "-e" "CARGO_HOME=/opt/rustwide/cargo-home" "-e" "RUSTUP_HOME=/opt/rustwide/rustup-home" "-e" "CARGO_TARGET_DIR=/opt/rustwide/target" "-e" "CARGO_INCREMENTAL=0" "-e" "RUST_BACKTRACE=full" "-e" "RUSTFLAGS=--cap-lints=warn" "-e" "RUSTDOCFLAGS=--cap-lints=warn" "-w" "/opt/rustwide/workdir" "--user" "0:0" "174d32963a5c37bea90c89dd9491e9926f3bef9c5ec43b0d247a2dbe8e725a6f" "/opt/rustwide/cargo-home/bin/cargo" "+1.100.0-beta.1" "build" "--frozen" "--message-format=json" "--release", kill_on_drop: false }`
[INFO] [stderr]    Compiling zerocopy v0.8.54
[INFO] [stderr]    Compiling typenum v1.20.1
[INFO] [stderr]    Compiling libc v0.2.186
[INFO] [stderr]    Compiling cc v1.3.0
[INFO] [stderr]    Compiling pkg-config v0.3.33
[INFO] [stderr]    Compiling aho-corasick v1.1.4
[INFO] [stderr]    Compiling bitflags v2.13.1
[INFO] [stderr]    Compiling schemars v0.8.22
[INFO] [stderr]    Compiling syn v3.0.0
[INFO] [stderr]    Compiling time v0.3.55
[INFO] [stderr]    Compiling serde_derive_internals v0.29.1
[INFO] [stderr]    Compiling tracing v0.1.44
[INFO] [stderr]    Compiling schemars_derive v0.8.22
[INFO] [stderr]    Compiling generic-array v0.14.7
[INFO] [stderr]    Compiling linux-keyutils v0.2.5
[INFO] [stderr]    Compiling getrandom v0.2.17
[INFO] [stderr]    Compiling libsqlite3-sys v0.30.1
[INFO] [stderr]    Compiling block-buffer v0.10.4
[INFO] [stderr]    Compiling crypto-common v0.1.7
[INFO] [stderr]    Compiling regex-automata v0.4.16
[INFO] [stderr]    Compiling digest v0.10.7
[INFO] [stderr]    Compiling keyring v3.6.3
[INFO] [stderr]    Compiling sha2 v0.10.9
[INFO] [stderr]    Compiling serde_derive v1.0.229
[INFO] [stderr]    Compiling serde v1.0.229
[INFO] [stderr]    Compiling regex v1.13.1
[INFO] [stderr]    Compiling ahash v0.8.12
[INFO] [stderr]    Compiling hashbrown v0.14.5
[INFO] [stderr]    Compiling hashlink v0.9.1
[INFO] [stderr]    Compiling sandhi-core v0.13.0
[INFO] [stderr]    Compiling rusqlite v0.32.1
[INFO] [stderr]    Compiling sandhi-store v0.13.0 (/opt/rustwide/workdir)
[INFO] [stderr]     Finished `release` profile [optimized] target(s) in 2m 06s
[INFO] running `Command { std: "docker" "inspect" "174d32963a5c37bea90c89dd9491e9926f3bef9c5ec43b0d247a2dbe8e725a6f", kill_on_drop: false }`
[INFO] running `Command { std: "docker" "exec" "-e" "SOURCE_DIR=/opt/rustwide/workdir" "-e" "CARGO_HOME=/opt/rustwide/cargo-home" "-e" "RUSTUP_HOME=/opt/rustwide/rustup-home" "-e" "CARGO_TARGET_DIR=/opt/rustwide/target" "-e" "CARGO_INCREMENTAL=0" "-e" "RUST_BACKTRACE=full" "-e" "RUSTFLAGS=--cap-lints=warn" "-e" "RUSTDOCFLAGS=--cap-lints=warn" "-w" "/opt/rustwide/workdir" "--user" "0:0" "174d32963a5c37bea90c89dd9491e9926f3bef9c5ec43b0d247a2dbe8e725a6f" "/opt/rustwide/cargo-home/bin/cargo" "+1.100.0-beta.1" "test" "--frozen" "--no-run" "--message-format=json" "--release", kill_on_drop: false }`
[INFO] [stderr]    Compiling zerocopy v0.8.54
[INFO] [stderr]    Compiling either v1.17.0
[INFO] [stderr]    Compiling num-traits v0.2.19
[INFO] [stderr]    Compiling clap_lex v1.1.0
[INFO] [stderr]    Compiling rustix v1.1.4
[INFO] [stderr]    Compiling zerocopy-derive v0.8.54
[INFO] [stderr]    Compiling linux-keyutils v0.2.5
[INFO] [stderr]    Compiling serde v1.0.229
[INFO] [stderr]    Compiling getrandom v0.4.3
[INFO] [stderr]    Compiling getrandom v0.2.17
[INFO] [stderr]    Compiling is-terminal v0.4.17
[INFO] [stderr]    Compiling tokio v1.53.2
[INFO] [stderr]    Compiling clap_builder v4.6.2
[INFO] [stderr]    Compiling itertools v0.10.5
[INFO] [stderr]    Compiling keyring v3.6.3
[INFO] [stderr]    Compiling schemars v0.8.22
[INFO] [stderr]    Compiling tinytemplate v1.2.1
[INFO] [stderr]    Compiling tempfile v3.27.0
[INFO] [stderr]    Compiling criterion-plot v0.5.0
[INFO] [stderr]    Compiling sandhi-core v0.13.0
[INFO] [stderr]    Compiling clap v4.6.3
[INFO] [stderr]    Compiling ahash v0.8.12
[INFO] [stderr]    Compiling half v2.7.1
[INFO] [stderr]    Compiling hashbrown v0.14.5
[INFO] [stderr]    Compiling ciborium-ll v0.2.2
[INFO] [stderr]    Compiling ciborium v0.2.2
[INFO] [stderr]    Compiling hashlink v0.9.1
[INFO] [stderr]    Compiling criterion v0.5.1
[INFO] [stderr]    Compiling rusqlite v0.32.1
[INFO] [stderr]    Compiling sandhi-store v0.13.0 (/opt/rustwide/workdir)
[INFO] [stderr]     Finished `release` profile [optimized] target(s) in 1m 04s
[INFO] running `Command { std: "docker" "inspect" "174d32963a5c37bea90c89dd9491e9926f3bef9c5ec43b0d247a2dbe8e725a6f", kill_on_drop: false }`
[INFO] running `Command { std: "docker" "exec" "-e" "SOURCE_DIR=/opt/rustwide/workdir" "-e" "CARGO_HOME=/opt/rustwide/cargo-home" "-e" "RUSTUP_HOME=/opt/rustwide/rustup-home" "-e" "CARGO_TARGET_DIR=/opt/rustwide/target" "-e" "CARGO_INCREMENTAL=0" "-e" "RUST_BACKTRACE=full" "-e" "RUSTFLAGS=--cap-lints=warn" "-e" "RUSTDOCFLAGS=--cap-lints=warn" "-w" "/opt/rustwide/workdir" "--user" "0:0" "174d32963a5c37bea90c89dd9491e9926f3bef9c5ec43b0d247a2dbe8e725a6f" "/opt/rustwide/cargo-home/bin/cargo" "+1.100.0-beta.1" "test" "--frozen" "--release", kill_on_drop: false }`
[INFO] [stderr]     Finished `release` profile [optimized] target(s) in 0.19s
[INFO] [stderr]      Running unittests src/lib.rs (/opt/rustwide/target/release/build/sandhi-store/c7e06a9c904b95d5/out/sandhi_store-c7e06a9c904b95d5)
[INFO] [stdout] 
[INFO] [stdout] running 124 tests
[INFO] [stdout] test alerts::tests::webhook_channel_round_trips_through_store ... ok
[INFO] [stdout] test diagnostics::tests::query_rejects_unknown_duplicate_and_invalid_fields ... ok
[INFO] [stdout] test alerts::tests::delete_removes_rule ... ok
[INFO] [stdout] test diagnostics::tests::all_selectors_are_exact_indexed_and_keep_duplicate_ids_in_insertion_order ... ok
[INFO] [stdout] test alerts::tests::list_by_scope_isolates ... ok
[INFO] [stdout] test alerts::tests::create_list_find_ack_round_trip ... ok
[INFO] [stdout] test ledger::evidence::tests::atomic_receipt_replay_and_conflict ... ok
[INFO] [stdout] test ledger::evidence::tests::bounded_claims_expiry_and_fenced_acknowledgement ... ok
[INFO] [stdout] test ledger::evidence::tests::checked_integer_bounds_and_zero_charge ... ok
[INFO] [stdout] test diagnostics::tests::injection_and_whitespace_are_literal_and_empty_is_not_no_traffic ... ok
[INFO] [stdout] test diagnostics::tests::legacy_database_adds_only_index_and_existing_optional_columns ... ok
[INFO] [stdout] test diagnostics::tests::projection_excludes_sensitive_columns_and_query_does_not_mutate_store ... ok
[INFO] [stdout] test diagnostics::tests::coverage_observations_and_latency_provenance_are_not_invented ... ok
[INFO] [stdout] test diagnostics::tests::row_limit_is_detected_without_count_all_and_exact_limit_is_not_truncated ... ok
[INFO] [stdout] test ledger::evidence::tests::failed_claim_batch_rolls_back_all_claims ... ok
[INFO] [stdout] test ledger::evidence::tests::failed_or_ignored_receipt_insert_rolls_back_charge ... ok
[INFO] [stdout] test diagnostics::tests::malformed_types_large_fields_controls_and_invalid_utf8_are_omitted_not_coerced ... ok
[INFO] [stdout] test ledger::evidence::tests::missing_wrong_scope_legacy_and_reclaimed_are_explicit ... ok
[INFO] [stdout] test ledger::evidence::tests::ignored_settlement_cannot_create_receipt ... ok
[INFO] [stdout] test ledger::evidence::tests::process_exit_helper ... ok
[INFO] [stdout] test ledger::evidence::tests::intent_insert_failure_rolls_back_admission ... ok
[INFO] [stdout] test ledger::conformance::sqlite_ledger_is_conformant ... ok
[INFO] [stdout] test diagnostics::tests::byte_budget_includes_escaped_strings_envelope_and_warnings ... ok
[INFO] [stdout] test ledger::evidence::tests::correlated_admission_is_atomic_scoped_and_survives_reopen ... ok
[INFO] [stdout] test ledger::evidence::tests::durable_intent_survives_both_expiry_paths_and_reopen ... ok
[INFO] [stdout] test ledger::evidence::tests::intent_denial_bounds_and_legacy_migration_are_explicit ... ok
[INFO] [stdout] 
[INFO] [stdout] running 1 test
[INFO] [stdout] test ledger::evidence::tests::shard_local_lease_ids_have_distinct_evidence_and_checked_locations ... ok
[INFO] [stdout] test ledger::evidence::tests::dispatch_authorization_survives_lost_permit_and_retains_liability ... ok
[INFO] [stdout] test ledger::evidence::tests::terminal_failed_or_ignored_insert_leaves_liability_and_can_retry ... ok
[INFO] [stdout] test ledger::evidence::tests::recovery_rejects_damaged_bindings_observations_and_receipts_without_writes ... ok
[INFO] [stdout] test ledger::evidence::tests::terminal_missing_settled_invalid_and_lossy_input_are_rejected ... ok
[INFO] [stdout] test ledger::evidence::tests::terminal_read_rejects_unsupported_or_corrupt_snapshots_without_rewriting ... ok
[INFO] [stdout] test ledger::evidence::tests::prepared_closure_is_durable_without_provider_usage_or_receipt ... ok
[INFO] [stdout] test ledger::evidence::tests::receipt_and_acknowledgement_survive_reopen ... ok
[INFO] [stdout] test ledger::evidence::tests::terminal_settlement_failure_preserves_observation_and_liability ... ok
[INFO] [stdout] test ledger::evidence::tests::terminal_settlement_retains_unresolved_usage_and_accepts_measured_zero ... ok
[INFO] [stdout] test ledger::evidence::tests::intent_capacity_is_atomic_and_retains_settled_identities ... ok
[INFO] [stdout] test ledger::evidence::tests::legacy_intents_never_acquire_never_dispatched_proof ... ok
[INFO] [stdout] test ledger::tests::ceiling_reservation_prevents_overshoot ... ok
[INFO] [stdout] test ledger::evidence::tests::terminal_unknown_zero_partial_and_reasoning_keep_their_meanings ... ok
[INFO] [stdout] test ledger::tests::daily_window_excludes_prior_window_spend ... ok
[INFO] [stdout] test ledger::tests::concurrent_reservations_cannot_oversubscribe ... ok
[INFO] [stdout] test ledger::tests::expired_lease_is_reclaimed_no_capacity_leak ... ok
[INFO] [stdout] test ledger::tests::idempotency_dedup_record_replaces_with_the_fresh_settlement ... ok
[INFO] [stdout] test ledger::tests::idempotency_dedup_window_expiry_counts_the_retry ... ok
[INFO] [stdout] test ledger::tests::list_budgets_durable_round_trips_for_rehydration ... ok
[INFO] [stdout] test ledger::tests::idempotency_dedup_one_lease_one_event_inside_the_window ... ok
[INFO] [stdout] test ledger::tests::out_of_range_budget_never_overwrites_committed_policy ... ok
[INFO] [stdout] test ledger::tests::reclaim_sweep_also_prunes_expired_dedup_rows ... ok
[INFO] [stdout] test ledger::tests::reservation_sums_are_index_only_scans ... ok
[INFO] [stdout] test ledger::tests::settle_is_idempotent_under_repeat ... ok
[INFO] [stdout] test ledger::evidence::tests::recovery_cursor_freezes_admission_range_but_rechecks_current_state ... ok
[INFO] [stdout] test ledger::tests::unset_scope_is_unlimited_but_tracked ... ok
[INFO] [stdout] test ledger::tests::trait_impl_maps_denied_and_settles ... ok
[INFO] [stdout] test ledger::tests::warn_policy_admits_over_cap_but_still_tracks_spend ... ok
[INFO] [stdout] test ledger::evidence::tests::dispatch_and_closure_serialize_across_connections_for_both_winners ... ok
[INFO] [stdout] test sharded::tests::cap_is_enforced_within_a_shard ... ok
[INFO] [stdout] test ledger::evidence::tests::legacy_migration_refuses_pending_and_acknowledged_evidence_without_file_changes ... ok
[INFO] [stdout] test ledger::evidence::tests::recovery_scope_inventory_is_bounded_and_freezes_new_admissions ... ok
[INFO] [stdout] test sharded::tests::expired_leases_are_reclaimed_on_the_owning_shard ... ok
[INFO] [stdout] test sharded::tests::poisoned_shard_returns_evidence_error_instead_of_unwinding ... ok
[INFO] [stdout] test ledger::evidence::tests::independent_claim_workers_take_disjoint_bounded_batches ... ok
[INFO] [stdout] test ledger::evidence::tests::independent_connections_serialize_same_lease ... ok
[INFO] [stdout] test ledger::evidence::tests::recovery_pages_are_scoped_read_only_and_bounded_across_reopen ... ok
[INFO] [stdout] test policy::tests::receipts_survive_restart_and_capacity_is_mandatory ... ok
[INFO] [stdout] test sharded::tests::reserve_and_settle_round_trip_routes_by_scope ... ok
[INFO] [stdout] 
[INFO] [stdout] running 1 test
[INFO] [stdout] test policy::tests::summary_failure_is_not_reported_as_empty_capacity ... ok
[INFO] [stdout] test sharded::tests::settle_is_idempotent_by_id ... ok
[INFO] [stdout] test tests::cache_coverage_matches_core_including_legacy_and_invalid_pairs ... ok
[INFO] [stdout] test sharded::tests::scopes_are_isolated_across_shards ... ok
[INFO] [stdout] test tests::apply_durable_pragmas_sets_wal_and_busy_timeout_on_a_file ... ok
[INFO] [stdout] test tests::emit_failure_is_counted_and_does_not_break_the_caller ... ok
[INFO] [stdout] test tests::empty_store_is_zero ... ok
[INFO] [stdout] test tests::cache_metadata_migration_is_additive_and_idempotent ... ok
[INFO] [stdout] test tests::latency_is_absent_when_nothing_reported_it ... ok
[INFO] [stdout] test tests::init_migrates_pre_run_identity_databases ... ok
[INFO] [stdout] test tests::explicit_and_legacy_reasoning_match_sql_and_run_tree ... ok
[INFO] [stdout] test sharded::tests::shard_routes_deterministically_and_spreads ... ok
[INFO] [stdout] test tests::persists_run_identity_columns ... ok
[INFO] [stdout] test tests::init_migrates_pre_latency_databases ... ok
[INFO] [stdout] test tests::store_matches_core_fold ... ok
[INFO] [stdout] test ledger::evidence::tests::terminal_settlement_binds_frozen_charge_and_blocks_caller_charge_bypasses ... ok
[INFO] [stdout] test ledger::evidence::tests::terminal_snapshot_is_immutable_and_survives_reopen_and_settlement ... ok
[INFO] [stdout] test tests::persists_latency_and_reasoning_columns ... ok
[INFO] [stdout] test vault::credstore_tests::backend_from_env_credstore_without_dir_is_an_error_not_an_exit ... ok
[INFO] [stdout] test tests::run_tree_matches_core_fold ... ok
[INFO] [stdout] test tests::persists_and_aggregates ... ok
[INFO] [stdout] test vault::credstore_tests::credstore_falls_back_to_dotted_cred_name ... ok
[INFO] [stdout] test vault::credstore_tests::credstore_invalid_utf8_is_a_backend_error ... ok
[INFO] [stdout] test tests::store_matches_core_billable ... ok
[INFO] [stdout] test vault::credstore_tests::credstore_first_existing_candidate_wins_and_dotted_scheme_is_second ... ok
[INFO] [stdout] test tests::totals_by_run_groups_on_run_id ... ok
[INFO] [stdout] test tests::store_reads_back_latency_it_records ... ok
[INFO] [stdout] test vault::credstore_tests::credstore_rejects_unsafe_names_without_touching_the_filesystem ... ok
[INFO] [stdout] test vault::credstore_tests::credstore_unreadable_file_is_a_backend_error ... FAILED
[INFO] [stdout] test vault::credstore_tests::credstore_reads_trimmed_secret_from_double_underscore_name ... ok
[INFO] [stdout] test vault::credstore_tests::credstore_symlink_candidate_is_skipped_not_followed ... ok
[INFO] [stdout] test vault::tests::failed_local_revocation_does_not_delete_the_secret ... ok
[INFO] [stdout] test vault::credstore_tests::credstore_whitespace_only_file_is_absent_not_a_live_empty_credential ... ok
[INFO] [stdout] test vault::credstore_tests::credstore_write_and_delete_are_not_supported ... ok
[INFO] [stdout] test vault::tests::new_references_reject_broker_normalization_collisions ... ok
[INFO] [stdout] test vault::tests::missing_secret_errors_clearly_via_backend ... ok
[INFO] [stdout] test vault::tests::in_memory_round_trip_and_masked_listing ... ok
[INFO] [stdout] test vault::tests::resolve_returns_first_active_credential ... ok
[INFO] [stdout] test vault::tests::hash_secret_is_stable_and_not_the_plaintext ... ok
[INFO] [stdout] test vault::tests::revoke_marks_revoked_and_clears_secret ... ok
[INFO] [stdout] test vault::tests::sentinelpass_get_with_missing_binary_errors_cleanly ... ok
[INFO] [stdout] test vkeys::tests::list_returns_all_records_masked ... ok
[INFO] [stdout] test vault::credstore_tests::credstore_missing_file_is_none ... ok
[INFO] [stdout] test vkeys::tests::secret_hash_lookup_uses_only_the_unique_index ... ok
[INFO] [stdout] test ledger::tests::spend_survives_reopen ... ok
[INFO] [stdout] test vkeys::tests::wrong_secret_does_not_resolve ... ok
[INFO] [stdout] test vkeys::tests::minted_secret_has_min_128_bits_of_entropy ... ok
[INFO] [stdout] test vkeys::tests::mint_then_present_resolves_with_scope ... ok
[INFO] [stdout] test vkeys::tests::revoked_key_no_longer_resolves ... ok
[INFO] [stdout] test ledger::evidence::tests::terminal_settlement_concurrent_replay_returns_one_receipt ... ok
[INFO] [stdout] test ledger::tests::existing_store_loses_the_superseded_index_and_keeps_rows ... ok
[INFO] [stdout] test sharded::tests::concurrent_multi_shard_admissions_balance_exactly ... ok
[INFO] [stdout] 
[INFO] [stdout] running 1 test
[INFO] [stdout] test ledger::evidence::tests::terminal_independent_connections_have_one_immutable_winner ... ok
[INFO] [stdout] test vkeys::tests::existing_store_drops_the_redundant_hash_index_and_keeps_keys ... ok
[INFO] [stdout] 
[INFO] [stdout] running 1 test
[INFO] [stdout] test ledger::evidence::tests::dispatch_fence_rejects_expired_and_damaged_evidence ... ok
[INFO] [stdout] test tests::store_and_ledger_on_one_file_do_not_drop_events_under_contention ... ok
[INFO] [stdout] 
[INFO] [stdout] running 1 test
[INFO] [stdout] 
[INFO] [stdout] running 1 test
[INFO] [stdout] test sharded::tests::migration_preserves_every_row_across_a_widen ... ok
[INFO] [stdout] 
[INFO] [stdout] running 1 test
[INFO] [stdout] test ledger::evidence::tests::process_exit_preserves_committed_pair_and_discards_uncommitted_pair ... ok
[INFO] [stdout] 
[INFO] [stdout] failures:
[INFO] [stdout] 
[INFO] [stdout] ---- vault::credstore_tests::credstore_unreadable_file_is_a_backend_error stdout ----
[INFO] [stdout] 
[INFO] [stdout] thread 'vault::credstore_tests::credstore_unreadable_file_is_a_backend_error' (1558) panicked at src/vault.rs:1146:9:
[INFO] [stdout] assertion failed: matches!(vault.get_secret("inferflux", "default"),
[INFO] [stdout]     Err(VaultError::Backend(_)))
[INFO] [stdout] stack backtrace:
[INFO] [stdout]    0:     0x6083da318461 - <<std[617be2ca0a6fd877]::sys::backtrace::BacktraceLock>::print::DisplayBacktrace as core[a373ad73a504971]::fmt::Display>::fmt
[INFO] [stdout]    1:     0x6083da32e04a - core[a373ad73a504971]::fmt::write
[INFO] [stdout]    2:     0x6083da31c8fc - <alloc[2e1b2a31b91974c5]::vec::Vec<u8> as core[a373ad73a504971]::io::write::Write>::write_fmt
[INFO] [stdout]    3:     0x6083da2f1f36 - std[617be2ca0a6fd877]::panicking::default_hook::{closure#0}
[INFO] [stdout]    4:     0x6083da30f679 - std[617be2ca0a6fd877]::panicking::default_hook
[INFO] [stdout]    5:     0x6083da0f75a0 - test[aada8e7e76ba119b]::test_main_inner::{closure#0}
[INFO] [stdout]    6:     0x6083da30f832 - std[617be2ca0a6fd877]::panicking::panic_with_hook
[INFO] [stdout]    7:     0x6083da2f2014 - std[617be2ca0a6fd877]::panicking::panic_handler::{closure#0}
[INFO] [stdout]    8:     0x6083da2ea859 - std[617be2ca0a6fd877]::sys::backtrace::__rust_end_short_backtrace::<std[617be2ca0a6fd877]::panicking::panic_handler::{closure#0}, !>
[INFO] [stdout]    9:     0x6083da2f2fbd - __rustc[ea4f61d10b84890b]::rust_begin_unwind
[INFO] [stdout]   10:     0x6083da32e7ac - core[a373ad73a504971]::panicking::panic_fmt
[INFO] [stdout]   11:     0x6083da32e772 - core[a373ad73a504971]::panicking::panic
[INFO] [stdout]   12:     0x6083da07c05e - <sandhi_store[f81a71c284ac76da]::vault::credstore_tests::credstore_unreadable_file_is_a_backend_error::{closure#0} as core[a373ad73a504971]::ops::function::FnOnce<()>>::call_once
[INFO] [stdout]   13:     0x6083da0ea9eb - test[aada8e7e76ba119b]::__rust_begin_short_backtrace::<core[a373ad73a504971]::result::Result<(), alloc[2e1b2a31b91974c5]::string::String>, fn() -> core[a373ad73a504971]::result::Result<(), alloc[2e1b2a31b91974c5]::string::String>>
[INFO] [stdout]   14:     0x6083da0f7bc5 - test[aada8e7e76ba119b]::run_test::{closure#0}
[INFO] [stdout]   15:     0x6083da0f14b4 - std[617be2ca0a6fd877]::sys::backtrace::__rust_begin_short_backtrace::<test[aada8e7e76ba119b]::run_test::{closure#1}, ()>
[INFO] [stdout]   16:     0x6083da0fac52 - <std[617be2ca0a6fd877]::thread::lifecycle::spawn_unchecked<test[aada8e7e76ba119b]::run_test::{closure#1}, ()>::{closure#1} as core[a373ad73a504971]::ops::function::FnOnce<()>>::call_once::{shim:vtable#0}
[INFO] [stdout]   17:     0x6083da31779f - <std[617be2ca0a6fd877]::sys::thread::unix::Thread>::new::thread_start
[INFO] [stdout]   18:     0x71dde8aa6dfa - <unknown>
[INFO] [stdout]   19:     0x71dde8b3a3d4 - clone
[INFO] [stdout]   20:                0x0 - <unknown>
[INFO] [stdout] 
[INFO] [stdout] 
[INFO] [stdout] failures:
[INFO] [stdout]     vault::credstore_tests::credstore_unreadable_file_is_a_backend_error
[INFO] [stdout] 
[INFO] [stdout] test result: FAILED. 123 passed; 1 failed; 0 ignored; 0 measured; 0 filtered out; finished in 1.04s
[INFO] [stdout] 
[INFO] [stderr] error: test failed, to rerun pass `--lib`
[INFO] running `Command { std: "docker" "inspect" "174d32963a5c37bea90c89dd9491e9926f3bef9c5ec43b0d247a2dbe8e725a6f", kill_on_drop: false }`
[INFO] running `Command { std: "docker" "rm" "-f" "174d32963a5c37bea90c89dd9491e9926f3bef9c5ec43b0d247a2dbe8e725a6f", kill_on_drop: false }`
[INFO] [stdout] 174d32963a5c37bea90c89dd9491e9926f3bef9c5ec43b0d247a2dbe8e725a6f
