[INFO] fetching crate san-db-ox-client 0.1.0...
[INFO] testing san-db-ox-client-0.1.0 against 1.100.0-beta.1+cargoflags=--release for beta-release-1.100-2
[INFO] extracting crate san-db-ox-client 0.1.0 into /workspace/builds/worker-3-tc2/source
[INFO] started tweaking crates.io crate san-db-ox-client 0.1.0
[INFO] removed 0 missing tests
[INFO] finished tweaking crates.io crate san-db-ox-client 0.1.0
[INFO] tweaked toml for crates.io crate san-db-ox-client 0.1.0 written to /workspace/builds/worker-3-tc2/source/Cargo.toml
[INFO] validating manifest of crates.io crate san-db-ox-client 0.1.0 on toolchain 1.100.0-beta.1
[INFO] running `Command { std: CARGO_HOME="/workspace/cargo-home" RUSTUP_HOME="/workspace/rustup-home" "/workspace/cargo-home/bin/cargo" "+1.100.0-beta.1" "metadata" "--manifest-path" "Cargo.toml" "--no-deps", kill_on_drop: false }`
[INFO] crate crates.io crate san-db-ox-client 0.1.0 already has a lockfile, it will not be regenerated
[INFO] running `Command { std: CARGO_HOME="/workspace/cargo-home" RUSTUP_HOME="/workspace/rustup-home" "/workspace/cargo-home/bin/cargo" "+1.100.0-beta.1" "fetch" "--manifest-path" "Cargo.toml", kill_on_drop: false }`
[INFO] running `Command { std: "docker" "create" "-v" "/var/lib/crater-agent-workspace/builds/worker-3-tc2/source:/opt/rustwide/workdir:ro,Z" "-v" "/var/lib/crater-agent-workspace/builds/worker-3-tc2/target:/opt/rustwide/target:rw,Z" "-v" "/var/lib/crater-agent-workspace/cargo-home:/opt/rustwide/cargo-home:ro,Z" "-v" "/var/lib/crater-agent-workspace/rustup-home:/opt/rustwide/rustup-home:ro,Z" "-m" "1610612736" "--network" "none" "ghcr.io/rust-lang/crates-build-env/linux@sha256:77db811e55d90add9212f6832c23229e3de5f1c1f9905e8cb07319ea15df73ac" "sleep" "infinity", kill_on_drop: false }`
[INFO] [stdout] db3d2d73c409347d714ff1461d1198994ae2c2857a8e32a6f708759556caa5ca
[INFO] running `Command { std: "docker" "start" "db3d2d73c409347d714ff1461d1198994ae2c2857a8e32a6f708759556caa5ca", kill_on_drop: false }`
[INFO] running `Command { std: "docker" "inspect" "db3d2d73c409347d714ff1461d1198994ae2c2857a8e32a6f708759556caa5ca", kill_on_drop: false }`
[INFO] running `Command { std: "docker" "exec" "-e" "SOURCE_DIR=/opt/rustwide/workdir" "-e" "CARGO_HOME=/opt/rustwide/cargo-home" "-e" "RUSTUP_HOME=/opt/rustwide/rustup-home" "-e" "CARGO_TARGET_DIR=/opt/rustwide/target" "-w" "/opt/rustwide/workdir" "--user" "0:0" "db3d2d73c409347d714ff1461d1198994ae2c2857a8e32a6f708759556caa5ca" "/opt/rustwide/cargo-home/bin/cargo" "+1.100.0-beta.1" "metadata" "--no-deps" "--format-version=1", kill_on_drop: false }`
[INFO] running `Command { std: "docker" "inspect" "db3d2d73c409347d714ff1461d1198994ae2c2857a8e32a6f708759556caa5ca", kill_on_drop: false }`
[INFO] running `Command { std: "docker" "exec" "-e" "SOURCE_DIR=/opt/rustwide/workdir" "-e" "CARGO_HOME=/opt/rustwide/cargo-home" "-e" "RUSTUP_HOME=/opt/rustwide/rustup-home" "-e" "CARGO_TARGET_DIR=/opt/rustwide/target" "-e" "CARGO_INCREMENTAL=0" "-e" "RUST_BACKTRACE=full" "-e" "RUSTFLAGS=--cap-lints=warn" "-e" "RUSTDOCFLAGS=--cap-lints=warn" "-w" "/opt/rustwide/workdir" "--user" "0:0" "db3d2d73c409347d714ff1461d1198994ae2c2857a8e32a6f708759556caa5ca" "/opt/rustwide/cargo-home/bin/cargo" "+1.100.0-beta.1" "build" "--frozen" "--message-format=json" "--release", kill_on_drop: false }`
[INFO] [stderr]    Compiling san-db-ox-client v0.1.0 (/opt/rustwide/workdir)
[INFO] [stderr]     Finished `release` profile [optimized] target(s) in 2.48s
[INFO] running `Command { std: "docker" "inspect" "db3d2d73c409347d714ff1461d1198994ae2c2857a8e32a6f708759556caa5ca", kill_on_drop: false }`
[INFO] running `Command { std: "docker" "exec" "-e" "SOURCE_DIR=/opt/rustwide/workdir" "-e" "CARGO_HOME=/opt/rustwide/cargo-home" "-e" "RUSTUP_HOME=/opt/rustwide/rustup-home" "-e" "CARGO_TARGET_DIR=/opt/rustwide/target" "-e" "CARGO_INCREMENTAL=0" "-e" "RUST_BACKTRACE=full" "-e" "RUSTFLAGS=--cap-lints=warn" "-e" "RUSTDOCFLAGS=--cap-lints=warn" "-w" "/opt/rustwide/workdir" "--user" "0:0" "db3d2d73c409347d714ff1461d1198994ae2c2857a8e32a6f708759556caa5ca" "/opt/rustwide/cargo-home/bin/cargo" "+1.100.0-beta.1" "test" "--frozen" "--no-run" "--message-format=json" "--release", kill_on_drop: false }`
[INFO] [stderr]    Compiling san-db-ox-client v0.1.0 (/opt/rustwide/workdir)
[INFO] [stderr]     Finished `release` profile [optimized] target(s) in 11.46s
[INFO] running `Command { std: "docker" "inspect" "db3d2d73c409347d714ff1461d1198994ae2c2857a8e32a6f708759556caa5ca", kill_on_drop: false }`
[INFO] running `Command { std: "docker" "exec" "-e" "SOURCE_DIR=/opt/rustwide/workdir" "-e" "CARGO_HOME=/opt/rustwide/cargo-home" "-e" "RUSTUP_HOME=/opt/rustwide/rustup-home" "-e" "CARGO_TARGET_DIR=/opt/rustwide/target" "-e" "CARGO_INCREMENTAL=0" "-e" "RUST_BACKTRACE=full" "-e" "RUSTFLAGS=--cap-lints=warn" "-e" "RUSTDOCFLAGS=--cap-lints=warn" "-w" "/opt/rustwide/workdir" "--user" "0:0" "db3d2d73c409347d714ff1461d1198994ae2c2857a8e32a6f708759556caa5ca" "/opt/rustwide/cargo-home/bin/cargo" "+1.100.0-beta.1" "test" "--frozen" "--release", kill_on_drop: false }`
[INFO] [stderr]     Finished `release` profile [optimized] target(s) in 0.03s
[INFO] [stderr]      Running unittests src/lib.rs (/opt/rustwide/target/release/build/san-db-ox-client/d632a5a04387c10a/out/san_db_ox_client-d632a5a04387c10a)
[INFO] [stdout] 
[INFO] [stdout] running 85 tests
[INFO] [stdout] test codec::base64::tests::rejects_bad_length ... ok
[INFO] [stdout] test codec::base64::tests::empty_round_trips ... ok
[INFO] [stdout] test codec::base64::tests::rejects_invalid_characters ... ok
[INFO] [stdout] test codec::base64::tests::rejects_misplaced_padding ... ok
[INFO] [stdout] test codec::base64::tests::rejects_padding_in_non_final_block ... ok
[INFO] [stdout] test codec::decode::tests::blob_array_wrong_length_rejected ... ok
[INFO] [stdout] test codec::decode::tests::bool_in_cell_rejected ... ok
[INFO] [stdout] test client::tests::client_and_socket_client_are_send ... ok
[INFO] [stdout] test codec::base64::tests::round_trips_every_byte_value ... ok
[INFO] [stdout] test codec::base64::tests::known_vectors ... ok
[INFO] [stdout] test codec::decode::tests::decode_tables_schema_dump ... ok
[INFO] [stdout] test codec::decode::tests::hello_ok ... ok
[INFO] [stdout] test codec::decode::tests::missing_required_field_is_protocol_error ... ok
[INFO] [stdout] test codec::decode::tests::decode_value_large_integer_and_real ... ok
[INFO] [stdout] test codec::decode::tests::response_ok_false_with_and_without_error_object ... ok
[INFO] [stdout] test codec::decode::tests::response_ok_true_carries_every_field ... ok
[INFO] [stdout] test codec::decode::tests::rows_not_array_and_row_not_array_rejected_with_index ... ok
[INFO] [stdout] test codec::encode::tests::empty_blob_encodes_as_single_empty_string_element ... ok
[INFO] [stdout] test codec::encode::tests::empty_params_omits_the_field ... ok
[INFO] [stdout] test codec::decode::tests::decode_inspect_with_and_without_nulls ... ok
[INFO] [stdout] test codec::encode::tests::non_finite_real_is_rejected ... ok
[INFO] [stdout] test codec::encode::tests::real_token_round_trips_bit_exact ... ok
[INFO] [stdout] test codec::encode::tests::param_error_is_wrapped_with_index ... ok
[INFO] [stdout] test codec::decode::tests::decode_query_exec_snapshot ... ok
[INFO] [stdout] test codec::encode::tests::integer_encodes_as_bare_digits ... ok
[INFO] [stdout] test codec::decode::tests::hello_does_not_validate_protocol_number ... ok
[INFO] [stdout] test codec::decode::tests::hello_missing_field_and_invalid_json ... ok
[INFO] [stdout] test codec::encode::tests::real_token_table ... ok
[INFO] [stdout] test codec::json::tests::deeply_nested_array_does_not_stack_overflow_at_modest_depth ... ok
[INFO] [stdout] test codec::json::tests::integer_boundaries_round_trip_exactly ... ok
[INFO] [stdout] test codec::json::tests::non_ascii_passes_through_utf8 ... ok
[INFO] [stdout] test codec::encode::tests::request_line_ends_with_exactly_one_newline ... ok
[INFO] [stdout] test codec::json::tests::number_tokens_are_kept_verbatim ... ok
[INFO] [stdout] test codec::json::tests::nested_structures ... ok
[INFO] [stdout] test codec::json::tests::object_preserves_key_order ... ok
[INFO] [stdout] test codec::json::tests::out_of_range_integer_token_has_no_i64_value ... ok
[INFO] [stdout] test codec::json::tests::real_overflow_saturates_to_infinity_without_erroring ... ok
[INFO] [stdout] test codec::json::tests::parses_literals ... ok
[INFO] [stdout] test codec::json::tests::parses_whitespace_around_value ... ok
[INFO] [stdout] test codec::json::tests::rejects_bareword_nan_and_infinity ... ok
[INFO] [stdout] test codec::json::tests::rejects_malformed_numbers ... ok
[INFO] [stdout] test codec::json::tests::rejects_comments ... ok
[INFO] [stdout] test codec::json::tests::parse_then_write_is_byte_exact_for_numbers ... ok
[INFO] [stdout] test codec::json::tests::string_u_escape_and_surrogate_pair ... ok
[INFO] [stdout] test codec::json::tests::write_escapes_control_characters_as_u_escape ... ok
[INFO] [stdout] test codec::json::tests::write_object_preserves_order_and_is_compact ... ok
[INFO] [stdout] test tests::conformance::conformance_cases_all_pass ... ok
[INFO] [stdout] test codec::json::tests::rejects_trailing_commas ... ok
[INFO] [stdout] test codec::json::tests::string_escapes_round_trip ... ok
[INFO] [stdout] test codec::json::tests::rejects_trailing_garbage ... ok
[INFO] [stdout] test codec::json::tests::string_rejects_unescaped_control_char ... ok
[INFO] [stdout] test codec::json::tests::string_rejects_unpaired_surrogate ... ok
[INFO] [stdout] test codec::json::tests::write_number_is_verbatim ... ok
[INFO] [stdout] test tests::match_::object_partial_match_ignores_extra_actual_keys ... ok
[INFO] [stdout] test tests::match_::object_partial_match_reports_missing_key ... ok
[INFO] [stdout] test tests::match_::strings_bools_and_null_compare_by_equality ... ok
[INFO] [stdout] test tests::match_::large_integer_token_is_compared_verbatim ... ok
[INFO] [stdout] test tests::match_::number_tokens_88_and_88_point_0_do_not_match ... ok
[INFO] [stdout] test tests::conformance::conformance_cases_directory_is_not_empty ... FAILED
[INFO] [stdout] test tests::match_::array_match_requires_exact_length_and_order ... ok
[INFO] [stdout] test tests::match_::every_case_file_round_trips_byte_for_byte ... FAILED
[INFO] [stdout] test tests::match_::nested_mismatch_path_is_reported ... ok
[INFO] [stdout] test transport::direct::tests::close_via_stdin_reaps_promptly ... ok
[INFO] [stdout] test transport::direct::tests::nonexistent_command_surfaces_the_spawn_error ... ok
[INFO] [stdout] test transport::direct::tests::stderr_drained_to_provided_sink ... ok
[INFO] [stdout] test transport::reader::tests::terminal_error_is_memoized_after_eof ... ok
[INFO] [stdout] test transport::reader::tests::reads_a_line_terminated_by_newline ... ok
[INFO] [stdout] test transport::socket::tests::connect_tcp_bounds_the_connection_attempt_by_its_own_timeout ... ok
[INFO] [stdout] test transport::socket::tests::from_stream_over_a_unix_stream_pair_is_the_tls_seam_without_tls ... ok
[INFO] [stdout] test transport::direct::tests::double_close_is_safe ... ok
[INFO] [stdout] test transport::socket::tests::tcp_echo_round_trip ... ok
[INFO] [stdout] test transport::direct::tests::write_read_echo_via_cat ... ok
[INFO] [stdout] test transport::socket::tests::unix_echo_round_trip ... ok
[INFO] [stdout] test transport::tests::lone_cr_does_not_split_a_line ... ok
[INFO] [stdout] test transport::tests::multiple_lines_in_one_chunk ... ok
[INFO] [stdout] test transport::socket::tests::read_timeout_fires ... ok
[INFO] [stdout] test transport::tests::exactly_max_line_bytes_is_accepted ... ok
[INFO] [stdout] test transport::tests::one_byte_over_max_line_bytes_without_newline_is_terminal ... ok
[INFO] [stdout] test transport::tests::one_line_split_across_chunks ... ok
[INFO] [stdout] test transport::tests::trailing_partial_line_is_retained_not_emitted ... ok
[INFO] [stdout] test transport::direct::tests::read_line_timeout_does_not_hang ... ok
[INFO] [stdout] test transport::socket::tests::partial_line_survives_a_timeout_and_completes_next_read ... ok
[INFO] [stdout] test transport::direct::tests::close_escalates_to_sigterm ... ok
[INFO] [stdout] test transport::direct::tests::close_escalates_to_sigkill ... ok
[INFO] [stderr] error: test failed, to rerun pass `--lib`
[INFO] [stdout] test transport::direct::tests::stderr_flood_does_not_deadlock ... ok
[INFO] [stdout] 
[INFO] [stdout] failures:
[INFO] [stdout] 
[INFO] [stdout] ---- tests::conformance::conformance_cases_directory_is_not_empty stdout ----
[INFO] [stdout] 
[INFO] [stdout] thread 'tests::conformance::conformance_cases_directory_is_not_empty' (317) panicked at src/tests/conformance.rs:27:10:
[INFO] [stdout] reading conformance/cases: Os { code: 2, kind: NotFound, message: "No such file or directory" }
[INFO] [stdout] stack backtrace:
[INFO] [stdout]    0:     0x567c85c4aea1 - <<std[617be2ca0a6fd877]::sys::backtrace::BacktraceLock>::print::DisplayBacktrace as core[a373ad73a504971]::fmt::Display>::fmt
[INFO] [stdout]    1:     0x567c85c6187a - core[a373ad73a504971]::fmt::write
[INFO] [stdout]    2:     0x567c85c4fd1c - <alloc[2e1b2a31b91974c5]::vec::Vec<u8> as core[a373ad73a504971]::io::write::Write>::write_fmt
[INFO] [stdout]    3:     0x567c85c23436 - std[617be2ca0a6fd877]::panicking::default_hook::{closure#0}
[INFO] [stdout]    4:     0x567c85c41eb9 - std[617be2ca0a6fd877]::panicking::default_hook
[INFO] [stdout]    5:     0x567c85bdb480 - test[aada8e7e76ba119b]::test_main_inner::{closure#0}
[INFO] [stdout]    6:     0x567c85c42072 - std[617be2ca0a6fd877]::panicking::panic_with_hook
[INFO] [stdout]    7:     0x567c85c234e2 - std[617be2ca0a6fd877]::panicking::panic_handler::{closure#0}
[INFO] [stdout]    8:     0x567c85c1bdf9 - std[617be2ca0a6fd877]::sys::backtrace::__rust_end_short_backtrace::<std[617be2ca0a6fd877]::panicking::panic_handler::{closure#0}, !>
[INFO] [stdout]    9:     0x567c85c242dd - __rustc[ea4f61d10b84890b]::rust_begin_unwind
[INFO] [stdout]   10:     0x567c85c61fac - core[a373ad73a504971]::panicking::panic_fmt
[INFO] [stdout]   11:     0x567c85c61d82 - core[a373ad73a504971]::result::unwrap_failed
[INFO] [stdout]   12:     0x567c85b98e9d - san_db_ox_client[3488494be10bf4bd]::tests::conformance::case_paths
[INFO] [stdout]   13:     0x567c85b9bf6a - <san_db_ox_client[3488494be10bf4bd]::tests::conformance::conformance_cases_directory_is_not_empty::{closure#0} as core[a373ad73a504971]::ops::function::FnOnce<()>>::call_once
[INFO] [stdout]   14:     0x567c85bce8cb - test[aada8e7e76ba119b]::__rust_begin_short_backtrace::<core[a373ad73a504971]::result::Result<(), alloc[2e1b2a31b91974c5]::string::String>, fn() -> core[a373ad73a504971]::result::Result<(), alloc[2e1b2a31b91974c5]::string::String>>
[INFO] [stdout]   15:     0x567c85bdbaa5 - test[aada8e7e76ba119b]::run_test::{closure#0}
[INFO] [stdout]   16:     0x567c85bd5394 - std[617be2ca0a6fd877]::sys::backtrace::__rust_begin_short_backtrace::<test[aada8e7e76ba119b]::run_test::{closure#1}, ()>
[INFO] [stdout]   17:     0x567c85bdeb32 - <std[617be2ca0a6fd877]::thread::lifecycle::spawn_unchecked<test[aada8e7e76ba119b]::run_test::{closure#1}, ()>::{closure#1} as core[a373ad73a504971]::ops::function::FnOnce<()>>::call_once::{shim:vtable#0}
[INFO] [stdout]   18:     0x567c85c49c2f - <std[617be2ca0a6fd877]::sys::thread::unix::Thread>::new::thread_start
[INFO] [stdout]   19:     0x70b3176b4dfa - <unknown>
[INFO] [stdout]   20:     0x70b3177483d4 - clone
[INFO] [stdout]   21:                0x0 - <unknown>
[INFO] [stdout] 
[INFO] [stdout] ---- tests::match_::every_case_file_round_trips_byte_for_byte stdout ----
[INFO] [stdout] 
[INFO] [stdout] thread 'tests::match_::every_case_file_round_trips_byte_for_byte' (319) panicked at src/tests/match_.rs:70:43:
[INFO] [stdout] reading conformance/cases: Os { code: 2, kind: NotFound, message: "No such file or directory" }
[INFO] [stdout] stack backtrace:
[INFO] [stdout]    0:     0x567c85c4aea1 - <<std[617be2ca0a6fd877]::sys::backtrace::BacktraceLock>::print::DisplayBacktrace as core[a373ad73a504971]::fmt::Display>::fmt
[INFO] [stdout]    1:     0x567c85c6187a - core[a373ad73a504971]::fmt::write
[INFO] [stdout]    2:     0x567c85c4fd1c - <alloc[2e1b2a31b91974c5]::vec::Vec<u8> as core[a373ad73a504971]::io::write::Write>::write_fmt
[INFO] [stdout]    3:     0x567c85c23436 - std[617be2ca0a6fd877]::panicking::default_hook::{closure#0}
[INFO] [stdout]    4:     0x567c85c41eb9 - std[617be2ca0a6fd877]::panicking::default_hook
[INFO] [stdout]    5:     0x567c85bdb480 - test[aada8e7e76ba119b]::test_main_inner::{closure#0}
[INFO] [stdout]    6:     0x567c85c42072 - std[617be2ca0a6fd877]::panicking::panic_with_hook
[INFO] [stdout]    7:     0x567c85c234e2 - std[617be2ca0a6fd877]::panicking::panic_handler::{closure#0}
[INFO] [stdout]    8:     0x567c85c1bdf9 - std[617be2ca0a6fd877]::sys::backtrace::__rust_end_short_backtrace::<std[617be2ca0a6fd877]::panicking::panic_handler::{closure#0}, !>
[INFO] [stdout]    9:     0x567c85c242dd - __rustc[ea4f61d10b84890b]::rust_begin_unwind
[INFO] [stdout]   10:     0x567c85c61fac - core[a373ad73a504971]::panicking::panic_fmt
[INFO] [stdout]   11:     0x567c85c61d82 - core[a373ad73a504971]::result::unwrap_failed
[INFO] [stdout]   12:     0x567c85bcd1fa - <san_db_ox_client[3488494be10bf4bd]::tests::match_::every_case_file_round_trips_byte_for_byte::{closure#0} as core[a373ad73a504971]::ops::function::FnOnce<()>>::call_once
[INFO] [stdout]   13:     0x567c85bce8cb - test[aada8e7e76ba119b]::__rust_begin_short_backtrace::<core[a373ad73a504971]::result::Result<(), alloc[2e1b2a31b91974c5]::string::String>, fn() -> core[a373ad73a504971]::result::Result<(), alloc[2e1b2a31b91974c5]::string::String>>
[INFO] [stdout]   14:     0x567c85bdbaa5 - test[aada8e7e76ba119b]::run_test::{closure#0}
[INFO] [stdout]   15:     0x567c85bd5394 - std[617be2ca0a6fd877]::sys::backtrace::__rust_begin_short_backtrace::<test[aada8e7e76ba119b]::run_test::{closure#1}, ()>
[INFO] [stdout]   16:     0x567c85bdeb32 - <std[617be2ca0a6fd877]::thread::lifecycle::spawn_unchecked<test[aada8e7e76ba119b]::run_test::{closure#1}, ()>::{closure#1} as core[a373ad73a504971]::ops::function::FnOnce<()>>::call_once::{shim:vtable#0}
[INFO] [stdout]   17:     0x567c85c49c2f - <std[617be2ca0a6fd877]::sys::thread::unix::Thread>::new::thread_start
[INFO] [stdout]   18:     0x70b3176b4dfa - <unknown>
[INFO] [stdout]   19:     0x70b3177483d4 - clone
[INFO] [stdout]   20:                0x0 - <unknown>
[INFO] [stdout] 
[INFO] [stdout] 
[INFO] [stdout] failures:
[INFO] [stdout]     tests::conformance::conformance_cases_directory_is_not_empty
[INFO] [stdout]     tests::match_::every_case_file_round_trips_byte_for_byte
[INFO] [stdout] 
[INFO] [stdout] test result: FAILED. 83 passed; 2 failed; 0 ignored; 0 measured; 0 filtered out; finished in 0.57s
[INFO] [stdout] 
[INFO] running `Command { std: "docker" "inspect" "db3d2d73c409347d714ff1461d1198994ae2c2857a8e32a6f708759556caa5ca", kill_on_drop: false }`
[INFO] running `Command { std: "docker" "rm" "-f" "db3d2d73c409347d714ff1461d1198994ae2c2857a8e32a6f708759556caa5ca", kill_on_drop: false }`
[INFO] [stdout] db3d2d73c409347d714ff1461d1198994ae2c2857a8e32a6f708759556caa5ca
