[INFO] fetching crate samsvar 0.1.2...
[INFO] testing samsvar-0.1.2 against 1.100.0-beta.1+cargoflags=--release for beta-release-1.100-2
[INFO] extracting crate samsvar 0.1.2 into /workspace/builds/worker-3-tc2/source
[INFO] started tweaking crates.io crate samsvar 0.1.2
[INFO] finished tweaking crates.io crate samsvar 0.1.2
[INFO] tweaked toml for crates.io crate samsvar 0.1.2 written to /workspace/builds/worker-3-tc2/source/Cargo.toml
[INFO] validating manifest of crates.io crate samsvar 0.1.2 on toolchain 1.100.0-beta.1
[INFO] running `Command { std: CARGO_HOME="/workspace/cargo-home" RUSTUP_HOME="/workspace/rustup-home" "/workspace/cargo-home/bin/cargo" "+1.100.0-beta.1" "metadata" "--manifest-path" "Cargo.toml" "--no-deps", kill_on_drop: false }`
[INFO] running `Command { std: CARGO_HOME="/workspace/cargo-home" RUSTUP_HOME="/workspace/rustup-home" "/workspace/cargo-home/bin/cargo" "+1.100.0-beta.1" "generate-lockfile" "--manifest-path" "Cargo.toml", kill_on_drop: false }`
[INFO] [stderr]     Updating crates.io index
[INFO] [stderr]      Locking 13 packages to highest compatible versions
[INFO] [stderr]       Adding nom v7.1.3 (available: v8.0.0)
[INFO] running `Command { std: CARGO_HOME="/workspace/cargo-home" RUSTUP_HOME="/workspace/rustup-home" "/workspace/cargo-home/bin/cargo" "+1.100.0-beta.1" "fetch" "--manifest-path" "Cargo.toml", kill_on_drop: false }`
[INFO] running `Command { std: "docker" "create" "-v" "/var/lib/crater-agent-workspace/builds/worker-3-tc2/source:/opt/rustwide/workdir:ro,Z" "-v" "/var/lib/crater-agent-workspace/builds/worker-3-tc2/target:/opt/rustwide/target:rw,Z" "-v" "/var/lib/crater-agent-workspace/cargo-home:/opt/rustwide/cargo-home:ro,Z" "-v" "/var/lib/crater-agent-workspace/rustup-home:/opt/rustwide/rustup-home:ro,Z" "-m" "1610612736" "--network" "none" "ghcr.io/rust-lang/crates-build-env/linux@sha256:77db811e55d90add9212f6832c23229e3de5f1c1f9905e8cb07319ea15df73ac" "sleep" "infinity", kill_on_drop: false }`
[INFO] [stdout] 79092db4ce221736d62a08c38a4465ca02f2bc2d0d7c663c85720fd076102477
[INFO] running `Command { std: "docker" "start" "79092db4ce221736d62a08c38a4465ca02f2bc2d0d7c663c85720fd076102477", kill_on_drop: false }`
[INFO] running `Command { std: "docker" "inspect" "79092db4ce221736d62a08c38a4465ca02f2bc2d0d7c663c85720fd076102477", kill_on_drop: false }`
[INFO] running `Command { std: "docker" "exec" "-e" "SOURCE_DIR=/opt/rustwide/workdir" "-e" "CARGO_HOME=/opt/rustwide/cargo-home" "-e" "RUSTUP_HOME=/opt/rustwide/rustup-home" "-e" "CARGO_TARGET_DIR=/opt/rustwide/target" "-w" "/opt/rustwide/workdir" "--user" "0:0" "79092db4ce221736d62a08c38a4465ca02f2bc2d0d7c663c85720fd076102477" "/opt/rustwide/cargo-home/bin/cargo" "+1.100.0-beta.1" "metadata" "--no-deps" "--format-version=1", kill_on_drop: false }`
[INFO] running `Command { std: "docker" "inspect" "79092db4ce221736d62a08c38a4465ca02f2bc2d0d7c663c85720fd076102477", kill_on_drop: false }`
[INFO] running `Command { std: "docker" "exec" "-e" "SOURCE_DIR=/opt/rustwide/workdir" "-e" "CARGO_HOME=/opt/rustwide/cargo-home" "-e" "RUSTUP_HOME=/opt/rustwide/rustup-home" "-e" "CARGO_TARGET_DIR=/opt/rustwide/target" "-e" "CARGO_INCREMENTAL=0" "-e" "RUST_BACKTRACE=full" "-e" "RUSTFLAGS=--cap-lints=warn" "-e" "RUSTDOCFLAGS=--cap-lints=warn" "-w" "/opt/rustwide/workdir" "--user" "0:0" "79092db4ce221736d62a08c38a4465ca02f2bc2d0d7c663c85720fd076102477" "/opt/rustwide/cargo-home/bin/cargo" "+1.100.0-beta.1" "build" "--frozen" "--message-format=json" "--release", kill_on_drop: false }`
[INFO] [stderr]    Compiling serde_core v1.0.229
[INFO] [stderr]    Compiling minimal-lexical v0.2.1
[INFO] [stderr]    Compiling nom v7.1.3
[INFO] [stderr]    Compiling serde_json v1.0.154
[INFO] [stderr]    Compiling samsvar v0.1.2 (/opt/rustwide/workdir)
[INFO] [stderr]     Finished `release` profile [optimized] target(s) in 5.74s
[INFO] running `Command { std: "docker" "inspect" "79092db4ce221736d62a08c38a4465ca02f2bc2d0d7c663c85720fd076102477", kill_on_drop: false }`
[INFO] running `Command { std: "docker" "exec" "-e" "SOURCE_DIR=/opt/rustwide/workdir" "-e" "CARGO_HOME=/opt/rustwide/cargo-home" "-e" "RUSTUP_HOME=/opt/rustwide/rustup-home" "-e" "CARGO_TARGET_DIR=/opt/rustwide/target" "-e" "CARGO_INCREMENTAL=0" "-e" "RUST_BACKTRACE=full" "-e" "RUSTFLAGS=--cap-lints=warn" "-e" "RUSTDOCFLAGS=--cap-lints=warn" "-w" "/opt/rustwide/workdir" "--user" "0:0" "79092db4ce221736d62a08c38a4465ca02f2bc2d0d7c663c85720fd076102477" "/opt/rustwide/cargo-home/bin/cargo" "+1.100.0-beta.1" "test" "--frozen" "--no-run" "--message-format=json" "--release", kill_on_drop: false }`
[INFO] [stderr]    Compiling samsvar v0.1.2 (/opt/rustwide/workdir)
[INFO] [stderr]     Finished `release` profile [optimized] target(s) in 1.00s
[INFO] running `Command { std: "docker" "inspect" "79092db4ce221736d62a08c38a4465ca02f2bc2d0d7c663c85720fd076102477", kill_on_drop: false }`
[INFO] running `Command { std: "docker" "exec" "-e" "SOURCE_DIR=/opt/rustwide/workdir" "-e" "CARGO_HOME=/opt/rustwide/cargo-home" "-e" "RUSTUP_HOME=/opt/rustwide/rustup-home" "-e" "CARGO_TARGET_DIR=/opt/rustwide/target" "-e" "CARGO_INCREMENTAL=0" "-e" "RUST_BACKTRACE=full" "-e" "RUSTFLAGS=--cap-lints=warn" "-e" "RUSTDOCFLAGS=--cap-lints=warn" "-w" "/opt/rustwide/workdir" "--user" "0:0" "79092db4ce221736d62a08c38a4465ca02f2bc2d0d7c663c85720fd076102477" "/opt/rustwide/cargo-home/bin/cargo" "+1.100.0-beta.1" "test" "--frozen" "--release", kill_on_drop: false }`
[INFO] [stderr]     Finished `release` profile [optimized] target(s) in 0.05s
[INFO] [stderr]      Running unittests src/lib.rs (/opt/rustwide/target/release/build/samsvar/11f42f722713d44b/out/samsvar-11f42f722713d44b)
[INFO] [stdout] 
[INFO] [stdout] running 7 tests
[INFO] [stdout] test tests::test3 ... ok
[INFO] [stdout] test tests::test1 ... FAILED
[INFO] [stdout] test tests::test4 ... FAILED
[INFO] [stdout] test tests::test2 ... FAILED
[INFO] [stdout] test tests::test5 ... FAILED
[INFO] [stdout] test tests::tokentest ... FAILED
[INFO] [stdout] test tests::loltest ... FAILED
[INFO] [stdout] 
[INFO] [stdout] failures:
[INFO] [stdout] 
[INFO] [stdout] ---- tests::test1 stdout ----
[INFO] [stdout] 
[INFO] [stdout] thread 'tests::test1' (205) panicked at src/lib.rs:234:9:
[INFO] [stdout] assertion `left == right` failed
[INFO] [stdout]   left: And([Expr(Expr { key: "a", op: GreaterThan, val: Number(4.0), default: None, dict_key: None })])
[INFO] [stdout]  right: Expr(Expr { key: "a", op: GreaterThan, val: Number(4.0), default: None, dict_key: None })
[INFO] [stdout] stack backtrace:
[INFO] [stdout]    0:     0x631b34b54271 - <<std[617be2ca0a6fd877]::sys::backtrace::BacktraceLock>::print::DisplayBacktrace as core[a373ad73a504971]::fmt::Display>::fmt
[INFO] [stdout]    1:     0x631b34b68d0a - core[a373ad73a504971]::fmt::write
[INFO] [stdout]    2:     0x631b34b5848c - <alloc[2e1b2a31b91974c5]::vec::Vec<u8> as core[a373ad73a504971]::io::write::Write>::write_fmt
[INFO] [stdout]    3:     0x631b34b306d6 - std[617be2ca0a6fd877]::panicking::default_hook::{closure#0}
[INFO] [stdout]    4:     0x631b34b4c909 - std[617be2ca0a6fd877]::panicking::default_hook
[INFO] [stdout]    5:     0x631b34ae4f70 - test[aada8e7e76ba119b]::test_main_inner::{closure#0}
[INFO] [stdout]    6:     0x631b34b4cac2 - std[617be2ca0a6fd877]::panicking::panic_with_hook
[INFO] [stdout]    7:     0x631b34b30782 - std[617be2ca0a6fd877]::panicking::panic_handler::{closure#0}
[INFO] [stdout]    8:     0x631b34b29499 - std[617be2ca0a6fd877]::sys::backtrace::__rust_end_short_backtrace::<std[617be2ca0a6fd877]::panicking::panic_handler::{closure#0}, !>
[INFO] [stdout]    9:     0x631b34b3138d - __rustc[ea4f61d10b84890b]::rust_begin_unwind
[INFO] [stdout]   10:     0x631b34b6943c - core[a373ad73a504971]::panicking::panic_fmt
[INFO] [stdout]   11:     0x631b34b69353 - core[a373ad73a504971]::panicking::assert_failed_inner
[INFO] [stdout]   12:     0x631b34ad0885 - core[a373ad73a504971]::panicking::assert_failed::<samsvar[e5e99d7423071642]::Schema, samsvar[e5e99d7423071642]::Schema>
[INFO] [stdout]   13:     0x631b34ad3d86 - <samsvar[e5e99d7423071642]::tests::test1::{closure#0} as core[a373ad73a504971]::ops::function::FnOnce<()>>::call_once
[INFO] [stdout]   14:     0x631b34ad83bb - test[aada8e7e76ba119b]::__rust_begin_short_backtrace::<core[a373ad73a504971]::result::Result<(), alloc[2e1b2a31b91974c5]::string::String>, fn() -> core[a373ad73a504971]::result::Result<(), alloc[2e1b2a31b91974c5]::string::String>>
[INFO] [stdout]   15:     0x631b34ae5595 - test[aada8e7e76ba119b]::run_test::{closure#0}
[INFO] [stdout]   16:     0x631b34adee84 - std[617be2ca0a6fd877]::sys::backtrace::__rust_begin_short_backtrace::<test[aada8e7e76ba119b]::run_test::{closure#1}, ()>
[INFO] [stdout]   17:     0x631b34ae8622 - <std[617be2ca0a6fd877]::thread::lifecycle::spawn_unchecked<test[aada8e7e76ba119b]::run_test::{closure#1}, ()>::{closure#1} as core[a373ad73a504971]::ops::function::FnOnce<()>>::call_once::{shim:vtable#0}
[INFO] [stdout]   18:     0x631b34b53acf - <std[617be2ca0a6fd877]::sys::thread::unix::Thread>::new::thread_start
[INFO] [stdout]   19:     0x744301417dfa - <unknown>
[INFO] [stdout]   20:     0x7443014ab3d4 - clone
[INFO] [stdout]   21:                0x0 - <unknown>
[INFO] [stdout] 
[INFO] [stdout] ---- tests::test4 stdout ----
[INFO] [stdout] 
[INFO] [stdout] thread 'tests::test4' (208) panicked at src/lib.rs:267:9:
[INFO] [stdout] assertion `left == right` failed
[INFO] [stdout]   left: And([Expr(Expr { key: "a", op: Contains, val: String("helloworld"), default: None, dict_key: None }), Or([And([Expr(Expr { key: "b", op: LessThan, val: Number(4.0), default: None, dict_key: None })]), And([Expr(Expr { key: "c", op: Equal, val: Bool(true), default: None, dict_key: None })])])])
[INFO] [stdout]  right: And([Expr(Expr { key: "a", op: Contains, val: String("helloworld"), default: None, dict_key: None }), Or([Expr(Expr { key: "b", op: LessThan, val: Number(4.0), default: None, dict_key: None }), Expr(Expr { key: "c", op: Equal, val: Bool(true), default: None, dict_key: None })])])
[INFO] [stdout] stack backtrace:
[INFO] [stdout]    0:     0x631b34b54271 - <<std[617be2ca0a6fd877]::sys::backtrace::BacktraceLock>::print::DisplayBacktrace as core[a373ad73a504971]::fmt::Display>::fmt
[INFO] [stdout]    1:     0x631b34b68d0a - core[a373ad73a504971]::fmt::write
[INFO] [stdout]    2:     0x631b34b5848c - <alloc[2e1b2a31b91974c5]::vec::Vec<u8> as core[a373ad73a504971]::io::write::Write>::write_fmt
[INFO] [stdout]    3:     0x631b34b306d6 - std[617be2ca0a6fd877]::panicking::default_hook::{closure#0}
[INFO] [stdout]    4:     0x631b34b4c909 - std[617be2ca0a6fd877]::panicking::default_hook
[INFO] [stdout]    5:     0x631b34ae4f70 - test[aada8e7e76ba119b]::test_main_inner::{closure#0}
[INFO] [stdout]    6:     0x631b34b4cac2 - std[617be2ca0a6fd877]::panicking::panic_with_hook
[INFO] [stdout]    7:     0x631b34b30782 - std[617be2ca0a6fd877]::panicking::panic_handler::{closure#0}
[INFO] [stdout]    8:     0x631b34b29499 - std[617be2ca0a6fd877]::sys::backtrace::__rust_end_short_backtrace::<std[617be2ca0a6fd877]::panicking::panic_handler::{closure#0}, !>
[INFO] [stdout]    9:     0x631b34b3138d - __rustc[ea4f61d10b84890b]::rust_begin_unwind
[INFO] [stdout]   10:     0x631b34b6943c - core[a373ad73a504971]::panicking::panic_fmt
[INFO] [stdout]   11:     0x631b34b69353 - core[a373ad73a504971]::panicking::assert_failed_inner
[INFO] [stdout]   12:     0x631b34ad0885 - core[a373ad73a504971]::panicking::assert_failed::<samsvar[e5e99d7423071642]::Schema, samsvar[e5e99d7423071642]::Schema>
[INFO] [stdout]   13:     0x631b34ad4954 - <samsvar[e5e99d7423071642]::tests::test4::{closure#0} as core[a373ad73a504971]::ops::function::FnOnce<()>>::call_once
[INFO] [stdout]   14:     0x631b34ad83bb - test[aada8e7e76ba119b]::__rust_begin_short_backtrace::<core[a373ad73a504971]::result::Result<(), alloc[2e1b2a31b91974c5]::string::String>, fn() -> core[a373ad73a504971]::result::Result<(), alloc[2e1b2a31b91974c5]::string::String>>
[INFO] [stdout]   15:     0x631b34ae5595 - test[aada8e7e76ba119b]::run_test::{closure#0}
[INFO] [stdout]   16:     0x631b34adee84 - std[617be2ca0a6fd877]::sys::backtrace::__rust_begin_short_backtrace::<test[aada8e7e76ba119b]::run_test::{closure#1}, ()>
[INFO] [stdout]   17:     0x631b34ae8622 - <std[617be2ca0a6fd877]::thread::lifecycle::spawn_unchecked<test[aada8e7e76ba119b]::run_test::{closure#1}, ()>::{closure#1} as core[a373ad73a504971]::ops::function::FnOnce<()>>::call_once::{shim:vtable#0}
[INFO] [stdout]   18:     0x631b34b53acf - <std[617be2ca0a6fd877]::sys::thread::unix::Thread>::new::thread_start
[INFO] [stdout]   19:     0x744301417dfa - <unknown>
[INFO] [stdout]   20:     0x7443014ab3d4 - clone
[INFO] [stdout]   21:                0x0 - <unknown>
[INFO] [stdout] 
[INFO] [stdout] ---- tests::test2 stdout ----
[INFO] [stdout] 
[INFO] [stdout] thread 'tests::test2' (206) panicked at src/lib.rs:243:9:
[INFO] [stdout] assertion `left == right` failed
[INFO] [stdout]   left: And([Expr(Expr { key: "a", op: LessThan, val: Number(3.0), default: None, dict_key: None })])
[INFO] [stdout]  right: Expr(Expr { key: "a", op: LessThan, val: Number(3.0), default: None, dict_key: None })
[INFO] [stdout] stack backtrace:
[INFO] [stdout]    0:     0x631b34b54271 - <<std[617be2ca0a6fd877]::sys::backtrace::BacktraceLock>::print::DisplayBacktrace as core[a373ad73a504971]::fmt::Display>::fmt
[INFO] [stdout]    1:     0x631b34b68d0a - core[a373ad73a504971]::fmt::write
[INFO] [stdout]    2:     0x631b34b5848c - <alloc[2e1b2a31b91974c5]::vec::Vec<u8> as core[a373ad73a504971]::io::write::Write>::write_fmt
[INFO] [stdout]    3:     0x631b34b306d6 - std[617be2ca0a6fd877]::panicking::default_hook::{closure#0}
[INFO] [stdout]    4:     0x631b34b4c909 - std[617be2ca0a6fd877]::panicking::default_hook
[INFO] [stdout]    5:     0x631b34ae4f70 - test[aada8e7e76ba119b]::test_main_inner::{closure#0}
[INFO] [stdout]    6:     0x631b34b4cac2 - std[617be2ca0a6fd877]::panicking::panic_with_hook
[INFO] [stdout]    7:     0x631b34b30782 - std[617be2ca0a6fd877]::panicking::panic_handler::{closure#0}
[INFO] [stdout]    8:     0x631b34b29499 - std[617be2ca0a6fd877]::sys::backtrace::__rust_end_short_backtrace::<std[617be2ca0a6fd877]::panicking::panic_handler::{closure#0}, !>
[INFO] [stdout]    9:     0x631b34b3138d - __rustc[ea4f61d10b84890b]::rust_begin_unwind
[INFO] [stdout]   10:     0x631b34b6943c - core[a373ad73a504971]::panicking::panic_fmt
[INFO] [stdout]   11:     0x631b34b69353 - core[a373ad73a504971]::panicking::assert_failed_inner
[INFO] [stdout]   12:     0x631b34ad0885 - core[a373ad73a504971]::panicking::assert_failed::<samsvar[e5e99d7423071642]::Schema, samsvar[e5e99d7423071642]::Schema>
[INFO] [stdout]   13:     0x631b34ad3f77 - <samsvar[e5e99d7423071642]::tests::test2::{closure#0} as core[a373ad73a504971]::ops::function::FnOnce<()>>::call_once
[INFO] [stdout]   14:     0x631b34ad83bb - test[aada8e7e76ba119b]::__rust_begin_short_backtrace::<core[a373ad73a504971]::result::Result<(), alloc[2e1b2a31b91974c5]::string::String>, fn() -> core[a373ad73a504971]::result::Result<(), alloc[2e1b2a31b91974c5]::string::String>>
[INFO] [stdout]   15:     0x631b34ae5595 - test[aada8e7e76ba119b]::run_test::{closure#0}
[INFO] [stdout]   16:     0x631b34adee84 - std[617be2ca0a6fd877]::sys::backtrace::__rust_begin_short_backtrace::<test[aada8e7e76ba119b]::run_test::{closure#1}, ()>
[INFO] [stdout]   17:     0x631b34ae8622 - <std[617be2ca0a6fd877]::thread::lifecycle::spawn_unchecked<test[aada8e7e76ba119b]::run_test::{closure#1}, ()>::{closure#1} as core[a373ad73a504971]::ops::function::FnOnce<()>>::call_once::{shim:vtable#0}
[INFO] [stdout]   18:     0x631b34b53acf - <std[617be2ca0a6fd877]::sys::thread::unix::Thread>::new::thread_start
[INFO] [stdout]   19:     0x744301417dfa - <unknown>
[INFO] [stdout]   20:     0x7443014ab3d4 - clone
[INFO] [stdout]   21:                0x0 - <unknown>
[INFO] [stdout] 
[INFO] [stdout] ---- tests::test5 stdout ----
[INFO] [stdout] 
[INFO] [stdout] thread 'tests::test5' (209) panicked at src/lib.rs:282:9:
[INFO] [stdout] assertion `left == right` failed
[INFO] [stdout]   left: And([Expr(Expr { key: "a", op: Contains, val: String("heyworld"), default: None, dict_key: None })])
[INFO] [stdout]  right: Expr(Expr { key: "a", op: Contains, val: String("heyworld"), default: None, dict_key: None })
[INFO] [stdout] stack backtrace:
[INFO] [stdout]    0:     0x631b34b54271 - <<std[617be2ca0a6fd877]::sys::backtrace::BacktraceLock>::print::DisplayBacktrace as core[a373ad73a504971]::fmt::Display>::fmt
[INFO] [stdout]    1:     0x631b34b68d0a - core[a373ad73a504971]::fmt::write
[INFO] [stdout]    2:     0x631b34b5848c - <alloc[2e1b2a31b91974c5]::vec::Vec<u8> as core[a373ad73a504971]::io::write::Write>::write_fmt
[INFO] [stdout]    3:     0x631b34b306d6 - std[617be2ca0a6fd877]::panicking::default_hook::{closure#0}
[INFO] [stdout]    4:     0x631b34b4c909 - std[617be2ca0a6fd877]::panicking::default_hook
[INFO] [stdout]    5:     0x631b34ae4f70 - test[aada8e7e76ba119b]::test_main_inner::{closure#0}
[INFO] [stdout]    6:     0x631b34b4cac2 - std[617be2ca0a6fd877]::panicking::panic_with_hook
[INFO] [stdout]    7:     0x631b34b30782 - std[617be2ca0a6fd877]::panicking::panic_handler::{closure#0}
[INFO] [stdout]    8:     0x631b34b29499 - std[617be2ca0a6fd877]::sys::backtrace::__rust_end_short_backtrace::<std[617be2ca0a6fd877]::panicking::panic_handler::{closure#0}, !>
[INFO] [stdout]    9:     0x631b34b3138d - __rustc[ea4f61d10b84890b]::rust_begin_unwind
[INFO] [stdout]   10:     0x631b34b6943c - core[a373ad73a504971]::panicking::panic_fmt
[INFO] [stdout]   11:     0x631b34b69353 - core[a373ad73a504971]::panicking::assert_failed_inner
[INFO] [stdout]   12:     0x631b34ad0885 - core[a373ad73a504971]::panicking::assert_failed::<samsvar[e5e99d7423071642]::Schema, samsvar[e5e99d7423071642]::Schema>
[INFO] [stdout]   13:     0x631b34ad4b9e - <samsvar[e5e99d7423071642]::tests::test5::{closure#0} as core[a373ad73a504971]::ops::function::FnOnce<()>>::call_once
[INFO] [stdout]   14:     0x631b34ad83bb - test[aada8e7e76ba119b]::__rust_begin_short_backtrace::<core[a373ad73a504971]::result::Result<(), alloc[2e1b2a31b91974c5]::string::String>, fn() -> core[a373ad73a504971]::result::Result<(), alloc[2e1b2a31b91974c5]::string::String>>
[INFO] [stdout]   15:     0x631b34ae5595 - test[aada8e7e76ba119b]::run_test::{closure#0}
[INFO] [stdout]   16:     0x631b34adee84 - std[617be2ca0a6fd877]::sys::backtrace::__rust_begin_short_backtrace::<test[aada8e7e76ba119b]::run_test::{closure#1}, ()>
[INFO] [stdout]   17:     0x631b34ae8622 - <std[617be2ca0a6fd877]::thread::lifecycle::spawn_unchecked<test[aada8e7e76ba119b]::run_test::{closure#1}, ()>::{closure#1} as core[a373ad73a504971]::ops::function::FnOnce<()>>::call_once::{shim:vtable#0}
[INFO] [stdout]   18:     0x631b34b53acf - <std[617be2ca0a6fd877]::sys::thread::unix::Thread>::new::thread_start
[INFO] [stdout]   19:     0x744301417dfa - <unknown>
[INFO] [stdout]   20:     0x7443014ab3d4 - clone
[INFO] [stdout]   21:                0x0 - <unknown>
[INFO] [stdout] 
[INFO] [stdout] ---- tests::tokentest stdout ----
[INFO] [stdout] [src/lib.rs:292:9] result = Some(
[INFO] [stdout]     And(
[INFO] [stdout]         [
[INFO] [stdout]             Expr(
[INFO] [stdout]                 Expr {
[INFO] [stdout]                     key: "a",
[INFO] [stdout]                     op: Contains,
[INFO] [stdout]                     val: String("helloworld"),
[INFO] [stdout]                     default: None,
[INFO] [stdout]                     dict_key: None,
[INFO] [stdout]                 },
[INFO] [stdout]             ),
[INFO] [stdout]             Or(
[INFO] [stdout]                 [
[INFO] [stdout]                     And(
[INFO] [stdout]                         [
[INFO] [stdout]                             Expr(
[INFO] [stdout]                                 Expr {
[INFO] [stdout]                                     key: "b",
[INFO] [stdout]                                     op: LessThan,
[INFO] [stdout]                                     val: Number(4.0),
[INFO] [stdout]                                     default: None,
[INFO] [stdout]                                     dict_key: None,
[INFO] [stdout]                                 },
[INFO] [stdout]                             ),
[INFO] [stdout]                         ],
[INFO] [stdout]                     ),
[INFO] [stdout]                     And(
[INFO] [stdout]                         [
[INFO] [stdout]                             Expr(
[INFO] [stdout]                                 Expr {
[INFO] [stdout]                                     key: "c",
[INFO] [stdout]                                     op: Equal,
[INFO] [stdout]                                     val: Bool(true),
[INFO] [stdout]                                     default: None,
[INFO] [stdout]                                     dict_key: None,
[INFO] [stdout]                                 },
[INFO] [stdout]                             ),
[INFO] [stdout]                         ],
[INFO] [stdout]                     ),
[INFO] [stdout]                 ],
[INFO] [stdout]             ),
[INFO] [stdout]         ],
[INFO] [stdout]     ),
[INFO] [stdout] )
[INFO] [stdout] 
[INFO] [stdout] thread 'tests::tokentest' (210) panicked at src/lib.rs:293:9:
[INFO] [stdout] explicit panic
[INFO] [stdout] stack backtrace:
[INFO] [stdout]    0:     0x631b34b54271 - <<std[617be2ca0a6fd877]::sys::backtrace::BacktraceLock>::print::DisplayBacktrace as core[a373ad73a504971]::fmt::Display>::fmt
[INFO] [stdout]    1:     0x631b34b68d0a - core[a373ad73a504971]::fmt::write
[INFO] [stdout]    2:     0x631b34b5848c - <alloc[2e1b2a31b91974c5]::vec::Vec<u8> as core[a373ad73a504971]::io::write::Write>::write_fmt
[INFO] [stdout]    3:     0x631b34b306d6 - std[617be2ca0a6fd877]::panicking::default_hook::{closure#0}
[INFO] [stdout]    4:     0x631b34b4c909 - std[617be2ca0a6fd877]::panicking::default_hook
[INFO] [stdout]    5:     0x631b34ae4f70 - test[aada8e7e76ba119b]::test_main_inner::{closure#0}
[INFO] [stdout]    6:     0x631b34b4cac2 - std[617be2ca0a6fd877]::panicking::panic_with_hook
[INFO] [stdout]    7:     0x631b34b307b4 - std[617be2ca0a6fd877]::panicking::panic_handler::{closure#0}
[INFO] [stdout]    8:     0x631b34b29499 - std[617be2ca0a6fd877]::sys::backtrace::__rust_end_short_backtrace::<std[617be2ca0a6fd877]::panicking::panic_handler::{closure#0}, !>
[INFO] [stdout]    9:     0x631b34b3138d - __rustc[ea4f61d10b84890b]::rust_begin_unwind
[INFO] [stdout]   10:     0x631b34b6943c - core[a373ad73a504971]::panicking::panic_fmt
[INFO] [stdout]   11:     0x631b34b69402 - core[a373ad73a504971]::panicking::panic
[INFO] [stdout]   12:     0x631b34ad4d23 - <samsvar[e5e99d7423071642]::tests::tokentest::{closure#0} as core[a373ad73a504971]::ops::function::FnOnce<()>>::call_once
[INFO] [stdout]   13:     0x631b34ad83bb - test[aada8e7e76ba119b]::__rust_begin_short_backtrace::<core[a373ad73a504971]::result::Result<(), alloc[2e1b2a31b91974c5]::string::String>, fn() -> core[a373ad73a504971]::result::Result<(), alloc[2e1b2a31b91974c5]::string::String>>
[INFO] [stdout]   14:     0x631b34ae5595 - test[aada8e7e76ba119b]::run_test::{closure#0}
[INFO] [stdout]   15:     0x631b34adee84 - std[617be2ca0a6fd877]::sys::backtrace::__rust_begin_short_backtrace::<test[aada8e7e76ba119b]::run_test::{closure#1}, ()>
[INFO] [stdout]   16:     0x631b34ae8622 - <std[617be2ca0a6fd877]::thread::lifecycle::spawn_unchecked<test[aada8e7e76ba119b]::run_test::{closure#1}, ()>::{closure#1} as core[a373ad73a504971]::ops::function::FnOnce<()>>::call_once::{shim:vtable#0}
[INFO] [stdout]   17:     0x631b34b53acf - <std[617be2ca0a6fd877]::sys::thread::unix::Thread>::new::thread_start
[INFO] [stdout]   18:     0x744301417dfa - <unknown>
[INFO] [stdout]   19:     0x7443014ab3d4 - clone
[INFO] [stdout]   20:                0x0 - <unknown>
[INFO] [stdout] 
[INFO] [stdout] ---- tests::loltest stdout ----
[INFO] [stdout] 
[INFO] [stdout] thread 'tests::loltest' (204) panicked at src/lib.rs:24:69:
[INFO] [stdout] called `Option::unwrap()` on a `None` value
[INFO] [stdout] stack backtrace:
[INFO] [stdout]    0:     0x631b34b54271 - <<std[617be2ca0a6fd877]::sys::backtrace::BacktraceLock>::print::DisplayBacktrace as core[a373ad73a504971]::fmt::Display>::fmt
[INFO] [stdout]    1:     0x631b34b68d0a - core[a373ad73a504971]::fmt::write
[INFO] [stdout]    2:     0x631b34b5848c - <alloc[2e1b2a31b91974c5]::vec::Vec<u8> as core[a373ad73a504971]::io::write::Write>::write_fmt
[INFO] [stdout]    3:     0x631b34b306d6 - std[617be2ca0a6fd877]::panicking::default_hook::{closure#0}
[INFO] [stdout]    4:     0x631b34b4c909 - std[617be2ca0a6fd877]::panicking::default_hook
[INFO] [stdout]    5:     0x631b34ae4f70 - test[aada8e7e76ba119b]::test_main_inner::{closure#0}
[INFO] [stdout]    6:     0x631b34b4cac2 - std[617be2ca0a6fd877]::panicking::panic_with_hook
[INFO] [stdout]    7:     0x631b34b307b4 - std[617be2ca0a6fd877]::panicking::panic_handler::{closure#0}
[INFO] [stdout]    8:     0x631b34b29499 - std[617be2ca0a6fd877]::sys::backtrace::__rust_end_short_backtrace::<std[617be2ca0a6fd877]::panicking::panic_handler::{closure#0}, !>
[INFO] [stdout]    9:     0x631b34b3138d - __rustc[ea4f61d10b84890b]::rust_begin_unwind
[INFO] [stdout]   10:     0x631b34b6943c - core[a373ad73a504971]::panicking::panic_fmt
[INFO] [stdout]   11:     0x631b34b69402 - core[a373ad73a504971]::panicking::panic
[INFO] [stdout]   12:     0x631b34b691b9 - core[a373ad73a504971]::option::unwrap_failed
[INFO] [stdout]   13:     0x631b34ad33b6 - <samsvar[e5e99d7423071642]::parser::condition as nom[fca0bc1c19f66dd8]::internal::Parser<&str, samsvar[e5e99d7423071642]::Schema, nom[fca0bc1c19f66dd8]::error::Error<&str>>>::parse
[INFO] [stdout]   14:     0x631b34ad1752 - nom[fca0bc1c19f66dd8]::branch::alt::<&str, samsvar[e5e99d7423071642]::Schema, nom[fca0bc1c19f66dd8]::error::Error<&str>, (samsvar[e5e99d7423071642]::parser::parens, samsvar[e5e99d7423071642]::parser::condition)>::{closure#0}
[INFO] [stdout]   15:     0x631b34ad14ab - nom[fca0bc1c19f66dd8]::multi::separated_list0::<&str, samsvar[e5e99d7423071642]::Schema, char, nom[fca0bc1c19f66dd8]::error::Error<&str>, nom[fca0bc1c19f66dd8]::sequence::preceded<&str, &str, samsvar[e5e99d7423071642]::Schema, nom[fca0bc1c19f66dd8]::error::Error<&str>, nom[fca0bc1c19f66dd8]::character::complete::multispace0<&str, nom[fca0bc1c19f66dd8]::error::Error<&str>>, nom[fca0bc1c19f66dd8]::branch::alt<&str, samsvar[e5e99d7423071642]::Schema, nom[fca0bc1c19f66dd8]::error::Error<&str>, (samsvar[e5e99d7423071642]::parser::parens, samsvar[e5e99d7423071642]::parser::condition)>::{closure#0}>::{closure#0}, nom[fca0bc1c19f66dd8]::sequence::preceded<&str, &str, char, nom[fca0bc1c19f66dd8]::error::Error<&str>, nom[fca0bc1c19f66dd8]::character::complete::multispace0<&str, nom[fca0bc1c19f66dd8]::error::Error<&str>>, nom[fca0bc1c19f66dd8]::character::complete::char<&str, nom[fca0bc1c19f66dd8]::error::Error<&str>>::{closure#0}>::{closure#0}>::{closure#0}
[INFO] [stdout]   16:     0x631b34ad3181 - <nom[fca0bc1c19f66dd8]::branch::alt<&str, samsvar[e5e99d7423071642]::Schema, nom[fca0bc1c19f66dd8]::error::Error<&str>, (samsvar[e5e99d7423071642]::parser::parens, samsvar[e5e99d7423071642]::parser::and_expr)>::{closure#0} as nom[fca0bc1c19f66dd8]::internal::Parser<&str, samsvar[e5e99d7423071642]::Schema, nom[fca0bc1c19f66dd8]::error::Error<&str>>>::parse
[INFO] [stdout]   17:     0x631b34ad22ca - samsvar[e5e99d7423071642]::parser::evaluate
[INFO] [stdout]   18:     0x631b34ad66b9 - <samsvar[e5e99d7423071642]::Schema>::new
[INFO] [stdout]   19:     0x631b34ad6185 - <samsvar[e5e99d7423071642]::tests::TestStruct as samsvar[e5e99d7423071642]::Matcher>::eval
[INFO] [stdout]   20:     0x631b34ad38b9 - samsvar[e5e99d7423071642]::tests::loltest
[INFO] [stdout]   21:     0x631b34ad4be6 - <samsvar[e5e99d7423071642]::tests::loltest::{closure#0} as core[a373ad73a504971]::ops::function::FnOnce<()>>::call_once
[INFO] [stdout]   22:     0x631b34ad83bb - test[aada8e7e76ba119b]::__rust_begin_short_backtrace::<core[a373ad73a504971]::result::Result<(), alloc[2e1b2a31b91974c5]::string::String>, fn() -> core[a373ad73a504971]::result::Result<(), alloc[2e1b2a31b91974c5]::string::String>>
[INFO] [stdout]   23:     0x631b34ae5595 - test[aada8e7e76ba119b]::run_test::{closure#0}
[INFO] [stdout]   24:     0x631b34adee84 - std[617be2ca0a6fd877]::sys::backtrace::__rust_begin_short_backtrace::<test[aada8e7e76ba119b]::run_test::{closure#1}, ()>
[INFO] [stdout]   25:     0x631b34ae8622 - <std[617be2ca0a6fd877]::thread::lifecycle::spawn_unchecked<test[aada8e7e76ba119b]::run_test::{closure#1}, ()>::{closure#1} as core[a373ad73a504971]::ops::function::FnOnce<()>>::call_once::{shim:vtable#0}
[INFO] [stdout]   26:     0x631b34b53acf - <std[617be2ca0a6fd877]::sys::thread::unix::Thread>::new::thread_start
[INFO] [stdout]   27:     0x744301417dfa - <unknown>
[INFO] [stdout]   28:     0x7443014ab3d4 - clone
[INFO] [stdout]   29:                0x0 - <unknown>
[INFO] [stdout] 
[INFO] [stdout] 
[INFO] [stdout] failures:
[INFO] [stdout]     tests::loltest
[INFO] [stdout]     tests::test1
[INFO] [stdout]     tests::test2
[INFO] [stdout]     tests::test4
[INFO] [stdout]     tests::test5
[INFO] [stdout]     tests::tokentest
[INFO] [stdout] 
[INFO] [stdout] test result: FAILED. 1 passed; 6 failed; 0 ignored; 0 measured; 0 filtered out; finished in 0.01s
[INFO] [stdout] 
[INFO] [stderr] error: test failed, to rerun pass `--lib`
[INFO] running `Command { std: "docker" "inspect" "79092db4ce221736d62a08c38a4465ca02f2bc2d0d7c663c85720fd076102477", kill_on_drop: false }`
[INFO] running `Command { std: "docker" "rm" "-f" "79092db4ce221736d62a08c38a4465ca02f2bc2d0d7c663c85720fd076102477", kill_on_drop: false }`
[INFO] [stdout] 79092db4ce221736d62a08c38a4465ca02f2bc2d0d7c663c85720fd076102477
