[INFO] fetching crate sampo-forgejo-action 0.1.5...
[INFO] testing sampo-forgejo-action-0.1.5 against 1.100.0-beta.1+cargoflags=--release for beta-release-1.100-2
[INFO] extracting crate sampo-forgejo-action 0.1.5 into /workspace/builds/worker-3-tc2/source
[INFO] started tweaking crates.io crate sampo-forgejo-action 0.1.5
[INFO] removed 0 missing tests
[INFO] finished tweaking crates.io crate sampo-forgejo-action 0.1.5
[INFO] tweaked toml for crates.io crate sampo-forgejo-action 0.1.5 written to /workspace/builds/worker-3-tc2/source/Cargo.toml
[INFO] validating manifest of crates.io crate sampo-forgejo-action 0.1.5 on toolchain 1.100.0-beta.1
[INFO] running `Command { std: CARGO_HOME="/workspace/cargo-home" RUSTUP_HOME="/workspace/rustup-home" "/workspace/cargo-home/bin/cargo" "+1.100.0-beta.1" "metadata" "--manifest-path" "Cargo.toml" "--no-deps", kill_on_drop: false }`
[INFO] crate crates.io crate sampo-forgejo-action 0.1.5 already has a lockfile, it will not be regenerated
[INFO] running `Command { std: CARGO_HOME="/workspace/cargo-home" RUSTUP_HOME="/workspace/rustup-home" "/workspace/cargo-home/bin/cargo" "+1.100.0-beta.1" "fetch" "--manifest-path" "Cargo.toml", kill_on_drop: false }`
[INFO] [stderr] warning: `package.homepage` is redundant with `package.repository`
[INFO] [stderr]   --> Cargo.toml:45:12
[INFO] [stderr]    |
[INFO] [stderr] 45 | homepage = "https://codeberg.org/Trombach/sampo-forgejo-action"
[INFO] [stderr]    |            ^^^^^^^^^^^^^^^^^^^^^^^^^^^^^^^^^^^^^^^^^^^^^^^^^^^^
[INFO] [stderr] ...
[INFO] [stderr] 50 | repository = "https://codeberg.org/Trombach/sampo-forgejo-action"
[INFO] [stderr]    |              ----------------------------------------------------
[INFO] [stderr]    |
[INFO] [stderr]    = note: `cargo::redundant_homepage` is set to `warn` by default
[INFO] [stderr] help: consider removing `package.homepage`
[INFO] [stderr] warning: `sampo-forgejo-action` (manifest) generated 1 warning
[INFO] running `Command { std: "docker" "create" "-v" "/var/lib/crater-agent-workspace/builds/worker-3-tc2/source:/opt/rustwide/workdir:ro,Z" "-v" "/var/lib/crater-agent-workspace/builds/worker-3-tc2/target:/opt/rustwide/target:rw,Z" "-v" "/var/lib/crater-agent-workspace/cargo-home:/opt/rustwide/cargo-home:ro,Z" "-v" "/var/lib/crater-agent-workspace/rustup-home:/opt/rustwide/rustup-home:ro,Z" "-m" "1610612736" "--network" "none" "ghcr.io/rust-lang/crates-build-env/linux@sha256:77db811e55d90add9212f6832c23229e3de5f1c1f9905e8cb07319ea15df73ac" "sleep" "infinity", kill_on_drop: false }`
[INFO] [stdout] 00ee26e9b56fafd79ee7af6dfae7648c3d7523767a5ffd7f7ea9219232b63296
[INFO] running `Command { std: "docker" "start" "00ee26e9b56fafd79ee7af6dfae7648c3d7523767a5ffd7f7ea9219232b63296", kill_on_drop: false }`
[INFO] running `Command { std: "docker" "inspect" "00ee26e9b56fafd79ee7af6dfae7648c3d7523767a5ffd7f7ea9219232b63296", kill_on_drop: false }`
[INFO] running `Command { std: "docker" "exec" "-e" "SOURCE_DIR=/opt/rustwide/workdir" "-e" "CARGO_HOME=/opt/rustwide/cargo-home" "-e" "RUSTUP_HOME=/opt/rustwide/rustup-home" "-e" "CARGO_TARGET_DIR=/opt/rustwide/target" "-w" "/opt/rustwide/workdir" "--user" "0:0" "00ee26e9b56fafd79ee7af6dfae7648c3d7523767a5ffd7f7ea9219232b63296" "/opt/rustwide/cargo-home/bin/cargo" "+1.100.0-beta.1" "metadata" "--no-deps" "--format-version=1", kill_on_drop: false }`
[INFO] running `Command { std: "docker" "inspect" "00ee26e9b56fafd79ee7af6dfae7648c3d7523767a5ffd7f7ea9219232b63296", kill_on_drop: false }`
[INFO] running `Command { std: "docker" "exec" "-e" "SOURCE_DIR=/opt/rustwide/workdir" "-e" "CARGO_HOME=/opt/rustwide/cargo-home" "-e" "RUSTUP_HOME=/opt/rustwide/rustup-home" "-e" "CARGO_TARGET_DIR=/opt/rustwide/target" "-e" "CARGO_INCREMENTAL=0" "-e" "RUST_BACKTRACE=full" "-e" "RUSTFLAGS=--cap-lints=warn" "-e" "RUSTDOCFLAGS=--cap-lints=warn" "-w" "/opt/rustwide/workdir" "--user" "0:0" "00ee26e9b56fafd79ee7af6dfae7648c3d7523767a5ffd7f7ea9219232b63296" "/opt/rustwide/cargo-home/bin/cargo" "+1.100.0-beta.1" "build" "--frozen" "--message-format=json" "--release", kill_on_drop: false }`
[INFO] [stderr] warning: `package.homepage` is redundant with `package.repository`
[INFO] [stderr]   --> Cargo.toml:45:12
[INFO] [stderr]    |
[INFO] [stderr] 45 | homepage = "https://codeberg.org/Trombach/sampo-forgejo-action"
[INFO] [stderr]    |            ^^^^^^^^^^^^^^^^^^^^^^^^^^^^^^^^^^^^^^^^^^^^^^^^^^^^
[INFO] [stderr] ...
[INFO] [stderr] 50 | repository = "https://codeberg.org/Trombach/sampo-forgejo-action"
[INFO] [stderr]    |              ----------------------------------------------------
[INFO] [stderr]    |
[INFO] [stderr]    = note: `cargo::redundant_homepage` is set to `warn` by default
[INFO] [stderr] help: consider removing `package.homepage`
[INFO] [stderr] warning: `sampo-forgejo-action` (manifest) generated 1 warning
[INFO] [stderr]    Compiling libc v0.2.190
[INFO] [stderr]    Compiling tree-sitter-language v0.1.8
[INFO] [stderr]    Compiling smallvec v1.16.2
[INFO] [stderr]    Compiling socket2 v0.6.5
[INFO] [stderr]    Compiling mio v1.2.4
[INFO] [stderr]    Compiling syn v3.0.6
[INFO] [stderr]    Compiling regex-syntax v0.8.11
[INFO] [stderr]    Compiling serde_json v1.0.151
[INFO] [stderr]    Compiling camino v1.2.6
[INFO] [stderr]    Compiling ipnet v2.12.2
[INFO] [stderr]    Compiling siphasher v1.0.4
[INFO] [stderr]    Compiling crossbeam-epoch v0.9.21
[INFO] [stderr]    Compiling toml_datetime v1.1.1+spec-1.1.0
[INFO] [stderr]    Compiling bstr v1.13.1
[INFO] [stderr]    Compiling chrono-tz v0.10.4
[INFO] [stderr]    Compiling semver v1.0.28
[INFO] [stderr]    Compiling cargo-platform v0.3.3
[INFO] [stderr]    Compiling serde_spanned v1.1.1
[INFO] [stderr]    Compiling phf_shared v0.12.1
[INFO] [stderr]    Compiling toml v1.1.6+spec-1.1.0
[INFO] [stderr]    Compiling phf v0.12.1
[INFO] [stderr]    Compiling crossbeam-deque v0.8.8
[INFO] [stderr]    Compiling toml_edit v0.25.15+spec-1.1.0
[INFO] [stderr]    Compiling changesets v0.4.0
[INFO] [stderr]    Compiling jobserver v0.1.35
[INFO] [stderr]    Compiling cc v1.6.0
[INFO] [stderr]    Compiling regex-automata v0.4.18
[INFO] [stderr]    Compiling cmake v0.1.58
[INFO] [stderr]    Compiling aws-lc-sys v0.45.0
[INFO] [stderr]    Compiling tree-sitter-xml v0.7.0
[INFO] [stderr]    Compiling tree-sitter-elixir v0.3.5
[INFO] [stderr]    Compiling tree-sitter-erlang v0.20.0
[INFO] [stderr]    Compiling tree-sitter v0.26.13
[INFO] [stderr]    Compiling synstructure v0.14.0
[INFO] [stderr]    Compiling zerofrom-derive v0.1.8
[INFO] [stderr]    Compiling yoke-derive v0.8.4
[INFO] [stderr]    Compiling zerovec-derive v0.11.6
[INFO] [stderr]    Compiling displaydoc v0.2.7
[INFO] [stderr]    Compiling tokio-macros v2.7.2
[INFO] [stderr]    Compiling serde_derive v1.0.229
[INFO] [stderr]    Compiling thiserror-impl v2.0.21
[INFO] [stderr]    Compiling tokio v1.53.2
[INFO] [stderr]    Compiling zerofrom v0.1.8
[INFO] [stderr]    Compiling yoke v0.8.3
[INFO] [stderr]    Compiling zerovec v0.11.8
[INFO] [stderr]    Compiling zerotrie v0.2.5
[INFO] [stderr]    Compiling thiserror v2.0.21
[INFO] [stderr]    Compiling tinystr v0.8.4
[INFO] [stderr]    Compiling potential_utf v0.1.6
[INFO] [stderr]    Compiling icu_collections v2.3.0
[INFO] [stderr]    Compiling icu_locale_core v2.3.0
[INFO] [stderr]    Compiling regex v1.13.1
[INFO] [stderr]    Compiling globset v0.4.20
[INFO] [stderr]    Compiling ignore v0.4.33
[INFO] [stderr]    Compiling serde v1.0.229
[INFO] [stderr]    Compiling icu_provider v2.3.1
[INFO] [stderr]    Compiling icu_properties v2.3.0
[INFO] [stderr]    Compiling icu_normalizer v2.3.0
[INFO] [stderr]    Compiling cargo_metadata v0.23.1
[INFO] [stderr]    Compiling serde_yaml v0.9.34+deprecated
[INFO] [stderr]    Compiling idna_adapter v1.2.2
[INFO] [stderr]    Compiling idna v1.1.0
[INFO] [stderr]    Compiling url v2.5.8
[INFO] [stderr]    Compiling tokio-util v0.7.19
[INFO] [stderr]    Compiling tower v0.5.3
[INFO] [stderr]    Compiling h2 v0.4.19
[INFO] [stderr]    Compiling tower-http v0.6.11
[INFO] [stderr]    Compiling hyper v1.11.1
[INFO] [stderr]    Compiling hyper-util v0.1.21
[INFO] [stderr]    Compiling aws-lc-rs v1.18.1
[INFO] [stderr]    Compiling rustls v0.23.45
[INFO] [stderr]    Compiling rustls-webpki v0.103.15
[INFO] [stderr]    Compiling tokio-rustls v0.26.6
[INFO] [stderr]    Compiling rustls-platform-verifier v0.7.1
[INFO] [stderr]    Compiling hyper-rustls v0.27.10
[INFO] [stderr]    Compiling reqwest v0.13.5
[INFO] [stderr]    Compiling sampo-core v0.17.0
[INFO] [stderr]    Compiling sampo-forgejo-action v0.1.5 (/opt/rustwide/workdir)
[INFO] [stderr]     Finished `release` profile [optimized] target(s) in 1m 36s
[INFO] running `Command { std: "docker" "inspect" "00ee26e9b56fafd79ee7af6dfae7648c3d7523767a5ffd7f7ea9219232b63296", kill_on_drop: false }`
[INFO] running `Command { std: "docker" "exec" "-e" "SOURCE_DIR=/opt/rustwide/workdir" "-e" "CARGO_HOME=/opt/rustwide/cargo-home" "-e" "RUSTUP_HOME=/opt/rustwide/rustup-home" "-e" "CARGO_TARGET_DIR=/opt/rustwide/target" "-e" "CARGO_INCREMENTAL=0" "-e" "RUST_BACKTRACE=full" "-e" "RUSTFLAGS=--cap-lints=warn" "-e" "RUSTDOCFLAGS=--cap-lints=warn" "-w" "/opt/rustwide/workdir" "--user" "0:0" "00ee26e9b56fafd79ee7af6dfae7648c3d7523767a5ffd7f7ea9219232b63296" "/opt/rustwide/cargo-home/bin/cargo" "+1.100.0-beta.1" "test" "--frozen" "--no-run" "--message-format=json" "--release", kill_on_drop: false }`
[INFO] [stderr] warning: `package.homepage` is redundant with `package.repository`
[INFO] [stderr]   --> Cargo.toml:45:12
[INFO] [stderr]    |
[INFO] [stderr] 45 | homepage = "https://codeberg.org/Trombach/sampo-forgejo-action"
[INFO] [stderr]    |            ^^^^^^^^^^^^^^^^^^^^^^^^^^^^^^^^^^^^^^^^^^^^^^^^^^^^
[INFO] [stderr] ...
[INFO] [stderr] 50 | repository = "https://codeberg.org/Trombach/sampo-forgejo-action"
[INFO] [stderr]    |              ----------------------------------------------------
[INFO] [stderr]    |
[INFO] [stderr]    = note: `cargo::redundant_homepage` is set to `warn` by default
[INFO] [stderr] help: consider removing `package.homepage`
[INFO] [stderr] warning: `sampo-forgejo-action` (manifest) generated 1 warning
[INFO] [stderr]    Compiling tower-http v0.6.11
[INFO] [stderr]    Compiling reqwest v0.13.5
[INFO] [stderr]    Compiling sampo-core v0.17.0
[INFO] [stderr]    Compiling sampo-forgejo-action v0.1.5 (/opt/rustwide/workdir)
[INFO] [stderr]     Finished `release` profile [optimized] target(s) in 23.30s
[INFO] running `Command { std: "docker" "inspect" "00ee26e9b56fafd79ee7af6dfae7648c3d7523767a5ffd7f7ea9219232b63296", kill_on_drop: false }`
[INFO] running `Command { std: "docker" "exec" "-e" "SOURCE_DIR=/opt/rustwide/workdir" "-e" "CARGO_HOME=/opt/rustwide/cargo-home" "-e" "RUSTUP_HOME=/opt/rustwide/rustup-home" "-e" "CARGO_TARGET_DIR=/opt/rustwide/target" "-e" "CARGO_INCREMENTAL=0" "-e" "RUST_BACKTRACE=full" "-e" "RUSTFLAGS=--cap-lints=warn" "-e" "RUSTDOCFLAGS=--cap-lints=warn" "-w" "/opt/rustwide/workdir" "--user" "0:0" "00ee26e9b56fafd79ee7af6dfae7648c3d7523767a5ffd7f7ea9219232b63296" "/opt/rustwide/cargo-home/bin/cargo" "+1.100.0-beta.1" "test" "--frozen" "--release", kill_on_drop: false }`
[INFO] [stderr] warning: `package.homepage` is redundant with `package.repository`
[INFO] [stderr]   --> Cargo.toml:45:12
[INFO] [stderr]    |
[INFO] [stderr] 45 | homepage = "https://codeberg.org/Trombach/sampo-forgejo-action"
[INFO] [stderr]    |            ^^^^^^^^^^^^^^^^^^^^^^^^^^^^^^^^^^^^^^^^^^^^^^^^^^^^
[INFO] [stderr] ...
[INFO] [stderr] 50 | repository = "https://codeberg.org/Trombach/sampo-forgejo-action"
[INFO] [stderr]    |              ----------------------------------------------------
[INFO] [stderr]    |
[INFO] [stderr]    = note: `cargo::redundant_homepage` is set to `warn` by default
[INFO] [stderr] help: consider removing `package.homepage`
[INFO] [stderr] warning: `sampo-forgejo-action` (manifest) generated 1 warning
[INFO] [stderr]     Finished `release` profile [optimized] target(s) in 0.21s
[INFO] [stderr]      Running unittests src/main.rs (/opt/rustwide/target/release/build/sampo-forgejo-action/cf301ea845b20ee7/out/sampo_forgejo_action-cf301ea845b20ee7)
[INFO] [stdout] 
[INFO] [stdout] running 32 tests
[INFO] [stdout] test tests::default_title_includes_branch_name ... ok
[INFO] [stdout] test tests::parse_asset_specs_supports_patterns_and_rename ... ok
[INFO] [stdout] test tests::parse_tag_with_default_template ... ok
[INFO] [stdout] test tests::collect_prerelease_packages_detects_members ... ok
[INFO] [stdout] test tests::pre_release_branch_has_dedicated_prefix_and_title ... ok
[INFO] [stdout] test sampo::tests::test_append_changes_section_multiline_with_nested_list ... ok
[INFO] [stdout] test tests::resolve_release_assets_short_tags_with_prerelease ... ok
[INFO] [stdout] test sampo::tests::test_append_changes_section_empty ... ok
[INFO] [stdout] test sampo::tests::test_no_duplicate_messages_in_changelog ... ok
[INFO] [stdout] test tests::default_branch_slugifies_path_segments ... ok
[INFO] [stdout] test tests::collect_prerelease_packages_disambiguates_same_name ... ok
[INFO] [stdout] test tests::stabilize_branch_uses_dedicated_prefix ... ok
[INFO] [stdout] test tests::tag_pre_release_detection ... ok
[INFO] [stdout] test tests::test_determine_workspace_with_config_override ... ok
[INFO] [stdout] test tests::resolve_release_assets_with_short_tags ... ok
[INFO] [stdout] test tests::stabilize_title_includes_branch_name ... ok
[INFO] [stdout] test sampo::tests::test_append_changes_section ... ok
[INFO] [stdout] test tests::render_asset_template_substitutes_known_placeholders ... ok
[INFO] [stdout] test tests::test_emit_github_output ... ok
[INFO] [stdout] test tests::parse_tag_with_config_handles_short_format ... ok
[INFO] [stdout] test tests::tag_is_prerelease_with_config_detects_short_format_prereleases ... ok
[INFO] [stdout] test tests::test_extract_changelog_section_without_timestamp ... ok
[INFO] [stdout] test tests::test_asset_filtering_per_crate ... ok
[INFO] [stdout] test tests::test_mode_parsing ... ok
[INFO] [stdout] test tests::parse_tag_honours_custom_tag_format ... ok
[INFO] [stdout] test tests::test_extract_changelog_section_with_timestamp ... ok
[INFO] [stdout] test tests::resolve_release_assets_matches_files ... ok
[INFO] [stdout] test tests::test_create_github_client ... FAILED
[INFO] [stdout] test sampo::tests::test_fixed_dependencies_without_actual_dependency ... ok
[INFO] [stdout] test sampo::tests::test_dependency_updates_in_pr_body ... ok
[INFO] [stdout] test sampo::tests::test_fixed_dependencies_in_pr_body ... ok
[INFO] [stdout] test sampo::tests::test_capture_plan_and_pr_body_end_to_end ... ok
[INFO] [stdout] 
[INFO] [stdout] failures:
[INFO] [stdout] 
[INFO] [stdout] ---- tests::test_create_github_client stdout ----
[INFO] [stdout] 
[INFO] [stdout] thread 'tests::test_create_github_client' (3366) panicked at src/main.rs:1234:9:
[INFO] [stdout] assertion failed: create_forgejo_client().is_ok()
[INFO] [stdout] stack backtrace:
[INFO] [stdout]    0:     0x608a7c285e61 - <<std[617be2ca0a6fd877]::sys::backtrace::BacktraceLock>::print::DisplayBacktrace as core[a373ad73a504971]::fmt::Display>::fmt
[INFO] [stdout]    1:     0x608a7c29e75a - core[a373ad73a504971]::fmt::write
[INFO] [stdout]    2:     0x608a7c28adec - <alloc[2e1b2a31b91974c5]::vec::Vec<u8> as core[a373ad73a504971]::io::write::Write>::write_fmt
[INFO] [stdout]    3:     0x608a7c25cff6 - std[617be2ca0a6fd877]::panicking::default_hook::{closure#0}
[INFO] [stdout]    4:     0x608a7c27c089 - std[617be2ca0a6fd877]::panicking::default_hook
[INFO] [stdout]    5:     0x608a7bb66200 - test[aada8e7e76ba119b]::test_main_inner::{closure#0}
[INFO] [stdout]    6:     0x608a7c27c3b2 - std[617be2ca0a6fd877]::panicking::panic_with_hook
[INFO] [stdout]    7:     0x608a7c25d0d4 - std[617be2ca0a6fd877]::panicking::panic_handler::{closure#0}
[INFO] [stdout]    8:     0x608a7c255799 - std[617be2ca0a6fd877]::sys::backtrace::__rust_end_short_backtrace::<std[617be2ca0a6fd877]::panicking::panic_handler::{closure#0}, !>
[INFO] [stdout]    9:     0x608a7c25e1ad - __rustc[ea4f61d10b84890b]::rust_begin_unwind
[INFO] [stdout]   10:     0x608a7c29ef7c - core[a373ad73a504971]::panicking::panic_fmt
[INFO] [stdout]   11:     0x608a7c29ef42 - core[a373ad73a504971]::panicking::panic
[INFO] [stdout]   12:     0x608a7bb35574 - <sampo_forgejo_action[e77aff70e2de5d7]::tests::test_create_github_client::{closure#0} as core[a373ad73a504971]::ops::function::FnOnce<()>>::call_once
[INFO] [stdout]   13:     0x608a7bb5964b - test[aada8e7e76ba119b]::__rust_begin_short_backtrace::<core[a373ad73a504971]::result::Result<(), alloc[2e1b2a31b91974c5]::string::String>, fn() -> core[a373ad73a504971]::result::Result<(), alloc[2e1b2a31b91974c5]::string::String>>
[INFO] [stdout]   14:     0x608a7bb66825 - test[aada8e7e76ba119b]::run_test::{closure#0}
[INFO] [stdout]   15:     0x608a7bb60114 - std[617be2ca0a6fd877]::sys::backtrace::__rust_begin_short_backtrace::<test[aada8e7e76ba119b]::run_test::{closure#1}, ()>
[INFO] [stdout]   16:     0x608a7bb698b2 - <std[617be2ca0a6fd877]::thread::lifecycle::spawn_unchecked<test[aada8e7e76ba119b]::run_test::{closure#1}, ()>::{closure#1} as core[a373ad73a504971]::ops::function::FnOnce<()>>::call_once::{shim:vtable#0}
[INFO] [stdout]   17:     0x608a7c284abf - <std[617be2ca0a6fd877]::sys::thread::unix::Thread>::new::thread_start
[INFO] [stdout]   18:     0x7b1214f6cdfa - <unknown>
[INFO] [stdout]   19:     0x7b12150003d4 - clone
[INFO] [stdout]   20:                0x0 - <unknown>
[INFO] [stdout] 
[INFO] [stdout] 
[INFO] [stdout] failures:
[INFO] [stdout]     tests::test_create_github_client
[INFO] [stdout] 
[INFO] [stdout] test result: FAILED. 31 passed; 1 failed; 0 ignored; 0 measured; 0 filtered out; finished in 0.22s
[INFO] [stdout] 
[INFO] [stderr] error: test failed, to rerun pass `--bin sampo-forgejo-action`
[INFO] running `Command { std: "docker" "inspect" "00ee26e9b56fafd79ee7af6dfae7648c3d7523767a5ffd7f7ea9219232b63296", kill_on_drop: false }`
[INFO] running `Command { std: "docker" "rm" "-f" "00ee26e9b56fafd79ee7af6dfae7648c3d7523767a5ffd7f7ea9219232b63296", kill_on_drop: false }`
[INFO] [stdout] 00ee26e9b56fafd79ee7af6dfae7648c3d7523767a5ffd7f7ea9219232b63296
