[INFO] fetching crate samoyed 0.2.6...
[INFO] testing samoyed-0.2.6 against 1.99.0-beta.8+cargoflags=--release for beta-release-1.100-2
[INFO] extracting crate samoyed 0.2.6 into /workspace/builds/worker-5-tc1/source
[INFO] started tweaking crates.io crate samoyed 0.2.6
[INFO] finished tweaking crates.io crate samoyed 0.2.6
[INFO] tweaked toml for crates.io crate samoyed 0.2.6 written to /workspace/builds/worker-5-tc1/source/Cargo.toml
[INFO] validating manifest of crates.io crate samoyed 0.2.6 on toolchain 1.99.0-beta.8
[INFO] running `Command { std: CARGO_HOME="/workspace/cargo-home" RUSTUP_HOME="/workspace/rustup-home" "/workspace/cargo-home/bin/cargo" "+1.99.0-beta.8" "metadata" "--manifest-path" "Cargo.toml" "--no-deps", kill_on_drop: false }`
[INFO] crate crates.io crate samoyed 0.2.6 already has a lockfile, it will not be regenerated
[INFO] running `Command { std: CARGO_HOME="/workspace/cargo-home" RUSTUP_HOME="/workspace/rustup-home" "/workspace/cargo-home/bin/cargo" "+1.99.0-beta.8" "fetch" "--manifest-path" "Cargo.toml", kill_on_drop: false }`
[INFO] running `Command { std: "docker" "create" "-v" "/var/lib/crater-agent-workspace/builds/worker-5-tc1/source:/opt/rustwide/workdir:ro,Z" "-v" "/var/lib/crater-agent-workspace/builds/worker-5-tc1/target:/opt/rustwide/target:rw,Z" "-v" "/var/lib/crater-agent-workspace/cargo-home:/opt/rustwide/cargo-home:ro,Z" "-v" "/var/lib/crater-agent-workspace/rustup-home:/opt/rustwide/rustup-home:ro,Z" "-m" "1610612736" "--network" "none" "ghcr.io/rust-lang/crates-build-env/linux@sha256:77db811e55d90add9212f6832c23229e3de5f1c1f9905e8cb07319ea15df73ac" "sleep" "infinity", kill_on_drop: false }`
[INFO] [stdout] 93eb4078838743ba2c6126110ac6122c34badcbfd253a170bd7825a4802a051f
[INFO] running `Command { std: "docker" "start" "93eb4078838743ba2c6126110ac6122c34badcbfd253a170bd7825a4802a051f", kill_on_drop: false }`
[INFO] running `Command { std: "docker" "inspect" "93eb4078838743ba2c6126110ac6122c34badcbfd253a170bd7825a4802a051f", kill_on_drop: false }`
[INFO] running `Command { std: "docker" "exec" "-e" "SOURCE_DIR=/opt/rustwide/workdir" "-e" "CARGO_HOME=/opt/rustwide/cargo-home" "-e" "RUSTUP_HOME=/opt/rustwide/rustup-home" "-e" "CARGO_TARGET_DIR=/opt/rustwide/target" "-w" "/opt/rustwide/workdir" "--user" "0:0" "93eb4078838743ba2c6126110ac6122c34badcbfd253a170bd7825a4802a051f" "/opt/rustwide/cargo-home/bin/cargo" "+1.99.0-beta.8" "metadata" "--no-deps" "--format-version=1", kill_on_drop: false }`
[INFO] running `Command { std: "docker" "inspect" "93eb4078838743ba2c6126110ac6122c34badcbfd253a170bd7825a4802a051f", kill_on_drop: false }`
[INFO] running `Command { std: "docker" "exec" "-e" "SOURCE_DIR=/opt/rustwide/workdir" "-e" "CARGO_HOME=/opt/rustwide/cargo-home" "-e" "RUSTUP_HOME=/opt/rustwide/rustup-home" "-e" "CARGO_TARGET_DIR=/opt/rustwide/target" "-e" "CARGO_INCREMENTAL=0" "-e" "RUST_BACKTRACE=full" "-e" "RUSTFLAGS=--cap-lints=warn" "-e" "RUSTDOCFLAGS=--cap-lints=warn" "-w" "/opt/rustwide/workdir" "--user" "0:0" "93eb4078838743ba2c6126110ac6122c34badcbfd253a170bd7825a4802a051f" "/opt/rustwide/cargo-home/bin/cargo" "+1.99.0-beta.8" "build" "--frozen" "--message-format=json" "--release", kill_on_drop: false }`
[INFO] [stderr]    Compiling proc-macro2 v1.0.106
[INFO] [stderr]    Compiling quote v1.0.45
[INFO] [stderr]    Compiling unicode-ident v1.0.24
[INFO] [stderr]    Compiling utf8parse v0.2.2
[INFO] [stderr]    Compiling is_terminal_polyfill v1.70.2
[INFO] [stderr]    Compiling colorchoice v1.0.5
[INFO] [stderr]    Compiling anstyle-query v1.1.5
[INFO] [stderr]    Compiling anstyle v1.0.14
[INFO] [stderr]    Compiling heck v0.5.0
[INFO] [stderr]    Compiling strsim v0.11.1
[INFO] [stderr]    Compiling clap_lex v1.1.0
[INFO] [stderr]    Compiling anstyle-parse v1.0.0
[INFO] [stderr]    Compiling anstream v1.0.0
[INFO] [stderr]    Compiling clap_builder v4.6.0
[INFO] [stderr]    Compiling syn v2.0.117
[INFO] [stderr]    Compiling clap_derive v4.6.1
[INFO] [stderr]    Compiling clap v4.6.1
[INFO] [stderr]    Compiling samoyed v0.2.6 (/opt/rustwide/workdir)
[INFO] [stderr]     Finished `release` profile [optimized] target(s) in 37.69s
[INFO] running `Command { std: "docker" "inspect" "93eb4078838743ba2c6126110ac6122c34badcbfd253a170bd7825a4802a051f", kill_on_drop: false }`
[INFO] running `Command { std: "docker" "exec" "-e" "SOURCE_DIR=/opt/rustwide/workdir" "-e" "CARGO_HOME=/opt/rustwide/cargo-home" "-e" "RUSTUP_HOME=/opt/rustwide/rustup-home" "-e" "CARGO_TARGET_DIR=/opt/rustwide/target" "-e" "CARGO_INCREMENTAL=0" "-e" "RUST_BACKTRACE=full" "-e" "RUSTFLAGS=--cap-lints=warn" "-e" "RUSTDOCFLAGS=--cap-lints=warn" "-w" "/opt/rustwide/workdir" "--user" "0:0" "93eb4078838743ba2c6126110ac6122c34badcbfd253a170bd7825a4802a051f" "/opt/rustwide/cargo-home/bin/cargo" "+1.99.0-beta.8" "test" "--frozen" "--no-run" "--message-format=json" "--release", kill_on_drop: false }`
[INFO] [stderr]    Compiling libc v0.2.186
[INFO] [stderr]    Compiling rustix v1.1.4
[INFO] [stderr]    Compiling getrandom v0.4.2
[INFO] [stderr]    Compiling cfg-if v1.0.4
[INFO] [stderr]    Compiling linux-raw-sys v0.12.1
[INFO] [stderr]    Compiling bitflags v2.13.0
[INFO] [stderr]    Compiling once_cell v1.21.4
[INFO] [stderr]    Compiling fastrand v2.4.1
[INFO] [stderr]    Compiling tempfile v3.27.0
[INFO] [stderr]    Compiling samoyed v0.2.6 (/opt/rustwide/workdir)
[INFO] [stderr]     Finished `release` profile [optimized] target(s) in 20.01s
[INFO] running `Command { std: "docker" "inspect" "93eb4078838743ba2c6126110ac6122c34badcbfd253a170bd7825a4802a051f", kill_on_drop: false }`
[INFO] running `Command { std: "docker" "exec" "-e" "SOURCE_DIR=/opt/rustwide/workdir" "-e" "CARGO_HOME=/opt/rustwide/cargo-home" "-e" "RUSTUP_HOME=/opt/rustwide/rustup-home" "-e" "CARGO_TARGET_DIR=/opt/rustwide/target" "-e" "CARGO_INCREMENTAL=0" "-e" "RUST_BACKTRACE=full" "-e" "RUSTFLAGS=--cap-lints=warn" "-e" "RUSTDOCFLAGS=--cap-lints=warn" "-w" "/opt/rustwide/workdir" "--user" "0:0" "93eb4078838743ba2c6126110ac6122c34badcbfd253a170bd7825a4802a051f" "/opt/rustwide/cargo-home/bin/cargo" "+1.99.0-beta.8" "test" "--frozen" "--release", kill_on_drop: false }`
[INFO] [stderr]     Finished `release` profile [optimized] target(s) in 0.06s
[INFO] [stderr]      Running unittests src/main.rs (/opt/rustwide/target/release/deps/samoyed-01baaed72a916257)
[INFO] [stdout] 
[INFO] [stdout] running 20 tests
[INFO] [stdout] test tests::test_check_bypass_mode ... ok
[INFO] [stdout] test tests::test_cli_parsing ... ok
[INFO] [stdout] test tests::test_init_samoyed_bypass ... ok
[INFO] [stdout] test tests::test_validate_samoyed_dir_invalid ... ok
[INFO] [stdout] test tests::test_create_directory_structure ... ok
[INFO] [stdout] test tests::test_copy_wrapper_script ... ok
[INFO] [stdout] test tests::test_validate_samoyed_dir_parent_relative ... ok
[INFO] [stdout] test tests::test_main_no_command ... ok
[INFO] [stdout] test tests::test_create_hook_scripts ... ok
[INFO] [stdout] test tests::test_create_sample_pre_commit ... ok
[INFO] [stdout] test tests::test_validate_samoyed_dir_valid ... ok
[INFO] [stdout] test tests::test_create_gitignore ... ok
[INFO] [stdout] test tests::test_get_git_root_not_in_repo ... ok
[INFO] [stdout] test tests::test_init_samoyed_not_in_repo ... ok
[INFO] [stdout] test tests::test_set_git_hooks_path_cross_platform ... FAILED
[INFO] [stdout] test tests::test_init_samoyed_custom_dir ... FAILED
[INFO] [stdout] test tests::test_init_samoyed_full ... FAILED
[INFO] [stdout] test tests::test_init_samoyed_idempotent ... FAILED
[INFO] [stdout] test tests::test_get_git_root_in_repo ... FAILED
[INFO] [stderr] error: test failed, to rerun pass `--bin samoyed`
[INFO] [stdout] test tests::test_set_git_hooks_path ... FAILED
[INFO] [stdout] 
[INFO] [stdout] failures:
[INFO] [stdout] 
[INFO] [stdout] ---- tests::test_set_git_hooks_path_cross_platform stdout ----
[INFO] [stdout] 
[INFO] [stdout] thread 'tests::test_set_git_hooks_path_cross_platform' (541) panicked at src/main.rs:1293:47:
[INFO] [stdout] called `Result::unwrap()` on an `Err` value: Os { code: 2, kind: NotFound, message: "No such file or directory" }
[INFO] [stdout] stack backtrace:
[INFO] [stdout]    0:     0x61c57eb88905 - <unknown>
[INFO] [stdout]    1:     0x61c57eb7044a - <unknown>
[INFO] [stdout]    2:     0x61c57eb87f9b - <unknown>
[INFO] [stdout]    3:     0x61c57eb87a7f - <unknown>
[INFO] [stdout]    4:     0x61c57eb876aa - <unknown>
[INFO] [stdout]    5:     0x61c57eb871e2 - <unknown>
[INFO] [stdout]    6:     0x61c57ebae091 - <unknown>
[INFO] [stdout]    7:     0x61c57ebae049 - <unknown>
[INFO] [stdout]    8:     0x61c57ebae55c - <unknown>
[INFO] [stdout]    9:     0x61c57eb702db - <unknown>
[INFO] [stdout]   10:     0x61c57eb735f1 - <unknown>
[INFO] [stdout]   11:     0x61c57eb32df4 - <unknown>
[INFO] [stdout]   12:     0x61c57ebca91b - <unknown>
[INFO] [stdout]   13:     0x61c57ebc6a91 - <unknown>
[INFO] [stdout]   14:     0x61c57ebc627c - <unknown>
[INFO] [stdout]   15:     0x61c57ebe289c - <unknown>
[INFO] [stdout]   16:     0x61c57ebaf992 - <unknown>
[INFO] [stdout]   17:     0x7b46a3eabdfa - <unknown>
[INFO] [stdout]   18:     0x7b46a3f3f3d4 - clone
[INFO] [stdout]   19:                0x0 - <unknown>
[INFO] [stdout] 
[INFO] [stdout] ---- tests::test_init_samoyed_custom_dir stdout ----
[INFO] [stdout] 
[INFO] [stdout] thread 'tests::test_init_samoyed_custom_dir' (535) panicked at src/main.rs:1065:47:
[INFO] [stdout] called `Result::unwrap()` on an `Err` value: Os { code: 2, kind: NotFound, message: "No such file or directory" }
[INFO] [stdout] stack backtrace:
[INFO] [stdout]    0:     0x61c57eb88905 - <unknown>
[INFO] [stdout]    1:     0x61c57eb7044a - <unknown>
[INFO] [stdout]    2:     0x61c57eb87f9b - <unknown>
[INFO] [stdout]    3:     0x61c57eb87a7f - <unknown>
[INFO] [stdout]    4:     0x61c57eb876aa - <unknown>
[INFO] [stdout]    5:     0x61c57eb871e2 - <unknown>
[INFO] [stdout]    6:     0x61c57ebae091 - <unknown>
[INFO] [stdout]    7:     0x61c57ebae049 - <unknown>
[INFO] [stdout]    8:     0x61c57ebae55c - <unknown>
[INFO] [stdout]    9:     0x61c57eb702db - <unknown>
[INFO] [stdout]   10:     0x61c57eb735f1 - <unknown>
[INFO] [stdout]   11:     0x61c57eb30acc - <unknown>
[INFO] [stdout]   12:     0x61c57ebca91b - <unknown>
[INFO] [stdout]   13:     0x61c57ebc6a91 - <unknown>
[INFO] [stdout]   14:     0x61c57ebc627c - <unknown>
[INFO] [stdout]   15:     0x61c57ebe289c - <unknown>
[INFO] [stdout]   16:     0x61c57ebaf992 - <unknown>
[INFO] [stdout]   17:     0x7b46a3eabdfa - <unknown>
[INFO] [stdout]   18:     0x7b46a3f3f3d4 - clone
[INFO] [stdout]   19:                0x0 - <unknown>
[INFO] [stdout] 
[INFO] [stdout] ---- tests::test_init_samoyed_full stdout ----
[INFO] [stdout] 
[INFO] [stdout] thread 'tests::test_init_samoyed_full' (536) panicked at src/main.rs:999:47:
[INFO] [stdout] called `Result::unwrap()` on an `Err` value: Os { code: 2, kind: NotFound, message: "No such file or directory" }
[INFO] [stdout] stack backtrace:
[INFO] [stdout]    0:     0x61c57eb88905 - <unknown>
[INFO] [stdout]    1:     0x61c57eb7044a - <unknown>
[INFO] [stdout]    2:     0x61c57eb87f9b - <unknown>
[INFO] [stdout]    3:     0x61c57eb87a7f - <unknown>
[INFO] [stdout]    4:     0x61c57eb876aa - <unknown>
[INFO] [stdout]    5:     0x61c57eb871e2 - <unknown>
[INFO] [stdout]    6:     0x61c57ebae091 - <unknown>
[INFO] [stdout]    7:     0x61c57ebae049 - <unknown>
[INFO] [stdout]    8:     0x61c57ebae55c - <unknown>
[INFO] [stdout]    9:     0x61c57eb702db - <unknown>
[INFO] [stdout]   10:     0x61c57eb735f1 - <unknown>
[INFO] [stdout]   11:     0x61c57eb2dce1 - <unknown>
[INFO] [stdout]   12:     0x61c57ebca91b - <unknown>
[INFO] [stdout]   13:     0x61c57ebc6a91 - <unknown>
[INFO] [stdout]   14:     0x61c57ebc627c - <unknown>
[INFO] [stdout]   15:     0x61c57ebe289c - <unknown>
[INFO] [stdout]   16:     0x61c57ebaf992 - <unknown>
[INFO] [stdout]   17:     0x7b46a3eabdfa - <unknown>
[INFO] [stdout]   18:     0x7b46a3f3f3d4 - clone
[INFO] [stdout]   19:                0x0 - <unknown>
[INFO] [stdout] 
[INFO] [stdout] ---- tests::test_init_samoyed_idempotent stdout ----
[INFO] [stdout] 
[INFO] [stdout] thread 'tests::test_init_samoyed_idempotent' (537) panicked at src/main.rs:1095:47:
[INFO] [stdout] called `Result::unwrap()` on an `Err` value: Os { code: 2, kind: NotFound, message: "No such file or directory" }
[INFO] [stdout] stack backtrace:
[INFO] [stdout]    0:     0x61c57eb88905 - <unknown>
[INFO] [stdout]    1:     0x61c57eb7044a - <unknown>
[INFO] [stdout]    2:     0x61c57eb87f9b - <unknown>
[INFO] [stdout]    3:     0x61c57eb87a7f - <unknown>
[INFO] [stdout]    4:     0x61c57eb876aa - <unknown>
[INFO] [stdout]    5:     0x61c57eb871e2 - <unknown>
[INFO] [stdout]    6:     0x61c57ebae091 - <unknown>
[INFO] [stdout]    7:     0x61c57ebae049 - <unknown>
[INFO] [stdout]    8:     0x61c57ebae55c - <unknown>
[INFO] [stdout]    9:     0x61c57eb702db - <unknown>
[INFO] [stdout]   10:     0x61c57eb735f1 - <unknown>
[INFO] [stdout]   11:     0x61c57eb30efa - <unknown>
[INFO] [stdout]   12:     0x61c57ebca91b - <unknown>
[INFO] [stdout]   13:     0x61c57ebc6a91 - <unknown>
[INFO] [stdout]   14:     0x61c57ebc627c - <unknown>
[INFO] [stdout]   15:     0x61c57ebe289c - <unknown>
[INFO] [stdout]   16:     0x61c57ebaf992 - <unknown>
[INFO] [stdout]   17:     0x7b46a3eabdfa - <unknown>
[INFO] [stdout]   18:     0x7b46a3f3f3d4 - clone
[INFO] [stdout]   19:                0x0 - <unknown>
[INFO] [stdout] 
[INFO] [stdout] ---- tests::test_get_git_root_in_repo stdout ----
[INFO] [stdout] 
[INFO] [stdout] thread 'tests::test_get_git_root_in_repo' (532) panicked at src/main.rs:1174:47:
[INFO] [stdout] called `Result::unwrap()` on an `Err` value: Os { code: 2, kind: NotFound, message: "No such file or directory" }
[INFO] [stdout] stack backtrace:
[INFO] [stdout]    0:     0x61c57eb88905 - <unknown>
[INFO] [stdout]    1:     0x61c57eb7044a - <unknown>
[INFO] [stdout]    2:     0x61c57eb87f9b - <unknown>
[INFO] [stdout]    3:     0x61c57eb87a7f - <unknown>
[INFO] [stdout]    4:     0x61c57eb876aa - <unknown>
[INFO] [stdout]    5:     0x61c57eb871e2 - <unknown>
[INFO] [stdout]    6:     0x61c57ebae091 - <unknown>
[INFO] [stdout]    7:     0x61c57ebae049 - <unknown>
[INFO] [stdout]    8:     0x61c57ebae55c - <unknown>
[INFO] [stdout]    9:     0x61c57eb702db - <unknown>
[INFO] [stdout]   10:     0x61c57eb735f1 - <unknown>
[INFO] [stdout]   11:     0x61c57eb303bd - <unknown>
[INFO] [stdout]   12:     0x61c57ebca91b - <unknown>
[INFO] [stdout]   13:     0x61c57ebc6a91 - <unknown>
[INFO] [stdout]   14:     0x61c57ebc627c - <unknown>
[INFO] [stdout]   15:     0x61c57ebe289c - <unknown>
[INFO] [stdout]   16:     0x61c57ebaf992 - <unknown>
[INFO] [stdout]   17:     0x7b46a3eabdfa - <unknown>
[INFO] [stdout]   18:     0x7b46a3f3f3d4 - clone
[INFO] [stdout]   19:                0x0 - <unknown>
[INFO] [stdout] 
[INFO] [stdout] ---- tests::test_set_git_hooks_path stdout ----
[INFO] [stdout] 
[INFO] [stdout] thread 'tests::test_set_git_hooks_path' (540) panicked at src/main.rs:1128:47:
[INFO] [stdout] called `Result::unwrap()` on an `Err` value: Os { code: 2, kind: NotFound, message: "No such file or directory" }
[INFO] [stdout] stack backtrace:
[INFO] [stdout]    0:     0x61c57eb88905 - <unknown>
[INFO] [stdout]    1:     0x61c57eb7044a - <unknown>
[INFO] [stdout]    2:     0x61c57eb87f9b - <unknown>
[INFO] [stdout]    3:     0x61c57eb87a7f - <unknown>
[INFO] [stdout]    4:     0x61c57eb876aa - <unknown>
[INFO] [stdout]    5:     0x61c57eb871e2 - <unknown>
[INFO] [stdout]    6:     0x61c57ebae091 - <unknown>
[INFO] [stdout]    7:     0x61c57ebae049 - <unknown>
[INFO] [stdout]    8:     0x61c57ebae55c - <unknown>
[INFO] [stdout]    9:     0x61c57eb702db - <unknown>
[INFO] [stdout]   10:     0x61c57eb735f1 - <unknown>
[INFO] [stdout]   11:     0x61c57eb2e96c - <unknown>
[INFO] [stdout]   12:     0x61c57ebca91b - <unknown>
[INFO] [stdout]   13:     0x61c57ebc6a91 - <unknown>
[INFO] [stdout]   14:     0x61c57ebc627c - <unknown>
[INFO] [stdout]   15:     0x61c57ebe289c - <unknown>
[INFO] [stdout]   16:     0x61c57ebaf992 - <unknown>
[INFO] [stdout]   17:     0x7b46a3eabdfa - <unknown>
[INFO] [stdout]   18:     0x7b46a3f3f3d4 - clone
[INFO] [stdout]   19:                0x0 - <unknown>
[INFO] [stdout] 
[INFO] [stdout] 
[INFO] [stdout] failures:
[INFO] [stdout]     tests::test_get_git_root_in_repo
[INFO] [stdout]     tests::test_init_samoyed_custom_dir
[INFO] [stdout]     tests::test_init_samoyed_full
[INFO] [stdout]     tests::test_init_samoyed_idempotent
[INFO] [stdout]     tests::test_set_git_hooks_path
[INFO] [stdout]     tests::test_set_git_hooks_path_cross_platform
[INFO] [stdout] 
[INFO] [stdout] test result: FAILED. 14 passed; 6 failed; 0 ignored; 0 measured; 0 filtered out; finished in 0.06s
[INFO] [stdout] 
[INFO] running `Command { std: "docker" "inspect" "93eb4078838743ba2c6126110ac6122c34badcbfd253a170bd7825a4802a051f", kill_on_drop: false }`
[INFO] running `Command { std: "docker" "rm" "-f" "93eb4078838743ba2c6126110ac6122c34badcbfd253a170bd7825a4802a051f", kill_on_drop: false }`
[INFO] [stdout] 93eb4078838743ba2c6126110ac6122c34badcbfd253a170bd7825a4802a051f
