[INFO] fetching crate salvor-tools-macros 0.10.0...
[INFO] testing salvor-tools-macros-0.10.0 against 1.100.0-beta.1+cargoflags=--release for beta-release-1.100-2
[INFO] extracting crate salvor-tools-macros 0.10.0 into /workspace/builds/worker-3-tc2/source
[INFO] started tweaking crates.io crate salvor-tools-macros 0.10.0
[INFO] removed 0 missing tests
[INFO] finished tweaking crates.io crate salvor-tools-macros 0.10.0
[INFO] tweaked toml for crates.io crate salvor-tools-macros 0.10.0 written to /workspace/builds/worker-3-tc2/source/Cargo.toml
[INFO] validating manifest of crates.io crate salvor-tools-macros 0.10.0 on toolchain 1.100.0-beta.1
[INFO] running `Command { std: CARGO_HOME="/workspace/cargo-home" RUSTUP_HOME="/workspace/rustup-home" "/workspace/cargo-home/bin/cargo" "+1.100.0-beta.1" "metadata" "--manifest-path" "Cargo.toml" "--no-deps", kill_on_drop: false }`
[INFO] crate crates.io crate salvor-tools-macros 0.10.0 already has a lockfile, it will not be regenerated
[INFO] running `Command { std: CARGO_HOME="/workspace/cargo-home" RUSTUP_HOME="/workspace/rustup-home" "/workspace/cargo-home/bin/cargo" "+1.100.0-beta.1" "fetch" "--manifest-path" "Cargo.toml", kill_on_drop: false }`
[INFO] running `Command { std: "docker" "create" "-v" "/var/lib/crater-agent-workspace/builds/worker-3-tc2/source:/opt/rustwide/workdir:ro,Z" "-v" "/var/lib/crater-agent-workspace/builds/worker-3-tc2/target:/opt/rustwide/target:rw,Z" "-v" "/var/lib/crater-agent-workspace/cargo-home:/opt/rustwide/cargo-home:ro,Z" "-v" "/var/lib/crater-agent-workspace/rustup-home:/opt/rustwide/rustup-home:ro,Z" "-m" "1610612736" "--network" "none" "ghcr.io/rust-lang/crates-build-env/linux@sha256:77db811e55d90add9212f6832c23229e3de5f1c1f9905e8cb07319ea15df73ac" "sleep" "infinity", kill_on_drop: false }`
[INFO] [stdout] 417c97aedd5b3a2bc9a1b2c5ff9d6812b6137c4a34c4a2c9ace1c5090c115c83
[INFO] running `Command { std: "docker" "start" "417c97aedd5b3a2bc9a1b2c5ff9d6812b6137c4a34c4a2c9ace1c5090c115c83", kill_on_drop: false }`
[INFO] running `Command { std: "docker" "inspect" "417c97aedd5b3a2bc9a1b2c5ff9d6812b6137c4a34c4a2c9ace1c5090c115c83", kill_on_drop: false }`
[INFO] running `Command { std: "docker" "exec" "-e" "SOURCE_DIR=/opt/rustwide/workdir" "-e" "CARGO_HOME=/opt/rustwide/cargo-home" "-e" "RUSTUP_HOME=/opt/rustwide/rustup-home" "-e" "CARGO_TARGET_DIR=/opt/rustwide/target" "-w" "/opt/rustwide/workdir" "--user" "0:0" "417c97aedd5b3a2bc9a1b2c5ff9d6812b6137c4a34c4a2c9ace1c5090c115c83" "/opt/rustwide/cargo-home/bin/cargo" "+1.100.0-beta.1" "metadata" "--no-deps" "--format-version=1", kill_on_drop: false }`
[INFO] running `Command { std: "docker" "inspect" "417c97aedd5b3a2bc9a1b2c5ff9d6812b6137c4a34c4a2c9ace1c5090c115c83", kill_on_drop: false }`
[INFO] running `Command { std: "docker" "exec" "-e" "SOURCE_DIR=/opt/rustwide/workdir" "-e" "CARGO_HOME=/opt/rustwide/cargo-home" "-e" "RUSTUP_HOME=/opt/rustwide/rustup-home" "-e" "CARGO_TARGET_DIR=/opt/rustwide/target" "-e" "CARGO_INCREMENTAL=0" "-e" "RUST_BACKTRACE=full" "-e" "RUSTFLAGS=--cap-lints=warn" "-e" "RUSTDOCFLAGS=--cap-lints=warn" "-w" "/opt/rustwide/workdir" "--user" "0:0" "417c97aedd5b3a2bc9a1b2c5ff9d6812b6137c4a34c4a2c9ace1c5090c115c83" "/opt/rustwide/cargo-home/bin/cargo" "+1.100.0-beta.1" "build" "--frozen" "--message-format=json" "--release", kill_on_drop: false }`
[INFO] [stderr]    Compiling quote v1.0.46
[INFO] [stderr]    Compiling syn v2.0.118
[INFO] [stderr]    Compiling salvor-tools-macros v0.10.0 (/opt/rustwide/workdir)
[INFO] [stderr]     Finished `release` profile [optimized] target(s) in 4.47s
[INFO] running `Command { std: "docker" "inspect" "417c97aedd5b3a2bc9a1b2c5ff9d6812b6137c4a34c4a2c9ace1c5090c115c83", kill_on_drop: false }`
[INFO] running `Command { std: "docker" "exec" "-e" "SOURCE_DIR=/opt/rustwide/workdir" "-e" "CARGO_HOME=/opt/rustwide/cargo-home" "-e" "RUSTUP_HOME=/opt/rustwide/rustup-home" "-e" "CARGO_TARGET_DIR=/opt/rustwide/target" "-e" "CARGO_INCREMENTAL=0" "-e" "RUST_BACKTRACE=full" "-e" "RUSTFLAGS=--cap-lints=warn" "-e" "RUSTDOCFLAGS=--cap-lints=warn" "-w" "/opt/rustwide/workdir" "--user" "0:0" "417c97aedd5b3a2bc9a1b2c5ff9d6812b6137c4a34c4a2c9ace1c5090c115c83" "/opt/rustwide/cargo-home/bin/cargo" "+1.100.0-beta.1" "test" "--frozen" "--no-run" "--message-format=json" "--release", kill_on_drop: false }`
[INFO] [stderr]    Compiling serde_core v1.0.228
[INFO] [stderr]    Compiling serde_json v1.0.150
[INFO] [stderr]    Compiling target-triple v1.0.0
[INFO] [stderr]    Compiling serde v1.0.228
[INFO] [stderr]    Compiling winnow v1.0.3
[INFO] [stderr]    Compiling proc-macro2 v1.0.106
[INFO] [stderr]    Compiling itoa v1.0.18
[INFO] [stderr]    Compiling memchr v2.8.3
[INFO] [stderr]    Compiling toml_writer v1.1.1+spec-1.1.0
[INFO] [stderr]    Compiling unicode-ident v1.0.24
[INFO] [stderr]    Compiling zmij v1.0.21
[INFO] [stderr]    Compiling quote v1.0.46
[INFO] [stderr]    Compiling serde_derive v1.0.228
[INFO] [stderr]    Compiling termcolor v1.4.1
[INFO] [stderr]    Compiling salvor-tools-macros v0.10.0 (/opt/rustwide/workdir)
[INFO] [stderr]    Compiling glob v0.3.3
[INFO] [stderr]    Compiling toml_parser v1.1.2+spec-1.1.0
[INFO] [stderr]    Compiling syn v2.0.118
[INFO] [stderr]    Compiling serde_spanned v1.1.1
[INFO] [stderr]    Compiling toml_datetime v1.1.1+spec-1.1.0
[INFO] [stderr]    Compiling toml v1.1.2+spec-1.1.0
[INFO] [stderr]    Compiling trybuild v1.0.117
[INFO] [stderr]     Finished `release` profile [optimized] target(s) in 30.81s
[INFO] running `Command { std: "docker" "inspect" "417c97aedd5b3a2bc9a1b2c5ff9d6812b6137c4a34c4a2c9ace1c5090c115c83", kill_on_drop: false }`
[INFO] running `Command { std: "docker" "exec" "-e" "SOURCE_DIR=/opt/rustwide/workdir" "-e" "CARGO_HOME=/opt/rustwide/cargo-home" "-e" "RUSTUP_HOME=/opt/rustwide/rustup-home" "-e" "CARGO_TARGET_DIR=/opt/rustwide/target" "-e" "CARGO_INCREMENTAL=0" "-e" "RUST_BACKTRACE=full" "-e" "RUSTFLAGS=--cap-lints=warn" "-e" "RUSTDOCFLAGS=--cap-lints=warn" "-w" "/opt/rustwide/workdir" "--user" "0:0" "417c97aedd5b3a2bc9a1b2c5ff9d6812b6137c4a34c4a2c9ace1c5090c115c83" "/opt/rustwide/cargo-home/bin/cargo" "+1.100.0-beta.1" "test" "--frozen" "--release", kill_on_drop: false }`
[INFO] [stderr]     Finished `release` profile [optimized] target(s) in 0.11s
[INFO] [stderr]      Running unittests src/lib.rs (/opt/rustwide/target/release/build/salvor-tools-macros/091b924672a5b1c1/out/salvor_tools_macros-091b924672a5b1c1)
[INFO] [stderr]      Running tests/ui.rs (/opt/rustwide/target/release/build/salvor-tools-macros/f7fff0cfdc27c50c/out/ui-f7fff0cfdc27c50c)
[INFO] [stdout] 
[INFO] [stdout] running 0 tests
[INFO] [stdout] 
[INFO] [stdout] test result: ok. 0 passed; 0 failed; 0 ignored; 0 measured; 0 filtered out; finished in 0.00s
[INFO] [stdout] 
[INFO] [stdout] 
[INFO] [stdout] running 1 test
[INFO] [stderr]    Compiling proc-macro2 v1.0.106
[INFO] [stderr]    Compiling quote v1.0.46
[INFO] [stderr]    Compiling unicode-ident v1.0.24
[INFO] [stderr]    Compiling syn v2.0.118
[INFO] [stderr]    Compiling salvor-tools-macros v0.10.0 (/opt/rustwide/workdir)
[INFO] [stderr]    Compiling salvor-tools-macros-tests v0.0.0 (/opt/rustwide/target/tests/trybuild/salvor-tools-macros)
[INFO] [stderr]     Finished `dev` profile [unoptimized + debuginfo] target(s) in 5.84s
[INFO] [stderr] 
[INFO] [stderr] 
[INFO] [stderr] test tests/ui/pass_derive.rs [should pass] ... error
[INFO] [stderr] ┈┈┈┈┈┈┈┈┈┈┈┈┈┈┈┈┈┈┈┈┈┈┈┈┈┈┈┈┈┈┈┈┈┈┈┈┈┈┈┈┈┈┈┈┈┈┈┈┈┈┈┈┈┈┈┈┈┈┈┈
[INFO] [stderr] error[E0432]: unresolved import `salvor_tools`
[INFO] [stderr]  --> tests/ui/pass_derive.rs:7:5
[INFO] [stderr]   |
[INFO] [stderr] 7 | use salvor_tools::{Effect, Tool, ToolMeta};
[INFO] [stderr]   |     ^^^^^^^^^^^^ use of unresolved module or unlinked crate `salvor_tools`
[INFO] [stderr]   |
[INFO] [stderr]   = help: if you wanted to use a crate named `salvor_tools`, use `cargo add salvor_tools` to add it to your `Cargo.toml`
[INFO] [stderr] 
[INFO] [stderr] error: cannot find attribute `tool` in this scope
[INFO] [stderr]   --> tests/ui/pass_derive.rs:10:3
[INFO] [stderr]    |
[INFO] [stderr] 10 | #[tool(effect = "write", description = "Create a Jira ticket")]
[INFO] [stderr]    |   ^^^^
[INFO] [stderr]    |
[INFO] [stderr] help: `tool` is an attribute that can be used by the derive macro `Tool`, you might be missing a `derive` attribute
[INFO] [stderr]    |
[INFO] [stderr] 11 + #[derive(Tool)]
[INFO] [stderr] 12 | struct CreateTicket;
[INFO] [stderr]    |
[INFO] [stderr] 
[INFO] [stderr] error: cannot find attribute `tool` in this scope
[INFO] [stderr]   --> tests/ui/pass_derive.rs:14:3
[INFO] [stderr]    |
[INFO] [stderr] 14 | #[tool(name = "make_ticket", effect = "read", description = "Read a ticket")]
[INFO] [stderr]    |   ^^^^
[INFO] [stderr]    |
[INFO] [stderr] help: `tool` is an attribute that can be used by the derive macro `Tool`, you might be missing a `derive` attribute
[INFO] [stderr]    |
[INFO] [stderr] 15 + #[derive(Tool)]
[INFO] [stderr] 16 | struct FetchTicket;
[INFO] [stderr]    |
[INFO] [stderr] 
[INFO] [stderr] error: cannot find attribute `tool` in this scope
[INFO] [stderr]   --> tests/ui/pass_derive.rs:18:3
[INFO] [stderr]    |
[INFO] [stderr] 18 | #[tool(effect = "idempotent", description = "Charge a card once")]
[INFO] [stderr]    |   ^^^^
[INFO] [stderr]    |
[INFO] [stderr] help: `tool` is an attribute that can be used by the derive macro `Tool`, you might be missing a `derive` attribute
[INFO] [stderr]    |
[INFO] [stderr] 19 + #[derive(Tool)]
[INFO] [stderr] 20 | struct ChargeCard;
[INFO] [stderr]    |
[INFO] [stderr] 
[INFO] [stderr] error[E0599]: no associated function or constant named `NAME` found for struct `CreateTicket` in the current scope
[INFO] [stderr]   --> tests/ui/pass_derive.rs:22:30
[INFO] [stderr]    |
[INFO] [stderr] 11 | struct CreateTicket;
[INFO] [stderr]    | ------------------- associated function or constant `NAME` not found for this struct
[INFO] [stderr] ...
[INFO] [stderr] 22 |     assert_eq!(CreateTicket::NAME, "create_ticket");
[INFO] [stderr]    |                              ^^^^ associated function or constant not found in `CreateTicket`
[INFO] [stderr] 
[INFO] [stderr] error[E0599]: no associated function or constant named `EFFECT` found for struct `CreateTicket` in the current scope
[INFO] [stderr]   --> tests/ui/pass_derive.rs:23:30
[INFO] [stderr]    |
[INFO] [stderr] 11 | struct CreateTicket;
[INFO] [stderr]    | ------------------- associated function or constant `EFFECT` not found for this struct
[INFO] [stderr] ...
[INFO] [stderr] 23 |     assert_eq!(CreateTicket::EFFECT, Effect::Write);
[INFO] [stderr]    |                              ^^^^^^ associated function or constant not found in `CreateTicket`
[INFO] [stderr] 
[INFO] [stderr] error[E0599]: no associated function or constant named `NAME` found for struct `FetchTicket` in the current scope
[INFO] [stderr]   --> tests/ui/pass_derive.rs:24:29
[INFO] [stderr]    |
[INFO] [stderr] 15 | struct FetchTicket;
[INFO] [stderr]    | ------------------ associated function or constant `NAME` not found for this struct
[INFO] [stderr] ...
[INFO] [stderr] 24 |     assert_eq!(FetchTicket::NAME, "make_ticket");
[INFO] [stderr]    |                             ^^^^ associated function or constant not found in `FetchTicket`
[INFO] [stderr] 
[INFO] [stderr] error[E0599]: no associated function or constant named `EFFECT` found for struct `FetchTicket` in the current scope
[INFO] [stderr]   --> tests/ui/pass_derive.rs:25:29
[INFO] [stderr]    |
[INFO] [stderr] 15 | struct FetchTicket;
[INFO] [stderr]    | ------------------ associated function or constant `EFFECT` not found for this struct
[INFO] [stderr] ...
[INFO] [stderr] 25 |     assert_eq!(FetchTicket::EFFECT, Effect::Read);
[INFO] [stderr]    |                             ^^^^^^ associated function or constant not found in `FetchTicket`
[INFO] [stderr] 
[INFO] [stderr] error[E0599]: no associated function or constant named `EFFECT` found for struct `ChargeCard` in the current scope
[INFO] [stderr]   --> tests/ui/pass_derive.rs:26:28
[INFO] [stderr]    |
[INFO] [stderr] 19 | struct ChargeCard;
[INFO] [stderr]    | ----------------- associated function or constant `EFFECT` not found for this struct
[INFO] [stderr] ...
[INFO] [stderr] 26 |     assert_eq!(ChargeCard::EFFECT, Effect::Idempotent);
[INFO] [stderr]    |                            ^^^^^^ associated function or constant not found in `ChargeCard`
[INFO] [stderr] ┈┈┈┈┈┈┈┈┈┈┈┈┈┈┈┈┈┈┈┈┈┈┈┈┈┈┈┈┈┈┈┈┈┈┈┈┈┈┈┈┈┈┈┈┈┈┈┈┈┈┈┈┈┈┈┈┈┈┈┈
[INFO] [stderr] 
[INFO] [stderr] test tests/ui/fail_tool_attr.rs [should fail to compile] ... mismatch
[INFO] [stderr] 
[INFO] [stderr] EXPECTED:
[INFO] [stderr] ┈┈┈┈┈┈┈┈┈┈┈┈┈┈┈┈┈┈┈┈┈┈┈┈┈┈┈┈┈┈┈┈┈┈┈┈┈┈┈┈┈┈┈┈┈┈┈┈┈┈┈┈┈┈┈┈┈┈┈┈
[INFO] [stderr] error: `#[derive(Tool)]` needs a `#[tool(...)]` attribute with at least `description = "..."` and `effect = "..."`
[INFO] [stderr]  --> tests/ui/fail_tool_attr.rs:9:8
[INFO] [stderr]   |
[INFO] [stderr] 9 | struct NoAttr;
[INFO] [stderr]   |        ^^^^^^
[INFO] [stderr] 
[INFO] [stderr] error: `#[tool(...)]` is missing `description = "..."`
[INFO] [stderr]   --> tests/ui/fail_tool_attr.rs:13:1
[INFO] [stderr]    |
[INFO] [stderr] 13 | #[tool(effect = "read")]
[INFO] [stderr]    | ^
[INFO] [stderr] 
[INFO] [stderr] error: `#[tool(...)]` is missing `effect = "..."`; expected one of "read", "idempotent", "write"
[INFO] [stderr]   --> tests/ui/fail_tool_attr.rs:18:1
[INFO] [stderr]    |
[INFO] [stderr] 18 | #[tool(description = "no effect given")]
[INFO] [stderr]    | ^
[INFO] [stderr] 
[INFO] [stderr] error: invalid effect `delete`; expected one of "read", "idempotent", "write"
[INFO] [stderr]   --> tests/ui/fail_tool_attr.rs:23:17
[INFO] [stderr]    |
[INFO] [stderr] 23 | #[tool(effect = "delete", description = "an invalid effect")]
[INFO] [stderr]    |                 ^^^^^^^^
[INFO] [stderr] 
[INFO] [stderr] error: unknown `#[tool(...)]` key; expected one of `name`, `description`, `effect`
[INFO] [stderr]   --> tests/ui/fail_tool_attr.rs:28:58
[INFO] [stderr]    |
[INFO] [stderr] 28 | #[tool(effect = "read", description = "has a stray key", color = "blue")]
[INFO] [stderr]    |                                                          ^^^^^
[INFO] [stderr] 
[INFO] [stderr] error: duplicate `#[tool(...)]` key `effect`
[INFO] [stderr]   --> tests/ui/fail_tool_attr.rs:33:25
[INFO] [stderr]    |
[INFO] [stderr] 33 | #[tool(effect = "read", effect = "write", description = "keyed twice")]
[INFO] [stderr]    |                         ^^^^^^^^^^^^^^^^
[INFO] [stderr] 
[INFO] [stderr] error: expected string literal
[INFO] [stderr]   --> tests/ui/fail_tool_attr.rs:38:39
[INFO] [stderr]    |
[INFO] [stderr] 38 | #[tool(effect = "read", description = 42)]
[INFO] [stderr]    |                                       ^^
[INFO] [stderr] ┈┈┈┈┈┈┈┈┈┈┈┈┈┈┈┈┈┈┈┈┈┈┈┈┈┈┈┈┈┈┈┈┈┈┈┈┈┈┈┈┈┈┈┈┈┈┈┈┈┈┈┈┈┈┈┈┈┈┈┈
[INFO] [stderr] 
[INFO] [stderr] ACTUAL OUTPUT:
[INFO] [stderr] ┈┈┈┈┈┈┈┈┈┈┈┈┈┈┈┈┈┈┈┈┈┈┈┈┈┈┈┈┈┈┈┈┈┈┈┈┈┈┈┈┈┈┈┈┈┈┈┈┈┈┈┈┈┈┈┈┈┈┈┈
[INFO] [stderr] error[E0432]: unresolved import `salvor_tools`
[INFO] [stderr]  --> tests/ui/fail_tool_attr.rs:5:5
[INFO] [stderr]   |
[INFO] [stderr] 5 | use salvor_tools::Tool;
[INFO] [stderr]   |     ^^^^^^^^^^^^ use of unresolved module or unlinked crate `salvor_tools`
[INFO] [stderr]   |
[INFO] [stderr]   = help: if you wanted to use a crate named `salvor_tools`, use `cargo add salvor_tools` to add it to your `Cargo.toml`
[INFO] [stderr] 
[INFO] [stderr] error: cannot find attribute `tool` in this scope
[INFO] [stderr]   --> tests/ui/fail_tool_attr.rs:38:3
[INFO] [stderr]    |
[INFO] [stderr] 38 | #[tool(effect = "read", description = 42)]
[INFO] [stderr]    |   ^^^^
[INFO] [stderr]    |
[INFO] [stderr] help: `tool` is an attribute that can be used by the derive macro `Tool`, you might be missing a `derive` attribute
[INFO] [stderr]    |
[INFO] [stderr] 39 + #[derive(Tool)]
[INFO] [stderr] 40 | struct NonStringValue;
[INFO] [stderr]    |
[INFO] [stderr] 
[INFO] [stderr] error: cannot find attribute `tool` in this scope
[INFO] [stderr]   --> tests/ui/fail_tool_attr.rs:33:3
[INFO] [stderr]    |
[INFO] [stderr] 33 | #[tool(effect = "read", effect = "write", description = "keyed twice")]
[INFO] [stderr]    |   ^^^^
[INFO] [stderr]    |
[INFO] [stderr] help: `tool` is an attribute that can be used by the derive macro `Tool`, you might be missing a `derive` attribute
[INFO] [stderr]    |
[INFO] [stderr] 34 + #[derive(Tool)]
[INFO] [stderr] 35 | struct DuplicateKey;
[INFO] [stderr]    |
[INFO] [stderr] 
[INFO] [stderr] error: cannot find attribute `tool` in this scope
[INFO] [stderr]   --> tests/ui/fail_tool_attr.rs:28:3
[INFO] [stderr]    |
[INFO] [stderr] 28 | #[tool(effect = "read", description = "has a stray key", color = "blue")]
[INFO] [stderr]    |   ^^^^
[INFO] [stderr]    |
[INFO] [stderr] help: `tool` is an attribute that can be used by the derive macro `Tool`, you might be missing a `derive` attribute
[INFO] [stderr]    |
[INFO] [stderr] 29 + #[derive(Tool)]
[INFO] [stderr] 30 | struct UnknownKey;
[INFO] [stderr]    |
[INFO] [stderr] 
[INFO] [stderr] error: cannot find attribute `tool` in this scope
[INFO] [stderr]   --> tests/ui/fail_tool_attr.rs:23:3
[INFO] [stderr]    |
[INFO] [stderr] 23 | #[tool(effect = "delete", description = "an invalid effect")]
[INFO] [stderr]    |   ^^^^
[INFO] [stderr]    |
[INFO] [stderr] help: `tool` is an attribute that can be used by the derive macro `Tool`, you might be missing a `derive` attribute
[INFO] [stderr]    |
[INFO] [stderr] 24 + #[derive(Tool)]
[INFO] [stderr] 25 | struct BadEffect;
[INFO] [stderr]    |
[INFO] [stderr] 
[INFO] [stderr] error: cannot find attribute `tool` in this scope
[INFO] [stderr]   --> tests/ui/fail_tool_attr.rs:18:3
[INFO] [stderr]    |
[INFO] [stderr] 18 | #[tool(description = "no effect given")]
[INFO] [stderr]    |   ^^^^
[INFO] [stderr]    |
[INFO] [stderr] help: `tool` is an attribute that can be used by the derive macro `Tool`, you might be missing a `derive` attribute
[INFO] [stderr]    |
[INFO] [stderr] 19 + #[derive(Tool)]
[INFO] [stderr] 20 | struct NoEffect;
[INFO] [stderr]    |
[INFO] [stderr] 
[INFO] [stderr] error: cannot find attribute `tool` in this scope
[INFO] [stderr]   --> tests/ui/fail_tool_attr.rs:13:3
[INFO] [stderr]    |
[INFO] [stderr] 13 | #[tool(effect = "read")]
[INFO] [stderr]    |   ^^^^
[INFO] [stderr]    |
[INFO] [stderr] help: `tool` is an attribute that can be used by the derive macro `Tool`, you might be missing a `derive` attribute
[INFO] [stderr]    |
[INFO] [stderr] 14 + #[derive(Tool)]
[INFO] [stderr] 15 | struct NoDescription;
[INFO] [stderr]    |
[INFO] [stderr] ┈┈┈┈┈┈┈┈┈┈┈┈┈┈┈┈┈┈┈┈┈┈┈┈┈┈┈┈┈┈┈┈┈┈┈┈┈┈┈┈┈┈┈┈┈┈┈┈┈┈┈┈┈┈┈┈┈┈┈┈
[INFO] [stderr] note: If the actual output is the correct output you can bless it by rerunning
[INFO] [stderr]       your test with the environment variable TRYBUILD=overwrite
[INFO] [stderr] 
[INFO] [stderr] test tests/ui/fail_data_shape.rs [should fail to compile] ... mismatch
[INFO] [stderr] 
[INFO] [stderr] EXPECTED:
[INFO] [stderr] ┈┈┈┈┈┈┈┈┈┈┈┈┈┈┈┈┈┈┈┈┈┈┈┈┈┈┈┈┈┈┈┈┈┈┈┈┈┈┈┈┈┈┈┈┈┈┈┈┈┈┈┈┈┈┈┈┈┈┈┈
[INFO] [stderr] error: `#[derive(Tool)]` applies to a struct, not an enum
[INFO] [stderr]  --> tests/ui/fail_data_shape.rs:9:1
[INFO] [stderr]   |
[INFO] [stderr] 9 | enum NotAStruct {
[INFO] [stderr]   | ^^^^
[INFO] [stderr] 
[INFO] [stderr] error: `#[derive(Tool)]` applies to a struct, not a union
[INFO] [stderr]   --> tests/ui/fail_data_shape.rs:16:1
[INFO] [stderr]    |
[INFO] [stderr] 16 | union AlsoNotAStruct {
[INFO] [stderr]    | ^^^^^
[INFO] [stderr] ┈┈┈┈┈┈┈┈┈┈┈┈┈┈┈┈┈┈┈┈┈┈┈┈┈┈┈┈┈┈┈┈┈┈┈┈┈┈┈┈┈┈┈┈┈┈┈┈┈┈┈┈┈┈┈┈┈┈┈┈
[INFO] [stderr] 
[INFO] [stderr] ACTUAL OUTPUT:
[INFO] [stderr] ┈┈┈┈┈┈┈┈┈┈┈┈┈┈┈┈┈┈┈┈┈┈┈┈┈┈┈┈┈┈┈┈┈┈┈┈┈┈┈┈┈┈┈┈┈┈┈┈┈┈┈┈┈┈┈┈┈┈┈┈
[INFO] [stderr] error[E0432]: unresolved import `salvor_tools`
[INFO] [stderr]  --> tests/ui/fail_data_shape.rs:5:5
[INFO] [stderr]   |
[INFO] [stderr] 5 | use salvor_tools::Tool;
[INFO] [stderr]   |     ^^^^^^^^^^^^ use of unresolved module or unlinked crate `salvor_tools`
[INFO] [stderr]   |
[INFO] [stderr]   = help: if you wanted to use a crate named `salvor_tools`, use `cargo add salvor_tools` to add it to your `Cargo.toml`
[INFO] [stderr] 
[INFO] [stderr] error: cannot find attribute `tool` in this scope
[INFO] [stderr]   --> tests/ui/fail_data_shape.rs:15:3
[INFO] [stderr]    |
[INFO] [stderr] 15 | #[tool(effect = "read", description = "also not a struct")]
[INFO] [stderr]    |   ^^^^
[INFO] [stderr]    |
[INFO] [stderr] help: `tool` is an attribute that can be used by the derive macro `Tool`, you might be missing a `derive` attribute
[INFO] [stderr]    |
[INFO] [stderr] 16 + #[derive(Tool)]
[INFO] [stderr] 17 | union AlsoNotAStruct {
[INFO] [stderr]    |
[INFO] [stderr] 
[INFO] [stderr] error: cannot find attribute `tool` in this scope
[INFO] [stderr]   --> tests/ui/fail_data_shape.rs:8:3
[INFO] [stderr]    |
[INFO] [stderr]  8 | #[tool(effect = "read", description = "not a struct")]
[INFO] [stderr]    |   ^^^^
[INFO] [stderr]    |
[INFO] [stderr] help: `tool` is an attribute that can be used by the derive macro `Tool`, you might be missing a `derive` attribute
[INFO] [stderr]    |
[INFO] [stderr]  9 + #[derive(Tool)]
[INFO] [stderr] 10 | enum NotAStruct {
[INFO] [stderr]    |
[INFO] [stderr] ┈┈┈┈┈┈┈┈┈┈┈┈┈┈┈┈┈┈┈┈┈┈┈┈┈┈┈┈┈┈┈┈┈┈┈┈┈┈┈┈┈┈┈┈┈┈┈┈┈┈┈┈┈┈┈┈┈┈┈┈
[INFO] [stderr] note: If the actual output is the correct output you can bless it by rerunning
[INFO] [stderr]       your test with the environment variable TRYBUILD=overwrite
[INFO] [stderr] 
[INFO] [stderr] 
[INFO] [stderr] 
[INFO] [stdout] test ui ... FAILED
[INFO] [stdout] 
[INFO] [stdout] failures:
[INFO] [stdout] 
[INFO] [stdout] ---- ui stdout ----
[INFO] [stdout] 
[INFO] [stdout] thread 'ui' (894) panicked at /opt/rustwide/cargo-home/registry/src/index.crates.io-1949cf8c6b5b557f/trybuild-1.0.117/src/run.rs:102:13:
[INFO] [stdout] 3 of 3 tests failed
[INFO] [stdout] stack backtrace:
[INFO] [stdout]    0:     0x5b98af222871 - <<std[617be2ca0a6fd877]::sys::backtrace::BacktraceLock>::print::DisplayBacktrace as core[a373ad73a504971]::fmt::Display>::fmt
[INFO] [stdout]    1:     0x5b98af238b5a - core[a373ad73a504971]::fmt::write
[INFO] [stdout]    2:     0x5b98af2270bc - <alloc[2e1b2a31b91974c5]::vec::Vec<u8> as core[a373ad73a504971]::io::write::Write>::write_fmt
[INFO] [stdout]    3:     0x5b98af1fbcd6 - std[617be2ca0a6fd877]::panicking::default_hook::{closure#0}
[INFO] [stdout]    4:     0x5b98af219e19 - std[617be2ca0a6fd877]::panicking::default_hook
[INFO] [stdout]    5:     0x5b98af1b3420 - test[aada8e7e76ba119b]::test_main_inner::{closure#0}
[INFO] [stdout]    6:     0x5b98af219fd2 - std[617be2ca0a6fd877]::panicking::panic_with_hook
[INFO] [stdout]    7:     0x5b98af1fbd82 - std[617be2ca0a6fd877]::panicking::panic_handler::{closure#0}
[INFO] [stdout]    8:     0x5b98af1f45d9 - std[617be2ca0a6fd877]::sys::backtrace::__rust_end_short_backtrace::<std[617be2ca0a6fd877]::panicking::panic_handler::{closure#0}, !>
[INFO] [stdout]    9:     0x5b98af1fc98d - __rustc[ea4f61d10b84890b]::rust_begin_unwind
[INFO] [stdout]   10:     0x5b98af2392cc - core[a373ad73a504971]::panicking::panic_fmt
[INFO] [stdout]   11:     0x5b98af105d2b - <trybuild[9741739ddbe029d5]::Runner>::run
[INFO] [stdout]   12:     0x5b98af108e40 - <trybuild[9741739ddbe029d5]::TestCases as core[a373ad73a504971]::ops::drop::Drop>::drop
[INFO] [stdout]   13:     0x5b98af0ff0a0 - ui[6fd20240ffe483cb]::ui
[INFO] [stdout]   14:     0x5b98af0ff299 - <ui[6fd20240ffe483cb]::ui::{closure#0} as core[a373ad73a504971]::ops::function::FnOnce<()>>::call_once
[INFO] [stdout]   15:     0x5b98af1a686b - test[aada8e7e76ba119b]::__rust_begin_short_backtrace::<core[a373ad73a504971]::result::Result<(), alloc[2e1b2a31b91974c5]::string::String>, fn() -> core[a373ad73a504971]::result::Result<(), alloc[2e1b2a31b91974c5]::string::String>>
[INFO] [stdout]   16:     0x5b98af1b3a45 - test[aada8e7e76ba119b]::run_test::{closure#0}
[INFO] [stdout]   17:     0x5b98af1ad334 - std[617be2ca0a6fd877]::sys::backtrace::__rust_begin_short_backtrace::<test[aada8e7e76ba119b]::run_test::{closure#1}, ()>
[INFO] [stdout]   18:     0x5b98af1b6ad2 - <std[617be2ca0a6fd877]::thread::lifecycle::spawn_unchecked<test[aada8e7e76ba119b]::run_test::{closure#1}, ()>::{closure#1} as core[a373ad73a504971]::ops::function::FnOnce<()>>::call_once::{shim:vtable#0}
[INFO] [stdout]   19:     0x5b98af221acf - <std[617be2ca0a6fd877]::sys::thread::unix::Thread>::new::thread_start
[INFO] [stdout]   20:     0x7bb68499fdfa - <unknown>
[INFO] [stdout]   21:     0x7bb684a333d4 - clone
[INFO] [stdout]   22:                0x0 - <unknown>
[INFO] [stdout] 
[INFO] [stdout] 
[INFO] [stdout] failures:
[INFO] [stdout]     ui
[INFO] [stdout] 
[INFO] [stdout] test result: FAILED. 0 passed; 1 failed; 0 ignored; 0 measured; 0 filtered out; finished in 10.21s
[INFO] [stdout] 
[INFO] [stderr] error: test failed, to rerun pass `--test ui`
[INFO] running `Command { std: "docker" "inspect" "417c97aedd5b3a2bc9a1b2c5ff9d6812b6137c4a34c4a2c9ace1c5090c115c83", kill_on_drop: false }`
[INFO] running `Command { std: "docker" "rm" "-f" "417c97aedd5b3a2bc9a1b2c5ff9d6812b6137c4a34c4a2c9ace1c5090c115c83", kill_on_drop: false }`
[INFO] [stdout] 417c97aedd5b3a2bc9a1b2c5ff9d6812b6137c4a34c4a2c9ace1c5090c115c83
