[INFO] fetching crate salvo-oapi 1.0.1...
[INFO] testing salvo-oapi-1.0.1 against 1.99.0-beta.8+cargoflags=--release for beta-release-1.100-2
[INFO] extracting crate salvo-oapi 1.0.1 into /workspace/builds/worker-0-tc1/source
[INFO] started tweaking crates.io crate salvo-oapi 1.0.1
[INFO] removed 0 missing tests
[INFO] finished tweaking crates.io crate salvo-oapi 1.0.1
[INFO] tweaked toml for crates.io crate salvo-oapi 1.0.1 written to /workspace/builds/worker-0-tc1/source/Cargo.toml
[INFO] validating manifest of crates.io crate salvo-oapi 1.0.1 on toolchain 1.99.0-beta.8
[INFO] running `Command { std: CARGO_HOME="/workspace/cargo-home" RUSTUP_HOME="/workspace/rustup-home" "/workspace/cargo-home/bin/cargo" "+1.99.0-beta.8" "metadata" "--manifest-path" "Cargo.toml" "--no-deps", kill_on_drop: false }`
[INFO] crate crates.io crate salvo-oapi 1.0.1 already has a lockfile, it will not be regenerated
[INFO] running `Command { std: CARGO_HOME="/workspace/cargo-home" RUSTUP_HOME="/workspace/rustup-home" "/workspace/cargo-home/bin/cargo" "+1.99.0-beta.8" "fetch" "--manifest-path" "Cargo.toml", kill_on_drop: false }`
[INFO] [stderr]     Updating crates.io index
[INFO] [stderr]  Downloading crates ...
[INFO] [stderr]   Downloaded xml v1.4.0
[INFO] [stderr]   Downloaded serial_test v4.0.1
[INFO] [stderr]   Downloaded serial_test_derive v4.0.1
[INFO] [stderr]   Downloaded salvo_macros v1.0.1
[INFO] [stderr]   Downloaded content_inspector v0.2.4
[INFO] [stderr]   Downloaded salvo-serde-util v1.0.1
[INFO] [stderr]   Downloaded multra v1.1.0
[INFO] [stderr]   Downloaded mime-infer v4.0.1
[INFO] [stderr]   Downloaded serde-xml-rs v0.8.2
[INFO] [stderr]   Downloaded headers v0.4.2
[INFO] [stderr]   Downloaded chardetng v1.0.0
[INFO] [stderr]   Downloaded compact_str v0.10.0
[INFO] [stderr]   Downloaded salvo-oapi-macros v1.0.1
[INFO] [stderr]   Downloaded salvo_core v1.0.1
[INFO] running `Command { std: "docker" "create" "-v" "/var/lib/crater-agent-workspace/builds/worker-0-tc1/source:/opt/rustwide/workdir:ro,Z" "-v" "/var/lib/crater-agent-workspace/builds/worker-0-tc1/target:/opt/rustwide/target:rw,Z" "-v" "/var/lib/crater-agent-workspace/cargo-home:/opt/rustwide/cargo-home:ro,Z" "-v" "/var/lib/crater-agent-workspace/rustup-home:/opt/rustwide/rustup-home:ro,Z" "-m" "1610612736" "--network" "none" "ghcr.io/rust-lang/crates-build-env/linux@sha256:77db811e55d90add9212f6832c23229e3de5f1c1f9905e8cb07319ea15df73ac" "sleep" "infinity", kill_on_drop: false }`
[INFO] [stdout] aa40e641783697cb060acf9358ec177bc0853b429ceb398bd19df612aca8b571
[INFO] running `Command { std: "docker" "start" "aa40e641783697cb060acf9358ec177bc0853b429ceb398bd19df612aca8b571", kill_on_drop: false }`
[INFO] running `Command { std: "docker" "inspect" "aa40e641783697cb060acf9358ec177bc0853b429ceb398bd19df612aca8b571", kill_on_drop: false }`
[INFO] running `Command { std: "docker" "exec" "-e" "SOURCE_DIR=/opt/rustwide/workdir" "-e" "CARGO_HOME=/opt/rustwide/cargo-home" "-e" "RUSTUP_HOME=/opt/rustwide/rustup-home" "-e" "CARGO_TARGET_DIR=/opt/rustwide/target" "-w" "/opt/rustwide/workdir" "--user" "0:0" "aa40e641783697cb060acf9358ec177bc0853b429ceb398bd19df612aca8b571" "/opt/rustwide/cargo-home/bin/cargo" "+1.99.0-beta.8" "metadata" "--no-deps" "--format-version=1", kill_on_drop: false }`
[INFO] running `Command { std: "docker" "inspect" "aa40e641783697cb060acf9358ec177bc0853b429ceb398bd19df612aca8b571", kill_on_drop: false }`
[INFO] running `Command { std: "docker" "exec" "-e" "SOURCE_DIR=/opt/rustwide/workdir" "-e" "CARGO_HOME=/opt/rustwide/cargo-home" "-e" "RUSTUP_HOME=/opt/rustwide/rustup-home" "-e" "CARGO_TARGET_DIR=/opt/rustwide/target" "-e" "CARGO_INCREMENTAL=0" "-e" "RUST_BACKTRACE=full" "-e" "RUSTFLAGS=--cap-lints=warn" "-e" "RUSTDOCFLAGS=--cap-lints=warn" "-w" "/opt/rustwide/workdir" "--user" "0:0" "aa40e641783697cb060acf9358ec177bc0853b429ceb398bd19df612aca8b571" "/opt/rustwide/cargo-home/bin/cargo" "+1.99.0-beta.8" "build" "--frozen" "--message-format=json" "--release", kill_on_drop: false }`
[INFO] [stderr]    Compiling syn v3.0.6
[INFO] [stderr]    Compiling getrandom v0.2.17
[INFO] [stderr]    Compiling syn v2.0.119
[INFO] [stderr]    Compiling pin-project-lite v0.2.17
[INFO] [stderr]    Compiling mime-infer v4.0.1
[INFO] [stderr]    Compiling zerocopy v0.8.59
[INFO] [stderr]    Compiling futures-core v0.3.34
[INFO] [stderr]    Compiling socket2 v0.6.5
[INFO] [stderr]    Compiling mio v1.2.4
[INFO] [stderr]    Compiling rand_core v0.10.1
[INFO] [stderr]    Compiling smallvec v1.16.2
[INFO] [stderr]    Compiling toml_edit v0.25.15+spec-1.1.0
[INFO] [stderr]    Compiling encoding_rs v0.8.42
[INFO] [stderr]    Compiling http-body v1.1.0
[INFO] [stderr]    Compiling getrandom v0.4.3
[INFO] [stderr]    Compiling simdutf8 v0.1.5
[INFO] [stderr]    Compiling core_detect v1.0.0
[INFO] [stderr]    Compiling try-lock v0.2.5
[INFO] [stderr]    Compiling httpdate v1.0.3
[INFO] [stderr]    Compiling httparse v1.10.1
[INFO] [stderr]    Compiling rustix v1.1.5
[INFO] [stderr]    Compiling futures-task v0.3.34
[INFO] [stderr]    Compiling rand_core v0.6.4
[INFO] [stderr]    Compiling want v0.3.1
[INFO] [stderr]    Compiling linux-raw-sys v0.12.1
[INFO] [stderr]    Compiling futures-io v0.3.34
[INFO] [stderr]    Compiling slab v0.4.12
[INFO] [stderr]    Compiling bitflags v2.13.2
[INFO] [stderr]    Compiling cpufeatures v0.3.1
[INFO] [stderr]    Compiling sha1 v0.10.7
[INFO] [stderr]    Compiling futures-util v0.3.34
[INFO] [stderr]    Compiling chacha20 v0.10.2
[INFO] [stderr]    Compiling tracing-core v0.1.36
[INFO] [stderr]    Compiling crypto-common v0.1.7
[INFO] [stderr]    Compiling parking_lot_core v0.9.12
[INFO] [stderr]    Compiling serde_json v1.0.151
[INFO] [stderr]    Compiling headers-core v0.3.0
[INFO] [stderr]    Compiling cookie v0.18.2
[INFO] [stderr]    Compiling digest v0.10.7
[INFO] [stderr]    Compiling cipher v0.4.4
[INFO] [stderr]    Compiling universal-hash v0.5.1
[INFO] [stderr]    Compiling aead v0.5.2
[INFO] [stderr]    Compiling fastrand v2.5.0
[INFO] [stderr]    Compiling futures-sink v0.3.34
[INFO] [stderr]    Compiling polyval v0.6.2
[INFO] [stderr]    Compiling percent-encoding v2.3.2
[INFO] [stderr]    Compiling xml v1.4.0
[INFO] [stderr]    Compiling parking_lot v0.12.5
[INFO] [stderr]    Compiling sha2 v0.10.9
[INFO] [stderr]    Compiling ghash v0.5.1
[INFO] [stderr]    Compiling ctr v0.9.2
[INFO] [stderr]    Compiling aes v0.8.4
[INFO] [stderr]    Compiling hmac v0.12.1
[INFO] [stderr]    Compiling form_urlencoded v1.2.2
[INFO] [stderr]    Compiling time v0.3.55
[INFO] [stderr]    Compiling headers v0.4.2
[INFO] [stderr]    Compiling proc-macro-crate v3.5.0
[INFO] [stderr]    Compiling aes-gcm v0.10.3
[INFO] [stderr]    Compiling chardetng v1.0.0
[INFO] [stderr]    Compiling rand v0.10.3
[INFO] [stderr]    Compiling http-body-util v0.1.5
[INFO] [stderr]    Compiling futures-channel v0.3.34
[INFO] [stderr]    Compiling content_inspector v0.2.4
[INFO] [stderr]    Compiling sync_wrapper v1.0.2
[INFO] [stderr]    Compiling tempfile v3.27.0
[INFO] [stderr]    Compiling indexmap v2.14.2
[INFO] [stderr]    Compiling inventory v0.3.24
[INFO] [stderr]    Compiling multra v1.1.0
[INFO] [stderr]    Compiling enumflags2_derive v0.7.12
[INFO] [stderr]    Compiling pin-project-internal v1.1.13
[INFO] [stderr]    Compiling tracing-attributes v0.1.31
[INFO] [stderr]    Compiling enumflags2 v0.7.12
[INFO] [stderr]    Compiling salvo-serde-util v1.0.1
[INFO] [stderr]    Compiling pin-project v1.1.13
[INFO] [stderr]    Compiling tracing v0.1.44
[INFO] [stderr]    Compiling ppv-lite86 v0.2.21
[INFO] [stderr]    Compiling tokio-macros v2.7.2
[INFO] [stderr]    Compiling serde_derive v1.0.229
[INFO] [stderr]    Compiling thiserror-impl v2.0.21
[INFO] [stderr]    Compiling async-trait v0.1.92
[INFO] [stderr]    Compiling salvo_macros v1.0.1
[INFO] [stderr]    Compiling rand_chacha v0.3.1
[INFO] [stderr]    Compiling rand v0.8.8
[INFO] [stderr]    Compiling tokio v1.53.2
[INFO] [stderr]    Compiling thiserror v2.0.21
[INFO] [stderr]    Compiling serde v1.0.229
[INFO] [stderr]    Compiling multimap v0.10.1
[INFO] [stderr]    Compiling serde-xml-rs v0.8.2
[INFO] [stderr]    Compiling hyper v1.11.1
[INFO] [stderr]    Compiling tokio-util v0.7.19
[INFO] [stderr]    Compiling hyper-util v0.1.21
[INFO] [stderr]    Compiling salvo_core v1.0.1
[INFO] [stderr]    Compiling salvo-oapi-macros v1.0.1
[INFO] [stderr]    Compiling salvo-oapi v1.0.1 (/opt/rustwide/workdir)
[INFO] [stderr]     Finished `release` profile [optimized] target(s) in 1m 26s
[INFO] running `Command { std: "docker" "inspect" "aa40e641783697cb060acf9358ec177bc0853b429ceb398bd19df612aca8b571", kill_on_drop: false }`
[INFO] running `Command { std: "docker" "exec" "-e" "SOURCE_DIR=/opt/rustwide/workdir" "-e" "CARGO_HOME=/opt/rustwide/cargo-home" "-e" "RUSTUP_HOME=/opt/rustwide/rustup-home" "-e" "CARGO_TARGET_DIR=/opt/rustwide/target" "-e" "CARGO_INCREMENTAL=0" "-e" "RUST_BACKTRACE=full" "-e" "RUSTFLAGS=--cap-lints=warn" "-e" "RUSTDOCFLAGS=--cap-lints=warn" "-w" "/opt/rustwide/workdir" "--user" "0:0" "aa40e641783697cb060acf9358ec177bc0853b429ceb398bd19df612aca8b571" "/opt/rustwide/cargo-home/bin/cargo" "+1.99.0-beta.8" "test" "--frozen" "--no-run" "--message-format=json" "--release", kill_on_drop: false }`
[INFO] [stderr]    Compiling serde v1.0.229
[INFO] [stderr]    Compiling cc v1.6.0
[INFO] [stderr]    Compiling tokio v1.53.2
[INFO] [stderr]    Compiling salvo-serde-util v1.0.1
[INFO] [stderr]    Compiling num-traits v0.2.19
[INFO] [stderr]    Compiling thiserror v2.0.21
[INFO] [stderr]    Compiling deranged v0.5.8
[INFO] [stderr]    Compiling serde_json v1.0.151
[INFO] [stderr]    Compiling multimap v0.10.1
[INFO] [stderr]    Compiling indexmap v2.14.2
[INFO] [stderr]    Compiling rust_decimal v1.43.0
[INFO] [stderr]    Compiling futures-executor v0.3.34
[INFO] [stderr]    Compiling serial_test_derive v4.0.1
[INFO] [stderr]    Compiling arrayvec v0.7.8
[INFO] [stderr]    Compiling serde-xml-rs v0.8.2
[INFO] [stderr]    Compiling salvo_macros v1.0.1
[INFO] [stderr]    Compiling smallvec v1.16.2
[INFO] [stderr]    Compiling serde_urlencoded v0.7.1
[INFO] [stderr]    Compiling compact_str v0.10.0
[INFO] [stderr]    Compiling icu_normalizer v2.3.0
[INFO] [stderr]    Compiling parking_lot_core v0.9.12
[INFO] [stderr]    Compiling parking_lot v0.12.5
[INFO] [stderr]    Compiling chrono v0.4.45
[INFO] [stderr]    Compiling idna_adapter v1.2.2
[INFO] [stderr]    Compiling idna v1.1.0
[INFO] [stderr]    Compiling assert-json-diff v2.0.2
[INFO] [stderr]    Compiling serial_test v4.0.1
[INFO] [stderr]    Compiling zstd-sys v2.1.0+zstd.1.5.7
[INFO] [stderr]    Compiling time v0.3.55
[INFO] [stderr]    Compiling url v2.5.8
[INFO] [stderr]    Compiling hyper v1.11.1
[INFO] [stderr]    Compiling tokio-util v0.7.19
[INFO] [stderr]    Compiling hyper-util v0.1.21
[INFO] [stderr]    Compiling cookie v0.18.2
[INFO] [stderr]    Compiling salvo_core v1.0.1
[INFO] [stderr]    Compiling salvo-oapi-macros v1.0.1
[INFO] [stderr]    Compiling zstd-safe v8.0.0
[INFO] [stderr]    Compiling zstd v0.14.0
[INFO] [stderr]    Compiling salvo-oapi v1.0.1 (/opt/rustwide/workdir)
[INFO] [stderr]     Finished `release` profile [optimized] target(s) in 2m 36s
[INFO] running `Command { std: "docker" "inspect" "aa40e641783697cb060acf9358ec177bc0853b429ceb398bd19df612aca8b571", kill_on_drop: false }`
[INFO] running `Command { std: "docker" "exec" "-e" "SOURCE_DIR=/opt/rustwide/workdir" "-e" "CARGO_HOME=/opt/rustwide/cargo-home" "-e" "RUSTUP_HOME=/opt/rustwide/rustup-home" "-e" "CARGO_TARGET_DIR=/opt/rustwide/target" "-e" "CARGO_INCREMENTAL=0" "-e" "RUST_BACKTRACE=full" "-e" "RUSTFLAGS=--cap-lints=warn" "-e" "RUSTDOCFLAGS=--cap-lints=warn" "-w" "/opt/rustwide/workdir" "--user" "0:0" "aa40e641783697cb060acf9358ec177bc0853b429ceb398bd19df612aca8b571" "/opt/rustwide/cargo-home/bin/cargo" "+1.99.0-beta.8" "test" "--frozen" "--release", kill_on_drop: false }`
[INFO] [stderr]     Finished `release` profile [optimized] target(s) in 0.68s
[INFO] [stderr]      Running unittests src/lib.rs (/opt/rustwide/target/release/deps/salvo_oapi-bbfe165cb370ef2c)
[INFO] [stdout] 
[INFO] [stdout] running 234 tests
[INFO] [stdout] test extract::parameter::tests::test_cookie_param_register ... ok
[INFO] [stdout] test extract::parameter::tests::test_path_param_register ... ok
[INFO] [stdout] test extract::parameter::tests::test_header_param_register ... ok
[INFO] [stdout] test naming::tests::test_assign_name_with_generic_resolution ... ok
[INFO] [stdout] test naming::tests::test_assign_name_with_primitive_generics ... ok
[INFO] [stdout] test extract::payload::tests::test_json_body_register ... ok
[INFO] [stdout] test naming::tests::test_name ... ok
[INFO] [stdout] test openapi::callback::tests::callback_serializes_as_map_of_path_items ... ok
[INFO] [stdout] test extract::payload::tests::test_form_body_to_request_body ... ok
[INFO] [stdout] test naming::tests::test_short_type_name ... ok
[INFO] [stdout] test naming::tests::test_split_generic_params ... ok
[INFO] [stdout] test openapi::callback::tests::callback_default_is_empty ... ok
[INFO] [stdout] test openapi::components::tests::each_new_field_serializes_under_spec_name ... ok
[INFO] [stdout] test openapi::example::tests::test_example ... ok
[INFO] [stdout] test extract::parameter::tests::test_query_param_register ... ok
[INFO] [stdout] test extract::payload::tests::test_json_body_to_request_body ... ok
[INFO] [stdout] test openapi::external_docs::tests::test_build_external_docs ... ok
[INFO] [stdout] test openapi::external_docs::tests::test_default_external_docs ... ok
[INFO] [stdout] test openapi::example::tests::example_openapi_3_2_fields_round_trip ... ok
[INFO] [stdout] test openapi::header::tests::header_with_content_omits_schema ... ok
[INFO] [stdout] test openapi::components::tests::append_preserves_self_on_key_collision ... ok
[INFO] [stdout] test extract::payload::tests::test_form_body_register ... ok
[INFO] [stdout] test openapi::header::tests::header_full_surface_round_trips ... ok
[INFO] [stdout] test openapi::content::tests::test_content_openapi_3_2_streaming_fields ... ok
[INFO] [stdout] test openapi::header::tests::test_build_header ... ok
[INFO] [stdout] test openapi::info::tests::build_contact ... ok
[INFO] [stdout] test naming::tests::test_resolve_primitive_types ... ok
[INFO] [stdout] test naming::tests::test_resolve_generic_names ... ok
[INFO] [stdout] test openapi::encoding::tests::test_build_encoding ... ok
[INFO] [stdout] test openapi::encoding::tests::test_nested_encoding_openapi_3_2 ... ok
[INFO] [stdout] test openapi::encoding::tests::test_encoding_default ... ok
[INFO] [stdout] test openapi::components::tests::empty_components_serializes_with_no_fields ... ok
[INFO] [stdout] test openapi::operation::tests::test_operations ... ok
[INFO] [stdout] test openapi::operation::tests::operation_new ... ok
[INFO] [stdout] test openapi::parameter::tests::parameter_allow_empty_value_round_trips_under_camel_case ... ok
[INFO] [stdout] test openapi::operation::tests::test_operations_into_iter ... ok
[INFO] [stdout] test openapi::parameter::tests::parameter_in_querystring_round_trips ... ok
[INFO] [stdout] test openapi::components::tests::is_empty_recognizes_each_new_field ... ok
[INFO] [stdout] test openapi::parameter::tests::parameter_style_cookie_round_trips ... ok
[INFO] [stdout] test openapi::operation::tests::operation_security ... ok
[INFO] [stdout] test openapi::parameter::tests::parameter_with_examples_serializes_under_camel_case_field ... ok
[INFO] [stdout] test openapi::operation::tests::operation_server ... ok
[INFO] [stdout] test openapi::operation::tests::test_build_operation ... ok
[INFO] [stdout] test openapi::parameter::tests::parameter_with_content_serializes_as_media_type_map ... ok
[INFO] [stdout] test openapi::parameter::tests::test_build_parameters ... ok
[INFO] [stdout] test openapi::operation::tests::test_operations_then ... ok
[INFO] [stdout] test openapi::info::tests::test_license_set_name ... ok
[INFO] [stdout] test openapi::parameter::tests::test_parameters_contain ... ok
[INFO] [stdout] test openapi::operation::tests::operation_callbacks_serialize_as_per_spec ... ok
[INFO] [stdout] test openapi::parameter::tests::parameter_required_true_is_emitted_for_path_in ... ok
[INFO] [stdout] test openapi::parameter::tests::parameter_required_unset_is_omitted ... ok
[INFO] [stdout] test openapi::parameter::tests::test_parameter_merge_fail ... ok
[INFO] [stdout] test openapi::parameter::tests::test_parameter_merge_success ... ok
[INFO] [stdout] test openapi::parameter::tests::test_parameters_append ... ok
[INFO] [stdout] test openapi::parameter::tests::test_build_parameter ... ok
[INFO] [stdout] test openapi::parameter::tests::test_parameter_merge_no_extensions ... ok
[INFO] [stdout] test openapi::content::tests::test_build_content ... ok
[INFO] [stdout] test openapi::parameter::tests::test_parameters_insert_existed_item ... ok
[INFO] [stdout] test openapi::path::tests::path_item_ref_setter_overrides_plain_construction ... ok
[INFO] [stdout] test openapi::parameter::tests::test_parameters_into_iter ... ok
[INFO] [stdout] test openapi::path::tests::path_item_query_operation_serializes_under_query_key ... ok
[INFO] [stdout] test openapi::content::tests::content_ref_serializes_as_a_reference_object ... ok
[INFO] [stdout] test openapi::path::tests::test_path_item_append ... ok
[INFO] [stdout] test openapi::parameter::tests::querystring_and_query_parameters_are_distinct_entries ... ok
[INFO] [stdout] test openapi::path::tests::path_item_ref_serializes_as_dollar_ref ... ok
[INFO] [stdout] test openapi::path::tests::path_item_append_merges_additional_operations ... ok
[INFO] [stdout] test openapi::path::tests::path_item_additional_operations_round_trip ... ok
[INFO] [stdout] test openapi::path::tests::path_item_parameters_serialize_as_named_field ... ok
[INFO] [stdout] test openapi::path::tests::test_build_path_item ... ok
[INFO] [stdout] test openapi::path::tests::path_item_deserialize_keeps_operations_out_of_extensions ... ok
[INFO] [stdout] test openapi::request_body::tests::request_body_merge ... ok
[INFO] [stdout] test openapi::request_body::tests::request_body_new ... ok
[INFO] [stdout] test openapi::path::tests::test_paths_deref ... ok
[INFO] [stdout] test openapi::request_body::tests::request_body_builder ... ok
[INFO] [stdout] test openapi::path::tests::path_item_ref_round_trips_via_serde ... ok
[INFO] [stdout] test openapi::response::tests::response_builder ... ok
[INFO] [stdout] test openapi::path::tests::test_path_item_add_operation ... ok
[INFO] [stdout] test openapi::response::tests::response_summary_serializes_and_description_is_optional_on_input ... ok
[INFO] [stdout] test openapi::path::tests::test_paths_extend ... ok
[INFO] [stdout] test openapi::response::tests::test_responses_from_btree_map ... ok
[INFO] [stdout] test openapi::response::tests::test_responses_from_iter ... ok
[INFO] [stdout] test openapi::schema::all_of::tests::test_refor_schema_from_all_of ... ok
[INFO] [stdout] test openapi::response::tests::test_responses_from_kv_sequence ... ok
[INFO] [stdout] test openapi::schema::all_of::tests::test_build_all_of ... ok
[INFO] [stdout] test openapi::response::tests::test_responses_into_iter ... ok
[INFO] [stdout] test openapi::schema::all_of::tests::test_allof_with_extensions ... ok
[INFO] [stdout] test openapi::schema::array::tests::test_schema_from_array ... ok
[INFO] [stdout] test openapi::schema::number::tests::test_deserialize_float ... ok
[INFO] [stdout] test openapi::schema::array::tests::test_array_items_false_deserialize ... ok
[INFO] [stdout] test openapi::schema::array::tests::test_array_with_extensions ... ok
[INFO] [stdout] test openapi::response::tests::responses_new ... ok
[INFO] [stdout] test openapi::schema::any_of::tests::test_refor_schema_from_any_of ... ok
[INFO] [stdout] test openapi::schema::number::tests::test_deserialize_int ... ok
[INFO] [stdout] test openapi::schema::any_of::tests::test_build_any_of ... ok
[INFO] [stdout] test openapi::response::tests::test_btree_map_from_responses ... ok
[INFO] [stdout] test openapi::schema::all_of::tests::test_schema_from_all_of ... ok
[INFO] [stdout] test openapi::schema::array::tests::test_array_with_prefix_items ... ok
[INFO] [stdout] test openapi::schema::any_of::tests::test_schema_from_any_of ... ok
[INFO] [stdout] test openapi::schema::array::tests::test_build_array ... ok
[INFO] [stdout] test openapi::schema::any_of::tests::test_anyof_with_extensions ... ok
[INFO] [stdout] test openapi::schema::number::tests::test_equality ... ok
[INFO] [stdout] test openapi::schema::number::tests::test_from_i32 ... ok
[INFO] [stdout] test openapi::schema::number::tests::test_serialize_uint ... ok
[INFO] [stdout] test openapi::schema::one_of::tests::test_build_one_of ... ok
[INFO] [stdout] test openapi::schema::number::tests::test_serialize_whole_float_as_integer ... ok
[INFO] [stdout] test openapi::schema::number::tests::test_eq_is_reflexive_for_nan ... ok
[INFO] [stdout] test openapi::schema::object::tests::test_object_with_extensions ... ok
[INFO] [stdout] test openapi::schema::object::tests::test_build_string_object ... ok
[INFO] [stdout] test openapi::schema::tests::reserialize_deserialized_object_component ... ok
[INFO] [stdout] test openapi::schema::number::tests::test_serialize_negative_whole_float ... ok
[INFO] [stdout] test openapi::schema::number::tests::test_from_f64 ... ok
[INFO] [stdout] test openapi::schema::tests::deserialize_reserialize_one_of_default_type ... ok
[INFO] [stdout] test openapi::schema::tests::create_schema_serializes_json ... ok
[INFO] [stdout] test openapi::schema::tests::reserialize_deserialized_property ... ok
[INFO] [stdout] test openapi::schema::tests::serialize_deserialize_one_of_within_ref_or_t_object_builder ... ok
[INFO] [stdout] test openapi::schema::tests::serialize_deserialize_array_within_ref_or_t_object_builder ... ok
[INFO] [stdout] test openapi::schema::tests::serialize_deserialize_any_of_of_within_ref_or_t_object ... ok
[INFO] [stdout] test openapi::schema::tests::serialize_deserialize_all_of_of_within_ref_or_t_object ... ok
[INFO] [stdout] test openapi::schema::tests::reserialize_deserialized_schema_components ... ok
[INFO] [stdout] test openapi::schema::tests::serialize_deserialize_schema_array ... ok
[INFO] [stdout] test openapi::schema::number::tests::test_deserialize_negative_int ... ok
[INFO] [stdout] test openapi::schema::object::tests::test_build_number_object ... ok
[INFO] [stdout] test openapi::schema::number::tests::test_serialize_float ... ok
[INFO] [stdout] test openapi::schema::tests::serialize_deserialize_schema_with_additional_properties_object ... ok
[INFO] [stdout] test openapi::schema::number::tests::test_serialize_int ... ok
[INFO] [stdout] test openapi::schema::one_of::tests::test_refor_schema_from_one_of ... ok
[INFO] [stdout] test openapi::schema::number::tests::test_serialize_negative_int ... ok
[INFO] [stdout] test openapi::schema::tests::serialize_deserialize_schema_array_ref_or_t ... ok
[INFO] [stdout] test openapi::schema::tests::serialize_deserialize_schema_with_additional_properties ... ok
[INFO] [stdout] test openapi::schema::number::tests::test_from_u64 ... ok
[INFO] [stdout] test openapi::schema::one_of::tests::test_schema_from_one_of ... ok
[INFO] [stdout] test openapi::schema::object::tests::test_build_object_object ... ok
[INFO] [stdout] test openapi::schema::tests::serialize_deserialize_object_with_multiple_schema_types ... ok
[INFO] [stdout] test openapi::schema::tests::serialize_discriminator_with_mapping ... ok
[INFO] [stdout] test openapi::schema::one_of::tests::test_oneof_with_extensions ... ok
[INFO] [stdout] test openapi::security::tests::oauth2_metadata_url_and_deprecated_serialize ... ok
[INFO] [stdout] test openapi::schema::tests::test_additional_properties ... ok
[INFO] [stdout] test openapi::schema::tests::test_additional_properties_from_ref_or ... ok
[INFO] [stdout] test openapi::schema::tests::test_property_order ... ok
[INFO] [stdout] test openapi::schema::tests::test_default_schema ... ok
[INFO] [stdout] test openapi::schema::tests::test_array_new ... ok
[INFO] [stdout] test openapi::schema::tests::test_array_builder ... ok
[INFO] [stdout] test openapi::security::tests::security_scheme_correct_api_key_query_auth ... ok
[INFO] [stdout] test openapi::schema::tests::test_empty_schema ... ok
[INFO] [stdout] test openapi::schema::tests::test_ref_from_response_name ... ok
[INFO] [stdout] test openapi::security::tests::security_requirement_accepts_uri_references ... ok
[INFO] [stdout] test openapi::schema::tests::test_derive_object_with_examples ... ok
[INFO] [stdout] test openapi::schema::tests::test_object_with_name ... ok
[INFO] [stdout] test openapi::security::tests::security_scheme_correct_mutual_auth ... ok
[INFO] [stdout] test openapi::security::tests::security_scheme_correct_api_key_cookie_auth ... ok
[INFO] [stdout] test openapi::security::tests::security_scheme_correct_api_key_header_auth ... ok
[INFO] [stdout] test openapi::security::tests::security_scheme_correct_mutual_tls ... ok
[INFO] [stdout] test openapi::security::tests::security_scheme_correct_default_http_auth ... ok
[INFO] [stdout] test openapi::security::tests::security_scheme_correct_oauth2_authorization_code ... ok
[INFO] [stdout] test openapi::security::tests::security_scheme_correct_digest_auth ... ok
[INFO] [stdout] test openapi::security::tests::security_scheme_correct_oauth2_authorization_code_one_scopes ... ok
[INFO] [stdout] test openapi::security::tests::security_scheme_correct_negotiate_auth ... ok
[INFO] [stdout] test openapi::security::tests::security_scheme_correct_hoba_auth ... ok
[INFO] [stdout] test openapi::security::tests::security_scheme_correct_oauth2_implicit ... ok
[INFO] [stdout] test openapi::security::tests::security_scheme_correct_http_bearer_json ... ok
[INFO] [stdout] test openapi::security::tests::security_scheme_correct_oauth2_password ... ok
[INFO] [stdout] test openapi::security::tests::security_scheme_correct_open_id_connect_auth ... ok
[INFO] [stdout] test openapi::security::tests::security_scheme_correct_api_key_query_auth_with_description ... ok
[INFO] [stdout] test openapi::security::tests::security_scheme_correct_basic_auth ... ok
[INFO] [stdout] test openapi::security::tests::security_scheme_correct_oauth2_authorization_code_no_scopes ... ok
[INFO] [stdout] test openapi::security::tests::security_scheme_correct_open_id_connect_auth_with_description ... ok
[INFO] [stdout] test openapi::server::tests::test_server_set_url ... ok
[INFO] [stdout] test openapi::security::tests::security_scheme_correct_scram_sha1_auth ... ok
[INFO] [stdout] test openapi::security::tests::security_scheme_correct_basic_auth_change_to_digest_auth_with_description ... ok
[INFO] [stdout] test openapi::security::tests::security_scheme_correct_scram_sha256_auth ... ok
[INFO] [stdout] test openapi::server::tests::test_server_variables_is_empty ... ok
[INFO] [stdout] test openapi::server::tests::test_server_variables_server_variable ... ok
[INFO] [stdout] test openapi::security::tests::security_scheme_correct_oauth2_client_credentials_with_refresh_url ... ok
[INFO] [stdout] test openapi::security::tests::security_scheme_correct_oauth2_implicit_with_refresh_url ... ok
[INFO] [stdout] test openapi::server::tests::test_server_cmp ... ok
[INFO] [stdout] test openapi::server::tests::test_servers_extend ... ok
[INFO] [stdout] test openapi::server::tests::test_servers_insert ... ok
[INFO] [stdout] test openapi::server::tests::test_servers_insert_existed_server ... ok
[INFO] [stdout] test openapi::security::tests::security_scheme_correct_oauth_auth ... ok
[INFO] [stdout] test openapi::server::tests::create_server_with_builder_and_variable_substitution ... ok
[INFO] [stdout] test openapi::server::tests::test_servers_append ... ok
[INFO] [stdout] test openapi::security::tests::security_scheme_correct_oauth2_password_with_refresh_url ... ok
[INFO] [stdout] test openapi::security::tests::security_scheme_correct_oauth2_client_credentials ... ok
[INFO] [stdout] test openapi::security::tests::deprecated_is_available_on_every_scheme_kind ... ok
[INFO] [stdout] test openapi::security::tests::device_authorization_flow_round_trips_under_its_own_key ... ok
[INFO] [stdout] test openapi::server::tests::test_servers_deref ... ok
[INFO] [stdout] test openapi::server::tests::test_server_variables_insert ... ok
[INFO] [stdout] test openapi::server::tests::test_server_variables_append ... ok
[INFO] [stdout] test openapi::server::tests::test_server_variables_deref ... ok
[INFO] [stdout] test openapi::tag::tests::from_str ... ok
[INFO] [stdout] test openapi::server::tests::test_server_variables_extend ... ok
[INFO] [stdout] test openapi::tests::json_schema_dialect_omits_field_when_empty ... ok
[INFO] [stdout] test openapi::tests::json_schema_dialect_serializes_under_spec_field_name ... ok
[INFO] [stdout] test openapi::server::tests::test_servers_server ... ok
[INFO] [stdout] test openapi::tests::openapi_3_2_baseline_fields_serialize_and_deserialize ... ok
[INFO] [stdout] test openapi::tests::merge_2_openapi_documents ... ok
[INFO] [stdout] test openapi::tests::merge_router_emits_custom_method_as_additional_operation ... ok
[INFO] [stdout] test openapi::tests::openapi_defaults_to_3_1_and_omits_empty_self_uri ... ok
[INFO] [stdout] test openapi::server::tests::test_servers_is_empty ... ok
[INFO] [stdout] test openapi::tag::tests::from_string ... ok
[INFO] [stdout] test openapi::tag::tests::from_string_ref ... ok
[INFO] [stdout] test openapi::tag::tests::tag_3_1_output_is_unchanged ... ok
[INFO] [stdout] test openapi::tag::tests::tag_openapi_3_2_fields_round_trip ... ok
[INFO] [stdout] test openapi::tests::deserialize_openapi_version_rejects_unsupported_or_malformed_versions ... ok
[INFO] [stdout] test openapi::tests::merge_router_attaches_only_to_explicit_method ... ok
[INFO] [stdout] test openapi::tag::tests::cmp ... ok
[INFO] [stdout] test openapi::tag::tests::tag_new ... ok
[INFO] [stdout] test openapi::tests::merge_router_emits_query_operation_only_for_3_2 ... ok
[INFO] [stdout] test openapi::tests::test_openapi_handle ... ok
[INFO] [stdout] test openapi::tests::test_openapi_to_pretty_json ... ok
[INFO] [stdout] test openapi::tests::test_build_openapi ... ok
[INFO] [stdout] test openapi::tests::merge_router_normalizes_constrained_path_params ... ok
[INFO] [stdout] test openapi::tests::test_deprecated_from_bool ... ok
[INFO] [stdout] test openapi::tests::test_deprecated_deserialize ... ok
[INFO] [stdout] test openapi::tests::to_parameters_struct_defaults_to_query_with_required ... ok
[INFO] [stdout] test openapi::tests::webhooks_merge_combines_entries ... ok
[INFO] [stdout] test openapi::tests::test_openapi_handle_pretty ... ok
[INFO] [stdout] test openapi::tests::test_required_deserialize ... ok
[INFO] [stdout] test openapi::tests::webhooks_serializes_reference_object ... ok
[INFO] [stdout] test openapi::tests::test_required_from_bool ... ok
[INFO] [stdout] test openapi::tests::webhooks_omits_field_when_empty ... ok
[INFO] [stdout] test openapi::tests::serialize_deserialize_openapi_version_success ... ok
[INFO] [stdout] test openapi::tests::serialize_openapi_json_minimal_success ... ok
[INFO] [stdout] test openapi::xml::tests::xml_without_node_type_is_unchanged ... ok
[INFO] [stdout] test openapi::xml::tests::xml_new ... ok
[INFO] [stdout] test openapi::tests::serialize_openapi_json_with_paths_success ... ok
[INFO] [stdout] test openapi::xml::tests::xml_node_type_round_trips ... ok
[INFO] [stdout] test routing::tests::normalize_braced_path_constraints ... ok
[INFO] [stdout] test tests::test_primitive_schema ... ok
[INFO] [stdout] test openapi::tests::webhooks_serializes_inline_path_item ... ok
[INFO] [stdout] test openapi::tests::to_parameters_accepts_singular_and_plural_keys ... ok
[INFO] [stdout] test openapi::tests::test_simple_document_with_security ... FAILED
[INFO] [stdout] test openapi::tests::test_openapi_schema_work_with_generics ... FAILED
[INFO] [stdout] test openapi::tests::merge_router_skips_route_without_method_filter ... ok
[INFO] [stdout] 
[INFO] [stdout] failures:
[INFO] [stdout] 
[INFO] [stdout] ---- openapi::tests::test_simple_document_with_security stdout ----
[INFO] [stdout] 
[INFO] [stdout] thread 'openapi::tests::test_simple_document_with_security' (2960) panicked at src/openapi.rs:1322:9:
[INFO] [stdout] assertion `left == right` failed
[INFO] [stdout]   left: Object {"components": Object {"schemas": Object {"salvo_oapi.openapi.tests.test_simple_document_with_security.Pet": Object {"examples": Array [Object {"id": Number(1), "name": String("bob the cat")}], "properties": Object {"age": Object {"format": String("int32"), "type": Array [String("integer"), String("null")]}, "id": Object {"format": String("uint64"), "minimum": Number(0), "type": String("integer")}, "name": Object {"type": String("string")}}, "required": Array [String("id"), String("name")], "type": String("object")}}, "securitySchemes": Object {"token_jwt": Object {"bearerFormat": String("JWT"), "scheme": String("bearer"), "type": String("http")}}}, "info": Object {"title": String("my application"), "version": String("0.1.0")}, "openapi": String("3.1.0"), "paths": Object {"/pets/{id}": Object {"get": Object {"description": String("Get pet from database by pet database id"), "operationId": String("salvo_oapi.openapi.tests.test_simple_document_with_security.get_pet_by_id"), "parameters": Array [Object {"description": String("Get parameter `pet_id` from request url path."), "in": String("path"), "name": String("pet_id"), "required": Bool(true), "schema": Object {"format": String("uint64"), "minimum": Number(0), "type": String("integer")}}, Object {"description": String("Pet database id to get Pet for"), "in": String("path"), "name": String("id"), "required": Bool(true)}], "responses": Object {"200": Object {"description": String("Pet found successfully")}, "404": Object {"description": String("Pet was not found")}}, "security": Array [Object {}, Object {"my_auth": Array [String("read:items"), String("edit:items")]}, Object {"token_jwt": Array []}, Object {"api_key1": Array [], "api_key2": Array []}], "summary": String("Get pet by id")}}}, "servers": Array [Object {"description": String("this is description of the server"), "url": String("/api/bar/"), "variables": Object {"username": Object {"default": String("the_user"), "description": String("this is user")}}}]}
[INFO] [stdout]  right: Object {"components": Object {"schemas": Object {"salvo_oapi.openapi.tests.test_simple_document_with_security.Pet": Object {"examples": Array [Object {"id": Number(1), "name": String("bob the cat")}], "properties": Object {"age": Object {"format": String("int32"), "type": Array [String("integer"), String("null")]}, "id": Object {"format": String("int64"), "minimum": Number(0), "type": String("integer")}, "name": Object {"type": String("string")}}, "required": Array [String("id"), String("name")], "type": String("object")}}, "securitySchemes": Object {"token_jwt": Object {"bearerFormat": String("JWT"), "scheme": String("bearer"), "type": String("http")}}}, "info": Object {"title": String("my application"), "version": String("0.1.0")}, "openapi": String("3.1.0"), "paths": Object {"/pets/{id}": Object {"get": Object {"description": String("Get pet from database by pet database id"), "operationId": String("salvo_oapi.openapi.tests.test_simple_document_with_security.get_pet_by_id"), "parameters": Array [Object {"description": String("Get parameter `pet_id` from request url path."), "in": String("path"), "name": String("pet_id"), "required": Bool(true), "schema": Object {"format": String("int64"), "minimum": Number(0), "type": String("integer")}}, Object {"description": String("Pet database id to get Pet for"), "in": String("path"), "name": String("id"), "required": Bool(true)}], "responses": Object {"200": Object {"description": String("Pet found successfully")}, "404": Object {"description": String("Pet was not found")}}, "security": Array [Object {}, Object {"my_auth": Array [String("read:items"), String("edit:items")]}, Object {"token_jwt": Array []}, Object {"api_key1": Array [], "api_key2": Array []}], "summary": String("Get pet by id")}}}, "servers": Array [Object {"description": String("this is description of the server"), "url": String("/api/bar/"), "variables": Object {"username": Object {"default": String("the_user"), "description": String("this is user")}}}]}
[INFO] [stdout] stack backtrace:
[INFO] [stdout]    0:     0x61b68853d4f1 - <<std[70759c8f55707aa4]::sys::backtrace::BacktraceLock>::print::DisplayBacktrace as core[df12db4294e9bfd3]::fmt::Display>::fmt
[INFO] [stdout]    1:     0x61b68855458a - core[df12db4294e9bfd3]::fmt::write
[INFO] [stdout]    2:     0x61b688541dfc - <alloc[2182bb758b4b3781]::vec::Vec<u8> as core[df12db4294e9bfd3]::io::write::Write>::write_fmt
[INFO] [stdout]    3:     0x61b688517be6 - std[70759c8f55707aa4]::panicking::default_hook::{closure#0}
[INFO] [stdout]    4:     0x61b688534f69 - std[70759c8f55707aa4]::panicking::default_hook
[INFO] [stdout]    5:     0x61b688387af0 - test[9d35eded1c95d3be]::test_main_inner::<test[9d35eded1c95d3be]::test_main_static::{closure#0}>::{closure#0}
[INFO] [stdout]    6:     0x61b688535292 - std[70759c8f55707aa4]::panicking::panic_with_hook
[INFO] [stdout]    7:     0x61b688517c92 - std[70759c8f55707aa4]::panicking::panic_handler::{closure#0}
[INFO] [stdout]    8:     0x61b6885108c9 - std[70759c8f55707aa4]::sys::backtrace::__rust_end_short_backtrace::<std[70759c8f55707aa4]::panicking::panic_handler::{closure#0}, !>
[INFO] [stdout]    9:     0x61b68851888d - __rustc[8fa7c3cbc660c2b3]::rust_begin_unwind
[INFO] [stdout]   10:     0x61b688554d6c - core[df12db4294e9bfd3]::panicking::panic_fmt
[INFO] [stdout]   11:     0x61b688554c83 - core[df12db4294e9bfd3]::panicking::assert_failed_inner
[INFO] [stdout]   12:     0x61b6882717af - core[df12db4294e9bfd3]::panicking::assert_failed::<serde_json[8a3c7fc1ded1573e]::value::Value, serde_json[8a3c7fc1ded1573e]::value::Value>
[INFO] [stdout]   13:     0x61b6881d0ce7 - salvo_oapi[6de9ce712906713b]::openapi::tests::test_simple_document_with_security
[INFO] [stdout]   14:     0x61b68822f1d9 - <salvo_oapi[6de9ce712906713b]::openapi::tests::test_simple_document_with_security::{closure#0} as core[df12db4294e9bfd3]::ops::function::FnOnce<()>>::call_once
[INFO] [stdout]   15:     0x61b68837addb - test[9d35eded1c95d3be]::__rust_begin_short_backtrace::<core[df12db4294e9bfd3]::result::Result<(), alloc[2182bb758b4b3781]::string::String>, fn() -> core[df12db4294e9bfd3]::result::Result<(), alloc[2182bb758b4b3781]::string::String>>
[INFO] [stdout]   16:     0x61b688388445 - test[9d35eded1c95d3be]::run_test::{closure#0}
[INFO] [stdout]   17:     0x61b688381d04 - std[70759c8f55707aa4]::sys::backtrace::__rust_begin_short_backtrace::<test[9d35eded1c95d3be]::run_test::{closure#1}, ()>
[INFO] [stdout]   18:     0x61b68838b5a2 - <std[70759c8f55707aa4]::thread::lifecycle::spawn_unchecked<test[9d35eded1c95d3be]::run_test::{closure#1}, ()>::{closure#1} as core[df12db4294e9bfd3]::ops::function::FnOnce<()>>::call_once::{shim:vtable#0}
[INFO] [stdout]   19:     0x61b68853cd89 - <std[70759c8f55707aa4]::sys::thread::unix::Thread>::new::thread_start
[INFO] [stdout]   20:     0x76e2dfe73dfa - <unknown>
[INFO] [stdout]   21:     0x76e2dff073d4 - clone
[INFO] [stdout]   22:                0x0 - <unknown>
[INFO] [stdout] 
[INFO] [stdout] ---- openapi::tests::test_openapi_schema_work_with_generics stdout ----
[INFO] [stdout] 
[INFO] [stdout] thread 'openapi::tests::test_openapi_schema_work_with_generics' (2956) panicked at src/openapi.rs:1958:9:
[INFO] [stdout] assertion `left == right` failed
[INFO] [stdout]   left: Object {"components": Object {"schemas": Object {"City": Object {"properties": Object {"id": Object {"type": String("string")}, "name": Object {"type": String("string")}}, "required": Array [String("id"), String("name")], "type": String("object")}, "Response<alloc.vec.Vec<City>>": Object {"properties": Object {"data": Object {"allOf": Array [Object {"items": Object {"$ref": String("#/components/schemas/City")}, "type": String("array")}, Object {"description": String("The data returned")}]}, "msg": Object {"description": String("Status msg"), "type": String("string")}, "status": Object {"description": String("status code"), "type": String("string")}}, "required": Array [String("status"), String("msg"), String("data")], "type": String("object")}, "salvo_core.http.errors.status_error.StatusError": Object {"properties": Object {"brief": Object {"type": String("string")}, "cause": Object {"type": String("string")}, "code": Object {"format": String("uint16"), "minimum": Number(0), "type": String("integer")}, "detail": Object {"type": String("string")}, "name": Object {"type": String("string")}}, "required": Array [String("code"), String("name"), String("brief"), String("detail")], "type": String("object")}}}, "info": Object {"title": String("my application"), "version": String("0.1.0")}, "openapi": String("3.1.0"), "paths": Object {"/cities": Object {"get": Object {"operationId": String("get_all_cities"), "responses": Object {"200": Object {"content": Object {"application/json": Object {"schema": Object {"$ref": String("#/components/schemas/Response<alloc.vec.Vec<City>>")}}}, "description": String("Response with json format data")}, "400": Object {"content": Object {"application/json": Object {"schema": Object {"$ref": String("#/components/schemas/salvo_core.http.errors.status_error.StatusError")}}}, "description": String("The request could not be understood by the server due to malformed syntax.")}, "401": Object {"content": Object {"application/json": Object {"schema": Object {"$ref": String("#/components/schemas/salvo_core.http.errors.status_error.StatusError")}}}, "description": String("The request requires user authentication.")}, "403": Object {"content": Object {"application/json": Object {"schema": Object {"$ref": String("#/components/schemas/salvo_core.http.errors.status_error.StatusError")}}}, "description": String("The server refused to authorize the request.")}, "500": Object {"content": Object {"application/json": Object {"schema": Object {"$ref": String("#/components/schemas/salvo_core.http.errors.status_error.StatusError")}}}, "description": String("The server encountered an internal error while processing this request.")}}, "tags": Array [String("city")]}}}, "servers": Array [Object {"description": String("this is description of the server"), "url": String("/api/bar/")}]}
[INFO] [stdout]  right: Object {"components": Object {"schemas": Object {"City": Object {"properties": Object {"id": Object {"type": String("string")}, "name": Object {"type": String("string")}}, "required": Array [String("id"), String("name")], "type": String("object")}, "Response<alloc.vec.Vec<City>>": Object {"properties": Object {"data": Object {"allOf": Array [Object {"items": Object {"$ref": String("#/components/schemas/City")}, "type": String("array")}, Object {"description": String("The data returned")}]}, "msg": Object {"description": String("Status msg"), "type": String("string")}, "status": Object {"description": String("status code"), "type": String("string")}}, "required": Array [String("status"), String("msg"), String("data")], "type": String("object")}, "salvo_core.http.errors.status_error.StatusError": Object {"properties": Object {"brief": Object {"type": String("string")}, "cause": Object {"type": String("string")}, "code": Object {"format": String("int32"), "minimum": Number(0), "type": String("integer")}, "detail": Object {"type": String("string")}, "name": Object {"type": String("string")}}, "required": Array [String("code"), String("name"), String("brief"), String("detail")], "type": String("object")}}}, "info": Object {"title": String("my application"), "version": String("0.1.0")}, "openapi": String("3.1.0"), "paths": Object {"/cities": Object {"get": Object {"operationId": String("get_all_cities"), "responses": Object {"200": Object {"content": Object {"application/json": Object {"schema": Object {"$ref": String("#/components/schemas/Response<alloc.vec.Vec<City>>")}}}, "description": String("Response with json format data")}, "400": Object {"content": Object {"application/json": Object {"schema": Object {"$ref": String("#/components/schemas/salvo_core.http.errors.status_error.StatusError")}}}, "description": String("The request could not be understood by the server due to malformed syntax.")}, "401": Object {"content": Object {"application/json": Object {"schema": Object {"$ref": String("#/components/schemas/salvo_core.http.errors.status_error.StatusError")}}}, "description": String("The request requires user authentication.")}, "403": Object {"content": Object {"application/json": Object {"schema": Object {"$ref": String("#/components/schemas/salvo_core.http.errors.status_error.StatusError")}}}, "description": String("The server refused to authorize the request.")}, "500": Object {"content": Object {"application/json": Object {"schema": Object {"$ref": String("#/components/schemas/salvo_core.http.errors.status_error.StatusError")}}}, "description": String("The server encountered an internal error while processing this request.")}}, "tags": Array [String("city")]}}}, "servers": Array [Object {"description": String("this is description of the server"), "url": String("/api/bar/")}]}
[INFO] [stdout] stack backtrace:
[INFO] [stdout]    0:     0x61b68853d4f1 - <<std[70759c8f55707aa4]::sys::backtrace::BacktraceLock>::print::DisplayBacktrace as core[df12db4294e9bfd3]::fmt::Display>::fmt
[INFO] [stdout]    1:     0x61b68855458a - core[df12db4294e9bfd3]::fmt::write
[INFO] [stdout]    2:     0x61b688541dfc - <alloc[2182bb758b4b3781]::vec::Vec<u8> as core[df12db4294e9bfd3]::io::write::Write>::write_fmt
[INFO] [stdout]    3:     0x61b688517be6 - std[70759c8f55707aa4]::panicking::default_hook::{closure#0}
[INFO] [stdout]    4:     0x61b688534f69 - std[70759c8f55707aa4]::panicking::default_hook
[INFO] [stdout]    5:     0x61b688387af0 - test[9d35eded1c95d3be]::test_main_inner::<test[9d35eded1c95d3be]::test_main_static::{closure#0}>::{closure#0}
[INFO] [stdout]    6:     0x61b688535292 - std[70759c8f55707aa4]::panicking::panic_with_hook
[INFO] [stdout]    7:     0x61b688517c92 - std[70759c8f55707aa4]::panicking::panic_handler::{closure#0}
[INFO] [stdout]    8:     0x61b6885108c9 - std[70759c8f55707aa4]::sys::backtrace::__rust_end_short_backtrace::<std[70759c8f55707aa4]::panicking::panic_handler::{closure#0}, !>
[INFO] [stdout]    9:     0x61b68851888d - __rustc[8fa7c3cbc660c2b3]::rust_begin_unwind
[INFO] [stdout]   10:     0x61b688554d6c - core[df12db4294e9bfd3]::panicking::panic_fmt
[INFO] [stdout]   11:     0x61b688554c83 - core[df12db4294e9bfd3]::panicking::assert_failed_inner
[INFO] [stdout]   12:     0x61b6882717af - core[df12db4294e9bfd3]::panicking::assert_failed::<serde_json[8a3c7fc1ded1573e]::value::Value, serde_json[8a3c7fc1ded1573e]::value::Value>
[INFO] [stdout]   13:     0x61b6881d740d - salvo_oapi[6de9ce712906713b]::openapi::tests::test_openapi_schema_work_with_generics
[INFO] [stdout]   14:     0x61b68822f409 - <salvo_oapi[6de9ce712906713b]::openapi::tests::test_openapi_schema_work_with_generics::{closure#0} as core[df12db4294e9bfd3]::ops::function::FnOnce<()>>::call_once
[INFO] [stdout]   15:     0x61b68837addb - test[9d35eded1c95d3be]::__rust_begin_short_backtrace::<core[df12db4294e9bfd3]::result::Result<(), alloc[2182bb758b4b3781]::string::String>, fn() -> core[df12db4294e9bfd3]::result::Result<(), alloc[2182bb758b4b3781]::string::String>>
[INFO] [stdout]   16:     0x61b688388445 - test[9d35eded1c95d3be]::run_test::{closure#0}
[INFO] [stdout]   17:     0x61b688381d04 - std[70759c8f55707aa4]::sys::backtrace::__rust_begin_short_backtrace::<test[9d35eded1c95d3be]::run_test::{closure#1}, ()>
[INFO] [stdout]   18:     0x61b68838b5a2 - <std[70759c8f55707aa4]::thread::lifecycle::spawn_unchecked<test[9d35eded1c95d3be]::run_test::{closure#1}, ()>::{closure#1} as core[df12db4294e9bfd3]::ops::function::FnOnce<()>>::call_once::{shim:vtable#0}
[INFO] [stdout]   19:     0x61b68853cd89 - <std[70759c8f55707aa4]::sys::thread::unix::Thread>::new::thread_start
[INFO] [stdout]   20:     0x76e2dfe73dfa - <unknown>
[INFO] [stdout]   21:     0x76e2dff073d4 - clone
[INFO] [stdout]   22:                0x0 - <unknown>
[INFO] [stdout] 
[INFO] [stdout] 
[INFO] [stdout] failures:
[INFO] [stdout]     openapi::tests::test_openapi_schema_work_with_generics
[INFO] [stdout]     openapi::tests::test_simple_document_with_security
[INFO] [stdout] 
[INFO] [stdout] test result: FAILED. 232 passed; 2 failed; 0 ignored; 0 measured; 0 filtered out; finished in 0.06s
[INFO] [stdout] 
[INFO] [stderr] error: test failed, to rerun pass `--lib`
[INFO] running `Command { std: "docker" "inspect" "aa40e641783697cb060acf9358ec177bc0853b429ceb398bd19df612aca8b571", kill_on_drop: false }`
[INFO] running `Command { std: "docker" "rm" "-f" "aa40e641783697cb060acf9358ec177bc0853b429ceb398bd19df612aca8b571", kill_on_drop: false }`
[INFO] [stdout] aa40e641783697cb060acf9358ec177bc0853b429ceb398bd19df612aca8b571
