[INFO] fetching crate salib-tck 0.2.0...
[INFO] testing salib-tck-0.2.0 against 1.100.0-beta.1+cargoflags=--release for beta-release-1.100-2
[INFO] extracting crate salib-tck 0.2.0 into /workspace/builds/worker-2-tc2/source
[INFO] started tweaking crates.io crate salib-tck 0.2.0
[INFO] removed 0 missing tests
[INFO] finished tweaking crates.io crate salib-tck 0.2.0
[INFO] tweaked toml for crates.io crate salib-tck 0.2.0 written to /workspace/builds/worker-2-tc2/source/Cargo.toml
[INFO] validating manifest of crates.io crate salib-tck 0.2.0 on toolchain 1.100.0-beta.1
[INFO] running `Command { std: CARGO_HOME="/workspace/cargo-home" RUSTUP_HOME="/workspace/rustup-home" "/workspace/cargo-home/bin/cargo" "+1.100.0-beta.1" "metadata" "--manifest-path" "Cargo.toml" "--no-deps", kill_on_drop: false }`
[INFO] crate crates.io crate salib-tck 0.2.0 already has a lockfile, it will not be regenerated
[INFO] running `Command { std: CARGO_HOME="/workspace/cargo-home" RUSTUP_HOME="/workspace/rustup-home" "/workspace/cargo-home/bin/cargo" "+1.100.0-beta.1" "fetch" "--manifest-path" "Cargo.toml", kill_on_drop: false }`
[INFO] running `Command { std: "docker" "create" "-v" "/var/lib/crater-agent-workspace/builds/worker-2-tc2/source:/opt/rustwide/workdir:ro,Z" "-v" "/var/lib/crater-agent-workspace/builds/worker-2-tc2/target:/opt/rustwide/target:rw,Z" "-v" "/var/lib/crater-agent-workspace/cargo-home:/opt/rustwide/cargo-home:ro,Z" "-v" "/var/lib/crater-agent-workspace/rustup-home:/opt/rustwide/rustup-home:ro,Z" "-m" "1610612736" "--network" "none" "ghcr.io/rust-lang/crates-build-env/linux@sha256:77db811e55d90add9212f6832c23229e3de5f1c1f9905e8cb07319ea15df73ac" "sleep" "infinity", kill_on_drop: false }`
[INFO] [stdout] 3c384a9640ea992390e4d9d23f496f7c642a6c5da0676a268bb7e82856103316
[INFO] running `Command { std: "docker" "start" "3c384a9640ea992390e4d9d23f496f7c642a6c5da0676a268bb7e82856103316", kill_on_drop: false }`
[INFO] running `Command { std: "docker" "inspect" "3c384a9640ea992390e4d9d23f496f7c642a6c5da0676a268bb7e82856103316", kill_on_drop: false }`
[INFO] running `Command { std: "docker" "exec" "-e" "SOURCE_DIR=/opt/rustwide/workdir" "-e" "CARGO_HOME=/opt/rustwide/cargo-home" "-e" "RUSTUP_HOME=/opt/rustwide/rustup-home" "-e" "CARGO_TARGET_DIR=/opt/rustwide/target" "-w" "/opt/rustwide/workdir" "--user" "0:0" "3c384a9640ea992390e4d9d23f496f7c642a6c5da0676a268bb7e82856103316" "/opt/rustwide/cargo-home/bin/cargo" "+1.100.0-beta.1" "metadata" "--no-deps" "--format-version=1", kill_on_drop: false }`
[INFO] running `Command { std: "docker" "inspect" "3c384a9640ea992390e4d9d23f496f7c642a6c5da0676a268bb7e82856103316", kill_on_drop: false }`
[INFO] running `Command { std: "docker" "exec" "-e" "SOURCE_DIR=/opt/rustwide/workdir" "-e" "CARGO_HOME=/opt/rustwide/cargo-home" "-e" "RUSTUP_HOME=/opt/rustwide/rustup-home" "-e" "CARGO_TARGET_DIR=/opt/rustwide/target" "-e" "CARGO_INCREMENTAL=0" "-e" "RUST_BACKTRACE=full" "-e" "RUSTFLAGS=--cap-lints=warn" "-e" "RUSTDOCFLAGS=--cap-lints=warn" "-w" "/opt/rustwide/workdir" "--user" "0:0" "3c384a9640ea992390e4d9d23f496f7c642a6c5da0676a268bb7e82856103316" "/opt/rustwide/cargo-home/bin/cargo" "+1.100.0-beta.1" "build" "--frozen" "--message-format=json" "--release", kill_on_drop: false }`
[INFO] [stderr]    Compiling salib-tck v0.2.0 (/opt/rustwide/workdir)
[INFO] [stderr]     Finished `release` profile [optimized] target(s) in 0.87s
[INFO] running `Command { std: "docker" "inspect" "3c384a9640ea992390e4d9d23f496f7c642a6c5da0676a268bb7e82856103316", kill_on_drop: false }`
[INFO] running `Command { std: "docker" "exec" "-e" "SOURCE_DIR=/opt/rustwide/workdir" "-e" "CARGO_HOME=/opt/rustwide/cargo-home" "-e" "RUSTUP_HOME=/opt/rustwide/rustup-home" "-e" "CARGO_TARGET_DIR=/opt/rustwide/target" "-e" "CARGO_INCREMENTAL=0" "-e" "RUST_BACKTRACE=full" "-e" "RUSTFLAGS=--cap-lints=warn" "-e" "RUSTDOCFLAGS=--cap-lints=warn" "-w" "/opt/rustwide/workdir" "--user" "0:0" "3c384a9640ea992390e4d9d23f496f7c642a6c5da0676a268bb7e82856103316" "/opt/rustwide/cargo-home/bin/cargo" "+1.100.0-beta.1" "test" "--frozen" "--no-run" "--message-format=json" "--release", kill_on_drop: false }`
[INFO] [stderr]    Compiling salib-tck v0.2.0 (/opt/rustwide/workdir)
[INFO] [stderr]     Finished `release` profile [optimized] target(s) in 2.53s
[INFO] running `Command { std: "docker" "inspect" "3c384a9640ea992390e4d9d23f496f7c642a6c5da0676a268bb7e82856103316", kill_on_drop: false }`
[INFO] running `Command { std: "docker" "exec" "-e" "SOURCE_DIR=/opt/rustwide/workdir" "-e" "CARGO_HOME=/opt/rustwide/cargo-home" "-e" "RUSTUP_HOME=/opt/rustwide/rustup-home" "-e" "CARGO_TARGET_DIR=/opt/rustwide/target" "-e" "CARGO_INCREMENTAL=0" "-e" "RUST_BACKTRACE=full" "-e" "RUSTFLAGS=--cap-lints=warn" "-e" "RUSTDOCFLAGS=--cap-lints=warn" "-w" "/opt/rustwide/workdir" "--user" "0:0" "3c384a9640ea992390e4d9d23f496f7c642a6c5da0676a268bb7e82856103316" "/opt/rustwide/cargo-home/bin/cargo" "+1.100.0-beta.1" "test" "--frozen" "--release", kill_on_drop: false }`
[INFO] [stderr]     Finished `release` profile [optimized] target(s) in 0.02s
[INFO] [stderr]      Running unittests src/lib.rs (/opt/rustwide/target/release/build/salib-tck/9ca141007edcc7d8/out/salib_tck-9ca141007edcc7d8)
[INFO] [stdout] 
[INFO] [stdout] running 13 tests
[INFO] [stdout] test gherkin::parser::tests::skips_comments_and_tags ... ok
[INFO] [stdout] test gherkin::parser::tests::parses_scenario_outline ... ok
[INFO] [stdout] test gherkin::sync_runner::tests::and_and_but_share_step_registration_with_preceding_keyword ... ok
[INFO] [stdout] test gherkin::parser::tests::parses_minimal_feature ... ok
[INFO] [stdout] test gherkin::sync_runner::tests::missing_step_definition_fails_with_named_step ... ok
[INFO] [stdout] test gherkin::sync_runner::tests::plain_scenario_runs_steps_in_order ... ok
[INFO] [stdout] test gherkin::sync_runner::tests::assert_all_passed_panics_on_failure_with_locator ... ok
[INFO] [stdout] test gherkin::sync_runner::tests::scenario_failure_stops_scenario_not_feature ... ok
[INFO] [stdout] test gherkin::sync_runner::tests::step_error_is_reported_with_locator ... ok
[INFO] [stdout] test gherkin::sync_runner::tests::world_is_fresh_per_scenario ... ok
[INFO] [stdout] test gherkin::sync_runner::tests::scenario_outline_expands_one_result_per_example_row ... ok
[INFO] [stdout] test gherkin::sync_runner::tests::duplicate_step_registration_overwrites ... ok
[INFO] [stdout] test gherkin::parser::tests::no_feature_line_is_error ... ok
[INFO] [stderr]      Running tests/scaffold_tck.rs (/opt/rustwide/target/release/build/salib-tck/1879878b6aff5b84/out/scaffold_tck-1879878b6aff5b84)
[INFO] [stdout] 
[INFO] [stdout] test result: ok. 13 passed; 0 failed; 0 ignored; 0 measured; 0 filtered out; finished in 0.13s
[INFO] [stdout] 
[INFO] [stdout] 
[INFO] [stdout] running 1 test
[INFO] [stderr] error: test failed, to rerun pass `--test scaffold_tck`
[INFO] [stdout] test scaffold_feature_runs_end_to_end ... FAILED
[INFO] [stdout] 
[INFO] [stdout] failures:
[INFO] [stdout] 
[INFO] [stdout] ---- scaffold_feature_runs_end_to_end stdout ----
[INFO] [stdout] 
[INFO] [stdout] thread 'scaffold_feature_runs_end_to_end' (184) panicked at tests/scaffold_tck.rs:53:29:
[INFO] [stdout] failed to read scaffold feature at /opt/rustwide/workdir/../../tck/scaffold/features/scaffold.feature: No such file or directory (os error 2)
[INFO] [stdout] stack backtrace:
[INFO] [stdout]    0:     0x5e160fbc9311 - <<std[617be2ca0a6fd877]::sys::backtrace::BacktraceLock>::print::DisplayBacktrace as core[a373ad73a504971]::fmt::Display>::fmt
[INFO] [stdout]    1:     0x5e160fbdd2ea - core[a373ad73a504971]::fmt::write
[INFO] [stdout]    2:     0x5e160fbcd54c - <alloc[2e1b2a31b91974c5]::vec::Vec<u8> as core[a373ad73a504971]::io::write::Write>::write_fmt
[INFO] [stdout]    3:     0x5e160fba5286 - std[617be2ca0a6fd877]::panicking::default_hook::{closure#0}
[INFO] [stdout]    4:     0x5e160fbc1649 - std[617be2ca0a6fd877]::panicking::default_hook
[INFO] [stdout]    5:     0x5e160fb591c0 - test[aada8e7e76ba119b]::test_main_inner::{closure#0}
[INFO] [stdout]    6:     0x5e160fbc1802 - std[617be2ca0a6fd877]::panicking::panic_with_hook
[INFO] [stdout]    7:     0x5e160fba5332 - std[617be2ca0a6fd877]::panicking::panic_handler::{closure#0}
[INFO] [stdout]    8:     0x5e160fb9deb9 - std[617be2ca0a6fd877]::sys::backtrace::__rust_end_short_backtrace::<std[617be2ca0a6fd877]::panicking::panic_handler::{closure#0}, !>
[INFO] [stdout]    9:     0x5e160fba5f3d - __rustc[ea4f61d10b84890b]::rust_begin_unwind
[INFO] [stdout]   10:     0x5e160fbdda1c - core[a373ad73a504971]::panicking::panic_fmt
[INFO] [stdout]   11:     0x5e160fb497e9 - scaffold_tck[aead4d8b6da970c5]::scaffold_feature_runs_end_to_end::{closure#0}
[INFO] [stdout]   12:     0x5e160fb4bf4b - <scaffold_tck[aead4d8b6da970c5]::scaffold_feature_runs_end_to_end::{closure#0} as core[a373ad73a504971]::ops::function::FnOnce<()>>::call_once
[INFO] [stdout]   13:     0x5e160fb4c60b - test[aada8e7e76ba119b]::__rust_begin_short_backtrace::<core[a373ad73a504971]::result::Result<(), alloc[2e1b2a31b91974c5]::string::String>, fn() -> core[a373ad73a504971]::result::Result<(), alloc[2e1b2a31b91974c5]::string::String>>
[INFO] [stdout]   14:     0x5e160fb597e5 - test[aada8e7e76ba119b]::run_test::{closure#0}
[INFO] [stdout]   15:     0x5e160fb530d4 - std[617be2ca0a6fd877]::sys::backtrace::__rust_begin_short_backtrace::<test[aada8e7e76ba119b]::run_test::{closure#1}, ()>
[INFO] [stdout]   16:     0x5e160fb5c872 - <std[617be2ca0a6fd877]::thread::lifecycle::spawn_unchecked<test[aada8e7e76ba119b]::run_test::{closure#1}, ()>::{closure#1} as core[a373ad73a504971]::ops::function::FnOnce<()>>::call_once::{shim:vtable#0}
[INFO] [stdout]   17:     0x5e160fbc880f - <std[617be2ca0a6fd877]::sys::thread::unix::Thread>::new::thread_start
[INFO] [stdout]   18:     0x77732b4a2dfa - <unknown>
[INFO] [stdout]   19:     0x77732b5363d4 - clone
[INFO] [stdout]   20:                0x0 - <unknown>
[INFO] [stdout] 
[INFO] [stdout] 
[INFO] [stdout] failures:
[INFO] [stdout]     scaffold_feature_runs_end_to_end
[INFO] [stdout] 
[INFO] [stdout] test result: FAILED. 0 passed; 1 failed; 0 ignored; 0 measured; 0 filtered out; finished in 0.00s
[INFO] [stdout] 
[INFO] running `Command { std: "docker" "inspect" "3c384a9640ea992390e4d9d23f496f7c642a6c5da0676a268bb7e82856103316", kill_on_drop: false }`
[INFO] running `Command { std: "docker" "rm" "-f" "3c384a9640ea992390e4d9d23f496f7c642a6c5da0676a268bb7e82856103316", kill_on_drop: false }`
[INFO] [stdout] 3c384a9640ea992390e4d9d23f496f7c642a6c5da0676a268bb7e82856103316
