[INFO] fetching crate sal-git 0.1.0...
[INFO] testing sal-git-0.1.0 against 1.99.0-beta.8+cargoflags=--release for beta-release-1.100-2
[INFO] extracting crate sal-git 0.1.0 into /workspace/builds/worker-7-tc1/source
[INFO] started tweaking crates.io crate sal-git 0.1.0
[INFO] removed 0 missing tests
[INFO] finished tweaking crates.io crate sal-git 0.1.0
[INFO] tweaked toml for crates.io crate sal-git 0.1.0 written to /workspace/builds/worker-7-tc1/source/Cargo.toml
[INFO] validating manifest of crates.io crate sal-git 0.1.0 on toolchain 1.99.0-beta.8
[INFO] running `Command { std: CARGO_HOME="/workspace/cargo-home" RUSTUP_HOME="/workspace/rustup-home" "/workspace/cargo-home/bin/cargo" "+1.99.0-beta.8" "metadata" "--manifest-path" "Cargo.toml" "--no-deps", kill_on_drop: false }`
[INFO] crate crates.io crate sal-git 0.1.0 already has a lockfile, it will not be regenerated
[INFO] running `Command { std: CARGO_HOME="/workspace/cargo-home" RUSTUP_HOME="/workspace/rustup-home" "/workspace/cargo-home/bin/cargo" "+1.99.0-beta.8" "fetch" "--manifest-path" "Cargo.toml", kill_on_drop: false }`
[INFO] [stderr]     Updating crates.io index
[INFO] [stderr]  Downloading crates ...
[INFO] [stderr]   Downloaded tempfile v3.20.0
[INFO] [stderr]   Downloaded errno v0.3.12
[INFO] [stderr]   Downloaded no-std-compat v0.4.1
[INFO] [stderr]   Downloaded thin-vec v0.2.14
[INFO] [stderr]   Downloaded rhai_codegen v2.2.0
[INFO] [stderr]   Downloaded rhai v1.22.2
[INFO] [stderr]   Downloaded redis v0.31.0
[INFO] [stderr]   Downloaded rustix v1.0.7
[INFO] running `Command { std: "docker" "create" "-v" "/var/lib/crater-agent-workspace/builds/worker-7-tc1/source:/opt/rustwide/workdir:ro,Z" "-v" "/var/lib/crater-agent-workspace/builds/worker-7-tc1/target:/opt/rustwide/target:rw,Z" "-v" "/var/lib/crater-agent-workspace/cargo-home:/opt/rustwide/cargo-home:ro,Z" "-v" "/var/lib/crater-agent-workspace/rustup-home:/opt/rustwide/rustup-home:ro,Z" "-m" "1610612736" "--network" "none" "ghcr.io/rust-lang/crates-build-env/linux@sha256:77db811e55d90add9212f6832c23229e3de5f1c1f9905e8cb07319ea15df73ac" "sleep" "infinity", kill_on_drop: false }`
[INFO] [stdout] de413983396fc4efe778e3a40289605940bf6694a32459e0e53c26aaddc3d556
[INFO] running `Command { std: "docker" "start" "de413983396fc4efe778e3a40289605940bf6694a32459e0e53c26aaddc3d556", kill_on_drop: false }`
[INFO] running `Command { std: "docker" "inspect" "de413983396fc4efe778e3a40289605940bf6694a32459e0e53c26aaddc3d556", kill_on_drop: false }`
[INFO] running `Command { std: "docker" "exec" "-e" "SOURCE_DIR=/opt/rustwide/workdir" "-e" "CARGO_HOME=/opt/rustwide/cargo-home" "-e" "RUSTUP_HOME=/opt/rustwide/rustup-home" "-e" "CARGO_TARGET_DIR=/opt/rustwide/target" "-w" "/opt/rustwide/workdir" "--user" "0:0" "de413983396fc4efe778e3a40289605940bf6694a32459e0e53c26aaddc3d556" "/opt/rustwide/cargo-home/bin/cargo" "+1.99.0-beta.8" "metadata" "--no-deps" "--format-version=1", kill_on_drop: false }`
[INFO] running `Command { std: "docker" "inspect" "de413983396fc4efe778e3a40289605940bf6694a32459e0e53c26aaddc3d556", kill_on_drop: false }`
[INFO] running `Command { std: "docker" "exec" "-e" "SOURCE_DIR=/opt/rustwide/workdir" "-e" "CARGO_HOME=/opt/rustwide/cargo-home" "-e" "RUSTUP_HOME=/opt/rustwide/rustup-home" "-e" "CARGO_TARGET_DIR=/opt/rustwide/target" "-e" "CARGO_INCREMENTAL=0" "-e" "RUST_BACKTRACE=full" "-e" "RUSTFLAGS=--cap-lints=warn" "-e" "RUSTDOCFLAGS=--cap-lints=warn" "-w" "/opt/rustwide/workdir" "--user" "0:0" "de413983396fc4efe778e3a40289605940bf6694a32459e0e53c26aaddc3d556" "/opt/rustwide/cargo-home/bin/cargo" "+1.99.0-beta.8" "build" "--frozen" "--message-format=json" "--release", kill_on_drop: false }`
[INFO] [stderr]    Compiling syn v2.0.103
[INFO] [stderr]    Compiling stable_deref_trait v1.2.0
[INFO] [stderr]    Compiling autocfg v1.4.0
[INFO] [stderr]    Compiling libc v0.2.173
[INFO] [stderr]    Compiling crunchy v0.2.3
[INFO] [stderr]    Compiling memchr v2.7.5
[INFO] [stderr]    Compiling tiny-keccak v2.0.2
[INFO] [stderr]    Compiling cfg-if v1.0.1
[INFO] [stderr]    Compiling portable-atomic v1.11.1
[INFO] [stderr]    Compiling zerocopy v0.8.25
[INFO] [stderr]    Compiling once_cell v1.21.3
[INFO] [stderr]    Compiling getrandom v0.3.3
[INFO] [stderr]    Compiling ahash v0.8.12
[INFO] [stderr]    Compiling form_urlencoded v1.2.1
[INFO] [stderr]    Compiling regex-syntax v0.8.5
[INFO] [stderr]    Compiling serde_json v1.0.140
[INFO] [stderr]    Compiling sha1_smol v1.0.1
[INFO] [stderr]    Compiling bitflags v2.9.1
[INFO] [stderr]    Compiling thin-vec v0.2.14
[INFO] [stderr]    Compiling log v0.4.27
[INFO] [stderr]    Compiling num-traits v0.2.19
[INFO] [stderr]    Compiling smartstring v1.0.1
[INFO] [stderr]    Compiling aho-corasick v1.1.3
[INFO] [stderr]    Compiling combine v4.6.7
[INFO] [stderr]    Compiling getrandom v0.2.16
[INFO] [stderr]    Compiling const-random-macro v0.1.16
[INFO] [stderr]    Compiling const-random v0.1.18
[INFO] [stderr]    Compiling socket2 v0.5.10
[INFO] [stderr]    Compiling num-integer v0.1.46
[INFO] [stderr]    Compiling num-bigint v0.4.6
[INFO] [stderr]    Compiling regex-automata v0.4.9
[INFO] [stderr]    Compiling regex v1.11.1
[INFO] [stderr]    Compiling synstructure v0.13.2
[INFO] [stderr]    Compiling zerofrom-derive v0.1.6
[INFO] [stderr]    Compiling yoke-derive v0.8.0
[INFO] [stderr]    Compiling zerovec-derive v0.11.1
[INFO] [stderr]    Compiling displaydoc v0.2.5
[INFO] [stderr]    Compiling serde_derive v1.0.219
[INFO] [stderr]    Compiling rhai_codegen v2.2.0
[INFO] [stderr]    Compiling zerofrom v0.1.6
[INFO] [stderr]    Compiling yoke v0.8.0
[INFO] [stderr]    Compiling zerovec v0.11.2
[INFO] [stderr]    Compiling zerotrie v0.2.2
[INFO] [stderr]    Compiling rhai v1.22.2
[INFO] [stderr]    Compiling tinystr v0.8.1
[INFO] [stderr]    Compiling potential_utf v0.1.2
[INFO] [stderr]    Compiling icu_collections v2.0.0
[INFO] [stderr]    Compiling icu_locale_core v2.0.0
[INFO] [stderr]    Compiling serde v1.0.219
[INFO] [stderr]    Compiling icu_provider v2.0.0
[INFO] [stderr]    Compiling icu_normalizer v2.0.0
[INFO] [stderr]    Compiling icu_properties v2.0.1
[INFO] [stderr]    Compiling idna_adapter v1.2.1
[INFO] [stderr]    Compiling idna v1.0.3
[INFO] [stderr]    Compiling url v2.5.4
[INFO] [stderr]    Compiling redis v0.31.0
[INFO] [stderr]    Compiling sal-git v0.1.0 (/opt/rustwide/workdir)
[INFO] [stderr]     Finished `release` profile [optimized] target(s) in 1m 22s
[INFO] running `Command { std: "docker" "inspect" "de413983396fc4efe778e3a40289605940bf6694a32459e0e53c26aaddc3d556", kill_on_drop: false }`
[INFO] running `Command { std: "docker" "exec" "-e" "SOURCE_DIR=/opt/rustwide/workdir" "-e" "CARGO_HOME=/opt/rustwide/cargo-home" "-e" "RUSTUP_HOME=/opt/rustwide/rustup-home" "-e" "CARGO_TARGET_DIR=/opt/rustwide/target" "-e" "CARGO_INCREMENTAL=0" "-e" "RUST_BACKTRACE=full" "-e" "RUSTFLAGS=--cap-lints=warn" "-e" "RUSTDOCFLAGS=--cap-lints=warn" "-w" "/opt/rustwide/workdir" "--user" "0:0" "de413983396fc4efe778e3a40289605940bf6694a32459e0e53c26aaddc3d556" "/opt/rustwide/cargo-home/bin/cargo" "+1.99.0-beta.8" "test" "--frozen" "--no-run" "--message-format=json" "--release", kill_on_drop: false }`
[INFO] [stderr]    Compiling bitflags v2.9.1
[INFO] [stderr]    Compiling rustix v1.0.7
[INFO] [stderr]    Compiling linux-raw-sys v0.9.4
[INFO] [stderr]    Compiling rhai v1.22.2
[INFO] [stderr]    Compiling tempfile v3.20.0
[INFO] [stderr]    Compiling sal-git v0.1.0 (/opt/rustwide/workdir)
[INFO] [stderr]     Finished `release` profile [optimized] target(s) in 41.87s
[INFO] running `Command { std: "docker" "inspect" "de413983396fc4efe778e3a40289605940bf6694a32459e0e53c26aaddc3d556", kill_on_drop: false }`
[INFO] running `Command { std: "docker" "exec" "-e" "SOURCE_DIR=/opt/rustwide/workdir" "-e" "CARGO_HOME=/opt/rustwide/cargo-home" "-e" "RUSTUP_HOME=/opt/rustwide/rustup-home" "-e" "CARGO_TARGET_DIR=/opt/rustwide/target" "-e" "CARGO_INCREMENTAL=0" "-e" "RUST_BACKTRACE=full" "-e" "RUSTFLAGS=--cap-lints=warn" "-e" "RUSTDOCFLAGS=--cap-lints=warn" "-w" "/opt/rustwide/workdir" "--user" "0:0" "de413983396fc4efe778e3a40289605940bf6694a32459e0e53c26aaddc3d556" "/opt/rustwide/cargo-home/bin/cargo" "+1.99.0-beta.8" "test" "--frozen" "--release", kill_on_drop: false }`
[INFO] [stderr]     Finished `release` profile [optimized] target(s) in 0.10s
[INFO] [stderr]      Running unittests src/lib.rs (/opt/rustwide/target/release/deps/sal_git-e3e2fc9830e0b24c)
[INFO] [stderr]      Running tests/git_executor_security_tests.rs (/opt/rustwide/target/release/deps/git_executor_security_tests-1deb94b39c7165d7)
[INFO] [stdout] 
[INFO] [stdout] running 0 tests
[INFO] [stdout] 
[INFO] [stdout] test result: ok. 0 passed; 0 failed; 0 ignored; 0 measured; 0 filtered out; finished in 0.00s
[INFO] [stdout] 
[INFO] [stdout] 
[INFO] [stdout] running 7 tests
[INFO] [stdout] test test_redis_url_masking ... ok
[INFO] [stdout] test test_environment_variable_precedence ... ok
[INFO] [stdout] test test_redis_connection_fallback ... ok
[INFO] [stdout] test test_git_executor_initialization ... ok
[INFO] [stdout] test test_git_executor_with_valid_commands ... ok
[INFO] [stdout] test test_credential_helper_environment_setup ... ok
[INFO] [stderr]      Running tests/git_executor_tests.rs (/opt/rustwide/target/release/deps/git_executor_tests-d8ea24944832b8a2)
[INFO] [stdout] test test_git_command_argument_validation ... ok
[INFO] [stdout] 
[INFO] [stdout] test result: ok. 7 passed; 0 failed; 0 ignored; 0 measured; 0 filtered out; finished in 0.07s
[INFO] [stdout] 
[INFO] [stdout] 
[INFO] [stdout] running 15 tests
[INFO] [stdout] test test_git_config_status_deserialization ... ok
[INFO] [stdout] test test_git_executor_error_from_serde_error ... ok
[INFO] [stdout] test test_redis_url_configuration ... ok
[INFO] [stdout] test test_git_executor_new ... ok
[INFO] [stdout] test test_git_server_auth_deserialization ... ok
[INFO] [stdout] test test_git_executor_error_from_io_error ... ok
[INFO] [stdout] test test_redis_url_from_environment ... ok
[INFO] [stdout] test test_sal_redis_url_from_environment ... ok
[INFO] [stdout] test test_git_server_auth_serialization ... ok
[INFO] [stdout] test test_git_config_serialization ... ok
[INFO] [stdout] test test_git_executor_error_display ... ok
[INFO] [stdout] test test_git_config_deserialization ... ok
[INFO] [stdout] test test_git_executor_default ... ok
[INFO] [stdout] test test_git_executor_error_from_redis_error ... ok
[INFO] [stdout] test test_git_config_status_serialization ... ok
[INFO] [stdout] 
[INFO] [stdout] test result: ok. 15 passed; 0 failed; 0 ignored; 0 measured; 0 filtered out; finished in 0.01s
[INFO] [stdout] 
[INFO] [stderr]      Running tests/git_integration_tests.rs (/opt/rustwide/target/release/deps/git_integration_tests-98dfbaa1b127f4d0)
[INFO] [stdout] 
[INFO] [stdout] running 4 tests
[INFO] [stdout] test test_invalid_git_repository_handling ... ok
[INFO] [stdout] test test_multiple_repositories_in_git_tree ... ok
[INFO] [stdout] test test_repository_operations_on_cloned_repo ... ok
[INFO] [stderr]      Running tests/git_tests.rs (/opt/rustwide/target/release/deps/git_tests-efd222f20346a38b)
[INFO] [stdout] test test_clone_existing_repository ... ok
[INFO] [stdout] 
[INFO] [stdout] test result: ok. 4 passed; 0 failed; 0 ignored; 0 measured; 0 filtered out; finished in 0.17s
[INFO] [stdout] 
[INFO] [stdout] 
[INFO] [stdout] running 12 tests
[INFO] [stdout] test test_git_repo_new ... ok
[INFO] [stdout] test test_git_error_display ... ok
[INFO] [stdout] test test_parse_git_url_ssh_without_git_extension ... ok
[INFO] [stdout] test test_parse_git_url_https ... ok
[INFO] [stdout] test test_git_repo_clone ... ok
[INFO] [stdout] test test_parse_git_url_https_without_git_extension ... ok
[INFO] [stdout] test test_parse_git_url_ssh ... ok
[INFO] [stdout] test test_parse_git_url_invalid ... ok
[INFO] [stdout] test test_git_tree_new_creates_directory ... ok
[INFO] [stdout] test test_git_tree_new_invalid_path ... ok
[INFO] [stdout] test test_git_tree_new_existing_directory ... ok
[INFO] [stderr]      Running tests/rhai_advanced_tests.rs (/opt/rustwide/target/release/deps/rhai_advanced_tests-77fee01d0a4b5d87)
[INFO] [stdout] test test_git_tree_list_empty_directory ... ok
[INFO] [stdout] 
[INFO] [stdout] test result: ok. 12 passed; 0 failed; 0 ignored; 0 measured; 0 filtered out; finished in 0.02s
[INFO] [stdout] 
[INFO] [stdout] 
[INFO] [stdout] running 3 tests
[INFO] [stdout] test test_git_tree_operations_comprehensive ... ok
[INFO] [stdout] test test_error_message_quality ... ok
[INFO] [stderr]      Running tests/rhai_tests.rs (/opt/rustwide/target/release/deps/rhai_tests-9dfe938b06b5041a)
[INFO] [stdout] test test_git_clone_with_various_url_formats ... ok
[INFO] [stdout] 
[INFO] [stdout] test result: ok. 3 passed; 0 failed; 0 ignored; 0 measured; 0 filtered out; finished in 0.10s
[INFO] [stdout] 
[INFO] [stdout] 
[INFO] [stdout] running 4 tests
[INFO] [stdout] test test_register_git_module ... ok
[INFO] [stdout] test test_git_clone_function_registered ... ok
[INFO] [stdout] test test_git_tree_new_function_registered ... FAILED
[INFO] [stdout] test test_git_clone_with_valid_public_repo ... ok
[INFO] [stdout] 
[INFO] [stdout] failures:
[INFO] [stdout] 
[INFO] [stdout] ---- test_git_tree_new_function_registered stdout ----
[INFO] [stdout] 
[INFO] [stdout] thread 'test_git_tree_new_function_registered' (1900) panicked at tests/rhai_tests.rs:32:5:
[INFO] [stdout] assertion `left == right` failed
[INFO] [stdout]   left: "success"
[INFO] [stdout]  right: "error_caught"
[INFO] [stdout] stack backtrace:
[INFO] [stdout]    0:     0x643edab7ad41 - <<std[70759c8f55707aa4]::sys::backtrace::BacktraceLock>::print::DisplayBacktrace as core[df12db4294e9bfd3]::fmt::Display>::fmt
[INFO] [stdout]    1:     0x643edab940ca - core[df12db4294e9bfd3]::fmt::write
[INFO] [stdout]    2:     0x643edab7f33c - <alloc[2182bb758b4b3781]::vec::Vec<u8> as core[df12db4294e9bfd3]::io::write::Write>::write_fmt
[INFO] [stdout]    3:     0x643edab55f86 - std[70759c8f55707aa4]::panicking::default_hook::{closure#0}
[INFO] [stdout]    4:     0x643edab73279 - std[70759c8f55707aa4]::panicking::default_hook
[INFO] [stdout]    5:     0x643eda843f90 - test[9d35eded1c95d3be]::test_main_inner::<test[9d35eded1c95d3be]::test_main_static::{closure#0}>::{closure#0}
[INFO] [stdout]    6:     0x643edab73432 - std[70759c8f55707aa4]::panicking::panic_with_hook
[INFO] [stdout]    7:     0x643edab56032 - std[70759c8f55707aa4]::panicking::panic_handler::{closure#0}
[INFO] [stdout]    8:     0x643edab4ec69 - std[70759c8f55707aa4]::sys::backtrace::__rust_end_short_backtrace::<std[70759c8f55707aa4]::panicking::panic_handler::{closure#0}, !>
[INFO] [stdout]    9:     0x643edab56c2d - __rustc[8fa7c3cbc660c2b3]::rust_begin_unwind
[INFO] [stdout]   10:     0x643edab948ac - core[df12db4294e9bfd3]::panicking::panic_fmt
[INFO] [stdout]   11:     0x643edab947c3 - core[df12db4294e9bfd3]::panicking::assert_failed_inner
[INFO] [stdout]   12:     0x643eda8304c8 - core[df12db4294e9bfd3]::panicking::assert_failed::<alloc[2182bb758b4b3781]::string::String, &str>
[INFO] [stdout]   13:     0x643eda826c95 - <rhai_tests[1c61da92f438f568]::test_git_tree_new_function_registered::{closure#0} as core[df12db4294e9bfd3]::ops::function::FnOnce<()>>::call_once
[INFO] [stdout]   14:     0x643eda83727b - test[9d35eded1c95d3be]::__rust_begin_short_backtrace::<core[df12db4294e9bfd3]::result::Result<(), alloc[2182bb758b4b3781]::string::String>, fn() -> core[df12db4294e9bfd3]::result::Result<(), alloc[2182bb758b4b3781]::string::String>>
[INFO] [stdout]   15:     0x643eda8448e5 - test[9d35eded1c95d3be]::run_test::{closure#0}
[INFO] [stdout]   16:     0x643eda83e1a4 - std[70759c8f55707aa4]::sys::backtrace::__rust_begin_short_backtrace::<test[9d35eded1c95d3be]::run_test::{closure#1}, ()>
[INFO] [stdout]   17:     0x643eda847a42 - <std[70759c8f55707aa4]::thread::lifecycle::spawn_unchecked<test[9d35eded1c95d3be]::run_test::{closure#1}, ()>::{closure#1} as core[df12db4294e9bfd3]::ops::function::FnOnce<()>>::call_once::{shim:vtable#0}
[INFO] [stdout]   18:     0x643edab7a5e9 - <std[70759c8f55707aa4]::sys::thread::unix::Thread>::new::thread_start
[INFO] [stdout]   19:     0x728770e9cdfa - <unknown>
[INFO] [stdout]   20:     0x728770f303d4 - clone
[INFO] [stdout]   21:                0x0 - <unknown>
[INFO] [stdout] 
[INFO] [stdout] 
[INFO] [stdout] failures:
[INFO] [stdout]     test_git_tree_new_function_registered
[INFO] [stdout] 
[INFO] [stdout] test result: FAILED. 3 passed; 1 failed; 0 ignored; 0 measured; 0 filtered out; finished in 0.04s
[INFO] [stdout] 
[INFO] [stderr] error: test failed, to rerun pass `--test rhai_tests`
[INFO] running `Command { std: "docker" "inspect" "de413983396fc4efe778e3a40289605940bf6694a32459e0e53c26aaddc3d556", kill_on_drop: false }`
[INFO] running `Command { std: "docker" "rm" "-f" "de413983396fc4efe778e3a40289605940bf6694a32459e0e53c26aaddc3d556", kill_on_drop: false }`
[INFO] [stdout] de413983396fc4efe778e3a40289605940bf6694a32459e0e53c26aaddc3d556
