[INFO] fetching crate sakurs-core 0.4.1...
[INFO] testing sakurs-core-0.4.1 against 1.100.0-beta.1+cargoflags=--release for beta-release-1.100-2
[INFO] extracting crate sakurs-core 0.4.1 into /workspace/builds/worker-4-tc2/source
[INFO] started tweaking crates.io crate sakurs-core 0.4.1
[INFO] finished tweaking crates.io crate sakurs-core 0.4.1
[INFO] tweaked toml for crates.io crate sakurs-core 0.4.1 written to /workspace/builds/worker-4-tc2/source/Cargo.toml
[INFO] validating manifest of crates.io crate sakurs-core 0.4.1 on toolchain 1.100.0-beta.1
[INFO] running `Command { std: CARGO_HOME="/workspace/cargo-home" RUSTUP_HOME="/workspace/rustup-home" "/workspace/cargo-home/bin/cargo" "+1.100.0-beta.1" "metadata" "--manifest-path" "Cargo.toml" "--no-deps", kill_on_drop: false }`
[INFO] crate crates.io crate sakurs-core 0.4.1 already has a lockfile, it will not be regenerated
[INFO] running `Command { std: CARGO_HOME="/workspace/cargo-home" RUSTUP_HOME="/workspace/rustup-home" "/workspace/cargo-home/bin/cargo" "+1.100.0-beta.1" "fetch" "--manifest-path" "Cargo.toml", kill_on_drop: false }`
[INFO] [stderr] warning: `package.homepage` is redundant with `package.repository`
[INFO] [stderr]   --> Cargo.toml:60:12
[INFO] [stderr]    |
[INFO] [stderr] 60 | homepage = "https://github.com/sog4be/sakurs"
[INFO] [stderr]    |            ^^^^^^^^^^^^^^^^^^^^^^^^^^^^^^^^^^
[INFO] [stderr] ...
[INFO] [stderr] 65 | repository = "https://github.com/sog4be/sakurs"
[INFO] [stderr]    |              ----------------------------------
[INFO] [stderr]    |
[INFO] [stderr]    = note: `cargo::redundant_homepage` is set to `warn` by default
[INFO] [stderr] help: consider removing `package.homepage`
[INFO] [stderr] warning: `sakurs-core` (manifest) generated 1 warning
[INFO] running `Command { std: "docker" "create" "-v" "/var/lib/crater-agent-workspace/builds/worker-4-tc2/source:/opt/rustwide/workdir:ro,Z" "-v" "/var/lib/crater-agent-workspace/builds/worker-4-tc2/target:/opt/rustwide/target:rw,Z" "-v" "/var/lib/crater-agent-workspace/cargo-home:/opt/rustwide/cargo-home:ro,Z" "-v" "/var/lib/crater-agent-workspace/rustup-home:/opt/rustwide/rustup-home:ro,Z" "-m" "1610612736" "--network" "none" "ghcr.io/rust-lang/crates-build-env/linux@sha256:77db811e55d90add9212f6832c23229e3de5f1c1f9905e8cb07319ea15df73ac" "sleep" "infinity", kill_on_drop: false }`
[INFO] [stdout] bb6dfa53f43b4aee9ab6ec99fd0979328f7da4c305726db2a26d126b03f69059
[INFO] running `Command { std: "docker" "start" "bb6dfa53f43b4aee9ab6ec99fd0979328f7da4c305726db2a26d126b03f69059", kill_on_drop: false }`
[INFO] running `Command { std: "docker" "inspect" "bb6dfa53f43b4aee9ab6ec99fd0979328f7da4c305726db2a26d126b03f69059", kill_on_drop: false }`
[INFO] running `Command { std: "docker" "exec" "-e" "SOURCE_DIR=/opt/rustwide/workdir" "-e" "CARGO_HOME=/opt/rustwide/cargo-home" "-e" "RUSTUP_HOME=/opt/rustwide/rustup-home" "-e" "CARGO_TARGET_DIR=/opt/rustwide/target" "-w" "/opt/rustwide/workdir" "--user" "0:0" "bb6dfa53f43b4aee9ab6ec99fd0979328f7da4c305726db2a26d126b03f69059" "/opt/rustwide/cargo-home/bin/cargo" "+1.100.0-beta.1" "metadata" "--no-deps" "--format-version=1", kill_on_drop: false }`
[INFO] running `Command { std: "docker" "inspect" "bb6dfa53f43b4aee9ab6ec99fd0979328f7da4c305726db2a26d126b03f69059", kill_on_drop: false }`
[INFO] running `Command { std: "docker" "exec" "-e" "SOURCE_DIR=/opt/rustwide/workdir" "-e" "CARGO_HOME=/opt/rustwide/cargo-home" "-e" "RUSTUP_HOME=/opt/rustwide/rustup-home" "-e" "CARGO_TARGET_DIR=/opt/rustwide/target" "-e" "CARGO_INCREMENTAL=0" "-e" "RUST_BACKTRACE=full" "-e" "RUSTFLAGS=--cap-lints=warn" "-e" "RUSTDOCFLAGS=--cap-lints=warn" "-w" "/opt/rustwide/workdir" "--user" "0:0" "bb6dfa53f43b4aee9ab6ec99fd0979328f7da4c305726db2a26d126b03f69059" "/opt/rustwide/cargo-home/bin/cargo" "+1.100.0-beta.1" "build" "--frozen" "--message-format=json" "--release", kill_on_drop: false }`
[INFO] [stderr] warning: `package.homepage` is redundant with `package.repository`
[INFO] [stderr]   --> Cargo.toml:60:12
[INFO] [stderr]    |
[INFO] [stderr] 60 | homepage = "https://github.com/sog4be/sakurs"
[INFO] [stderr]    |            ^^^^^^^^^^^^^^^^^^^^^^^^^^^^^^^^^^
[INFO] [stderr] ...
[INFO] [stderr] 65 | repository = "https://github.com/sog4be/sakurs"
[INFO] [stderr]    |              ----------------------------------
[INFO] [stderr]    |
[INFO] [stderr]    = note: `cargo::redundant_homepage` is set to `warn` by default
[INFO] [stderr] help: consider removing `package.homepage`
[INFO] [stderr] warning: `sakurs-core` (manifest) generated 1 warning
[INFO] [stderr]    Compiling proc-macro2 v1.0.106
[INFO] [stderr]    Compiling regex-automata v0.4.16
[INFO] [stderr]    Compiling toml_parser v1.1.3+spec-1.1.0
[INFO] [stderr]    Compiling toml_datetime v1.1.1+spec-1.1.0
[INFO] [stderr]    Compiling num_cpus v1.17.0
[INFO] [stderr]    Compiling quote v1.0.46
[INFO] [stderr]    Compiling toml v1.1.6+spec-1.1.0
[INFO] [stderr]    Compiling syn v3.0.2
[INFO] [stderr]    Compiling serde_derive v1.0.229
[INFO] [stderr]    Compiling thiserror-impl v2.0.21
[INFO] [stderr]    Compiling regex v1.13.1
[INFO] [stderr]    Compiling thiserror v2.0.21
[INFO] [stderr]    Compiling serde v1.0.229
[INFO] [stderr]    Compiling smallvec v1.16.2
[INFO] [stderr]    Compiling sakurs-core v0.4.1 (/opt/rustwide/workdir)
[INFO] [stderr] warning: unused dependency `num_cpus`
[INFO] [stderr]  --> Cargo.toml:1:15
[INFO] [stderr]   |
[INFO] [stderr] 1 | [dependencies.num_cpus]
[INFO] [stderr]   |               ^^^^^^^^^
[INFO] [stderr]   |
[INFO] [stderr]   = note: `cargo::unused_dependencies` is set to `warn` by default
[INFO] [stderr] help: consider removing the dependency on `num_cpus`
[INFO] [stderr] warning: `sakurs-core` (manifest) generated 1 warning
[INFO] [stderr]     Finished `release` profile [optimized] target(s) in 39.58s
[INFO] running `Command { std: "docker" "inspect" "bb6dfa53f43b4aee9ab6ec99fd0979328f7da4c305726db2a26d126b03f69059", kill_on_drop: false }`
[INFO] running `Command { std: "docker" "exec" "-e" "SOURCE_DIR=/opt/rustwide/workdir" "-e" "CARGO_HOME=/opt/rustwide/cargo-home" "-e" "RUSTUP_HOME=/opt/rustwide/rustup-home" "-e" "CARGO_TARGET_DIR=/opt/rustwide/target" "-e" "CARGO_INCREMENTAL=0" "-e" "RUST_BACKTRACE=full" "-e" "RUSTFLAGS=--cap-lints=warn" "-e" "RUSTDOCFLAGS=--cap-lints=warn" "-w" "/opt/rustwide/workdir" "--user" "0:0" "bb6dfa53f43b4aee9ab6ec99fd0979328f7da4c305726db2a26d126b03f69059" "/opt/rustwide/cargo-home/bin/cargo" "+1.100.0-beta.1" "test" "--frozen" "--no-run" "--message-format=json" "--release", kill_on_drop: false }`
[INFO] [stderr] warning: `package.homepage` is redundant with `package.repository`
[INFO] [stderr]   --> Cargo.toml:60:12
[INFO] [stderr]    |
[INFO] [stderr] 60 | homepage = "https://github.com/sog4be/sakurs"
[INFO] [stderr]    |            ^^^^^^^^^^^^^^^^^^^^^^^^^^^^^^^^^^
[INFO] [stderr] ...
[INFO] [stderr] 65 | repository = "https://github.com/sog4be/sakurs"
[INFO] [stderr]    |              ----------------------------------
[INFO] [stderr]    |
[INFO] [stderr]    = note: `cargo::redundant_homepage` is set to `warn` by default
[INFO] [stderr] help: consider removing `package.homepage`
[INFO] [stderr] warning: `sakurs-core` (manifest) generated 1 warning
[INFO] [stderr]    Compiling cfg-if v1.0.1
[INFO] [stderr]    Compiling zerocopy v0.8.26
[INFO] [stderr]    Compiling zmij v1.0.22
[INFO] [stderr]    Compiling cc v1.2.66
[INFO] [stderr]    Compiling serde v1.0.229
[INFO] [stderr]    Compiling clap_builder v4.5.61
[INFO] [stderr]    Compiling wait-timeout v0.2.1
[INFO] [stderr]    Compiling getrandom v0.3.3
[INFO] [stderr]    Compiling half v2.6.0
[INFO] [stderr]    Compiling rand_core v0.9.3
[INFO] [stderr]    Compiling serde_json v1.0.151
[INFO] [stderr]    Compiling ciborium-ll v0.2.2
[INFO] [stderr]    Compiling tempfile v3.27.0
[INFO] [stderr]    Compiling rand_xorshift v0.4.0
[INFO] [stderr]    Compiling rand v0.9.4
[INFO] [stderr]    Compiling rusty-fork v0.3.0
[INFO] [stderr]    Compiling smallvec v1.16.2
[INFO] [stderr]    Compiling ciborium v0.2.2
[INFO] [stderr]    Compiling alloca v0.4.0
[INFO] [stderr]    Compiling sakurs-core v0.4.1 (/opt/rustwide/workdir)
[INFO] [stderr]    Compiling tinytemplate v1.2.1
[INFO] [stderr]    Compiling ppv-lite86 v0.2.21
[INFO] [stderr]    Compiling clap v4.5.61
[INFO] [stderr]    Compiling criterion v0.8.2
[INFO] [stderr]    Compiling rand_chacha v0.9.0
[INFO] [stderr]    Compiling proptest v1.11.0
[INFO] [stderr] warning: unused dependency `num_cpus`
[INFO] [stderr]  --> Cargo.toml:1:15
[INFO] [stderr]   |
[INFO] [stderr] 1 | [dependencies.num_cpus]
[INFO] [stderr]   |               ^^^^^^^^^
[INFO] [stderr]   |
[INFO] [stderr]   = note: `cargo::unused_dependencies` is set to `warn` by default
[INFO] [stderr] help: consider removing the dependency on `num_cpus`
[INFO] [stderr] warning: `sakurs-core` (manifest) generated 1 warning
[INFO] [stderr]     Finished `release` profile [optimized] target(s) in 1m 19s
[INFO] running `Command { std: "docker" "inspect" "bb6dfa53f43b4aee9ab6ec99fd0979328f7da4c305726db2a26d126b03f69059", kill_on_drop: false }`
[INFO] running `Command { std: "docker" "exec" "-e" "SOURCE_DIR=/opt/rustwide/workdir" "-e" "CARGO_HOME=/opt/rustwide/cargo-home" "-e" "RUSTUP_HOME=/opt/rustwide/rustup-home" "-e" "CARGO_TARGET_DIR=/opt/rustwide/target" "-e" "CARGO_INCREMENTAL=0" "-e" "RUST_BACKTRACE=full" "-e" "RUSTFLAGS=--cap-lints=warn" "-e" "RUSTDOCFLAGS=--cap-lints=warn" "-w" "/opt/rustwide/workdir" "--user" "0:0" "bb6dfa53f43b4aee9ab6ec99fd0979328f7da4c305726db2a26d126b03f69059" "/opt/rustwide/cargo-home/bin/cargo" "+1.100.0-beta.1" "test" "--frozen" "--release", kill_on_drop: false }`
[INFO] [stderr] warning: `package.homepage` is redundant with `package.repository`
[INFO] [stderr]   --> Cargo.toml:60:12
[INFO] [stderr]    |
[INFO] [stderr] 60 | homepage = "https://github.com/sog4be/sakurs"
[INFO] [stderr]    |            ^^^^^^^^^^^^^^^^^^^^^^^^^^^^^^^^^^
[INFO] [stderr] ...
[INFO] [stderr] 65 | repository = "https://github.com/sog4be/sakurs"
[INFO] [stderr]    |              ----------------------------------
[INFO] [stderr]    |
[INFO] [stderr]    = note: `cargo::redundant_homepage` is set to `warn` by default
[INFO] [stderr] help: consider removing `package.homepage`
[INFO] [stderr] warning: `sakurs-core` (manifest) generated 1 warning
[INFO] [stderr] warning: unused dependency `num_cpus`
[INFO] [stderr]  --> Cargo.toml:1:15
[INFO] [stderr]   |
[INFO] [stderr] 1 | [dependencies.num_cpus]
[INFO] [stderr]   |               ^^^^^^^^^
[INFO] [stderr]   |
[INFO] [stderr]   = note: `cargo::unused_dependencies` is set to `warn` by default
[INFO] [stderr] help: consider removing the dependency on `num_cpus`
[INFO] [stderr] warning: `sakurs-core` (manifest) generated 1 warning
[INFO] [stderr]     Finished `release` profile [optimized] target(s) in 0.24s
[INFO] [stderr]      Running unittests src/lib.rs (/opt/rustwide/target/release/build/sakurs-core/7c0c8d47b363bc70/out/sakurs_core-7c0c8d47b363bc70)
[INFO] [stdout] 
[INFO] [stdout] running 131 tests
[INFO] [stdout] test api::config::tests::test_config_builder_language_setting ... ok
[INFO] [stdout] test api::config::tests::test_config_builder_with_new_fields ... ok
[INFO] [stdout] test api::config::tests::test_config_builder_partial_configuration ... ok
[INFO] [stdout] test api::config::tests::test_config_validation ... ok
[INFO] [stdout] test api::config::tests::test_large_configuration_values ... ok
[INFO] [stdout] test api::config::tests::test_config_builder_with_invalid_language ... ok
[INFO] [stdout] test api::config::tests::test_config_builder_invalid_configurations ... ok
[INFO] [stdout] test api::config::tests::test_config_validation_error_messages ... ok
[INFO] [stdout] test api::config::tests::test_default_config ... ok
[INFO] [stdout] test api::config::tests::test_preset_configs ... ok
[INFO] [stdout] test api::tests::api_tests::test_basic_processing ... ok
[INFO] [stdout] test api::tests::api_tests::test_char_offset_calculation ... ok
[INFO] [stdout] test api::tests::api_tests::test_config_defaults ... ok
[INFO] [stdout] test api::tests::api_tests::test_config_builder ... ok
[INFO] [stdout] test api::config::tests::test_config_validation_boundary_values ... ok
[INFO] [stdout] test api::tests::api_tests::test_input_variants ... ok
[INFO] [stdout] test api::tests::api_tests::test_config_validation ... ok
[INFO] [stdout] test api::tests::api_tests::test_processor_with_invalid_config ... ok
[INFO] [stdout] test api::tests::api_tests::test_processor_with_invalid_language ... ok
[INFO] [stdout] test api::tests::api_tests::test_process_stream_error_handling ... ok
[INFO] [stdout] test api::tests::api_tests::test_process_empty_input ... ok
[INFO] [stdout] test api::tests::api_tests::test_process_invalid_utf8 ... ok
[INFO] [stdout] test api::tests::api_tests::test_process_with_extreme_config_values ... ok
[INFO] [stdout] test api::tests::error_tests::error_behavior_tests::test_error_conversion_chain ... ok
[INFO] [stdout] test api::tests::error_tests::error_behavior_tests::test_error_is_send_and_sync ... ok
[INFO] [stdout] test api::tests::error_tests::error_behavior_tests::test_error_messages_formatting ... ok
[INFO] [stdout] test api::tests::error_tests::error_behavior_tests::test_error_source_chain ... ok
[INFO] [stdout] test api::tests::error_tests::error_behavior_tests::test_error_with_empty_messages ... ok
[INFO] [stdout] test api::tests::error_tests::error_behavior_tests::test_error_with_unicode_messages ... ok
[INFO] [stdout] test api::tests::error_tests::error_construction_tests::test_error_debug_impl ... ok
[INFO] [stdout] test api::tests::error_tests::error_construction_tests::test_invalid_input_error ... ok
[INFO] [stdout] test api::tests::error_tests::error_construction_tests::test_processing_error_from ... ok
[INFO] [stdout] test api::tests::error_tests::error_construction_tests::test_unsupported_error ... ok
[INFO] [stdout] test api::tests::error_tests::error_construction_tests::test_invalid_language_error ... ok
[INFO] [stdout] test api::tests::error_tests::error_construction_tests::test_configuration_error ... ok
[INFO] [stdout] test api::tests::error_tests::error_behavior_tests::test_processing_error_display ... ok
[INFO] [stdout] test api::tests::input_tests::input_construction_tests::test_debug_impl ... ok
[INFO] [stdout] test api::tests::error_tests::error_construction_tests::test_infrastructure_error ... ok
[INFO] [stdout] test api::tests::input_tests::input_construction_tests::test_from_bytes ... ok
[INFO] [stdout] test api::tests::input_tests::input_construction_tests::test_from_text ... ok
[INFO] [stdout] test api::tests::api_tests::test_processor_creation ... ok
[INFO] [stdout] test api::tests::input_tests::input_construction_tests::test_from_file ... ok
[INFO] [stdout] test api::tests::input_tests::input_construction_tests::test_from_reader ... ok
[INFO] [stdout] test api::tests::input_tests::input_conversion_tests::test_empty_inputs ... ok
[INFO] [stdout] test api::tests::error_tests::error_behavior_tests::test_result_type_usage ... ok
[INFO] [stdout] test api::tests::input_tests::input_conversion_tests::test_file_into_bytes_success ... ok
[INFO] [stdout] test api::tests::input_tests::input_conversion_tests::test_file_into_text_with_unicode ... ok
[INFO] [stdout] test api::tests::api_tests::test_processor_with_all_execution_modes ... ok
[INFO] [stdout] test api::tests::input_tests::input_conversion_tests::test_reader_into_bytes_error ... ok
[INFO] [stdout] test api::tests::input_tests::input_conversion_tests::test_bytes_into_bytes ... ok
[INFO] [stdout] test api::tests::input_tests::input_conversion_tests::test_file_into_bytes_not_found ... ok
[INFO] [stdout] test api::tests::input_tests::input_conversion_tests::test_bytes_into_text_invalid_utf8 ... ok
[INFO] [stdout] test api::tests::input_tests::input_conversion_tests::test_bytes_into_text_valid_utf8 ... ok
[INFO] [stdout] test api::tests::input_tests::input_conversion_tests::test_reader_into_bytes ... ok
[INFO] [stdout] test api::tests::input_tests::input_conversion_tests::test_reader_with_different_types ... ok
[INFO] [stdout] test api::tests::input_tests::input_conversion_tests::test_file_permissions_error ... FAILED
[INFO] [stdout] test api::tests::input_tests::input_conversion_tests::test_text_into_bytes ... ok
[INFO] [stdout] test api::tests::input_tests::input_conversion_tests::test_text_into_text ... ok
[INFO] [stdout] test api::tests::input_tests::input_conversion_tests::test_large_input_handling ... ok
[INFO] [stdout] test api::tests::language_tests::language_behavior_tests::test_language_conversion_roundtrip ... ok
[INFO] [stdout] test api::tests::language_tests::language_behavior_tests::test_language_in_collections ... ok
[INFO] [stdout] test api::tests::language_tests::language_behavior_tests::test_pattern_matching ... ok
[INFO] [stdout] test api::tests::language_tests::language_construction_tests::test_clone_and_copy ... ok
[INFO] [stdout] test api::tests::language_tests::language_construction_tests::test_debug_trait ... ok
[INFO] [stdout] test api::tests::language_tests::language_behavior_tests::test_language_size ... ok
[INFO] [stdout] test api::tests::language_tests::language_construction_tests::test_default_language ... ok
[INFO] [stdout] test api::tests::language_tests::language_construction_tests::test_display_trait ... ok
[INFO] [stdout] test api::tests::language_tests::language_construction_tests::test_from_code_english ... ok
[INFO] [stdout] test api::tests::language_tests::language_construction_tests::test_from_code_unknown ... ok
[INFO] [stdout] test api::tests::language_tests::language_construction_tests::test_from_code_with_whitespace ... ok
[INFO] [stdout] test api::tests::language_tests::language_behavior_tests::test_code_consistency ... ok
[INFO] [stdout] test api::tests::language_tests::language_behavior_tests::test_from_code_special_cases ... ok
[INFO] [stdout] test api::tests::language_tests::language_behavior_tests::test_from_code_unicode ... ok
[INFO] [stdout] test api::tests::language_tests::language_behavior_tests::test_language_formatting_in_errors ... ok
[INFO] [stdout] test api::tests::language_tests::language_behavior_tests::test_language_is_send_and_sync ... ok
[INFO] [stdout] test api::tests::language_tests::language_construction_tests::test_language_code ... ok
[INFO] [stdout] test api::tests::language_tests::language_construction_tests::test_from_code_japanese ... ok
[INFO] [stdout] test api::tests::language_tests::language_construction_tests::test_language_equality ... ok
[INFO] [stdout] test application::config::tests::test_default_config ... ok
[INFO] [stdout] test application::chunking::tests::empty_text_yields_no_spans ... ok
[INFO] [stdout] test api::tests::language_tests::language_construction_tests::test_language_name ... ok
[INFO] [stdout] test api::tests::language_tests::language_construction_tests::test_language_variants ... ok
[INFO] [stdout] test application::chunking::tests::multibyte_boundaries_are_snapped_forward ... ok
[INFO] [stdout] test application::chunking::tests::spans_are_contiguous_and_cover_the_text ... ok
[INFO] [stdout] test application::chunking::tests::zero_chunk_size_is_clamped ... ok
[INFO] [stdout] test application::config::tests::test_error_display ... ok
[INFO] [stdout] test application::execution_mode::tests::test_adaptive_mode_large_text ... ok
[INFO] [stdout] test application::execution_mode::tests::test_adaptive_mode_small_text ... ok
[INFO] [stdout] test application::execution_mode::tests::test_parallel_mode_with_threads ... ok
[INFO] [stdout] test application::execution_mode::tests::test_sequential_mode ... ok
[INFO] [stdout] test domain::language::config::loader::tests::test_config_code_validation ... ok
[INFO] [stdout] test domain::language::config::loader::tests::test_get_language_config_english ... ok
[INFO] [stdout] test domain::language::config::loader::tests::test_get_language_config_japanese ... ok
[INFO] [stdout] test domain::language::config::loader::tests::test_get_language_config_multiple_times ... ok
[INFO] [stdout] test domain::language::config::loader::tests::test_get_language_config_unsupported ... ok
[INFO] [stdout] test domain::language::config::loader::tests::test_list_available_languages_sorted ... ok
[INFO] [stdout] test domain::language::config::loader::tests::test_list_available_languages ... ok
[INFO] [stdout] test domain::language::config::types::tests::test_language_config_validate_empty_sentence_starter_category ... ok
[INFO] [stdout] test domain::language::config::types::tests::test_language_config_deserialize ... ok
[INFO] [stdout] test application::delta_stack::tests::test_empty_text ... ok
[INFO] [stdout] test application::delta_stack::tests::test_single_sentence ... ok
[INFO] [stdout] test domain::language::config::types::tests::test_language_config_validate_empty_code ... ok
[INFO] [stdout] test application::delta_stack::tests::test_unknown_language_code ... ok
[INFO] [stdout] test domain::language::config::types::tests::test_language_config_validate_empty_abbreviation_category ... ok
[INFO] [stdout] test domain::language::config::types::tests::test_language_config_validate_empty_sentence_starters ... ok
[INFO] [stdout] test domain::language::config::types::tests::test_language_config_validate_invalid_regex ... ok
[INFO] [stdout] test domain::language::config::types::tests::test_language_config_validate_empty_terminators ... ok
[INFO] [stdout] test domain::language::config::types::tests::test_language_config_validate_no_sentence_starters ... ok
[INFO] [stdout] test application::delta_stack::tests::test_parallel_vs_sequential ... ok
[INFO] [stdout] test domain::language::config::types::tests::test_language_config_validate_success ... ok
[INFO] [stdout] test domain::state::compiled::tests::oversized_pattern_is_rejected ... ok
[INFO] [stdout] test domain::state::context::tests::buffers_handle_multibyte_characters ... ok
[INFO] [stdout] test domain::state::context::tests::head_and_tail_of_short_text_cover_everything ... ok
[INFO] [stdout] test domain::state::context::tests::compose_is_associative ... ok
[INFO] [stdout] test domain::state::context::tests::compose_matches_direct_computation ... ok
[INFO] [stdout] test domain::state::context::tests::head_and_tail_of_long_text_truncate_to_capacity ... ok
[INFO] [stdout] test domain::state::context::tests::window_around_clips_at_text_edges ... ok
[INFO] [stdout] test domain::state::context::tests::window_around_multibyte ... ok
[INFO] [stdout] test domain::state::compiled::tests::en_classification_covers_terminators_and_enclosures ... ok
[INFO] [stdout] test domain::state::compiled::tests::bundled_configs_fit_the_window ... ok
[INFO] [stdout] test domain::state::tests::empty_and_terminator_only_texts ... ok
[INFO] [stdout] test domain::state::tests::resolve_edges_clips_the_window_at_text_bounds ... ok
[INFO] [stdout] test domain::state::tests::resolved_enclosure_toggles_later_candidates ... ok
[INFO] [stdout] test domain::state::tests::suppressed_enclosure_leaves_no_trace ... ok
[INFO] [stdout] test domain::state::tests::combine_reconstructs_the_exact_window ... ok
[INFO] [stdout] test domain::state::scanner::tests::single_chunk_output_is_pinned ... ok
[INFO] [stdout] test domain::state::scanner::tests::en_chunked_equals_single_chunk ... ok
[INFO] [stdout] test domain::state::scanner::tests::ja_chunked_equals_single_chunk ... ok
[INFO] [stdout] test domain::state::tests::chunked_processing_equals_single_chunk ... ok
[INFO] [stderr] error: test failed, to rerun pass `--lib`
[INFO] [stdout] test domain::state::tests::combine_is_associative ... ok
[INFO] [stdout] test domain::state::tests::identity_laws ... ok
[INFO] [stdout] 
[INFO] [stdout] failures:
[INFO] [stdout] 
[INFO] [stdout] ---- api::tests::input_tests::input_conversion_tests::test_file_permissions_error stdout ----
[INFO] [stdout] 
[INFO] [stdout] thread 'api::tests::input_tests::input_conversion_tests::test_file_permissions_error' (973) panicked at src/api/tests.rs:539:17:
[INFO] [stdout] assertion failed: result.is_err()
[INFO] [stdout] stack backtrace:
[INFO] [stdout]    0:     0x5e10939f7d71 - <<std[617be2ca0a6fd877]::sys::backtrace::BacktraceLock>::print::DisplayBacktrace as core[a373ad73a504971]::fmt::Display>::fmt
[INFO] [stdout]    1:     0x5e1093a0f86a - core[a373ad73a504971]::fmt::write
[INFO] [stdout]    2:     0x5e10939fc43c - <alloc[2e1b2a31b91974c5]::vec::Vec<u8> as core[a373ad73a504971]::io::write::Write>::write_fmt
[INFO] [stdout]    3:     0x5e10939d24b6 - std[617be2ca0a6fd877]::panicking::default_hook::{closure#0}
[INFO] [stdout]    4:     0x5e10939efc89 - std[617be2ca0a6fd877]::panicking::default_hook
[INFO] [stdout]    5:     0x5e10938a1e50 - test[aada8e7e76ba119b]::test_main_inner::{closure#0}
[INFO] [stdout]    6:     0x5e10939effb2 - std[617be2ca0a6fd877]::panicking::panic_with_hook
[INFO] [stdout]    7:     0x5e10939d2594 - std[617be2ca0a6fd877]::panicking::panic_handler::{closure#0}
[INFO] [stdout]    8:     0x5e10939caf99 - std[617be2ca0a6fd877]::sys::backtrace::__rust_end_short_backtrace::<std[617be2ca0a6fd877]::panicking::panic_handler::{closure#0}, !>
[INFO] [stdout]    9:     0x5e10939d322d - __rustc[ea4f61d10b84890b]::rust_begin_unwind
[INFO] [stdout]   10:     0x5e1093a1008c - core[a373ad73a504971]::panicking::panic_fmt
[INFO] [stdout]   11:     0x5e1093a10052 - core[a373ad73a504971]::panicking::panic
[INFO] [stdout]   12:     0x5e109380dbc9 - <sakurs_core[b93244db2bec58be]::api::tests::input_tests::input_conversion_tests::test_file_permissions_error::{closure#0} as core[a373ad73a504971]::ops::function::FnOnce<()>>::call_once
[INFO] [stdout]   13:     0x5e109389529b - test[aada8e7e76ba119b]::__rust_begin_short_backtrace::<core[a373ad73a504971]::result::Result<(), alloc[2e1b2a31b91974c5]::string::String>, fn() -> core[a373ad73a504971]::result::Result<(), alloc[2e1b2a31b91974c5]::string::String>>
[INFO] [stdout]   14:     0x5e10938a2475 - test[aada8e7e76ba119b]::run_test::{closure#0}
[INFO] [stdout]   15:     0x5e109389bd64 - std[617be2ca0a6fd877]::sys::backtrace::__rust_begin_short_backtrace::<test[aada8e7e76ba119b]::run_test::{closure#1}, ()>
[INFO] [stdout]   16:     0x5e10938a5502 - <std[617be2ca0a6fd877]::thread::lifecycle::spawn_unchecked<test[aada8e7e76ba119b]::run_test::{closure#1}, ()>::{closure#1} as core[a373ad73a504971]::ops::function::FnOnce<()>>::call_once::{shim:vtable#0}
[INFO] [stdout]   17:     0x5e10939f72af - <std[617be2ca0a6fd877]::sys::thread::unix::Thread>::new::thread_start
[INFO] [stdout]   18:     0x75a02d434dfa - <unknown>
[INFO] [stdout]   19:     0x75a02d4c83d4 - clone
[INFO] [stdout]   20:                0x0 - <unknown>
[INFO] [stdout] 
[INFO] [stdout] 
[INFO] [stdout] failures:
[INFO] [stdout]     api::tests::input_tests::input_conversion_tests::test_file_permissions_error
[INFO] [stdout] 
[INFO] [stdout] test result: FAILED. 130 passed; 1 failed; 0 ignored; 0 measured; 0 filtered out; finished in 0.39s
[INFO] [stdout] 
[INFO] running `Command { std: "docker" "inspect" "bb6dfa53f43b4aee9ab6ec99fd0979328f7da4c305726db2a26d126b03f69059", kill_on_drop: false }`
[INFO] running `Command { std: "docker" "rm" "-f" "bb6dfa53f43b4aee9ab6ec99fd0979328f7da4c305726db2a26d126b03f69059", kill_on_drop: false }`
[INFO] [stdout] bb6dfa53f43b4aee9ab6ec99fd0979328f7da4c305726db2a26d126b03f69059
