[INFO] fetching crate sakurs-cli 0.4.1...
[INFO] testing sakurs-cli-0.4.1 against 1.99.0-beta.8+cargoflags=--release for beta-release-1.100-2
[INFO] extracting crate sakurs-cli 0.4.1 into /workspace/builds/worker-6-tc1/source
[INFO] started tweaking crates.io crate sakurs-cli 0.4.1
[INFO] finished tweaking crates.io crate sakurs-cli 0.4.1
[INFO] tweaked toml for crates.io crate sakurs-cli 0.4.1 written to /workspace/builds/worker-6-tc1/source/Cargo.toml
[INFO] validating manifest of crates.io crate sakurs-cli 0.4.1 on toolchain 1.99.0-beta.8
[INFO] running `Command { std: CARGO_HOME="/workspace/cargo-home" RUSTUP_HOME="/workspace/rustup-home" "/workspace/cargo-home/bin/cargo" "+1.99.0-beta.8" "metadata" "--manifest-path" "Cargo.toml" "--no-deps", kill_on_drop: false }`
[INFO] crate crates.io crate sakurs-cli 0.4.1 already has a lockfile, it will not be regenerated
[INFO] running `Command { std: CARGO_HOME="/workspace/cargo-home" RUSTUP_HOME="/workspace/rustup-home" "/workspace/cargo-home/bin/cargo" "+1.99.0-beta.8" "fetch" "--manifest-path" "Cargo.toml", kill_on_drop: false }`
[INFO] [stderr]     Updating crates.io index
[INFO] [stderr]  Downloading crates ...
[INFO] [stderr]   Downloaded unit-prefix v0.5.1
[INFO] [stderr]   Downloaded clap v4.5.61
[INFO] [stderr]   Downloaded clap_derive v4.5.61
[INFO] [stderr]   Downloaded zmij v1.0.22
[INFO] [stderr]   Downloaded sakurs-core v0.4.1
[INFO] [stderr]   Downloaded clap_builder v4.5.61
[INFO] running `Command { std: "docker" "create" "-v" "/var/lib/crater-agent-workspace/builds/worker-6-tc1/source:/opt/rustwide/workdir:ro,Z" "-v" "/var/lib/crater-agent-workspace/builds/worker-6-tc1/target:/opt/rustwide/target:rw,Z" "-v" "/var/lib/crater-agent-workspace/cargo-home:/opt/rustwide/cargo-home:ro,Z" "-v" "/var/lib/crater-agent-workspace/rustup-home:/opt/rustwide/rustup-home:ro,Z" "-m" "1610612736" "--network" "none" "ghcr.io/rust-lang/crates-build-env/linux@sha256:77db811e55d90add9212f6832c23229e3de5f1c1f9905e8cb07319ea15df73ac" "sleep" "infinity", kill_on_drop: false }`
[INFO] [stdout] 9dc90d1ddc3295025a4228e80797c3a6b66d3992f03a8e0d88a60f33f6104fa7
[INFO] running `Command { std: "docker" "start" "9dc90d1ddc3295025a4228e80797c3a6b66d3992f03a8e0d88a60f33f6104fa7", kill_on_drop: false }`
[INFO] running `Command { std: "docker" "inspect" "9dc90d1ddc3295025a4228e80797c3a6b66d3992f03a8e0d88a60f33f6104fa7", kill_on_drop: false }`
[INFO] running `Command { std: "docker" "exec" "-e" "SOURCE_DIR=/opt/rustwide/workdir" "-e" "CARGO_HOME=/opt/rustwide/cargo-home" "-e" "RUSTUP_HOME=/opt/rustwide/rustup-home" "-e" "CARGO_TARGET_DIR=/opt/rustwide/target" "-w" "/opt/rustwide/workdir" "--user" "0:0" "9dc90d1ddc3295025a4228e80797c3a6b66d3992f03a8e0d88a60f33f6104fa7" "/opt/rustwide/cargo-home/bin/cargo" "+1.99.0-beta.8" "metadata" "--no-deps" "--format-version=1", kill_on_drop: false }`
[INFO] running `Command { std: "docker" "inspect" "9dc90d1ddc3295025a4228e80797c3a6b66d3992f03a8e0d88a60f33f6104fa7", kill_on_drop: false }`
[INFO] running `Command { std: "docker" "exec" "-e" "SOURCE_DIR=/opt/rustwide/workdir" "-e" "CARGO_HOME=/opt/rustwide/cargo-home" "-e" "RUSTUP_HOME=/opt/rustwide/rustup-home" "-e" "CARGO_TARGET_DIR=/opt/rustwide/target" "-e" "CARGO_INCREMENTAL=0" "-e" "RUST_BACKTRACE=full" "-e" "RUSTFLAGS=--cap-lints=warn" "-e" "RUSTDOCFLAGS=--cap-lints=warn" "-w" "/opt/rustwide/workdir" "--user" "0:0" "9dc90d1ddc3295025a4228e80797c3a6b66d3992f03a8e0d88a60f33f6104fa7" "/opt/rustwide/cargo-home/bin/cargo" "+1.99.0-beta.8" "build" "--frozen" "--message-format=json" "--release", kill_on_drop: false }`
[INFO] [stderr]    Compiling zmij v1.0.22
[INFO] [stderr]    Compiling proc-macro2 v1.0.106
[INFO] [stderr]    Compiling regex-automata v0.4.16
[INFO] [stderr]    Compiling anstream v1.0.0
[INFO] [stderr]    Compiling portable-atomic v1.13.1
[INFO] [stderr]    Compiling either v1.15.0
[INFO] [stderr]    Compiling console v0.16.4
[INFO] [stderr]    Compiling num_cpus v1.17.0
[INFO] [stderr]    Compiling jiff v0.2.32
[INFO] [stderr]    Compiling unit-prefix v0.5.1
[INFO] [stderr]    Compiling toml v1.1.6+spec-1.1.0
[INFO] [stderr]    Compiling rayon v1.12.0
[INFO] [stderr]    Compiling clap_builder v4.5.61
[INFO] [stderr]    Compiling serde_json v1.0.151
[INFO] [stderr]    Compiling quote v1.0.46
[INFO] [stderr]    Compiling syn v3.0.2
[INFO] [stderr]    Compiling syn v2.0.118
[INFO] [stderr]    Compiling indicatif v0.18.6
[INFO] [stderr]    Compiling serde_derive v1.0.229
[INFO] [stderr]    Compiling thiserror-impl v2.0.21
[INFO] [stderr]    Compiling thiserror v2.0.21
[INFO] [stderr]    Compiling regex v1.13.1
[INFO] [stderr]    Compiling env_filter v2.0.0
[INFO] [stderr]    Compiling clap_derive v4.5.61
[INFO] [stderr]    Compiling env_logger v0.11.11
[INFO] [stderr]    Compiling serde v1.0.229
[INFO] [stderr]    Compiling smallvec v1.16.2
[INFO] [stderr]    Compiling clap v4.5.61
[INFO] [stderr]    Compiling sakurs-core v0.4.1
[INFO] [stderr]    Compiling sakurs-cli v0.4.1 (/opt/rustwide/workdir)
[INFO] [stderr]     Finished `release` profile [optimized] target(s) in 45.43s
[INFO] running `Command { std: "docker" "inspect" "9dc90d1ddc3295025a4228e80797c3a6b66d3992f03a8e0d88a60f33f6104fa7", kill_on_drop: false }`
[INFO] running `Command { std: "docker" "exec" "-e" "SOURCE_DIR=/opt/rustwide/workdir" "-e" "CARGO_HOME=/opt/rustwide/cargo-home" "-e" "RUSTUP_HOME=/opt/rustwide/rustup-home" "-e" "CARGO_TARGET_DIR=/opt/rustwide/target" "-e" "CARGO_INCREMENTAL=0" "-e" "RUST_BACKTRACE=full" "-e" "RUSTFLAGS=--cap-lints=warn" "-e" "RUSTDOCFLAGS=--cap-lints=warn" "-w" "/opt/rustwide/workdir" "--user" "0:0" "9dc90d1ddc3295025a4228e80797c3a6b66d3992f03a8e0d88a60f33f6104fa7" "/opt/rustwide/cargo-home/bin/cargo" "+1.99.0-beta.8" "test" "--frozen" "--no-run" "--message-format=json" "--release", kill_on_drop: false }`
[INFO] [stderr]    Compiling regex-automata v0.4.16
[INFO] [stderr]    Compiling float-cmp v0.10.0
[INFO] [stderr]    Compiling getrandom v0.3.3
[INFO] [stderr]    Compiling tempfile v3.27.0
[INFO] [stderr]    Compiling regex v1.13.1
[INFO] [stderr]    Compiling bstr v1.12.0
[INFO] [stderr]    Compiling env_filter v2.0.0
[INFO] [stderr]    Compiling sakurs-core v0.4.1
[INFO] [stderr]    Compiling predicates v3.1.4
[INFO] [stderr]    Compiling env_logger v0.11.11
[INFO] [stderr]    Compiling assert_cmd v2.2.2
[INFO] [stderr]    Compiling sakurs-cli v0.4.1 (/opt/rustwide/workdir)
[INFO] [stderr]     Finished `release` profile [optimized] target(s) in 27.51s
[INFO] running `Command { std: "docker" "inspect" "9dc90d1ddc3295025a4228e80797c3a6b66d3992f03a8e0d88a60f33f6104fa7", kill_on_drop: false }`
[INFO] running `Command { std: "docker" "exec" "-e" "SOURCE_DIR=/opt/rustwide/workdir" "-e" "CARGO_HOME=/opt/rustwide/cargo-home" "-e" "RUSTUP_HOME=/opt/rustwide/rustup-home" "-e" "CARGO_TARGET_DIR=/opt/rustwide/target" "-e" "CARGO_INCREMENTAL=0" "-e" "RUST_BACKTRACE=full" "-e" "RUSTFLAGS=--cap-lints=warn" "-e" "RUSTDOCFLAGS=--cap-lints=warn" "-w" "/opt/rustwide/workdir" "--user" "0:0" "9dc90d1ddc3295025a4228e80797c3a6b66d3992f03a8e0d88a60f33f6104fa7" "/opt/rustwide/cargo-home/bin/cargo" "+1.99.0-beta.8" "test" "--frozen" "--release", kill_on_drop: false }`
[INFO] [stderr]     Finished `release` profile [optimized] target(s) in 0.12s
[INFO] [stderr]      Running unittests src/lib.rs (/opt/rustwide/target/release/deps/sakurs_cli-79e44f44c8d1b057)
[INFO] [stdout] 
[INFO] [stdout] running 35 tests
[INFO] [stdout] test commands::process::tests::test_find_safe_split_point_exact_boundary ... ok
[INFO] [stdout] test commands::process::tests::test_find_safe_split_point_no_boundaries ... ok
[INFO] [stdout] test commands::process::tests::test_find_safe_split_point_word_boundary ... ok
[INFO] [stdout] test commands::tests::test_commands_debug_format ... ok
[INFO] [stdout] test commands::tests::test_enum_variants_completeness ... ok
[INFO] [stdout] test commands::tests::test_list_commands_variants ... ok
[INFO] [stdout] test commands::generate_config::tests::test_generate_config_args_debug ... ok
[INFO] [stdout] test commands::process::tests::test_find_safe_split_point_japanese_sentence ... ok
[INFO] [stdout] test commands::process::tests::test_find_safe_split_point_utf8_boundary ... ok
[INFO] [stdout] test commands::process::tests::test_resolve_thread_count ... ok
[INFO] [stdout] test commands::tests::test_list_commands_completeness ... ok
[INFO] [stdout] test commands::generate_config::tests::test_generate_template ... ok
[INFO] [stdout] test commands::process::tests::test_find_safe_split_point_sentence_boundary ... ok
[INFO] [stdout] test commands::process::tests::test_find_safe_split_point_small_text ... ok
[INFO] [stdout] test error::tests::test_invalid_pattern_error_display ... ok
[INFO] [stdout] test commands::validate::tests::test_validate_invalid_config ... ok
[INFO] [stdout] test error::tests::test_config_error_display ... ok
[INFO] [stdout] test error::tests::test_error_with_special_characters ... ok
[INFO] [stdout] test input::file_reader::tests::test_empty_file ... ok
[INFO] [stdout] test commands::validate::tests::test_validate_args_debug ... ok
[INFO] [stdout] test input::file_reader::tests::test_read_text_nonexistent_file ... ok
[INFO] [stdout] test error::tests::test_file_not_found_error_display ... ok
[INFO] [stdout] test commands::generate_config::tests::test_execute_success ... ok
[INFO] [stdout] test commands::validate::tests::test_validate_valid_config ... ok
[INFO] [stdout] test input::file_reader::tests::test_file_size_nonexistent ... ok
[INFO] [stdout] test error::tests::test_all_error_variants_creation ... ok
[INFO] [stdout] test error::tests::test_cli_result_type_alias ... ok
[INFO] [stdout] test error::tests::test_processing_error_display ... ok
[INFO] [stdout] test input::file_reader::tests::test_read_text_success ... ok
[INFO] [stdout] test input::file_reader::tests::test_read_text_utf8_content ... ok
[INFO] [stdout] test input::file_reader::tests::test_should_stream_large_file ... ok
[INFO] [stdout] test error::tests::test_error_trait_implementation ... ok
[INFO] [stdout] test input::file_reader::tests::test_file_size ... ok
[INFO] [stdout] test input::file_reader::tests::test_read_text_permission_denied ... FAILED
[INFO] [stdout] test input::file_reader::tests::test_should_stream_small_file ... ok
[INFO] [stdout] 
[INFO] [stdout] failures:
[INFO] [stdout] 
[INFO] [stdout] ---- input::file_reader::tests::test_read_text_permission_denied stdout ----
[INFO] [stdout] 
[INFO] [stdout] thread 'input::file_reader::tests::test_read_text_permission_denied' (1148) panicked at src/input/file_reader.rs:152:9:
[INFO] [stdout] assertion failed: result.is_err()
[INFO] [stdout] stack backtrace:
[INFO] [stdout]    0:     0x587da77a49b1 - <<std[70759c8f55707aa4]::sys::backtrace::BacktraceLock>::print::DisplayBacktrace as core[df12db4294e9bfd3]::fmt::Display>::fmt
[INFO] [stdout]    1:     0x587da77bb77a - core[df12db4294e9bfd3]::fmt::write
[INFO] [stdout]    2:     0x587da77a95ec - <alloc[2182bb758b4b3781]::vec::Vec<u8> as core[df12db4294e9bfd3]::io::write::Write>::write_fmt
[INFO] [stdout]    3:     0x587da777edc6 - std[70759c8f55707aa4]::panicking::default_hook::{closure#0}
[INFO] [stdout]    4:     0x587da779c269 - std[70759c8f55707aa4]::panicking::default_hook
[INFO] [stdout]    5:     0x587da7615890 - test[9d35eded1c95d3be]::test_main_inner::<test[9d35eded1c95d3be]::test_main_static::{closure#0}>::{closure#0}
[INFO] [stdout]    6:     0x587da779c422 - std[70759c8f55707aa4]::panicking::panic_with_hook
[INFO] [stdout]    7:     0x587da777eea4 - std[70759c8f55707aa4]::panicking::panic_handler::{closure#0}
[INFO] [stdout]    8:     0x587da77773b9 - std[70759c8f55707aa4]::sys::backtrace::__rust_end_short_backtrace::<std[70759c8f55707aa4]::panicking::panic_handler::{closure#0}, !>
[INFO] [stdout]    9:     0x587da777fc3d - __rustc[8fa7c3cbc660c2b3]::rust_begin_unwind
[INFO] [stdout]   10:     0x587da77bbf9c - core[df12db4294e9bfd3]::panicking::panic_fmt
[INFO] [stdout]   11:     0x587da77bbf62 - core[df12db4294e9bfd3]::panicking::panic
[INFO] [stdout]   12:     0x587da75ff99f - sakurs_cli[a5e1bc21d96feb78]::input::file_reader::tests::test_read_text_permission_denied
[INFO] [stdout]   13:     0x587da75fb0e9 - <sakurs_cli[a5e1bc21d96feb78]::input::file_reader::tests::test_read_text_permission_denied::{closure#0} as core[df12db4294e9bfd3]::ops::function::FnOnce<()>>::call_once
[INFO] [stdout]   14:     0x587da7608b7b - test[9d35eded1c95d3be]::__rust_begin_short_backtrace::<core[df12db4294e9bfd3]::result::Result<(), alloc[2182bb758b4b3781]::string::String>, fn() -> core[df12db4294e9bfd3]::result::Result<(), alloc[2182bb758b4b3781]::string::String>>
[INFO] [stdout]   15:     0x587da76161e5 - test[9d35eded1c95d3be]::run_test::{closure#0}
[INFO] [stdout]   16:     0x587da760faa4 - std[70759c8f55707aa4]::sys::backtrace::__rust_begin_short_backtrace::<test[9d35eded1c95d3be]::run_test::{closure#1}, ()>
[INFO] [stdout]   17:     0x587da7619342 - <std[70759c8f55707aa4]::thread::lifecycle::spawn_unchecked<test[9d35eded1c95d3be]::run_test::{closure#1}, ()>::{closure#1} as core[df12db4294e9bfd3]::ops::function::FnOnce<()>>::call_once::{shim:vtable#0}
[INFO] [stdout]   18:     0x587da77a3d29 - <std[70759c8f55707aa4]::sys::thread::unix::Thread>::new::thread_start
[INFO] [stdout]   19:     0x79060e08bdfa - <unknown>
[INFO] [stdout]   20:     0x79060e11f3d4 - clone
[INFO] [stdout]   21:                0x0 - <unknown>
[INFO] [stdout] 
[INFO] [stdout] 
[INFO] [stdout] failures:
[INFO] [stdout]     input::file_reader::tests::test_read_text_permission_denied
[INFO] [stdout] 
[INFO] [stdout] test result: FAILED. 34 passed; 1 failed; 0 ignored; 0 measured; 0 filtered out; finished in 0.02s
[INFO] [stdout] 
[INFO] [stderr] error: test failed, to rerun pass `--lib`
[INFO] running `Command { std: "docker" "inspect" "9dc90d1ddc3295025a4228e80797c3a6b66d3992f03a8e0d88a60f33f6104fa7", kill_on_drop: false }`
[INFO] running `Command { std: "docker" "rm" "-f" "9dc90d1ddc3295025a4228e80797c3a6b66d3992f03a8e0d88a60f33f6104fa7", kill_on_drop: false }`
[INFO] [stdout] 9dc90d1ddc3295025a4228e80797c3a6b66d3992f03a8e0d88a60f33f6104fa7
