[INFO] fetching crate sails-client-gen-v2 2.0.0...
[INFO] testing sails-client-gen-v2-2.0.0 against 1.100.0-beta.1+cargoflags=--release for beta-release-1.100-2
[INFO] extracting crate sails-client-gen-v2 2.0.0 into /workspace/builds/worker-4-tc2/source
[INFO] started tweaking crates.io crate sails-client-gen-v2 2.0.0
[INFO] removed 0 missing tests
[INFO] finished tweaking crates.io crate sails-client-gen-v2 2.0.0
[INFO] tweaked toml for crates.io crate sails-client-gen-v2 2.0.0 written to /workspace/builds/worker-4-tc2/source/Cargo.toml
[INFO] validating manifest of crates.io crate sails-client-gen-v2 2.0.0 on toolchain 1.100.0-beta.1
[INFO] running `Command { std: CARGO_HOME="/workspace/cargo-home" RUSTUP_HOME="/workspace/rustup-home" "/workspace/cargo-home/bin/cargo" "+1.100.0-beta.1" "metadata" "--manifest-path" "Cargo.toml" "--no-deps", kill_on_drop: false }`
[INFO] crate crates.io crate sails-client-gen-v2 2.0.0 already has a lockfile, it will not be regenerated
[INFO] running `Command { std: CARGO_HOME="/workspace/cargo-home" RUSTUP_HOME="/workspace/rustup-home" "/workspace/cargo-home/bin/cargo" "+1.100.0-beta.1" "fetch" "--manifest-path" "Cargo.toml", kill_on_drop: false }`
[INFO] running `Command { std: "docker" "create" "-v" "/var/lib/crater-agent-workspace/builds/worker-4-tc2/source:/opt/rustwide/workdir:ro,Z" "-v" "/var/lib/crater-agent-workspace/builds/worker-4-tc2/target:/opt/rustwide/target:rw,Z" "-v" "/var/lib/crater-agent-workspace/cargo-home:/opt/rustwide/cargo-home:ro,Z" "-v" "/var/lib/crater-agent-workspace/rustup-home:/opt/rustwide/rustup-home:ro,Z" "-m" "1610612736" "--network" "none" "ghcr.io/rust-lang/crates-build-env/linux@sha256:77db811e55d90add9212f6832c23229e3de5f1c1f9905e8cb07319ea15df73ac" "sleep" "infinity", kill_on_drop: false }`
[INFO] [stdout] 31395a752cc325d9e21438ccd805d56e5af0d7913e1cd0810f46f8ad56fedf47
[INFO] running `Command { std: "docker" "start" "31395a752cc325d9e21438ccd805d56e5af0d7913e1cd0810f46f8ad56fedf47", kill_on_drop: false }`
[INFO] running `Command { std: "docker" "inspect" "31395a752cc325d9e21438ccd805d56e5af0d7913e1cd0810f46f8ad56fedf47", kill_on_drop: false }`
[INFO] running `Command { std: "docker" "exec" "-e" "SOURCE_DIR=/opt/rustwide/workdir" "-e" "CARGO_HOME=/opt/rustwide/cargo-home" "-e" "RUSTUP_HOME=/opt/rustwide/rustup-home" "-e" "CARGO_TARGET_DIR=/opt/rustwide/target" "-w" "/opt/rustwide/workdir" "--user" "0:0" "31395a752cc325d9e21438ccd805d56e5af0d7913e1cd0810f46f8ad56fedf47" "/opt/rustwide/cargo-home/bin/cargo" "+1.100.0-beta.1" "metadata" "--no-deps" "--format-version=1", kill_on_drop: false }`
[INFO] running `Command { std: "docker" "inspect" "31395a752cc325d9e21438ccd805d56e5af0d7913e1cd0810f46f8ad56fedf47", kill_on_drop: false }`
[INFO] running `Command { std: "docker" "exec" "-e" "SOURCE_DIR=/opt/rustwide/workdir" "-e" "CARGO_HOME=/opt/rustwide/cargo-home" "-e" "RUSTUP_HOME=/opt/rustwide/rustup-home" "-e" "CARGO_TARGET_DIR=/opt/rustwide/target" "-e" "CARGO_INCREMENTAL=0" "-e" "RUST_BACKTRACE=full" "-e" "RUSTFLAGS=--cap-lints=warn" "-e" "RUSTDOCFLAGS=--cap-lints=warn" "-w" "/opt/rustwide/workdir" "--user" "0:0" "31395a752cc325d9e21438ccd805d56e5af0d7913e1cd0810f46f8ad56fedf47" "/opt/rustwide/cargo-home/bin/cargo" "+1.100.0-beta.1" "build" "--frozen" "--message-format=json" "--release", kill_on_drop: false }`
[INFO] [stderr]    Compiling proc-macro2 v1.0.106
[INFO] [stderr]    Compiling quote v1.0.45
[INFO] [stderr]    Compiling rustversion v1.0.22
[INFO] [stderr]    Compiling konst_macro_rules v0.2.19
[INFO] [stderr]    Compiling ucd-trie v0.1.7
[INFO] [stderr]    Compiling unicode-xid v0.2.6
[INFO] [stderr]    Compiling memchr v2.8.0
[INFO] [stderr]    Compiling libc v0.2.186
[INFO] [stderr]    Compiling getrandom v0.4.2
[INFO] [stderr]    Compiling rustix v1.1.4
[INFO] [stderr]    Compiling bitflags v2.11.1
[INFO] [stderr]    Compiling genco-macros v0.19.0
[INFO] [stderr]    Compiling arrayvec v0.7.6
[INFO] [stderr]    Compiling cfg-if v1.0.4
[INFO] [stderr]    Compiling paste v1.0.15
[INFO] [stderr]    Compiling thiserror v2.0.18
[INFO] [stderr]    Compiling byte-slice-cast v1.2.3
[INFO] [stderr]    Compiling konst v0.2.20
[INFO] [stderr]    Compiling fastrand v2.4.1
[INFO] [stderr]    Compiling anyhow v1.0.102
[INFO] [stderr]    Compiling keccak-const v0.2.0
[INFO] [stderr]    Compiling pest v2.8.6
[INFO] [stderr]    Compiling relative-path v1.9.3
[INFO] [stderr]    Compiling unicode-segmentation v1.13.2
[INFO] [stderr]    Compiling smallvec v1.15.1
[INFO] [stderr]    Compiling parity-scale-codec v3.7.5
[INFO] [stderr]    Compiling syn v2.0.117
[INFO] [stderr]    Compiling const_format_proc_macros v0.2.34
[INFO] [stderr]    Compiling convert_case v0.11.0
[INFO] [stderr]    Compiling const_format v0.2.36
[INFO] [stderr]    Compiling pest_meta v2.8.6
[INFO] [stderr]    Compiling tempfile v3.27.0
[INFO] [stderr]    Compiling pest_generator v2.8.6
[INFO] [stderr]    Compiling impl-trait-for-tuples v0.2.3
[INFO] [stderr]    Compiling thiserror-impl v2.0.18
[INFO] [stderr]    Compiling pest_derive v2.8.6
[INFO] [stderr]    Compiling genco v0.19.0
[INFO] [stderr]    Compiling sails-idl-ast v2.0.0
[INFO] [stderr]    Compiling sails-idl-parser-v2 v2.0.0
[INFO] [stderr]    Compiling sails-client-gen-v2 v2.0.0 (/opt/rustwide/workdir)
[INFO] [stderr]     Finished `release` profile [optimized] target(s) in 28.77s
[INFO] running `Command { std: "docker" "inspect" "31395a752cc325d9e21438ccd805d56e5af0d7913e1cd0810f46f8ad56fedf47", kill_on_drop: false }`
[INFO] running `Command { std: "docker" "exec" "-e" "SOURCE_DIR=/opt/rustwide/workdir" "-e" "CARGO_HOME=/opt/rustwide/cargo-home" "-e" "RUSTUP_HOME=/opt/rustwide/rustup-home" "-e" "CARGO_TARGET_DIR=/opt/rustwide/target" "-e" "CARGO_INCREMENTAL=0" "-e" "RUST_BACKTRACE=full" "-e" "RUSTFLAGS=--cap-lints=warn" "-e" "RUSTDOCFLAGS=--cap-lints=warn" "-w" "/opt/rustwide/workdir" "--user" "0:0" "31395a752cc325d9e21438ccd805d56e5af0d7913e1cd0810f46f8ad56fedf47" "/opt/rustwide/cargo-home/bin/cargo" "+1.100.0-beta.1" "test" "--frozen" "--no-run" "--message-format=json" "--release", kill_on_drop: false }`
[INFO] [stderr]    Compiling libc v0.2.186
[INFO] [stderr]    Compiling similar v2.7.0
[INFO] [stderr]    Compiling getrandom v0.4.2
[INFO] [stderr]    Compiling console v0.16.3
[INFO] [stderr]    Compiling tempfile v3.27.0
[INFO] [stderr]    Compiling sails-idl-parser-v2 v2.0.0
[INFO] [stderr]    Compiling insta v1.47.2
[INFO] [stderr]    Compiling sails-client-gen-v2 v2.0.0 (/opt/rustwide/workdir)
[INFO] [stderr]     Finished `release` profile [optimized] target(s) in 18.54s
[INFO] running `Command { std: "docker" "inspect" "31395a752cc325d9e21438ccd805d56e5af0d7913e1cd0810f46f8ad56fedf47", kill_on_drop: false }`
[INFO] running `Command { std: "docker" "exec" "-e" "SOURCE_DIR=/opt/rustwide/workdir" "-e" "CARGO_HOME=/opt/rustwide/cargo-home" "-e" "RUSTUP_HOME=/opt/rustwide/rustup-home" "-e" "CARGO_TARGET_DIR=/opt/rustwide/target" "-e" "CARGO_INCREMENTAL=0" "-e" "RUST_BACKTRACE=full" "-e" "RUSTFLAGS=--cap-lints=warn" "-e" "RUSTDOCFLAGS=--cap-lints=warn" "-w" "/opt/rustwide/workdir" "--user" "0:0" "31395a752cc325d9e21438ccd805d56e5af0d7913e1cd0810f46f8ad56fedf47" "/opt/rustwide/cargo-home/bin/cargo" "+1.100.0-beta.1" "test" "--frozen" "--release", kill_on_drop: false }`
[INFO] [stderr]     Finished `release` profile [optimized] target(s) in 0.08s
[INFO] [stderr]      Running unittests src/lib.rs (/opt/rustwide/target/release/build/sails-client-gen-v2/fe5cd2d414050ddf/out/sails_client_gen_v2-fe5cd2d414050ddf)
[INFO] [stderr]      Running tests/generator.rs (/opt/rustwide/target/release/build/sails-client-gen-v2/dd9d0909ee315a37/out/generator-dd9d0909ee315a37)
[INFO] [stdout] 
[INFO] [stdout] running 3 tests
[INFO] [stdout] test tests::test_git_include_demo ... ignored
[INFO] [stdout] test tests::test_resolve_idl_from_path ... ok
[INFO] [stdout] test tests::test_resolve_nested_idl ... ok
[INFO] [stdout] 
[INFO] [stdout] test result: ok. 2 passed; 0 failed; 1 ignored; 0 measured; 0 filtered out; finished in 0.00s
[INFO] [stdout] 
[INFO] [stdout] 
[INFO] [stdout] running 11 tests
[INFO] [stderr] error: 'rustfmt' is not installed for the toolchain '1.100.0-beta.1-x86_64-unknown-linux-gnu'.
[INFO] [stderr] help: run `rustup component add --toolchain 1.100.0-beta.1-x86_64-unknown-linux-gnu rustfmt` to install it
[INFO] [stdout] test test_aliases_works ... FAILED
[INFO] [stderr] error: 'rustfmt' is not installed for the toolchain '1.100.0-beta.1-x86_64-unknown-linux-gnu'.
[INFO] [stderr] help: run `rustup component add --toolchain 1.100.0-beta.1-x86_64-unknown-linux-gnu rustfmt` to install it
[INFO] [stderr] error: 'rustfmt' is not installed for the toolchain '1.100.0-beta.1-x86_64-unknown-linux-gnu'.
[INFO] [stdout] test codec_selection ... FAILED
[INFO] [stderr] help: run `rustup component add --toolchain 1.100.0-beta.1-x86_64-unknown-linux-gnu rustfmt` to install it
[INFO] [stderr] error: 'rustfmt' is not installed for the toolchain '1.100.0-beta.1-x86_64-unknown-linux-gnu'.
[INFO] [stderr] help: run `rustup component add --toolchain 1.100.0-beta.1-x86_64-unknown-linux-gnu rustfmt` to install it
[INFO] [stderr] error: 'rustfmt' is not installed for the toolchain '1.100.0-beta.1-x86_64-unknown-linux-gnu'.
[INFO] [stderr] help: run `rustup component add --toolchain 1.100.0-beta.1-x86_64-unknown-linux-gnu rustfmt` to install it
[INFO] [stderr] error: 'rustfmt' is not installed for the toolchain '1.100.0-beta.1-x86_64-unknown-linux-gnu'.
[INFO] [stderr] help: run `rustup component add --toolchain 1.100.0-beta.1-x86_64-unknown-linux-gnu rustfmt` to install it
[INFO] [stdout] test test_events_works ... FAILED
[INFO] [stdout] test test_multiple_services ... FAILED
[INFO] [stdout] test test_basic_works ... FAILED
[INFO] [stdout] test full_with_sails_path ... FAILED
[INFO] [stderr] error: 'rustfmt' is not installed for the toolchain '1.100.0-beta.1-x86_64-unknown-linux-gnu'.
[INFO] [stderr] help: run `rustup component add --toolchain 1.100.0-beta.1-x86_64-unknown-linux-gnu rustfmt` to install it
[INFO] [stdout] test test_external_types ... FAILED
[INFO] [stderr] error: 'rustfmt' is not installed for the toolchain '1.100.0-beta.1-x86_64-unknown-linux-gnu'.
[INFO] [stderr] help: run `rustup component add --toolchain 1.100.0-beta.1-x86_64-unknown-linux-gnu rustfmt` to install it
[INFO] [stdout] test test_partial_idl_with_entry_id ... FAILED
[INFO] [stderr] error: 'rustfmt' is not installed for the toolchain '1.100.0-beta.1-x86_64-unknown-linux-gnu'.
[INFO] [stderr] help: run `rustup component add --toolchain 1.100.0-beta.1-x86_64-unknown-linux-gnu rustfmt` to install it
[INFO] [stdout] test test_rmrk_works ... FAILED
[INFO] [stderr] error: 'rustfmt' is not installed for the toolchain '1.100.0-beta.1-x86_64-unknown-linux-gnu'.
[INFO] [stderr] help: run `rustup component add --toolchain 1.100.0-beta.1-x86_64-unknown-linux-gnu rustfmt` to install it
[INFO] [stderr] error: 'rustfmt' is not installed for the toolchain '1.100.0-beta.1-x86_64-unknown-linux-gnu'.
[INFO] [stdout] test test_complex_type_generation_works ... FAILED
[INFO] [stderr] help: run `rustup component add --toolchain 1.100.0-beta.1-x86_64-unknown-linux-gnu rustfmt` to install it
[INFO] [stdout] test test_scope_resolution ... FAILED
[INFO] [stdout] 
[INFO] [stdout] failures:
[INFO] [stdout] 
[INFO] [stdout] ---- test_aliases_works stdout ----
[INFO] [stdout] 
[INFO] [stdout] thread 'test_aliases_works' (1378) panicked at src/lib.rs:210:9:
[INFO] [stdout] rustfmt failed with status: exit status: 1
[INFO] [stdout] 
[INFO] [stdout] stack backtrace:
[INFO] [stdout]    0:     0x5661403c3531 - <<std[617be2ca0a6fd877]::sys::backtrace::BacktraceLock>::print::DisplayBacktrace as core[a373ad73a504971]::fmt::Display>::fmt
[INFO] [stdout]    1:     0x5661403daeca - core[a373ad73a504971]::fmt::write
[INFO] [stdout]    2:     0x5661403c81bc - <alloc[2e1b2a31b91974c5]::vec::Vec<u8> as core[a373ad73a504971]::io::write::Write>::write_fmt
[INFO] [stdout]    3:     0x56614039c276 - std[617be2ca0a6fd877]::panicking::default_hook::{closure#0}
[INFO] [stdout]    4:     0x5661403ba649 - std[617be2ca0a6fd877]::panicking::default_hook
[INFO] [stdout]    5:     0x5661402d7e10 - test[aada8e7e76ba119b]::test_main_inner::{closure#0}
[INFO] [stdout]    6:     0x5661403ba802 - std[617be2ca0a6fd877]::panicking::panic_with_hook
[INFO] [stdout]    7:     0x56614039c322 - std[617be2ca0a6fd877]::panicking::panic_handler::{closure#0}
[INFO] [stdout]    8:     0x5661403945c9 - std[617be2ca0a6fd877]::sys::backtrace::__rust_end_short_backtrace::<std[617be2ca0a6fd877]::panicking::panic_handler::{closure#0}, !>
[INFO] [stdout]    9:     0x56614039d0dd - __rustc[ea4f61d10b84890b]::rust_begin_unwind
[INFO] [stdout]   10:     0x5661403db62c - core[a373ad73a504971]::panicking::panic_fmt
[INFO] [stdout]   11:     0x56614030e269 - <sails_client_gen_v2[715cc01c9e491513]::ClientGenerator<sails_client_gen_v2[715cc01c9e491513]::IdlString>>::generate
[INFO] [stdout]   12:     0x566140260920 - generator[82b9348188ff4b14]::gen_client
[INFO] [stdout]   13:     0x566140261c88 - <generator[82b9348188ff4b14]::test_aliases_works::{closure#0} as core[a373ad73a504971]::ops::function::FnOnce<()>>::call_once
[INFO] [stdout]   14:     0x5661402cb25b - test[aada8e7e76ba119b]::__rust_begin_short_backtrace::<core[a373ad73a504971]::result::Result<(), alloc[2e1b2a31b91974c5]::string::String>, fn() -> core[a373ad73a504971]::result::Result<(), alloc[2e1b2a31b91974c5]::string::String>>
[INFO] [stdout]   15:     0x5661402d8435 - test[aada8e7e76ba119b]::run_test::{closure#0}
[INFO] [stdout]   16:     0x5661402d1d24 - std[617be2ca0a6fd877]::sys::backtrace::__rust_begin_short_backtrace::<test[aada8e7e76ba119b]::run_test::{closure#1}, ()>
[INFO] [stdout]   17:     0x5661402db4c2 - <std[617be2ca0a6fd877]::thread::lifecycle::spawn_unchecked<test[aada8e7e76ba119b]::run_test::{closure#1}, ()>::{closure#1} as core[a373ad73a504971]::ops::function::FnOnce<()>>::call_once::{shim:vtable#0}
[INFO] [stdout]   18:     0x5661403c250f - <std[617be2ca0a6fd877]::sys::thread::unix::Thread>::new::thread_start
[INFO] [stdout]   19:     0x753165f5edfa - <unknown>
[INFO] [stdout]   20:     0x753165ff23d4 - clone
[INFO] [stdout]   21:                0x0 - <unknown>
[INFO] [stdout] 
[INFO] [stdout] ---- codec_selection stdout ----
[INFO] [stdout] 
[INFO] [stdout] thread 'codec_selection' (1376) panicked at src/lib.rs:210:9:
[INFO] [stdout] rustfmt failed with status: exit status: 1
[INFO] [stdout] 
[INFO] [stdout] stack backtrace:
[INFO] [stdout]    0:     0x5661403c3531 - <<std[617be2ca0a6fd877]::sys::backtrace::BacktraceLock>::print::DisplayBacktrace as core[a373ad73a504971]::fmt::Display>::fmt
[INFO] [stdout]    1:     0x5661403daeca - core[a373ad73a504971]::fmt::write
[INFO] [stdout]    2:     0x5661403c81bc - <alloc[2e1b2a31b91974c5]::vec::Vec<u8> as core[a373ad73a504971]::io::write::Write>::write_fmt
[INFO] [stdout]    3:     0x56614039c276 - std[617be2ca0a6fd877]::panicking::default_hook::{closure#0}
[INFO] [stdout]    4:     0x5661403ba649 - std[617be2ca0a6fd877]::panicking::default_hook
[INFO] [stdout]    5:     0x5661402d7e10 - test[aada8e7e76ba119b]::test_main_inner::{closure#0}
[INFO] [stdout]    6:     0x5661403ba802 - std[617be2ca0a6fd877]::panicking::panic_with_hook
[INFO] [stdout]    7:     0x56614039c322 - std[617be2ca0a6fd877]::panicking::panic_handler::{closure#0}
[INFO] [stdout]    8:     0x5661403945c9 - std[617be2ca0a6fd877]::sys::backtrace::__rust_end_short_backtrace::<std[617be2ca0a6fd877]::panicking::panic_handler::{closure#0}, !>
[INFO] [stdout]    9:     0x56614039d0dd - __rustc[ea4f61d10b84890b]::rust_begin_unwind
[INFO] [stdout]   10:     0x5661403db62c - core[a373ad73a504971]::panicking::panic_fmt
[INFO] [stdout]   11:     0x56614030e269 - <sails_client_gen_v2[715cc01c9e491513]::ClientGenerator<sails_client_gen_v2[715cc01c9e491513]::IdlString>>::generate
[INFO] [stdout]   12:     0x566140260920 - generator[82b9348188ff4b14]::gen_client
[INFO] [stdout]   13:     0x5661402612cc - <generator[82b9348188ff4b14]::codec_selection::{closure#0} as core[a373ad73a504971]::ops::function::FnOnce<()>>::call_once
[INFO] [stdout]   14:     0x5661402cb25b - test[aada8e7e76ba119b]::__rust_begin_short_backtrace::<core[a373ad73a504971]::result::Result<(), alloc[2e1b2a31b91974c5]::string::String>, fn() -> core[a373ad73a504971]::result::Result<(), alloc[2e1b2a31b91974c5]::string::String>>
[INFO] [stdout]   15:     0x5661402d8435 - test[aada8e7e76ba119b]::run_test::{closure#0}
[INFO] [stdout]   16:     0x5661402d1d24 - std[617be2ca0a6fd877]::sys::backtrace::__rust_begin_short_backtrace::<test[aada8e7e76ba119b]::run_test::{closure#1}, ()>
[INFO] [stdout]   17:     0x5661402db4c2 - <std[617be2ca0a6fd877]::thread::lifecycle::spawn_unchecked<test[aada8e7e76ba119b]::run_test::{closure#1}, ()>::{closure#1} as core[a373ad73a504971]::ops::function::FnOnce<()>>::call_once::{shim:vtable#0}
[INFO] [stdout]   18:     0x5661403c250f - <std[617be2ca0a6fd877]::sys::thread::unix::Thread>::new::thread_start
[INFO] [stdout]   19:     0x753165f5edfa - <unknown>
[INFO] [stdout]   20:     0x753165ff23d4 - clone
[INFO] [stdout]   21:                0x0 - <unknown>
[INFO] [stdout] 
[INFO] [stdout] ---- test_events_works stdout ----
[INFO] [stdout] 
[INFO] [stdout] thread 'test_events_works' (1381) panicked at src/lib.rs:210:9:
[INFO] [stdout] rustfmt failed with status: exit status: 1
[INFO] [stdout] 
[INFO] [stdout] stack backtrace:
[INFO] [stdout]    0:     0x5661403c3531 - <<std[617be2ca0a6fd877]::sys::backtrace::BacktraceLock>::print::DisplayBacktrace as core[a373ad73a504971]::fmt::Display>::fmt
[INFO] [stdout]    1:     0x5661403daeca - core[a373ad73a504971]::fmt::write
[INFO] [stdout]    2:     0x5661403c81bc - <alloc[2e1b2a31b91974c5]::vec::Vec<u8> as core[a373ad73a504971]::io::write::Write>::write_fmt
[INFO] [stdout]    3:     0x56614039c276 - std[617be2ca0a6fd877]::panicking::default_hook::{closure#0}
[INFO] [stdout]    4:     0x5661403ba649 - std[617be2ca0a6fd877]::panicking::default_hook
[INFO] [stdout]    5:     0x5661402d7e10 - test[aada8e7e76ba119b]::test_main_inner::{closure#0}
[INFO] [stdout]    6:     0x5661403ba802 - std[617be2ca0a6fd877]::panicking::panic_with_hook
[INFO] [stdout]    7:     0x56614039c322 - std[617be2ca0a6fd877]::panicking::panic_handler::{closure#0}
[INFO] [stdout]    8:     0x5661403945c9 - std[617be2ca0a6fd877]::sys::backtrace::__rust_end_short_backtrace::<std[617be2ca0a6fd877]::panicking::panic_handler::{closure#0}, !>
[INFO] [stdout]    9:     0x56614039d0dd - __rustc[ea4f61d10b84890b]::rust_begin_unwind
[INFO] [stdout]   10:     0x5661403db62c - core[a373ad73a504971]::panicking::panic_fmt
[INFO] [stdout]   11:     0x56614030e269 - <sails_client_gen_v2[715cc01c9e491513]::ClientGenerator<sails_client_gen_v2[715cc01c9e491513]::IdlString>>::generate
[INFO] [stdout]   12:     0x566140260920 - generator[82b9348188ff4b14]::gen_client
[INFO] [stdout]   13:     0x566140261a88 - <generator[82b9348188ff4b14]::test_events_works::{closure#0} as core[a373ad73a504971]::ops::function::FnOnce<()>>::call_once
[INFO] [stdout]   14:     0x5661402cb25b - test[aada8e7e76ba119b]::__rust_begin_short_backtrace::<core[a373ad73a504971]::result::Result<(), alloc[2e1b2a31b91974c5]::string::String>, fn() -> core[a373ad73a504971]::result::Result<(), alloc[2e1b2a31b91974c5]::string::String>>
[INFO] [stdout]   15:     0x5661402d8435 - test[aada8e7e76ba119b]::run_test::{closure#0}
[INFO] [stdout]   16:     0x5661402d1d24 - std[617be2ca0a6fd877]::sys::backtrace::__rust_begin_short_backtrace::<test[aada8e7e76ba119b]::run_test::{closure#1}, ()>
[INFO] [stdout]   17:     0x5661402db4c2 - <std[617be2ca0a6fd877]::thread::lifecycle::spawn_unchecked<test[aada8e7e76ba119b]::run_test::{closure#1}, ()>::{closure#1} as core[a373ad73a504971]::ops::function::FnOnce<()>>::call_once::{shim:vtable#0}
[INFO] [stderr] error: test failed, to rerun pass `--test generator`
[INFO] [stdout]   18:     0x5661403c250f - <std[617be2ca0a6fd877]::sys::thread::unix::Thread>::new::thread_start
[INFO] [stdout]   19:     0x753165f5edfa - <unknown>
[INFO] [stdout]   20:     0x753165ff23d4 - clone
[INFO] [stdout]   21:                0x0 - <unknown>
[INFO] [stdout] 
[INFO] [stdout] ---- test_multiple_services stdout ----
[INFO] [stdout] 
[INFO] [stdout] thread 'test_multiple_services' (1383) panicked at src/lib.rs:210:9:
[INFO] [stdout] rustfmt failed with status: exit status: 1
[INFO] [stdout] 
[INFO] [stdout] stack backtrace:
[INFO] [stdout]    0:     0x5661403c3531 - <<std[617be2ca0a6fd877]::sys::backtrace::BacktraceLock>::print::DisplayBacktrace as core[a373ad73a504971]::fmt::Display>::fmt
[INFO] [stdout]    1:     0x5661403daeca - core[a373ad73a504971]::fmt::write
[INFO] [stdout]    2:     0x5661403c81bc - <alloc[2e1b2a31b91974c5]::vec::Vec<u8> as core[a373ad73a504971]::io::write::Write>::write_fmt
[INFO] [stdout]    3:     0x56614039c276 - std[617be2ca0a6fd877]::panicking::default_hook::{closure#0}
[INFO] [stdout]    4:     0x5661403ba649 - std[617be2ca0a6fd877]::panicking::default_hook
[INFO] [stdout]    5:     0x5661402d7e10 - test[aada8e7e76ba119b]::test_main_inner::{closure#0}
[INFO] [stdout]    6:     0x5661403ba802 - std[617be2ca0a6fd877]::panicking::panic_with_hook
[INFO] [stdout]    7:     0x56614039c322 - std[617be2ca0a6fd877]::panicking::panic_handler::{closure#0}
[INFO] [stdout]    8:     0x5661403945c9 - std[617be2ca0a6fd877]::sys::backtrace::__rust_end_short_backtrace::<std[617be2ca0a6fd877]::panicking::panic_handler::{closure#0}, !>
[INFO] [stdout]    9:     0x56614039d0dd - __rustc[ea4f61d10b84890b]::rust_begin_unwind
[INFO] [stdout]   10:     0x5661403db62c - core[a373ad73a504971]::panicking::panic_fmt
[INFO] [stdout]   11:     0x56614030e269 - <sails_client_gen_v2[715cc01c9e491513]::ClientGenerator<sails_client_gen_v2[715cc01c9e491513]::IdlString>>::generate
[INFO] [stdout]   12:     0x566140260920 - generator[82b9348188ff4b14]::gen_client
[INFO] [stdout]   13:     0x566140262768 - <generator[82b9348188ff4b14]::test_multiple_services::{closure#0} as core[a373ad73a504971]::ops::function::FnOnce<()>>::call_once
[INFO] [stdout]   14:     0x5661402cb25b - test[aada8e7e76ba119b]::__rust_begin_short_backtrace::<core[a373ad73a504971]::result::Result<(), alloc[2e1b2a31b91974c5]::string::String>, fn() -> core[a373ad73a504971]::result::Result<(), alloc[2e1b2a31b91974c5]::string::String>>
[INFO] [stdout]   15:     0x5661402d8435 - test[aada8e7e76ba119b]::run_test::{closure#0}
[INFO] [stdout]   16:     0x5661402d1d24 - std[617be2ca0a6fd877]::sys::backtrace::__rust_begin_short_backtrace::<test[aada8e7e76ba119b]::run_test::{closure#1}, ()>
[INFO] [stdout]   17:     0x5661402db4c2 - <std[617be2ca0a6fd877]::thread::lifecycle::spawn_unchecked<test[aada8e7e76ba119b]::run_test::{closure#1}, ()>::{closure#1} as core[a373ad73a504971]::ops::function::FnOnce<()>>::call_once::{shim:vtable#0}
[INFO] [stdout]   18:     0x5661403c250f - <std[617be2ca0a6fd877]::sys::thread::unix::Thread>::new::thread_start
[INFO] [stdout]   19:     0x753165f5edfa - <unknown>
[INFO] [stdout]   20:     0x753165ff23d4 - clone
[INFO] [stdout]   21:                0x0 - <unknown>
[INFO] [stdout] 
[INFO] [stdout] ---- test_basic_works stdout ----
[INFO] [stdout] 
[INFO] [stdout] thread 'test_basic_works' (1379) panicked at src/lib.rs:210:9:
[INFO] [stdout] rustfmt failed with status: exit status: 1
[INFO] [stdout] 
[INFO] [stdout] stack backtrace:
[INFO] [stdout]    0:     0x5661403c3531 - <<std[617be2ca0a6fd877]::sys::backtrace::BacktraceLock>::print::DisplayBacktrace as core[a373ad73a504971]::fmt::Display>::fmt
[INFO] [stdout]    1:     0x5661403daeca - core[a373ad73a504971]::fmt::write
[INFO] [stdout]    2:     0x5661403c81bc - <alloc[2e1b2a31b91974c5]::vec::Vec<u8> as core[a373ad73a504971]::io::write::Write>::write_fmt
[INFO] [stdout]    3:     0x56614039c276 - std[617be2ca0a6fd877]::panicking::default_hook::{closure#0}
[INFO] [stdout]    4:     0x5661403ba649 - std[617be2ca0a6fd877]::panicking::default_hook
[INFO] [stdout]    5:     0x5661402d7e10 - test[aada8e7e76ba119b]::test_main_inner::{closure#0}
[INFO] [stdout]    6:     0x5661403ba802 - std[617be2ca0a6fd877]::panicking::panic_with_hook
[INFO] [stdout]    7:     0x56614039c322 - std[617be2ca0a6fd877]::panicking::panic_handler::{closure#0}
[INFO] [stdout]    8:     0x5661403945c9 - std[617be2ca0a6fd877]::sys::backtrace::__rust_end_short_backtrace::<std[617be2ca0a6fd877]::panicking::panic_handler::{closure#0}, !>
[INFO] [stdout]    9:     0x56614039d0dd - __rustc[ea4f61d10b84890b]::rust_begin_unwind
[INFO] [stdout]   10:     0x5661403db62c - core[a373ad73a504971]::panicking::panic_fmt
[INFO] [stdout]   11:     0x56614030e269 - <sails_client_gen_v2[715cc01c9e491513]::ClientGenerator<sails_client_gen_v2[715cc01c9e491513]::IdlString>>::generate
[INFO] [stdout]   12:     0x566140260920 - generator[82b9348188ff4b14]::gen_client
[INFO] [stdout]   13:     0x566140261888 - <generator[82b9348188ff4b14]::test_basic_works::{closure#0} as core[a373ad73a504971]::ops::function::FnOnce<()>>::call_once
[INFO] [stdout]   14:     0x5661402cb25b - test[aada8e7e76ba119b]::__rust_begin_short_backtrace::<core[a373ad73a504971]::result::Result<(), alloc[2e1b2a31b91974c5]::string::String>, fn() -> core[a373ad73a504971]::result::Result<(), alloc[2e1b2a31b91974c5]::string::String>>
[INFO] [stdout]   15:     0x5661402d8435 - test[aada8e7e76ba119b]::run_test::{closure#0}
[INFO] [stdout]   16:     0x5661402d1d24 - std[617be2ca0a6fd877]::sys::backtrace::__rust_begin_short_backtrace::<test[aada8e7e76ba119b]::run_test::{closure#1}, ()>
[INFO] [stdout]   17:     0x5661402db4c2 - <std[617be2ca0a6fd877]::thread::lifecycle::spawn_unchecked<test[aada8e7e76ba119b]::run_test::{closure#1}, ()>::{closure#1} as core[a373ad73a504971]::ops::function::FnOnce<()>>::call_once::{shim:vtable#0}
[INFO] [stdout]   18:     0x5661403c250f - <std[617be2ca0a6fd877]::sys::thread::unix::Thread>::new::thread_start
[INFO] [stdout]   19:     0x753165f5edfa - <unknown>
[INFO] [stdout]   20:     0x753165ff23d4 - clone
[INFO] [stdout]   21:                0x0 - <unknown>
[INFO] [stdout] 
[INFO] [stdout] ---- full_with_sails_path stdout ----
[INFO] [stdout] 
[INFO] [stdout] thread 'full_with_sails_path' (1377) panicked at src/lib.rs:210:9:
[INFO] [stdout] rustfmt failed with status: exit status: 1
[INFO] [stdout] 
[INFO] [stdout] stack backtrace:
[INFO] [stdout]    0:     0x5661403c3531 - <<std[617be2ca0a6fd877]::sys::backtrace::BacktraceLock>::print::DisplayBacktrace as core[a373ad73a504971]::fmt::Display>::fmt
[INFO] [stdout]    1:     0x5661403daeca - core[a373ad73a504971]::fmt::write
[INFO] [stdout]    2:     0x5661403c81bc - <alloc[2e1b2a31b91974c5]::vec::Vec<u8> as core[a373ad73a504971]::io::write::Write>::write_fmt
[INFO] [stdout]    3:     0x56614039c276 - std[617be2ca0a6fd877]::panicking::default_hook::{closure#0}
[INFO] [stdout]    4:     0x5661403ba649 - std[617be2ca0a6fd877]::panicking::default_hook
[INFO] [stdout]    5:     0x5661402d7e10 - test[aada8e7e76ba119b]::test_main_inner::{closure#0}
[INFO] [stdout]    6:     0x5661403ba802 - std[617be2ca0a6fd877]::panicking::panic_with_hook
[INFO] [stdout]    7:     0x56614039c322 - std[617be2ca0a6fd877]::panicking::panic_handler::{closure#0}
[INFO] [stdout]    8:     0x5661403945c9 - std[617be2ca0a6fd877]::sys::backtrace::__rust_end_short_backtrace::<std[617be2ca0a6fd877]::panicking::panic_handler::{closure#0}, !>
[INFO] [stdout]    9:     0x56614039d0dd - __rustc[ea4f61d10b84890b]::rust_begin_unwind
[INFO] [stdout]   10:     0x5661403db62c - core[a373ad73a504971]::panicking::panic_fmt
[INFO] [stdout]   11:     0x56614030e269 - <sails_client_gen_v2[715cc01c9e491513]::ClientGenerator<sails_client_gen_v2[715cc01c9e491513]::IdlString>>::generate
[INFO] [stdout]   12:     0x5661402622d8 - <generator[82b9348188ff4b14]::full_with_sails_path::{closure#0} as core[a373ad73a504971]::ops::function::FnOnce<()>>::call_once
[INFO] [stdout]   13:     0x5661402cb25b - test[aada8e7e76ba119b]::__rust_begin_short_backtrace::<core[a373ad73a504971]::result::Result<(), alloc[2e1b2a31b91974c5]::string::String>, fn() -> core[a373ad73a504971]::result::Result<(), alloc[2e1b2a31b91974c5]::string::String>>
[INFO] [stdout]   14:     0x5661402d8435 - test[aada8e7e76ba119b]::run_test::{closure#0}
[INFO] [stdout]   15:     0x5661402d1d24 - std[617be2ca0a6fd877]::sys::backtrace::__rust_begin_short_backtrace::<test[aada8e7e76ba119b]::run_test::{closure#1}, ()>
[INFO] [stdout]   16:     0x5661402db4c2 - <std[617be2ca0a6fd877]::thread::lifecycle::spawn_unchecked<test[aada8e7e76ba119b]::run_test::{closure#1}, ()>::{closure#1} as core[a373ad73a504971]::ops::function::FnOnce<()>>::call_once::{shim:vtable#0}
[INFO] [stdout]   17:     0x5661403c250f - <std[617be2ca0a6fd877]::sys::thread::unix::Thread>::new::thread_start
[INFO] [stdout]   18:     0x753165f5edfa - <unknown>
[INFO] [stdout]   19:     0x753165ff23d4 - clone
[INFO] [stdout]   20:                0x0 - <unknown>
[INFO] [stdout] 
[INFO] [stdout] ---- test_external_types stdout ----
[INFO] [stdout] 
[INFO] [stdout] thread 'test_external_types' (1382) panicked at src/lib.rs:210:9:
[INFO] [stdout] rustfmt failed with status: exit status: 1
[INFO] [stdout] 
[INFO] [stdout] stack backtrace:
[INFO] [stdout]    0:     0x5661403c3531 - <<std[617be2ca0a6fd877]::sys::backtrace::BacktraceLock>::print::DisplayBacktrace as core[a373ad73a504971]::fmt::Display>::fmt
[INFO] [stdout]    1:     0x5661403daeca - core[a373ad73a504971]::fmt::write
[INFO] [stdout]    2:     0x5661403c81bc - <alloc[2e1b2a31b91974c5]::vec::Vec<u8> as core[a373ad73a504971]::io::write::Write>::write_fmt
[INFO] [stdout]    3:     0x56614039c276 - std[617be2ca0a6fd877]::panicking::default_hook::{closure#0}
[INFO] [stdout]    4:     0x5661403ba649 - std[617be2ca0a6fd877]::panicking::default_hook
[INFO] [stdout]    5:     0x5661402d7e10 - test[aada8e7e76ba119b]::test_main_inner::{closure#0}
[INFO] [stdout]    6:     0x5661403ba802 - std[617be2ca0a6fd877]::panicking::panic_with_hook
[INFO] [stdout]    7:     0x56614039c322 - std[617be2ca0a6fd877]::panicking::panic_handler::{closure#0}
[INFO] [stdout]    8:     0x5661403945c9 - std[617be2ca0a6fd877]::sys::backtrace::__rust_end_short_backtrace::<std[617be2ca0a6fd877]::panicking::panic_handler::{closure#0}, !>
[INFO] [stdout]    9:     0x56614039d0dd - __rustc[ea4f61d10b84890b]::rust_begin_unwind
[INFO] [stdout]   10:     0x5661403db62c - core[a373ad73a504971]::panicking::panic_fmt
[INFO] [stdout]   11:     0x56614030e269 - <sails_client_gen_v2[715cc01c9e491513]::ClientGenerator<sails_client_gen_v2[715cc01c9e491513]::IdlString>>::generate
[INFO] [stdout]   12:     0x566140261fbb - <generator[82b9348188ff4b14]::test_external_types::{closure#0} as core[a373ad73a504971]::ops::function::FnOnce<()>>::call_once
[INFO] [stdout]   13:     0x5661402cb25b - test[aada8e7e76ba119b]::__rust_begin_short_backtrace::<core[a373ad73a504971]::result::Result<(), alloc[2e1b2a31b91974c5]::string::String>, fn() -> core[a373ad73a504971]::result::Result<(), alloc[2e1b2a31b91974c5]::string::String>>
[INFO] [stdout]   14:     0x5661402d8435 - test[aada8e7e76ba119b]::run_test::{closure#0}
[INFO] [stdout]   15:     0x5661402d1d24 - std[617be2ca0a6fd877]::sys::backtrace::__rust_begin_short_backtrace::<test[aada8e7e76ba119b]::run_test::{closure#1}, ()>
[INFO] [stdout]   16:     0x5661402db4c2 - <std[617be2ca0a6fd877]::thread::lifecycle::spawn_unchecked<test[aada8e7e76ba119b]::run_test::{closure#1}, ()>::{closure#1} as core[a373ad73a504971]::ops::function::FnOnce<()>>::call_once::{shim:vtable#0}
[INFO] [stdout]   17:     0x5661403c250f - <std[617be2ca0a6fd877]::sys::thread::unix::Thread>::new::thread_start
[INFO] [stdout]   18:     0x753165f5edfa - <unknown>
[INFO] [stdout]   19:     0x753165ff23d4 - clone
[INFO] [stdout]   20:                0x0 - <unknown>
[INFO] [stdout] 
[INFO] [stdout] ---- test_partial_idl_with_entry_id stdout ----
[INFO] [stdout] 
[INFO] [stdout] thread 'test_partial_idl_with_entry_id' (1384) panicked at src/lib.rs:210:9:
[INFO] [stdout] rustfmt failed with status: exit status: 1
[INFO] [stdout] 
[INFO] [stdout] stack backtrace:
[INFO] [stdout]    0:     0x5661403c3531 - <<std[617be2ca0a6fd877]::sys::backtrace::BacktraceLock>::print::DisplayBacktrace as core[a373ad73a504971]::fmt::Display>::fmt
[INFO] [stdout]    1:     0x5661403daeca - core[a373ad73a504971]::fmt::write
[INFO] [stdout]    2:     0x5661403c81bc - <alloc[2e1b2a31b91974c5]::vec::Vec<u8> as core[a373ad73a504971]::io::write::Write>::write_fmt
[INFO] [stdout]    3:     0x56614039c276 - std[617be2ca0a6fd877]::panicking::default_hook::{closure#0}
[INFO] [stdout]    4:     0x5661403ba649 - std[617be2ca0a6fd877]::panicking::default_hook
[INFO] [stdout]    5:     0x5661402d7e10 - test[aada8e7e76ba119b]::test_main_inner::{closure#0}
[INFO] [stdout]    6:     0x5661403ba802 - std[617be2ca0a6fd877]::panicking::panic_with_hook
[INFO] [stdout]    7:     0x56614039c322 - std[617be2ca0a6fd877]::panicking::panic_handler::{closure#0}
[INFO] [stdout]    8:     0x5661403945c9 - std[617be2ca0a6fd877]::sys::backtrace::__rust_end_short_backtrace::<std[617be2ca0a6fd877]::panicking::panic_handler::{closure#0}, !>
[INFO] [stdout]    9:     0x56614039d0dd - __rustc[ea4f61d10b84890b]::rust_begin_unwind
[INFO] [stdout]   10:     0x5661403db62c - core[a373ad73a504971]::panicking::panic_fmt
[INFO] [stdout]   11:     0x56614030e269 - <sails_client_gen_v2[715cc01c9e491513]::ClientGenerator<sails_client_gen_v2[715cc01c9e491513]::IdlString>>::generate
[INFO] [stdout]   12:     0x566140260920 - generator[82b9348188ff4b14]::gen_client
[INFO] [stdout]   13:     0x566140262968 - <generator[82b9348188ff4b14]::test_partial_idl_with_entry_id::{closure#0} as core[a373ad73a504971]::ops::function::FnOnce<()>>::call_once
[INFO] [stdout]   14:     0x5661402cb25b - test[aada8e7e76ba119b]::__rust_begin_short_backtrace::<core[a373ad73a504971]::result::Result<(), alloc[2e1b2a31b91974c5]::string::String>, fn() -> core[a373ad73a504971]::result::Result<(), alloc[2e1b2a31b91974c5]::string::String>>
[INFO] [stdout]   15:     0x5661402d8435 - test[aada8e7e76ba119b]::run_test::{closure#0}
[INFO] [stdout]   16:     0x5661402d1d24 - std[617be2ca0a6fd877]::sys::backtrace::__rust_begin_short_backtrace::<test[aada8e7e76ba119b]::run_test::{closure#1}, ()>
[INFO] [stdout]   17:     0x5661402db4c2 - <std[617be2ca0a6fd877]::thread::lifecycle::spawn_unchecked<test[aada8e7e76ba119b]::run_test::{closure#1}, ()>::{closure#1} as core[a373ad73a504971]::ops::function::FnOnce<()>>::call_once::{shim:vtable#0}
[INFO] [stdout]   18:     0x5661403c250f - <std[617be2ca0a6fd877]::sys::thread::unix::Thread>::new::thread_start
[INFO] [stdout]   19:     0x753165f5edfa - <unknown>
[INFO] [stdout]   20:     0x753165ff23d4 - clone
[INFO] [stdout]   21:                0x0 - <unknown>
[INFO] [stdout] 
[INFO] [stdout] ---- test_rmrk_works stdout ----
[INFO] [stdout] 
[INFO] [stdout] thread 'test_rmrk_works' (1385) panicked at src/lib.rs:210:9:
[INFO] [stdout] rustfmt failed with status: exit status: 1
[INFO] [stdout] 
[INFO] [stdout] stack backtrace:
[INFO] [stdout]    0:     0x5661403c3531 - <<std[617be2ca0a6fd877]::sys::backtrace::BacktraceLock>::print::DisplayBacktrace as core[a373ad73a504971]::fmt::Display>::fmt
[INFO] [stdout]    1:     0x5661403daeca - core[a373ad73a504971]::fmt::write
[INFO] [stdout]    2:     0x5661403c81bc - <alloc[2e1b2a31b91974c5]::vec::Vec<u8> as core[a373ad73a504971]::io::write::Write>::write_fmt
[INFO] [stdout]    3:     0x56614039c276 - std[617be2ca0a6fd877]::panicking::default_hook::{closure#0}
[INFO] [stdout]    4:     0x5661403ba649 - std[617be2ca0a6fd877]::panicking::default_hook
[INFO] [stdout]    5:     0x5661402d7e10 - test[aada8e7e76ba119b]::test_main_inner::{closure#0}
[INFO] [stdout]    6:     0x5661403ba802 - std[617be2ca0a6fd877]::panicking::panic_with_hook
[INFO] [stdout]    7:     0x56614039c322 - std[617be2ca0a6fd877]::panicking::panic_handler::{closure#0}
[INFO] [stdout]    8:     0x5661403945c9 - std[617be2ca0a6fd877]::sys::backtrace::__rust_end_short_backtrace::<std[617be2ca0a6fd877]::panicking::panic_handler::{closure#0}, !>
[INFO] [stdout]    9:     0x56614039d0dd - __rustc[ea4f61d10b84890b]::rust_begin_unwind
[INFO] [stdout]   10:     0x5661403db62c - core[a373ad73a504971]::panicking::panic_fmt
[INFO] [stdout]   11:     0x56614030e269 - <sails_client_gen_v2[715cc01c9e491513]::ClientGenerator<sails_client_gen_v2[715cc01c9e491513]::IdlString>>::generate
[INFO] [stdout]   12:     0x566140260920 - generator[82b9348188ff4b14]::gen_client
[INFO] [stdout]   13:     0x566140261688 - <generator[82b9348188ff4b14]::test_rmrk_works::{closure#0} as core[a373ad73a504971]::ops::function::FnOnce<()>>::call_once
[INFO] [stdout]   14:     0x5661402cb25b - test[aada8e7e76ba119b]::__rust_begin_short_backtrace::<core[a373ad73a504971]::result::Result<(), alloc[2e1b2a31b91974c5]::string::String>, fn() -> core[a373ad73a504971]::result::Result<(), alloc[2e1b2a31b91974c5]::string::String>>
[INFO] [stdout]   15:     0x5661402d8435 - test[aada8e7e76ba119b]::run_test::{closure#0}
[INFO] [stdout]   16:     0x5661402d1d24 - std[617be2ca0a6fd877]::sys::backtrace::__rust_begin_short_backtrace::<test[aada8e7e76ba119b]::run_test::{closure#1}, ()>
[INFO] [stdout]   17:     0x5661402db4c2 - <std[617be2ca0a6fd877]::thread::lifecycle::spawn_unchecked<test[aada8e7e76ba119b]::run_test::{closure#1}, ()>::{closure#1} as core[a373ad73a504971]::ops::function::FnOnce<()>>::call_once::{shim:vtable#0}
[INFO] [stdout]   18:     0x5661403c250f - <std[617be2ca0a6fd877]::sys::thread::unix::Thread>::new::thread_start
[INFO] [stdout]   19:     0x753165f5edfa - <unknown>
[INFO] [stdout]   20:     0x753165ff23d4 - clone
[INFO] [stdout]   21:                0x0 - <unknown>
[INFO] [stdout] 
[INFO] [stdout] ---- test_complex_type_generation_works stdout ----
[INFO] [stdout] 
[INFO] [stdout] thread 'test_complex_type_generation_works' (1380) panicked at src/lib.rs:210:9:
[INFO] [stdout] rustfmt failed with status: exit status: 1
[INFO] [stdout] 
[INFO] [stdout] stack backtrace:
[INFO] [stdout]    0:     0x5661403c3531 - <<std[617be2ca0a6fd877]::sys::backtrace::BacktraceLock>::print::DisplayBacktrace as core[a373ad73a504971]::fmt::Display>::fmt
[INFO] [stdout]    1:     0x5661403daeca - core[a373ad73a504971]::fmt::write
[INFO] [stdout]    2:     0x5661403c81bc - <alloc[2e1b2a31b91974c5]::vec::Vec<u8> as core[a373ad73a504971]::io::write::Write>::write_fmt
[INFO] [stdout]    3:     0x56614039c276 - std[617be2ca0a6fd877]::panicking::default_hook::{closure#0}
[INFO] [stdout]    4:     0x5661403ba649 - std[617be2ca0a6fd877]::panicking::default_hook
[INFO] [stdout]    5:     0x5661402d7e10 - test[aada8e7e76ba119b]::test_main_inner::{closure#0}
[INFO] [stdout]    6:     0x5661403ba802 - std[617be2ca0a6fd877]::panicking::panic_with_hook
[INFO] [stdout]    7:     0x56614039c322 - std[617be2ca0a6fd877]::panicking::panic_handler::{closure#0}
[INFO] [stdout]    8:     0x5661403945c9 - std[617be2ca0a6fd877]::sys::backtrace::__rust_end_short_backtrace::<std[617be2ca0a6fd877]::panicking::panic_handler::{closure#0}, !>
[INFO] [stdout]    9:     0x56614039d0dd - __rustc[ea4f61d10b84890b]::rust_begin_unwind
[INFO] [stdout]   10:     0x5661403db62c - core[a373ad73a504971]::panicking::panic_fmt
[INFO] [stdout]   11:     0x56614030e269 - <sails_client_gen_v2[715cc01c9e491513]::ClientGenerator<sails_client_gen_v2[715cc01c9e491513]::IdlString>>::generate
[INFO] [stdout]   12:     0x566140260920 - generator[82b9348188ff4b14]::gen_client
[INFO] [stdout]   13:     0x566140262b68 - <generator[82b9348188ff4b14]::test_complex_type_generation_works::{closure#0} as core[a373ad73a504971]::ops::function::FnOnce<()>>::call_once
[INFO] [stdout]   14:     0x5661402cb25b - test[aada8e7e76ba119b]::__rust_begin_short_backtrace::<core[a373ad73a504971]::result::Result<(), alloc[2e1b2a31b91974c5]::string::String>, fn() -> core[a373ad73a504971]::result::Result<(), alloc[2e1b2a31b91974c5]::string::String>>
[INFO] [stdout]   15:     0x5661402d8435 - test[aada8e7e76ba119b]::run_test::{closure#0}
[INFO] [stdout]   16:     0x5661402d1d24 - std[617be2ca0a6fd877]::sys::backtrace::__rust_begin_short_backtrace::<test[aada8e7e76ba119b]::run_test::{closure#1}, ()>
[INFO] [stdout]   17:     0x5661402db4c2 - <std[617be2ca0a6fd877]::thread::lifecycle::spawn_unchecked<test[aada8e7e76ba119b]::run_test::{closure#1}, ()>::{closure#1} as core[a373ad73a504971]::ops::function::FnOnce<()>>::call_once::{shim:vtable#0}
[INFO] [stdout]   18:     0x5661403c250f - <std[617be2ca0a6fd877]::sys::thread::unix::Thread>::new::thread_start
[INFO] [stdout]   19:     0x753165f5edfa - <unknown>
[INFO] [stdout]   20:     0x753165ff23d4 - clone
[INFO] [stdout]   21:                0x0 - <unknown>
[INFO] [stdout] 
[INFO] [stdout] ---- test_scope_resolution stdout ----
[INFO] [stdout] 
[INFO] [stdout] thread 'test_scope_resolution' (1386) panicked at src/lib.rs:210:9:
[INFO] [stdout] rustfmt failed with status: exit status: 1
[INFO] [stdout] 
[INFO] [stdout] stack backtrace:
[INFO] [stdout]    0:     0x5661403c3531 - <<std[617be2ca0a6fd877]::sys::backtrace::BacktraceLock>::print::DisplayBacktrace as core[a373ad73a504971]::fmt::Display>::fmt
[INFO] [stdout]    1:     0x5661403daeca - core[a373ad73a504971]::fmt::write
[INFO] [stdout]    2:     0x5661403c81bc - <alloc[2e1b2a31b91974c5]::vec::Vec<u8> as core[a373ad73a504971]::io::write::Write>::write_fmt
[INFO] [stdout]    3:     0x56614039c276 - std[617be2ca0a6fd877]::panicking::default_hook::{closure#0}
[INFO] [stdout]    4:     0x5661403ba649 - std[617be2ca0a6fd877]::panicking::default_hook
[INFO] [stdout]    5:     0x5661402d7e10 - test[aada8e7e76ba119b]::test_main_inner::{closure#0}
[INFO] [stdout]    6:     0x5661403ba802 - std[617be2ca0a6fd877]::panicking::panic_with_hook
[INFO] [stdout]    7:     0x56614039c322 - std[617be2ca0a6fd877]::panicking::panic_handler::{closure#0}
[INFO] [stdout]    8:     0x5661403945c9 - std[617be2ca0a6fd877]::sys::backtrace::__rust_end_short_backtrace::<std[617be2ca0a6fd877]::panicking::panic_handler::{closure#0}, !>
[INFO] [stdout]    9:     0x56614039d0dd - __rustc[ea4f61d10b84890b]::rust_begin_unwind
[INFO] [stdout]   10:     0x5661403db62c - core[a373ad73a504971]::panicking::panic_fmt
[INFO] [stdout]   11:     0x56614030e269 - <sails_client_gen_v2[715cc01c9e491513]::ClientGenerator<sails_client_gen_v2[715cc01c9e491513]::IdlString>>::generate
[INFO] [stdout]   12:     0x566140260920 - generator[82b9348188ff4b14]::gen_client
[INFO] [stdout]   13:     0x566140262568 - <generator[82b9348188ff4b14]::test_scope_resolution::{closure#0} as core[a373ad73a504971]::ops::function::FnOnce<()>>::call_once
[INFO] [stdout]   14:     0x5661402cb25b - test[aada8e7e76ba119b]::__rust_begin_short_backtrace::<core[a373ad73a504971]::result::Result<(), alloc[2e1b2a31b91974c5]::string::String>, fn() -> core[a373ad73a504971]::result::Result<(), alloc[2e1b2a31b91974c5]::string::String>>
[INFO] [stdout]   15:     0x5661402d8435 - test[aada8e7e76ba119b]::run_test::{closure#0}
[INFO] [stdout]   16:     0x5661402d1d24 - std[617be2ca0a6fd877]::sys::backtrace::__rust_begin_short_backtrace::<test[aada8e7e76ba119b]::run_test::{closure#1}, ()>
[INFO] [stdout]   17:     0x5661402db4c2 - <std[617be2ca0a6fd877]::thread::lifecycle::spawn_unchecked<test[aada8e7e76ba119b]::run_test::{closure#1}, ()>::{closure#1} as core[a373ad73a504971]::ops::function::FnOnce<()>>::call_once::{shim:vtable#0}
[INFO] [stdout]   18:     0x5661403c250f - <std[617be2ca0a6fd877]::sys::thread::unix::Thread>::new::thread_start
[INFO] [stdout]   19:     0x753165f5edfa - <unknown>
[INFO] [stdout]   20:     0x753165ff23d4 - clone
[INFO] [stdout]   21:                0x0 - <unknown>
[INFO] [stdout] 
[INFO] [stdout] 
[INFO] [stdout] failures:
[INFO] [stdout]     codec_selection
[INFO] [stdout]     full_with_sails_path
[INFO] [stdout]     test_aliases_works
[INFO] [stdout]     test_basic_works
[INFO] [stdout]     test_complex_type_generation_works
[INFO] [stdout]     test_events_works
[INFO] [stdout]     test_external_types
[INFO] [stdout]     test_multiple_services
[INFO] [stdout]     test_partial_idl_with_entry_id
[INFO] [stdout]     test_rmrk_works
[INFO] [stdout]     test_scope_resolution
[INFO] [stdout] 
[INFO] [stdout] test result: FAILED. 0 passed; 11 failed; 0 ignored; 0 measured; 0 filtered out; finished in 1.11s
[INFO] [stdout] 
[INFO] running `Command { std: "docker" "inspect" "31395a752cc325d9e21438ccd805d56e5af0d7913e1cd0810f46f8ad56fedf47", kill_on_drop: false }`
[INFO] running `Command { std: "docker" "rm" "-f" "31395a752cc325d9e21438ccd805d56e5af0d7913e1cd0810f46f8ad56fedf47", kill_on_drop: false }`
[INFO] [stdout] 31395a752cc325d9e21438ccd805d56e5af0d7913e1cd0810f46f8ad56fedf47
