[INFO] fetching crate sahih 0.1.0...
[INFO] testing sahih-0.1.0 against 1.99.0-beta.8+cargoflags=--release for beta-release-1.100-2
[INFO] extracting crate sahih 0.1.0 into /workspace/builds/worker-1-tc1/source
[INFO] started tweaking crates.io crate sahih 0.1.0
[INFO] finished tweaking crates.io crate sahih 0.1.0
[INFO] tweaked toml for crates.io crate sahih 0.1.0 written to /workspace/builds/worker-1-tc1/source/Cargo.toml
[INFO] validating manifest of crates.io crate sahih 0.1.0 on toolchain 1.99.0-beta.8
[INFO] running `Command { std: CARGO_HOME="/workspace/cargo-home" RUSTUP_HOME="/workspace/rustup-home" "/workspace/cargo-home/bin/cargo" "+1.99.0-beta.8" "metadata" "--manifest-path" "Cargo.toml" "--no-deps", kill_on_drop: false }`
[INFO] crate crates.io crate sahih 0.1.0 already has a lockfile, it will not be regenerated
[INFO] running `Command { std: CARGO_HOME="/workspace/cargo-home" RUSTUP_HOME="/workspace/rustup-home" "/workspace/cargo-home/bin/cargo" "+1.99.0-beta.8" "fetch" "--manifest-path" "Cargo.toml", kill_on_drop: false }`
[INFO] [stderr]     Updating crates.io index
[INFO] [stderr]  Downloading crates ...
[INFO] [stderr]   Downloaded serde v1.0.132
[INFO] [stderr]   Downloaded proc-macro2 v1.0.34
[INFO] [stderr]   Downloaded pretty_env_logger v0.4.0
[INFO] [stderr]   Downloaded serde_yaml v0.8.23
[INFO] [stderr]   Downloaded indexmap v1.7.0
[INFO] [stderr]   Downloaded serde_derive v1.0.132
[INFO] [stderr]   Downloaded serde_json v1.0.73
[INFO] [stderr]   Downloaded clap v3.0.0-rc.8
[INFO] [stderr]   Downloaded syn v1.0.83
[INFO] [stderr]   Downloaded openapiv3 v0.5.0
[INFO] [stderr]   Downloaded libc v0.2.112
[INFO] running `Command { std: "docker" "create" "-v" "/var/lib/crater-agent-workspace/builds/worker-1-tc1/source:/opt/rustwide/workdir:ro,Z" "-v" "/var/lib/crater-agent-workspace/builds/worker-1-tc1/target:/opt/rustwide/target:rw,Z" "-v" "/var/lib/crater-agent-workspace/cargo-home:/opt/rustwide/cargo-home:ro,Z" "-v" "/var/lib/crater-agent-workspace/rustup-home:/opt/rustwide/rustup-home:ro,Z" "-m" "1610612736" "--network" "none" "ghcr.io/rust-lang/crates-build-env/linux@sha256:77db811e55d90add9212f6832c23229e3de5f1c1f9905e8cb07319ea15df73ac" "sleep" "infinity", kill_on_drop: false }`
[INFO] [stdout] c73ef8065aad7a1403130d7282429be83686286487b112d98d85c926657ca814
[INFO] running `Command { std: "docker" "start" "c73ef8065aad7a1403130d7282429be83686286487b112d98d85c926657ca814", kill_on_drop: false }`
[INFO] running `Command { std: "docker" "inspect" "c73ef8065aad7a1403130d7282429be83686286487b112d98d85c926657ca814", kill_on_drop: false }`
[INFO] running `Command { std: "docker" "exec" "-e" "SOURCE_DIR=/opt/rustwide/workdir" "-e" "CARGO_HOME=/opt/rustwide/cargo-home" "-e" "RUSTUP_HOME=/opt/rustwide/rustup-home" "-e" "CARGO_TARGET_DIR=/opt/rustwide/target" "-w" "/opt/rustwide/workdir" "--user" "0:0" "c73ef8065aad7a1403130d7282429be83686286487b112d98d85c926657ca814" "/opt/rustwide/cargo-home/bin/cargo" "+1.99.0-beta.8" "metadata" "--no-deps" "--format-version=1", kill_on_drop: false }`
[INFO] running `Command { std: "docker" "inspect" "c73ef8065aad7a1403130d7282429be83686286487b112d98d85c926657ca814", kill_on_drop: false }`
[INFO] running `Command { std: "docker" "exec" "-e" "SOURCE_DIR=/opt/rustwide/workdir" "-e" "CARGO_HOME=/opt/rustwide/cargo-home" "-e" "RUSTUP_HOME=/opt/rustwide/rustup-home" "-e" "CARGO_TARGET_DIR=/opt/rustwide/target" "-e" "CARGO_INCREMENTAL=0" "-e" "RUST_BACKTRACE=full" "-e" "RUSTFLAGS=--cap-lints=warn" "-e" "RUSTDOCFLAGS=--cap-lints=warn" "-w" "/opt/rustwide/workdir" "--user" "0:0" "c73ef8065aad7a1403130d7282429be83686286487b112d98d85c926657ca814" "/opt/rustwide/cargo-home/bin/cargo" "+1.99.0-beta.8" "build" "--frozen" "--message-format=json" "--release", kill_on_drop: false }`
[INFO] [stderr]    Compiling proc-macro2 v1.0.34
[INFO] [stderr]    Compiling syn v1.0.83
[INFO] [stderr]    Compiling serde_derive v1.0.132
[INFO] [stderr]    Compiling memchr v2.4.1
[INFO] [stderr]    Compiling serde v1.0.132
[INFO] [stderr]    Compiling libc v0.2.112
[INFO] [stderr]    Compiling indexmap v1.7.0
[INFO] [stderr]    Compiling log v0.4.14
[INFO] [stderr]    Compiling hashbrown v0.11.2
[INFO] [stderr]    Compiling linked-hash-map v0.5.4
[INFO] [stderr]    Compiling regex-syntax v0.6.25
[INFO] [stderr]    Compiling termcolor v1.1.2
[INFO] [stderr]    Compiling serde_json v1.0.73
[INFO] [stderr]    Compiling yaml-rust v0.4.5
[INFO] [stderr]    Compiling atty v0.2.14
[INFO] [stderr]    Compiling humantime v1.3.0
[INFO] [stderr]    Compiling quote v1.0.10
[INFO] [stderr]    Compiling textwrap v0.14.2
[INFO] [stderr]    Compiling aho-corasick v0.7.18
[INFO] [stderr]    Compiling os_str_bytes v6.0.0
[INFO] [stderr]    Compiling strsim v0.10.0
[INFO] [stderr]    Compiling regex v1.5.4
[INFO] [stderr]    Compiling env_logger v0.7.1
[INFO] [stderr]    Compiling pretty_env_logger v0.4.0
[INFO] [stderr]    Compiling serde_yaml v0.8.23
[INFO] [stderr]    Compiling clap v3.0.0-rc.8
[INFO] [stderr]    Compiling openapiv3 v0.5.0
[INFO] [stderr]    Compiling sahih v0.1.0 (/opt/rustwide/workdir)
[INFO] [stderr]     Finished `release` profile [optimized] target(s) in 1m 28s
[INFO] running `Command { std: "docker" "inspect" "c73ef8065aad7a1403130d7282429be83686286487b112d98d85c926657ca814", kill_on_drop: false }`
[INFO] running `Command { std: "docker" "exec" "-e" "SOURCE_DIR=/opt/rustwide/workdir" "-e" "CARGO_HOME=/opt/rustwide/cargo-home" "-e" "RUSTUP_HOME=/opt/rustwide/rustup-home" "-e" "CARGO_TARGET_DIR=/opt/rustwide/target" "-e" "CARGO_INCREMENTAL=0" "-e" "RUST_BACKTRACE=full" "-e" "RUSTFLAGS=--cap-lints=warn" "-e" "RUSTDOCFLAGS=--cap-lints=warn" "-w" "/opt/rustwide/workdir" "--user" "0:0" "c73ef8065aad7a1403130d7282429be83686286487b112d98d85c926657ca814" "/opt/rustwide/cargo-home/bin/cargo" "+1.99.0-beta.8" "test" "--frozen" "--no-run" "--message-format=json" "--release", kill_on_drop: false }`
[INFO] [stderr]    Compiling sahih v0.1.0 (/opt/rustwide/workdir)
[INFO] [stderr]     Finished `release` profile [optimized] target(s) in 2.45s
[INFO] running `Command { std: "docker" "inspect" "c73ef8065aad7a1403130d7282429be83686286487b112d98d85c926657ca814", kill_on_drop: false }`
[INFO] running `Command { std: "docker" "exec" "-e" "SOURCE_DIR=/opt/rustwide/workdir" "-e" "CARGO_HOME=/opt/rustwide/cargo-home" "-e" "RUSTUP_HOME=/opt/rustwide/rustup-home" "-e" "CARGO_TARGET_DIR=/opt/rustwide/target" "-e" "CARGO_INCREMENTAL=0" "-e" "RUST_BACKTRACE=full" "-e" "RUSTFLAGS=--cap-lints=warn" "-e" "RUSTDOCFLAGS=--cap-lints=warn" "-w" "/opt/rustwide/workdir" "--user" "0:0" "c73ef8065aad7a1403130d7282429be83686286487b112d98d85c926657ca814" "/opt/rustwide/cargo-home/bin/cargo" "+1.99.0-beta.8" "test" "--frozen" "--release", kill_on_drop: false }`
[INFO] [stderr]     Finished `release` profile [optimized] target(s) in 0.11s
[INFO] [stderr]      Running unittests src/lib.rs (/opt/rustwide/target/release/deps/sahih-232b664dc2eca6ed)
[INFO] [stdout] 
[INFO] [stdout] running 13 tests
[INFO] [stdout] test codegen::validation::tests::it_builds_string_email ... ok
[INFO] [stdout] test codegen::interface::tests::it_serializes_numbers ... ok
[INFO] [stdout] test codegen::interface::tests::it_serializes_optional_prop ... ok
[INFO] [stdout] test codegen::validation::tests::it_builds_number_rules ... ok
[INFO] [stdout] test codegen::validation::tests::it_builds_string_enums ... ok
[INFO] [stdout] test codegen::validation::tests::it_builds_string_len ... ok
[INFO] [stdout] test codegen::interface::tests::it_serializes_strings ... ok
[INFO] [stdout] test codegen::interface::tests::it_serializes_booleans ... ok
[INFO] [stdout] test codegen::interface::tests::it_serializes_required_prop ... ok
[INFO] [stdout] test codegen::validation::tests::it_builds_string_match ... ok
[INFO] [stdout] test codegen::validation::tests::it_builds_string_uuid ... ok
[INFO] [stdout] test printer::tests::test_printer__println_styled__success ... ok
[INFO] [stdout] test config::tests::it_deser_from_example_config ... FAILED
[INFO] [stdout] 
[INFO] [stdout] failures:
[INFO] [stdout] 
[INFO] [stdout] ---- config::tests::it_deser_from_example_config stdout ----
[INFO] [stdout] 
[INFO] [stdout] thread 'config::tests::it_deser_from_example_config' (872) panicked at src/config.rs:58:9:
[INFO] [stdout] assertion `left == right` failed
[INFO] [stdout]   left: "./playground/generated/model"
[INFO] [stdout]  right: "./assets/generated/model"
[INFO] [stdout] stack backtrace:
[INFO] [stdout]    0:     0x59a6e5f0db51 - <<std[70759c8f55707aa4]::sys::backtrace::BacktraceLock>::print::DisplayBacktrace as core[df12db4294e9bfd3]::fmt::Display>::fmt
[INFO] [stdout]    1:     0x59a6e5f22b2a - core[df12db4294e9bfd3]::fmt::write
[INFO] [stdout]    2:     0x59a6e5f11fec - <alloc[2182bb758b4b3781]::vec::Vec<u8> as core[df12db4294e9bfd3]::io::write::Write>::write_fmt
[INFO] [stdout]    3:     0x59a6e5ee9dd6 - std[70759c8f55707aa4]::panicking::default_hook::{closure#0}
[INFO] [stdout]    4:     0x59a6e5f05f49 - std[70759c8f55707aa4]::panicking::default_hook
[INFO] [stdout]    5:     0x59a6e5e9dc50 - test[9d35eded1c95d3be]::test_main_inner::<test[9d35eded1c95d3be]::test_main_static::{closure#0}>::{closure#0}
[INFO] [stdout]    6:     0x59a6e5f06102 - std[70759c8f55707aa4]::panicking::panic_with_hook
[INFO] [stdout]    7:     0x59a6e5ee9e82 - std[70759c8f55707aa4]::panicking::panic_handler::{closure#0}
[INFO] [stdout]    8:     0x59a6e5ee2a79 - std[70759c8f55707aa4]::sys::backtrace::__rust_end_short_backtrace::<std[70759c8f55707aa4]::panicking::panic_handler::{closure#0}, !>
[INFO] [stdout]    9:     0x59a6e5eeaa7d - __rustc[8fa7c3cbc660c2b3]::rust_begin_unwind
[INFO] [stdout]   10:     0x59a6e5f2325c - core[df12db4294e9bfd3]::panicking::panic_fmt
[INFO] [stdout]   11:     0x59a6e5f23173 - core[df12db4294e9bfd3]::panicking::assert_failed_inner
[INFO] [stdout]   12:     0x59a6e5e8ce17 - core[df12db4294e9bfd3]::panicking::assert_failed::<alloc[2182bb758b4b3781]::string::String, &str>
[INFO] [stdout]   13:     0x59a6e5e87166 - <sahih[1fb6638e5ee92872]::config::tests::it_deser_from_example_config::{closure#0} as core[df12db4294e9bfd3]::ops::function::FnOnce<()>>::call_once
[INFO] [stdout]   14:     0x59a6e5e90f3b - test[9d35eded1c95d3be]::__rust_begin_short_backtrace::<core[df12db4294e9bfd3]::result::Result<(), alloc[2182bb758b4b3781]::string::String>, fn() -> core[df12db4294e9bfd3]::result::Result<(), alloc[2182bb758b4b3781]::string::String>>
[INFO] [stdout]   15:     0x59a6e5e9e5a5 - test[9d35eded1c95d3be]::run_test::{closure#0}
[INFO] [stdout]   16:     0x59a6e5e97e64 - std[70759c8f55707aa4]::sys::backtrace::__rust_begin_short_backtrace::<test[9d35eded1c95d3be]::run_test::{closure#1}, ()>
[INFO] [stdout]   17:     0x59a6e5ea1702 - <std[70759c8f55707aa4]::thread::lifecycle::spawn_unchecked<test[9d35eded1c95d3be]::run_test::{closure#1}, ()>::{closure#1} as core[df12db4294e9bfd3]::ops::function::FnOnce<()>>::call_once::{shim:vtable#0}
[INFO] [stdout]   18:     0x59a6e5f0d0b9 - <std[70759c8f55707aa4]::sys::thread::unix::Thread>::new::thread_start
[INFO] [stdout]   19:     0x703feef8adfa - <unknown>
[INFO] [stdout]   20:     0x703fef01e3d4 - clone
[INFO] [stdout]   21:                0x0 - <unknown>
[INFO] [stdout] 
[INFO] [stdout] 
[INFO] [stdout] failures:
[INFO] [stdout]     config::tests::it_deser_from_example_config
[INFO] [stdout] 
[INFO] [stdout] test result: FAILED. 12 passed; 1 failed; 0 ignored; 0 measured; 0 filtered out; finished in 0.01s
[INFO] [stdout] 
[INFO] [stderr] error: test failed, to rerun pass `--lib`
[INFO] running `Command { std: "docker" "inspect" "c73ef8065aad7a1403130d7282429be83686286487b112d98d85c926657ca814", kill_on_drop: false }`
[INFO] running `Command { std: "docker" "rm" "-f" "c73ef8065aad7a1403130d7282429be83686286487b112d98d85c926657ca814", kill_on_drop: false }`
[INFO] [stdout] c73ef8065aad7a1403130d7282429be83686286487b112d98d85c926657ca814
