[INFO] fetching crate sage_auth 0.1.0...
[INFO] testing sage_auth-0.1.0 against 1.100.0-beta.1+cargoflags=--release for beta-release-1.100-2
[INFO] extracting crate sage_auth 0.1.0 into /workspace/builds/worker-3-tc2/source
[INFO] started tweaking crates.io crate sage_auth 0.1.0
[INFO] finished tweaking crates.io crate sage_auth 0.1.0
[INFO] tweaked toml for crates.io crate sage_auth 0.1.0 written to /workspace/builds/worker-3-tc2/source/Cargo.toml
[INFO] validating manifest of crates.io crate sage_auth 0.1.0 on toolchain 1.100.0-beta.1
[INFO] running `Command { std: CARGO_HOME="/workspace/cargo-home" RUSTUP_HOME="/workspace/rustup-home" "/workspace/cargo-home/bin/cargo" "+1.100.0-beta.1" "metadata" "--manifest-path" "Cargo.toml" "--no-deps", kill_on_drop: false }`
[INFO] running `Command { std: CARGO_HOME="/workspace/cargo-home" RUSTUP_HOME="/workspace/rustup-home" "/workspace/cargo-home/bin/cargo" "+1.100.0-beta.1" "generate-lockfile" "--manifest-path" "Cargo.toml", kill_on_drop: false }`
[INFO] [stderr]     Updating crates.io index
[INFO] [stderr]      Locking 150 packages to highest compatible versions
[INFO] [stderr]       Adding reqwest v0.10.10 (available: v0.13.5)
[INFO] [stderr]       Adding tokio v0.2.25 (available: v1.53.3)
[INFO] [stderr]       Adding uuid v0.8.2 (available: v1.28.0)
[INFO] running `Command { std: CARGO_HOME="/workspace/cargo-home" RUSTUP_HOME="/workspace/rustup-home" "/workspace/cargo-home/bin/cargo" "+1.100.0-beta.1" "fetch" "--manifest-path" "Cargo.toml", kill_on_drop: false }`
[INFO] running `Command { std: "docker" "create" "-v" "/var/lib/crater-agent-workspace/builds/worker-3-tc2/source:/opt/rustwide/workdir:ro,Z" "-v" "/var/lib/crater-agent-workspace/builds/worker-3-tc2/target:/opt/rustwide/target:rw,Z" "-v" "/var/lib/crater-agent-workspace/cargo-home:/opt/rustwide/cargo-home:ro,Z" "-v" "/var/lib/crater-agent-workspace/rustup-home:/opt/rustwide/rustup-home:ro,Z" "-m" "1610612736" "--network" "none" "ghcr.io/rust-lang/crates-build-env/linux@sha256:77db811e55d90add9212f6832c23229e3de5f1c1f9905e8cb07319ea15df73ac" "sleep" "infinity", kill_on_drop: false }`
[INFO] [stdout] 466de5541e4dbe2a4a2bcc4e37aa94e15c5442b3d3b80abd92b196abea67a47b
[INFO] running `Command { std: "docker" "start" "466de5541e4dbe2a4a2bcc4e37aa94e15c5442b3d3b80abd92b196abea67a47b", kill_on_drop: false }`
[INFO] running `Command { std: "docker" "inspect" "466de5541e4dbe2a4a2bcc4e37aa94e15c5442b3d3b80abd92b196abea67a47b", kill_on_drop: false }`
[INFO] running `Command { std: "docker" "exec" "-e" "SOURCE_DIR=/opt/rustwide/workdir" "-e" "CARGO_HOME=/opt/rustwide/cargo-home" "-e" "RUSTUP_HOME=/opt/rustwide/rustup-home" "-e" "CARGO_TARGET_DIR=/opt/rustwide/target" "-w" "/opt/rustwide/workdir" "--user" "0:0" "466de5541e4dbe2a4a2bcc4e37aa94e15c5442b3d3b80abd92b196abea67a47b" "/opt/rustwide/cargo-home/bin/cargo" "+1.100.0-beta.1" "metadata" "--no-deps" "--format-version=1", kill_on_drop: false }`
[INFO] running `Command { std: "docker" "inspect" "466de5541e4dbe2a4a2bcc4e37aa94e15c5442b3d3b80abd92b196abea67a47b", kill_on_drop: false }`
[INFO] running `Command { std: "docker" "exec" "-e" "SOURCE_DIR=/opt/rustwide/workdir" "-e" "CARGO_HOME=/opt/rustwide/cargo-home" "-e" "RUSTUP_HOME=/opt/rustwide/rustup-home" "-e" "CARGO_TARGET_DIR=/opt/rustwide/target" "-e" "CARGO_INCREMENTAL=0" "-e" "RUST_BACKTRACE=full" "-e" "RUSTFLAGS=--cap-lints=warn" "-e" "RUSTDOCFLAGS=--cap-lints=warn" "-w" "/opt/rustwide/workdir" "--user" "0:0" "466de5541e4dbe2a4a2bcc4e37aa94e15c5442b3d3b80abd92b196abea67a47b" "/opt/rustwide/cargo-home/bin/cargo" "+1.100.0-beta.1" "build" "--frozen" "--message-format=json" "--release", kill_on_drop: false }`
[INFO] [stderr]    Compiling unicode-ident v1.0.27
[INFO] [stderr]    Compiling libc v0.2.191
[INFO] [stderr]    Compiling log v0.4.34
[INFO] [stderr]    Compiling shlex v2.0.1
[INFO] [stderr]    Compiling find-msvc-tools v0.1.14
[INFO] [stderr]    Compiling syn v1.0.109
[INFO] [stderr]    Compiling pkg-config v0.3.34
[INFO] [stderr]    Compiling futures-core v0.3.34
[INFO] [stderr]    Compiling proc-macro2 v1.0.107
[INFO] [stderr]    Compiling slab v0.4.12
[INFO] [stderr]    Compiling bytes v0.5.6
[INFO] [stderr]    Compiling cc v1.8.0
[INFO] [stderr]    Compiling litemap v0.8.3
[INFO] [stderr]    Compiling writeable v0.6.4
[INFO] [stderr]    Compiling icu_properties_data v2.3.0
[INFO] [stderr]    Compiling serde_core v1.0.229
[INFO] [stderr]    Compiling icu_normalizer_data v2.3.0
[INFO] [stderr]    Compiling pin-project-lite v0.1.12
[INFO] [stderr]    Compiling lazy_static v1.5.1
[INFO] [stderr]    Compiling indexmap v1.9.3
[INFO] [stderr]    Compiling openssl v0.10.81
[INFO] [stderr]    Compiling http v0.2.12
[INFO] [stderr]    Compiling quote v1.0.47
[INFO] [stderr]    Compiling tracing v0.1.44
[INFO] [stderr]    Compiling syn v3.0.9
[INFO] [stderr]    Compiling syn v2.0.119
[INFO] [stderr]    Compiling smallvec v1.16.3
[INFO] [stderr]    Compiling serde v1.0.229
[INFO] [stderr]    Compiling bitflags v2.13.2
[INFO] [stderr]    Compiling net2 v0.2.39
[INFO] [stderr]    Compiling iovec v0.1.4
[INFO] [stderr]    Compiling futures-sink v0.3.34
[INFO] [stderr]    Compiling mio v0.6.23
[INFO] [stderr]    Compiling native-tls v0.2.18
[INFO] [stderr]    Compiling openssl-sys v0.9.117
[INFO] [stderr]    Compiling futures-util v0.3.34
[INFO] [stderr]    Compiling unicase v2.10.0
[INFO] [stderr]    Compiling openssl-probe v0.2.1
[INFO] [stderr]    Compiling mime_guess v2.0.5
[INFO] [stderr]    Compiling want v0.3.2
[INFO] [stderr]    Compiling encoding_rs v0.8.42
[INFO] [stderr]    Compiling http-body v0.3.1
[INFO] [stderr]    Compiling socket2 v0.3.19
[INFO] [stderr]    Compiling futures-channel v0.3.34
[INFO] [stderr]    Compiling serde_json v1.0.154
[INFO] [stderr]    Compiling httpdate v0.3.2
[INFO] [stderr]    Compiling itoa v0.4.8
[INFO] [stderr]    Compiling multiversion_no_op v1.0.0
[INFO] [stderr]    Compiling simdutf8 v0.1.5
[INFO] [stderr]    Compiling core_detect v1.0.0
[INFO] [stderr]    Compiling serde_urlencoded v0.7.1
[INFO] [stderr]    Compiling getrandom v0.2.17
[INFO] [stderr]    Compiling ipnet v2.12.2
[INFO] [stderr]    Compiling pin-project-internal v1.1.13
[INFO] [stderr]    Compiling tokio-macros v0.2.6
[INFO] [stderr]    Compiling openssl-macros v0.1.1
[INFO] [stderr]    Compiling uuid v0.8.2
[INFO] [stderr]    Compiling tokio v0.2.25
[INFO] [stderr]    Compiling synstructure v0.14.0
[INFO] [stderr]    Compiling pin-project v1.1.13
[INFO] [stderr]    Compiling tracing-futures v0.2.5
[INFO] [stderr]    Compiling zerofrom-derive v0.1.8
[INFO] [stderr]    Compiling yoke-derive v0.8.4
[INFO] [stderr]    Compiling zerovec-derive v0.11.6
[INFO] [stderr]    Compiling displaydoc v0.2.7
[INFO] [stderr]    Compiling serde_derive v1.0.229
[INFO] [stderr]    Compiling zerofrom v0.1.8
[INFO] [stderr]    Compiling yoke v0.8.3
[INFO] [stderr]    Compiling zerovec v0.11.8
[INFO] [stderr]    Compiling zerotrie v0.2.5
[INFO] [stderr]    Compiling tokio-util v0.3.1
[INFO] [stderr]    Compiling h2 v0.2.7
[INFO] [stderr]    Compiling tinystr v0.8.4
[INFO] [stderr]    Compiling potential_utf v0.1.6
[INFO] [stderr]    Compiling icu_collections v2.3.0
[INFO] [stderr]    Compiling icu_locale_core v2.3.0
[INFO] [stderr]    Compiling tokio-tls v0.3.1
[INFO] [stderr]    Compiling icu_provider v2.3.1
[INFO] [stderr]    Compiling icu_properties v2.3.0
[INFO] [stderr]    Compiling icu_normalizer v2.3.0
[INFO] [stderr]    Compiling idna_adapter v1.2.2
[INFO] [stderr]    Compiling idna v1.1.0
[INFO] [stderr]    Compiling url v2.5.8
[INFO] [stderr]    Compiling hyper v0.13.10
[INFO] [stderr]    Compiling hyper-tls v0.4.3
[INFO] [stderr]    Compiling reqwest v0.10.10
[INFO] [stderr]    Compiling sage_auth v0.1.0 (/opt/rustwide/workdir)
[INFO] [stderr]     Finished `release` profile [optimized] target(s) in 2m 06s
[INFO] running `Command { std: "docker" "inspect" "466de5541e4dbe2a4a2bcc4e37aa94e15c5442b3d3b80abd92b196abea67a47b", kill_on_drop: false }`
[INFO] running `Command { std: "docker" "exec" "-e" "SOURCE_DIR=/opt/rustwide/workdir" "-e" "CARGO_HOME=/opt/rustwide/cargo-home" "-e" "RUSTUP_HOME=/opt/rustwide/rustup-home" "-e" "CARGO_TARGET_DIR=/opt/rustwide/target" "-e" "CARGO_INCREMENTAL=0" "-e" "RUST_BACKTRACE=full" "-e" "RUSTFLAGS=--cap-lints=warn" "-e" "RUSTDOCFLAGS=--cap-lints=warn" "-w" "/opt/rustwide/workdir" "--user" "0:0" "466de5541e4dbe2a4a2bcc4e37aa94e15c5442b3d3b80abd92b196abea67a47b" "/opt/rustwide/cargo-home/bin/cargo" "+1.100.0-beta.1" "test" "--frozen" "--no-run" "--message-format=json" "--release", kill_on_drop: false }`
[INFO] [stderr]    Compiling sage_auth v0.1.0 (/opt/rustwide/workdir)
[INFO] [stderr]     Finished `release` profile [optimized] target(s) in 4.10s
[INFO] running `Command { std: "docker" "inspect" "466de5541e4dbe2a4a2bcc4e37aa94e15c5442b3d3b80abd92b196abea67a47b", kill_on_drop: false }`
[INFO] running `Command { std: "docker" "exec" "-e" "SOURCE_DIR=/opt/rustwide/workdir" "-e" "CARGO_HOME=/opt/rustwide/cargo-home" "-e" "RUSTUP_HOME=/opt/rustwide/rustup-home" "-e" "CARGO_TARGET_DIR=/opt/rustwide/target" "-e" "CARGO_INCREMENTAL=0" "-e" "RUST_BACKTRACE=full" "-e" "RUSTFLAGS=--cap-lints=warn" "-e" "RUSTDOCFLAGS=--cap-lints=warn" "-w" "/opt/rustwide/workdir" "--user" "0:0" "466de5541e4dbe2a4a2bcc4e37aa94e15c5442b3d3b80abd92b196abea67a47b" "/opt/rustwide/cargo-home/bin/cargo" "+1.100.0-beta.1" "test" "--frozen" "--release", kill_on_drop: false }`
[INFO] [stderr]     Finished `release` profile [optimized] target(s) in 0.22s
[INFO] [stdout] 
[INFO] [stderr]      Running unittests src/lib.rs (/opt/rustwide/target/release/build/sage_auth/b26316ad2517e751/out/sage_auth-b26316ad2517e751)
[INFO] [stdout] running 0 tests
[INFO] [stderr]      Running tests/ci.rs (/opt/rustwide/target/release/build/sage_auth/0b47840c688541c3/out/ci-0b47840c688541c3)
[INFO] [stdout] 
[INFO] [stdout] test result: ok. 0 passed; 0 failed; 0 ignored; 0 measured; 0 filtered out; finished in 0.00s
[INFO] [stdout] 
[INFO] [stdout] 
[INFO] [stdout] running 1 test
[INFO] [stdout] test test_all ... FAILED
[INFO] [stdout] 
[INFO] [stdout] failures:
[INFO] [stdout] 
[INFO] [stdout] ---- test_all stdout ----
[INFO] [stdout] 
[INFO] [stdout] thread 'test_all' (1684) panicked at tests/ci.rs:18:47:
[INFO] [stdout] MOJANG_ACCOUNT is not set: NotPresent
[INFO] [stdout] stack backtrace:
[INFO] [stdout]    0:     0x603d7d542ca1 - <<std[617be2ca0a6fd877]::sys::backtrace::BacktraceLock>::print::DisplayBacktrace as core[a373ad73a504971]::fmt::Display>::fmt
[INFO] [stdout]    1:     0x603d7d55924a - core[a373ad73a504971]::fmt::write
[INFO] [stdout]    2:     0x603d7d5473fc - <alloc[2e1b2a31b91974c5]::vec::Vec<u8> as core[a373ad73a504971]::io::write::Write>::write_fmt
[INFO] [stdout]    3:     0x603d7d51e246 - std[617be2ca0a6fd877]::panicking::default_hook::{closure#0}
[INFO] [stdout]    4:     0x603d7d53ac99 - std[617be2ca0a6fd877]::panicking::default_hook
[INFO] [stdout]    5:     0x603d7d3a5a40 - test[aada8e7e76ba119b]::test_main_inner::{closure#0}
[INFO] [stdout]    6:     0x603d7d53afc2 - std[617be2ca0a6fd877]::panicking::panic_with_hook
[INFO] [stdout]    7:     0x603d7d51e2f2 - std[617be2ca0a6fd877]::panicking::panic_handler::{closure#0}
[INFO] [stdout]    8:     0x603d7d516f29 - std[617be2ca0a6fd877]::sys::backtrace::__rust_end_short_backtrace::<std[617be2ca0a6fd877]::panicking::panic_handler::{closure#0}, !>
[INFO] [stderr] error: test failed, to rerun pass `--test ci`
[INFO] [stdout]    9:     0x603d7d51f0ed - __rustc[ea4f61d10b84890b]::rust_begin_unwind
[INFO] [stdout]   10:     0x603d7d5599ac - core[a373ad73a504971]::panicking::panic_fmt
[INFO] [stdout]   11:     0x603d7d559782 - core[a373ad73a504971]::result::unwrap_failed
[INFO] [stdout]   12:     0x603d7d38999d - ci[6648aa92e623e56c]::test_all::{closure#0}
[INFO] [stdout]   13:     0x603d7d3973ad - <tokio[dc0cde40adedef5b]::macros::scoped_tls::ScopedKey<tokio[dc0cde40adedef5b]::runtime::basic_scheduler::Context>>::set::<tokio[dc0cde40adedef5b]::runtime::basic_scheduler::enter<<tokio[dc0cde40adedef5b]::runtime::basic_scheduler::BasicScheduler<tokio[dc0cde40adedef5b]::park::either::Either<tokio[dc0cde40adedef5b]::time::driver::Driver<tokio[dc0cde40adedef5b]::park::either::Either<tokio[dc0cde40adedef5b]::io::driver::Driver, tokio[dc0cde40adedef5b]::park::thread::ParkThread>>, tokio[dc0cde40adedef5b]::park::either::Either<tokio[dc0cde40adedef5b]::io::driver::Driver, tokio[dc0cde40adedef5b]::park::thread::ParkThread>>>>::block_on<ci[6648aa92e623e56c]::test_all::{closure#0}>::{closure#0}, (), tokio[dc0cde40adedef5b]::park::either::Either<tokio[dc0cde40adedef5b]::time::driver::Driver<tokio[dc0cde40adedef5b]::park::either::Either<tokio[dc0cde40adedef5b]::io::driver::Driver, tokio[dc0cde40adedef5b]::park::thread::ParkThread>>, tokio[dc0cde40adedef5b]::park::either::Either<tokio[dc0cde40adedef5b]::io::driver::Driver, tokio[dc0cde40adedef5b]::park::thread::ParkThread>>>::{closure#0}, ()>
[INFO] [stdout]   14:     0x603d7d38d242 - tokio[dc0cde40adedef5b]::runtime::basic_scheduler::enter::<<tokio[dc0cde40adedef5b]::runtime::basic_scheduler::BasicScheduler<tokio[dc0cde40adedef5b]::park::either::Either<tokio[dc0cde40adedef5b]::time::driver::Driver<tokio[dc0cde40adedef5b]::park::either::Either<tokio[dc0cde40adedef5b]::io::driver::Driver, tokio[dc0cde40adedef5b]::park::thread::ParkThread>>, tokio[dc0cde40adedef5b]::park::either::Either<tokio[dc0cde40adedef5b]::io::driver::Driver, tokio[dc0cde40adedef5b]::park::thread::ParkThread>>>>::block_on<ci[6648aa92e623e56c]::test_all::{closure#0}>::{closure#0}, (), tokio[dc0cde40adedef5b]::park::either::Either<tokio[dc0cde40adedef5b]::time::driver::Driver<tokio[dc0cde40adedef5b]::park::either::Either<tokio[dc0cde40adedef5b]::io::driver::Driver, tokio[dc0cde40adedef5b]::park::thread::ParkThread>>, tokio[dc0cde40adedef5b]::park::either::Either<tokio[dc0cde40adedef5b]::io::driver::Driver, tokio[dc0cde40adedef5b]::park::thread::ParkThread>>>
[INFO] [stdout]   15:     0x603d7d39396c - tokio[dc0cde40adedef5b]::runtime::context::enter::<<tokio[dc0cde40adedef5b]::runtime::Runtime>::block_on<ci[6648aa92e623e56c]::test_all::{closure#0}>::{closure#0}, ()>
[INFO] [stdout]   16:     0x603d7d392107 - <ci[6648aa92e623e56c]::test_all::{closure#0} as core[a373ad73a504971]::ops::function::FnOnce<()>>::call_once
[INFO] [stdout]   17:     0x603d7d398e8b - test[aada8e7e76ba119b]::__rust_begin_short_backtrace::<core[a373ad73a504971]::result::Result<(), alloc[2e1b2a31b91974c5]::string::String>, fn() -> core[a373ad73a504971]::result::Result<(), alloc[2e1b2a31b91974c5]::string::String>>
[INFO] [stdout]   18:     0x603d7d3a6065 - test[aada8e7e76ba119b]::run_test::{closure#0}
[INFO] [stdout]   19:     0x603d7d39f954 - std[617be2ca0a6fd877]::sys::backtrace::__rust_begin_short_backtrace::<test[aada8e7e76ba119b]::run_test::{closure#1}, ()>
[INFO] [stdout]   20:     0x603d7d3a90f2 - <std[617be2ca0a6fd877]::thread::lifecycle::spawn_unchecked<test[aada8e7e76ba119b]::run_test::{closure#1}, ()>::{closure#1} as core[a373ad73a504971]::ops::function::FnOnce<()>>::call_once::{shim:vtable#0}
[INFO] [stdout]   21:     0x603d7d54214f - <std[617be2ca0a6fd877]::sys::thread::unix::Thread>::new::thread_start
[INFO] [stdout]   22:     0x7e7f23be3dfa - <unknown>
[INFO] [stdout]   23:     0x7e7f23c773d4 - clone
[INFO] [stdout]   24:                0x0 - <unknown>
[INFO] [stdout] 
[INFO] [stdout] 
[INFO] [stdout] failures:
[INFO] [stdout]     test_all
[INFO] [stdout] 
[INFO] [stdout] test result: FAILED. 0 passed; 1 failed; 0 ignored; 0 measured; 0 filtered out; finished in 0.00s
[INFO] [stdout] 
[INFO] running `Command { std: "docker" "inspect" "466de5541e4dbe2a4a2bcc4e37aa94e15c5442b3d3b80abd92b196abea67a47b", kill_on_drop: false }`
[INFO] running `Command { std: "docker" "rm" "-f" "466de5541e4dbe2a4a2bcc4e37aa94e15c5442b3d3b80abd92b196abea67a47b", kill_on_drop: false }`
[INFO] [stdout] 466de5541e4dbe2a4a2bcc4e37aa94e15c5442b3d3b80abd92b196abea67a47b
