[INFO] fetching crate safehttp 0.2.0...
[INFO] testing safehttp-0.2.0 against 1.99.0-beta.8+cargoflags=--release for beta-release-1.100-2
[INFO] extracting crate safehttp 0.2.0 into /workspace/builds/worker-6-tc1/source
[INFO] started tweaking crates.io crate safehttp 0.2.0
[INFO] finished tweaking crates.io crate safehttp 0.2.0
[INFO] tweaked toml for crates.io crate safehttp 0.2.0 written to /workspace/builds/worker-6-tc1/source/Cargo.toml
[INFO] validating manifest of crates.io crate safehttp 0.2.0 on toolchain 1.99.0-beta.8
[INFO] running `Command { std: CARGO_HOME="/workspace/cargo-home" RUSTUP_HOME="/workspace/rustup-home" "/workspace/cargo-home/bin/cargo" "+1.99.0-beta.8" "metadata" "--manifest-path" "Cargo.toml" "--no-deps", kill_on_drop: false }`
[INFO] crate crates.io crate safehttp 0.2.0 already has a lockfile, it will not be regenerated
[INFO] running `Command { std: CARGO_HOME="/workspace/cargo-home" RUSTUP_HOME="/workspace/rustup-home" "/workspace/cargo-home/bin/cargo" "+1.99.0-beta.8" "fetch" "--manifest-path" "Cargo.toml", kill_on_drop: false }`
[INFO] [stderr] warning: Cargo.toml: `package.edition` is unspecified, defaulting to `2015` while the latest is `2024`
[INFO] [stderr] warning: `safehttp` (manifest) generated 1 warning
[INFO] [stderr]     Updating crates.io index
[INFO] [stderr]  Downloading crates ...
[INFO] [stderr]   Downloaded winapi-util v0.1.8
[INFO] [stderr]   Downloaded itoa v1.0.11
[INFO] [stderr]   Downloaded csv-core v0.1.11
[INFO] [stderr]   Downloaded windows-targets v0.52.5
[INFO] [stderr]   Downloaded http v1.1.0
[INFO] [stderr]   Downloaded rand_os v0.1.3
[INFO] [stderr]   Downloaded criterion v0.2.11
[INFO] [stderr]   Downloaded bytes v1.6.0
[INFO] [stderr]   Downloaded serde_json v1.0.117
[INFO] [stderr]   Downloaded cloudabi v0.0.3
[INFO] [stderr]   Downloaded rand_core v0.3.1
[INFO] [stderr]   Downloaded rand_xoshiro v0.1.0
[INFO] [stderr]   Downloaded unicode-width v0.1.12
[INFO] [stderr]   Downloaded crossbeam-utils v0.8.19
[INFO] [stderr]   Downloaded criterion-plot v0.3.1
[INFO] [stderr]   Downloaded cast v0.2.7
[INFO] [stderr]   Downloaded semver v1.0.23
[INFO] [stderr]   Downloaded memchr v2.7.2
[INFO] [stderr]   Downloaded proc-macro2 v1.0.82
[INFO] [stderr]   Downloaded serde_derive v1.0.202
[INFO] [stderr]   Downloaded serde v1.0.202
[INFO] [stderr]   Downloaded autocfg v1.3.0
[INFO] [stderr]   Downloaded crossbeam-deque v0.8.5
[INFO] [stderr]   Downloaded either v1.12.0
[INFO] [stderr]   Downloaded rand_core v0.4.2
[INFO] [stderr]   Downloaded windows_aarch64_gnullvm v0.52.5
[INFO] [stderr]   Downloaded syn v2.0.64
[INFO] [stderr]   Downloaded windows_x86_64_gnullvm v0.52.5
[INFO] [stderr]   Downloaded windows_i686_msvc v0.52.5
[INFO] [stderr]   Downloaded windows_i686_gnullvm v0.52.5
[INFO] [stderr]   Downloaded csv v1.3.0
[INFO] [stderr]   Downloaded libc v0.2.155
[INFO] [stderr]   Downloaded windows_x86_64_gnu v0.52.5
[INFO] [stderr]   Downloaded windows_aarch64_msvc v0.52.5
[INFO] [stderr]   Downloaded windows_x86_64_msvc v0.52.5
[INFO] [stderr]   Downloaded windows_i686_gnu v0.52.5
[INFO] running `Command { std: "docker" "create" "-v" "/var/lib/crater-agent-workspace/builds/worker-6-tc1/source:/opt/rustwide/workdir:ro,Z" "-v" "/var/lib/crater-agent-workspace/builds/worker-6-tc1/target:/opt/rustwide/target:rw,Z" "-v" "/var/lib/crater-agent-workspace/cargo-home:/opt/rustwide/cargo-home:ro,Z" "-v" "/var/lib/crater-agent-workspace/rustup-home:/opt/rustwide/rustup-home:ro,Z" "-m" "1610612736" "--network" "none" "ghcr.io/rust-lang/crates-build-env/linux@sha256:77db811e55d90add9212f6832c23229e3de5f1c1f9905e8cb07319ea15df73ac" "sleep" "infinity", kill_on_drop: false }`
[INFO] [stdout] 897cd33520828b7d09d19308dfe659dc34f6403f07f39c943a9abf18593fa896
[INFO] running `Command { std: "docker" "start" "897cd33520828b7d09d19308dfe659dc34f6403f07f39c943a9abf18593fa896", kill_on_drop: false }`
[INFO] running `Command { std: "docker" "inspect" "897cd33520828b7d09d19308dfe659dc34f6403f07f39c943a9abf18593fa896", kill_on_drop: false }`
[INFO] running `Command { std: "docker" "exec" "-e" "SOURCE_DIR=/opt/rustwide/workdir" "-e" "CARGO_HOME=/opt/rustwide/cargo-home" "-e" "RUSTUP_HOME=/opt/rustwide/rustup-home" "-e" "CARGO_TARGET_DIR=/opt/rustwide/target" "-w" "/opt/rustwide/workdir" "--user" "0:0" "897cd33520828b7d09d19308dfe659dc34f6403f07f39c943a9abf18593fa896" "/opt/rustwide/cargo-home/bin/cargo" "+1.99.0-beta.8" "metadata" "--no-deps" "--format-version=1", kill_on_drop: false }`
[INFO] running `Command { std: "docker" "inspect" "897cd33520828b7d09d19308dfe659dc34f6403f07f39c943a9abf18593fa896", kill_on_drop: false }`
[INFO] running `Command { std: "docker" "exec" "-e" "SOURCE_DIR=/opt/rustwide/workdir" "-e" "CARGO_HOME=/opt/rustwide/cargo-home" "-e" "RUSTUP_HOME=/opt/rustwide/rustup-home" "-e" "CARGO_TARGET_DIR=/opt/rustwide/target" "-e" "CARGO_INCREMENTAL=0" "-e" "RUST_BACKTRACE=full" "-e" "RUSTFLAGS=--cap-lints=warn" "-e" "RUSTDOCFLAGS=--cap-lints=warn" "-w" "/opt/rustwide/workdir" "--user" "0:0" "897cd33520828b7d09d19308dfe659dc34f6403f07f39c943a9abf18593fa896" "/opt/rustwide/cargo-home/bin/cargo" "+1.99.0-beta.8" "build" "--frozen" "--message-format=json" "--release", kill_on_drop: false }`
[INFO] [stderr] warning: Cargo.toml: `package.edition` is unspecified, defaulting to `2015` while the latest is `2024`
[INFO] [stderr] warning: `safehttp` (manifest) generated 1 warning
[INFO] [stderr]    Compiling itoa v1.0.11
[INFO] [stderr]    Compiling bytes v1.6.0
[INFO] [stderr]    Compiling http v1.1.0
[INFO] [stderr]    Compiling safehttp v0.2.0 (/opt/rustwide/workdir)
[INFO] [stderr]     Finished `release` profile [optimized] target(s) in 2.88s
[INFO] running `Command { std: "docker" "inspect" "897cd33520828b7d09d19308dfe659dc34f6403f07f39c943a9abf18593fa896", kill_on_drop: false }`
[INFO] running `Command { std: "docker" "exec" "-e" "SOURCE_DIR=/opt/rustwide/workdir" "-e" "CARGO_HOME=/opt/rustwide/cargo-home" "-e" "RUSTUP_HOME=/opt/rustwide/rustup-home" "-e" "CARGO_TARGET_DIR=/opt/rustwide/target" "-e" "CARGO_INCREMENTAL=0" "-e" "RUST_BACKTRACE=full" "-e" "RUSTFLAGS=--cap-lints=warn" "-e" "RUSTDOCFLAGS=--cap-lints=warn" "-w" "/opt/rustwide/workdir" "--user" "0:0" "897cd33520828b7d09d19308dfe659dc34f6403f07f39c943a9abf18593fa896" "/opt/rustwide/cargo-home/bin/cargo" "+1.99.0-beta.8" "test" "--frozen" "--no-run" "--message-format=json" "--release", kill_on_drop: false }`
[INFO] [stderr] warning: Cargo.toml: `package.edition` is unspecified, defaulting to `2015` while the latest is `2024`
[INFO] [stderr] warning: `safehttp` (manifest) generated 1 warning
[INFO] [stderr]    Compiling semver v1.0.23
[INFO] [stderr]    Compiling crossbeam-utils v0.8.19
[INFO] [stderr]    Compiling proc-macro2 v1.0.82
[INFO] [stderr]    Compiling serde v1.0.202
[INFO] [stderr]    Compiling unicode-ident v1.0.12
[INFO] [stderr]    Compiling libc v0.2.155
[INFO] [stderr]    Compiling rayon-core v1.12.1
[INFO] [stderr]    Compiling autocfg v1.3.0
[INFO] [stderr]    Compiling ryu v1.0.18
[INFO] [stderr]    Compiling rand_core v0.4.2
[INFO] [stderr]    Compiling serde_json v1.0.117
[INFO] [stderr]    Compiling either v1.12.0
[INFO] [stderr]    Compiling unicode-width v0.1.12
[INFO] [stderr]    Compiling memchr v2.7.2
[INFO] [stderr]    Compiling same-file v1.0.6
[INFO] [stderr]    Compiling bitflags v1.3.2
[INFO] [stderr]    Compiling textwrap v0.11.0
[INFO] [stderr]    Compiling walkdir v2.5.0
[INFO] [stderr]    Compiling lazy_static v1.4.0
[INFO] [stderr]    Compiling num-traits v0.2.19
[INFO] [stderr]    Compiling itertools v0.8.2
[INFO] [stderr]    Compiling rand_core v0.3.1
[INFO] [stderr]    Compiling clap v2.34.0
[INFO] [stderr]    Compiling rand_xoshiro v0.1.0
[INFO] [stderr]    Compiling rustc_version v0.4.0
[INFO] [stderr]    Compiling crossbeam-epoch v0.9.18
[INFO] [stderr]    Compiling cast v0.2.7
[INFO] [stderr]    Compiling csv-core v0.1.11
[INFO] [stderr]    Compiling atty v0.2.14
[INFO] [stderr]    Compiling rand_os v0.1.3
[INFO] [stderr]    Compiling crossbeam-deque v0.8.5
[INFO] [stderr]    Compiling quote v1.0.36
[INFO] [stderr]    Compiling syn v2.0.64
[INFO] [stderr]    Compiling criterion-plot v0.3.1
[INFO] [stderr]    Compiling rayon v1.10.0
[INFO] [stderr]    Compiling serde_derive v1.0.202
[INFO] [stderr]    Compiling csv v1.3.0
[INFO] [stderr]    Compiling tinytemplate v1.2.1
[INFO] [stderr]    Compiling criterion v0.2.11
[INFO] [stderr]    Compiling safehttp v0.2.0 (/opt/rustwide/workdir)
[INFO] [stdout] warning: trait objects without an explicit `dyn` are deprecated
[INFO] [stdout]    --> src/lib.rs:732:48
[INFO] [stdout]     |
[INFO] [stdout] 732 |     fn with_reader_impl<T>(bytes: &[u8], fun: &Fn(ReaderImpl<TestStream>) -> T) -> T {
[INFO] [stdout]     |                                                ^^^^^^^^^^^^^^^^^^^^^^^^^^^^^^^
[INFO] [stdout]     |
[INFO] [stdout]     = warning: this is accepted in the current edition (Rust 2015) but is a hard error in Rust 2021!
[INFO] [stdout]     = note: for more information, see <https://doc.rust-lang.org/edition-guide/rust-2021/warnings-promoted-to-error.html>
[INFO] [stdout]     = note: `#[warn(bare_trait_objects)]` (part of `#[warn(rust_2021_compatibility)]`) on by default
[INFO] [stdout] help: if this is a dyn-compatible trait, use `dyn`
[INFO] [stdout]     |
[INFO] [stdout] 732 |     fn with_reader_impl<T>(bytes: &[u8], fun: &dyn Fn(ReaderImpl<TestStream>) -> T) -> T {
[INFO] [stdout]     |                                                +++
[INFO] [stdout] 
[INFO] [stdout] 
[INFO] [stdout] warning: trait objects without an explicit `dyn` are deprecated
[INFO] [stdout]    --> src/lib.rs:739:43
[INFO] [stdout]     |
[INFO] [stdout] 739 |     fn with_reader<T>(bytes: &[u8], fun: &Fn(&mut dyn Reader) -> T) -> T {
[INFO] [stdout]     |                                           ^^^^^^^^^^^^^^^^^^^^^^^^
[INFO] [stdout]     |
[INFO] [stdout]     = warning: this is accepted in the current edition (Rust 2015) but is a hard error in Rust 2021!
[INFO] [stdout]     = note: for more information, see <https://doc.rust-lang.org/edition-guide/rust-2021/warnings-promoted-to-error.html>
[INFO] [stdout] help: if this is a dyn-compatible trait, use `dyn`
[INFO] [stdout]     |
[INFO] [stdout] 739 |     fn with_reader<T>(bytes: &[u8], fun: &dyn Fn(&mut dyn Reader) -> T) -> T {
[INFO] [stdout]     |                                           +++
[INFO] [stdout] 
[INFO] [stdout] 
[INFO] [stdout] warning: trait objects without an explicit `dyn` are deprecated
[INFO] [stdout]    --> src/lib.rs:743:33
[INFO] [stdout]     |
[INFO] [stdout] 743 |     fn read_to_end(stream: &mut io::Read) -> io::Result<Vec<u8>> {
[INFO] [stdout]     |                                 ^^^^^^^^
[INFO] [stdout]     |
[INFO] [stdout]     = warning: this is accepted in the current edition (Rust 2015) but is a hard error in Rust 2021!
[INFO] [stdout]     = note: for more information, see <https://doc.rust-lang.org/edition-guide/rust-2021/warnings-promoted-to-error.html>
[INFO] [stdout] help: if this is a dyn-compatible trait, use `dyn`
[INFO] [stdout]     |
[INFO] [stdout] 743 |     fn read_to_end(stream: &mut dyn io::Read) -> io::Result<Vec<u8>> {
[INFO] [stdout]     |                                 +++
[INFO] [stdout] 
[INFO] [stdout] 
[INFO] [stderr]     Finished `release` profile [optimized] target(s) in 32.42s
[INFO] [stderr] warning: the following packages contain code that will be rejected by a future version of Rust: criterion v0.2.11
[INFO] [stderr] note: to see what the problems were, use the option `--future-incompat-report`, or run `cargo report future-incompatibilities --id 1`
[INFO] running `Command { std: "docker" "inspect" "897cd33520828b7d09d19308dfe659dc34f6403f07f39c943a9abf18593fa896", kill_on_drop: false }`
[INFO] running `Command { std: "docker" "exec" "-e" "SOURCE_DIR=/opt/rustwide/workdir" "-e" "CARGO_HOME=/opt/rustwide/cargo-home" "-e" "RUSTUP_HOME=/opt/rustwide/rustup-home" "-e" "CARGO_TARGET_DIR=/opt/rustwide/target" "-e" "CARGO_INCREMENTAL=0" "-e" "RUST_BACKTRACE=full" "-e" "RUSTFLAGS=--cap-lints=warn" "-e" "RUSTDOCFLAGS=--cap-lints=warn" "-w" "/opt/rustwide/workdir" "--user" "0:0" "897cd33520828b7d09d19308dfe659dc34f6403f07f39c943a9abf18593fa896" "/opt/rustwide/cargo-home/bin/cargo" "+1.99.0-beta.8" "test" "--frozen" "--release", kill_on_drop: false }`
[INFO] [stderr] warning: Cargo.toml: `package.edition` is unspecified, defaulting to `2015` while the latest is `2024`
[INFO] [stderr] warning: `safehttp` (manifest) generated 1 warning
[INFO] [stderr] warning: trait objects without an explicit `dyn` are deprecated
[INFO] [stderr]    --> src/lib.rs:732:48
[INFO] [stderr]     |
[INFO] [stderr] 732 |     fn with_reader_impl<T>(bytes: &[u8], fun: &Fn(ReaderImpl<TestStream>) -> T) -> T {
[INFO] [stderr]     |                                                ^^^^^^^^^^^^^^^^^^^^^^^^^^^^^^^
[INFO] [stderr]     |
[INFO] [stderr]     = warning: this is accepted in the current edition (Rust 2015) but is a hard error in Rust 2021!
[INFO] [stderr]     = note: for more information, see <https://doc.rust-lang.org/edition-guide/rust-2021/warnings-promoted-to-error.html>
[INFO] [stderr]     = note: `#[warn(bare_trait_objects)]` (part of `#[warn(rust_2021_compatibility)]`) on by default
[INFO] [stderr] help: if this is a dyn-compatible trait, use `dyn`
[INFO] [stderr]     |
[INFO] [stderr] 732 |     fn with_reader_impl<T>(bytes: &[u8], fun: &dyn Fn(ReaderImpl<TestStream>) -> T) -> T {
[INFO] [stderr]     |                                                +++
[INFO] [stderr] 
[INFO] [stderr] warning: trait objects without an explicit `dyn` are deprecated
[INFO] [stderr]    --> src/lib.rs:739:43
[INFO] [stderr]     |
[INFO] [stderr] 739 |     fn with_reader<T>(bytes: &[u8], fun: &Fn(&mut dyn Reader) -> T) -> T {
[INFO] [stderr]     |                                           ^^^^^^^^^^^^^^^^^^^^^^^^
[INFO] [stderr]     |
[INFO] [stderr]     = warning: this is accepted in the current edition (Rust 2015) but is a hard error in Rust 2021!
[INFO] [stderr]     = note: for more information, see <https://doc.rust-lang.org/edition-guide/rust-2021/warnings-promoted-to-error.html>
[INFO] [stderr] help: if this is a dyn-compatible trait, use `dyn`
[INFO] [stderr]     |
[INFO] [stderr] 739 |     fn with_reader<T>(bytes: &[u8], fun: &dyn Fn(&mut dyn Reader) -> T) -> T {
[INFO] [stderr]     |                                           +++
[INFO] [stderr] 
[INFO] [stderr] warning: trait objects without an explicit `dyn` are deprecated
[INFO] [stderr]    --> src/lib.rs:743:33
[INFO] [stderr]     |
[INFO] [stderr] 743 |     fn read_to_end(stream: &mut io::Read) -> io::Result<Vec<u8>> {
[INFO] [stderr]     |                                 ^^^^^^^^
[INFO] [stderr]     |
[INFO] [stderr]     = warning: this is accepted in the current edition (Rust 2015) but is a hard error in Rust 2021!
[INFO] [stderr]     = note: for more information, see <https://doc.rust-lang.org/edition-guide/rust-2021/warnings-promoted-to-error.html>
[INFO] [stderr] help: if this is a dyn-compatible trait, use `dyn`
[INFO] [stderr]     |
[INFO] [stderr] 743 |     fn read_to_end(stream: &mut dyn io::Read) -> io::Result<Vec<u8>> {
[INFO] [stderr]     |                                 +++
[INFO] [stderr] 
[INFO] [stderr] warning: `safehttp` (lib test) generated 3 warnings (run `cargo fix --lib -p safehttp --tests` to apply 3 suggestions)
[INFO] [stderr]     Finished `release` profile [optimized] target(s) in 0.08s
[INFO] [stderr] warning: the following packages contain code that will be rejected by a future version of Rust: criterion v0.2.11
[INFO] [stderr] note: to see what the problems were, use the option `--future-incompat-report`, or run `cargo report future-incompatibilities --id 1`
[INFO] [stderr]      Running unittests src/lib.rs (/opt/rustwide/target/release/deps/safehttp-fc48cd1605ec2776)
[INFO] [stdout] 
[INFO] [stdout] running 24 tests
[INFO] [stdout] test single_byte_buffered_reader::tests::test_single_byte_buffered_reader ... ok
[INFO] [stdout] test tests::content_length_overflow ... ok
[INFO] [stdout] test tests::ignores_chunk_extensions ... ok
[INFO] [stdout] test tests::allows_empty_host_headers ... ok
[INFO] [stdout] test tests::http_09_and_http_20_are_not_supported ... ok
[INFO] [stdout] test tests::host_header_authority_must_match_target_uri ... ok
[INFO] [stdout] test tests::multiple_header_values ... ok
[INFO] [stdout] test tests::rejects_multiple_host_headers ... ok
[INFO] [stdout] test tests::ignores_chunk_trailer ... ok
[INFO] [stdout] test tests::requires_host_header_in_http_11 ... ok
[INFO] [stdout] test tests::transfer_encoding_did_not_exist_before_http_1_1 ... ok
[INFO] [stdout] test tests::rejects_invalid_line_terminators ... ok
[INFO] [stdout] test tests::response_splitting ... ok
[INFO] [stdout] test tests::rejects_non_ascii_characters ... ok
[INFO] [stdout] test tests::transfer_encoding_chunked ... ok
[INFO] [stdout] test tests::typical_get_request ... ok
[INFO] [stdout] test tests::typical_post_request ... ok
[INFO] [stdout] test tests::unsupported_transfer_encodings_are_rejected ... ok
[INFO] [stdout] test tests::test_unparse_requests ... ok
[INFO] [stdout] test tests::version ... ok
[INFO] [stdout] test tests::message_body_length_security ... ok
[INFO] [stdout] test tests::method_names_are_case_sensitive ... ok
[INFO] [stdout] test tests::test_unparse_responses ... ok
[INFO] [stdout] test single_byte_buffered_reader::tests::test_reliable_read_partial ... FAILED
[INFO] [stdout] 
[INFO] [stdout] failures:
[INFO] [stdout] 
[INFO] [stdout] ---- single_byte_buffered_reader::tests::test_reliable_read_partial stdout ----
[INFO] [stdout] 
[INFO] [stdout] thread 'single_byte_buffered_reader::tests::test_reliable_read_partial' (970) panicked at src/single_byte_buffered_reader.rs:188:9:
[INFO] [stdout] assertion `left == right` failed
[INFO] [stdout]   left: [104, 101, 108, 108, 111]
[INFO] [stdout]  right: [0, 0, 0, 0, 0]
[INFO] [stdout] stack backtrace:
[INFO] [stdout]    0:     0x65161dbcddf1 - <<std[70759c8f55707aa4]::sys::backtrace::BacktraceLock>::print::DisplayBacktrace as core[df12db4294e9bfd3]::fmt::Display>::fmt
[INFO] [stdout]    1:     0x65161dbe265a - core[df12db4294e9bfd3]::fmt::write
[INFO] [stdout]    2:     0x65161dbd233c - <alloc[2182bb758b4b3781]::vec::Vec<u8> as core[df12db4294e9bfd3]::io::write::Write>::write_fmt
[INFO] [stdout]    3:     0x65161dbaa3e6 - std[70759c8f55707aa4]::panicking::default_hook::{closure#0}
[INFO] [stdout]    4:     0x65161dbc6559 - std[70759c8f55707aa4]::panicking::default_hook
[INFO] [stdout]    5:     0x65161db5b820 - test[9d35eded1c95d3be]::test_main_inner::<test[9d35eded1c95d3be]::test_main_static::{closure#0}>::{closure#0}
[INFO] [stdout]    6:     0x65161dbc6712 - std[70759c8f55707aa4]::panicking::panic_with_hook
[INFO] [stdout]    7:     0x65161dbaa492 - std[70759c8f55707aa4]::panicking::panic_handler::{closure#0}
[INFO] [stdout]    8:     0x65161dba31e9 - std[70759c8f55707aa4]::sys::backtrace::__rust_end_short_backtrace::<std[70759c8f55707aa4]::panicking::panic_handler::{closure#0}, !>
[INFO] [stdout]    9:     0x65161dbab08d - __rustc[8fa7c3cbc660c2b3]::rust_begin_unwind
[INFO] [stdout]   10:     0x65161dbe2d8c - core[df12db4294e9bfd3]::panicking::panic_fmt
[INFO] [stdout]   11:     0x65161dbe2ca3 - core[df12db4294e9bfd3]::panicking::assert_failed_inner
[INFO] [stdout]   12:     0x65161db4a49c - core[df12db4294e9bfd3]::panicking::assert_failed::<[u8; 5usize], [u8; 5usize]>
[INFO] [stdout]   13:     0x65161db492ab - safehttp[8285cd1914f78b8c]::single_byte_buffered_reader::tests::test_reliable_read_partial
[INFO] [stdout]   14:     0x65161db47e99 - <safehttp[8285cd1914f78b8c]::single_byte_buffered_reader::tests::test_reliable_read_partial::{closure#0} as core[df12db4294e9bfd3]::ops::function::FnOnce<()>>::call_once
[INFO] [stdout]   15:     0x65161db4eb0b - test[9d35eded1c95d3be]::__rust_begin_short_backtrace::<core[df12db4294e9bfd3]::result::Result<(), alloc[2182bb758b4b3781]::string::String>, fn() -> core[df12db4294e9bfd3]::result::Result<(), alloc[2182bb758b4b3781]::string::String>>
[INFO] [stdout]   16:     0x65161db5c175 - test[9d35eded1c95d3be]::run_test::{closure#0}
[INFO] [stdout]   17:     0x65161db55a34 - std[70759c8f55707aa4]::sys::backtrace::__rust_begin_short_backtrace::<test[9d35eded1c95d3be]::run_test::{closure#1}, ()>
[INFO] [stdout]   18:     0x65161db5f2d2 - <std[70759c8f55707aa4]::thread::lifecycle::spawn_unchecked<test[9d35eded1c95d3be]::run_test::{closure#1}, ()>::{closure#1} as core[df12db4294e9bfd3]::ops::function::FnOnce<()>>::call_once::{shim:vtable#0}
[INFO] [stdout]   19:     0x65161dbcd6c9 - <std[70759c8f55707aa4]::sys::thread::unix::Thread>::new::thread_start
[INFO] [stdout]   20:     0x7c00af9a2dfa - <unknown>
[INFO] [stdout]   21:     0x7c00afa363d4 - clone
[INFO] [stdout]   22:                0x0 - <unknown>
[INFO] [stdout] 
[INFO] [stdout] 
[INFO] [stdout] failures:
[INFO] [stdout]     single_byte_buffered_reader::tests::test_reliable_read_partial
[INFO] [stdout] 
[INFO] [stdout] test result: FAILED. 23 passed; 1 failed; 0 ignored; 0 measured; 0 filtered out; finished in 0.01s
[INFO] [stdout] 
[INFO] [stderr] error: test failed, to rerun pass `--lib`
[INFO] running `Command { std: "docker" "inspect" "897cd33520828b7d09d19308dfe659dc34f6403f07f39c943a9abf18593fa896", kill_on_drop: false }`
[INFO] running `Command { std: "docker" "rm" "-f" "897cd33520828b7d09d19308dfe659dc34f6403f07f39c943a9abf18593fa896", kill_on_drop: false }`
[INFO] [stdout] 897cd33520828b7d09d19308dfe659dc34f6403f07f39c943a9abf18593fa896
