[INFO] fetching crate safehtml 0.2.0...
[INFO] testing safehtml-0.2.0 against 1.99.0-beta.8+cargoflags=--release for beta-release-1.100-2
[INFO] extracting crate safehtml 0.2.0 into /workspace/builds/worker-5-tc1/source
[INFO] started tweaking crates.io crate safehtml 0.2.0
[INFO] removed 0 missing tests
[INFO] finished tweaking crates.io crate safehtml 0.2.0
[INFO] tweaked toml for crates.io crate safehtml 0.2.0 written to /workspace/builds/worker-5-tc1/source/Cargo.toml
[INFO] validating manifest of crates.io crate safehtml 0.2.0 on toolchain 1.99.0-beta.8
[INFO] running `Command { std: CARGO_HOME="/workspace/cargo-home" RUSTUP_HOME="/workspace/rustup-home" "/workspace/cargo-home/bin/cargo" "+1.99.0-beta.8" "metadata" "--manifest-path" "Cargo.toml" "--no-deps", kill_on_drop: false }`
[INFO] crate crates.io crate safehtml 0.2.0 already has a lockfile, it will not be regenerated
[INFO] running `Command { std: CARGO_HOME="/workspace/cargo-home" RUSTUP_HOME="/workspace/rustup-home" "/workspace/cargo-home/bin/cargo" "+1.99.0-beta.8" "fetch" "--manifest-path" "Cargo.toml", kill_on_drop: false }`
[INFO] running `Command { std: "docker" "create" "-v" "/var/lib/crater-agent-workspace/builds/worker-5-tc1/source:/opt/rustwide/workdir:ro,Z" "-v" "/var/lib/crater-agent-workspace/builds/worker-5-tc1/target:/opt/rustwide/target:rw,Z" "-v" "/var/lib/crater-agent-workspace/cargo-home:/opt/rustwide/cargo-home:ro,Z" "-v" "/var/lib/crater-agent-workspace/rustup-home:/opt/rustwide/rustup-home:ro,Z" "-m" "1610612736" "--network" "none" "ghcr.io/rust-lang/crates-build-env/linux@sha256:77db811e55d90add9212f6832c23229e3de5f1c1f9905e8cb07319ea15df73ac" "sleep" "infinity", kill_on_drop: false }`
[INFO] [stdout] dd982be2afd2834b1ef8a641522af441f1435364465a9be53c28ea848c693f69
[INFO] running `Command { std: "docker" "start" "dd982be2afd2834b1ef8a641522af441f1435364465a9be53c28ea848c693f69", kill_on_drop: false }`
[INFO] running `Command { std: "docker" "inspect" "dd982be2afd2834b1ef8a641522af441f1435364465a9be53c28ea848c693f69", kill_on_drop: false }`
[INFO] running `Command { std: "docker" "exec" "-e" "SOURCE_DIR=/opt/rustwide/workdir" "-e" "CARGO_HOME=/opt/rustwide/cargo-home" "-e" "RUSTUP_HOME=/opt/rustwide/rustup-home" "-e" "CARGO_TARGET_DIR=/opt/rustwide/target" "-w" "/opt/rustwide/workdir" "--user" "0:0" "dd982be2afd2834b1ef8a641522af441f1435364465a9be53c28ea848c693f69" "/opt/rustwide/cargo-home/bin/cargo" "+1.99.0-beta.8" "metadata" "--no-deps" "--format-version=1", kill_on_drop: false }`
[INFO] running `Command { std: "docker" "inspect" "dd982be2afd2834b1ef8a641522af441f1435364465a9be53c28ea848c693f69", kill_on_drop: false }`
[INFO] running `Command { std: "docker" "exec" "-e" "SOURCE_DIR=/opt/rustwide/workdir" "-e" "CARGO_HOME=/opt/rustwide/cargo-home" "-e" "RUSTUP_HOME=/opt/rustwide/rustup-home" "-e" "CARGO_TARGET_DIR=/opt/rustwide/target" "-e" "CARGO_INCREMENTAL=0" "-e" "RUST_BACKTRACE=full" "-e" "RUSTFLAGS=--cap-lints=warn" "-e" "RUSTDOCFLAGS=--cap-lints=warn" "-w" "/opt/rustwide/workdir" "--user" "0:0" "dd982be2afd2834b1ef8a641522af441f1435364465a9be53c28ea848c693f69" "/opt/rustwide/cargo-home/bin/cargo" "+1.99.0-beta.8" "build" "--frozen" "--message-format=json" "--release", kill_on_drop: false }`
[INFO] [stderr]    Compiling safehtml v0.2.0 (/opt/rustwide/workdir)
[INFO] [stderr]     Finished `release` profile [optimized] target(s) in 1.54s
[INFO] running `Command { std: "docker" "inspect" "dd982be2afd2834b1ef8a641522af441f1435364465a9be53c28ea848c693f69", kill_on_drop: false }`
[INFO] running `Command { std: "docker" "exec" "-e" "SOURCE_DIR=/opt/rustwide/workdir" "-e" "CARGO_HOME=/opt/rustwide/cargo-home" "-e" "RUSTUP_HOME=/opt/rustwide/rustup-home" "-e" "CARGO_TARGET_DIR=/opt/rustwide/target" "-e" "CARGO_INCREMENTAL=0" "-e" "RUST_BACKTRACE=full" "-e" "RUSTFLAGS=--cap-lints=warn" "-e" "RUSTDOCFLAGS=--cap-lints=warn" "-w" "/opt/rustwide/workdir" "--user" "0:0" "dd982be2afd2834b1ef8a641522af441f1435364465a9be53c28ea848c693f69" "/opt/rustwide/cargo-home/bin/cargo" "+1.99.0-beta.8" "test" "--frozen" "--no-run" "--message-format=json" "--release", kill_on_drop: false }`
[INFO] [stderr]    Compiling zerocopy v0.8.54
[INFO] [stderr]    Compiling either v1.16.0
[INFO] [stderr]    Compiling regex-automata v0.4.16
[INFO] [stderr]    Compiling clap_builder v4.6.2
[INFO] [stderr]    Compiling toml_parser v1.1.2+spec-1.1.0
[INFO] [stderr]    Compiling syn v2.0.119
[INFO] [stderr]    Compiling serde_json v1.0.150
[INFO] [stderr]    Compiling toml_datetime v1.1.1+spec-1.1.0
[INFO] [stderr]    Compiling serde_spanned v1.1.1
[INFO] [stderr]    Compiling is-terminal v0.4.17
[INFO] [stderr]    Compiling itertools v0.10.5
[INFO] [stderr]    Compiling toml v1.1.3+spec-1.1.0
[INFO] [stderr]    Compiling criterion-plot v0.5.0
[INFO] [stderr]    Compiling clap v4.6.2
[INFO] [stderr]    Compiling regex v1.13.1
[INFO] [stderr]    Compiling serde_derive v1.0.228
[INFO] [stderr]    Compiling zerocopy-derive v0.8.54
[INFO] [stderr]    Compiling serde v1.0.228
[INFO] [stderr]    Compiling tinytemplate v1.2.1
[INFO] [stderr]    Compiling trybuild v1.0.118
[INFO] [stderr]    Compiling half v2.7.1
[INFO] [stderr]    Compiling ciborium-ll v0.2.2
[INFO] [stderr]    Compiling ciborium v0.2.2
[INFO] [stderr]    Compiling criterion v0.5.1
[INFO] [stderr]    Compiling safehtml v0.2.0 (/opt/rustwide/workdir)
[INFO] [stderr]     Finished `release` profile [optimized] target(s) in 53.17s
[INFO] running `Command { std: "docker" "inspect" "dd982be2afd2834b1ef8a641522af441f1435364465a9be53c28ea848c693f69", kill_on_drop: false }`
[INFO] running `Command { std: "docker" "exec" "-e" "SOURCE_DIR=/opt/rustwide/workdir" "-e" "CARGO_HOME=/opt/rustwide/cargo-home" "-e" "RUSTUP_HOME=/opt/rustwide/rustup-home" "-e" "CARGO_TARGET_DIR=/opt/rustwide/target" "-e" "CARGO_INCREMENTAL=0" "-e" "RUST_BACKTRACE=full" "-e" "RUSTFLAGS=--cap-lints=warn" "-e" "RUSTDOCFLAGS=--cap-lints=warn" "-w" "/opt/rustwide/workdir" "--user" "0:0" "dd982be2afd2834b1ef8a641522af441f1435364465a9be53c28ea848c693f69" "/opt/rustwide/cargo-home/bin/cargo" "+1.99.0-beta.8" "test" "--frozen" "--release", kill_on_drop: false }`
[INFO] [stderr]     Finished `release` profile [optimized] target(s) in 0.07s
[INFO] [stderr]      Running unittests src/lib.rs (/opt/rustwide/target/release/deps/safehtml-e9faa99566873fea)
[INFO] [stdout] 
[INFO] [stdout] running 4 tests
[INFO] [stdout] test percent::tests::allowed_tables_rebuild_and_match_spec ... ok
[INFO] [stdout] test escape::tests::swar_scan_matches_naive_scan ... ok
[INFO] [stdout] test escape::tests::scan_tables_rebuild_and_match_char_classification ... ok
[INFO] [stderr]      Running tests/alloc_behavior.rs (/opt/rustwide/target/release/deps/alloc_behavior-87b7e1d69185ede3)
[INFO] [stdout] test escape::tests::prefilters_cover_tables ... ok
[INFO] [stdout] 
[INFO] [stdout] test result: ok. 4 passed; 0 failed; 0 ignored; 0 measured; 0 filtered out; finished in 0.01s
[INFO] [stdout] 
[INFO] [stderr]      Running tests/compile_fail.rs (/opt/rustwide/target/release/deps/compile_fail-b6e6b15f340ea8b6)
[INFO] [stdout] 
[INFO] [stdout] running 1 test
[INFO] [stdout] test allocation_counts ... ok
[INFO] [stdout] 
[INFO] [stdout] test result: ok. 1 passed; 0 failed; 0 ignored; 0 measured; 0 filtered out; finished in 0.00s
[INFO] [stdout] 
[INFO] [stdout] 
[INFO] [stdout] running 1 test
[INFO] [stderr]    Compiling proc-macro2 v1.0.106
[INFO] [stderr]    Compiling quote v1.0.46
[INFO] [stderr]    Compiling unicode-ident v1.0.24
[INFO] [stderr]    Compiling serde_core v1.0.228
[INFO] [stderr]    Compiling zerocopy v0.8.54
[INFO] [stderr]    Compiling serde v1.0.228
[INFO] [stderr]    Compiling zmij v1.0.23
[INFO] [stderr]    Compiling libc v0.2.186
[INFO] [stderr]    Compiling serde_json v1.0.150
[INFO] [stderr]     Checking cfg-if v1.0.4
[INFO] [stderr]    Compiling autocfg v1.5.1
[INFO] [stderr]     Checking clap_lex v1.1.0
[INFO] [stderr]     Checking either v1.16.0
[INFO] [stderr]     Checking anstyle v1.0.14
[INFO] [stderr]     Checking memchr v2.8.3
[INFO] [stderr]     Checking ciborium-io v0.2.2
[INFO] [stderr]     Checking regex-syntax v0.8.11
[INFO] [stderr]     Checking itoa v1.0.18
[INFO] [stderr]     Checking cast v0.3.0
[INFO] [stderr]     Checking same-file v1.0.6
[INFO] [stderr]     Checking oorandom v11.1.5
[INFO] [stderr]     Checking anes v0.1.6
[INFO] [stderr]     Checking once_cell v1.21.4
[INFO] [stderr]     Checking safehtml v0.2.0 (/opt/rustwide/workdir)
[INFO] [stderr]     Checking clap_builder v4.6.2
[INFO] [stderr]     Checking walkdir v2.5.0
[INFO] [stderr]     Checking itertools v0.10.5
[INFO] [stderr]    Compiling num-traits v0.2.19
[INFO] [stderr]    Compiling syn v2.0.119
[INFO] [stderr]     Checking regex-automata v0.4.16
[INFO] [stderr]     Checking is-terminal v0.4.17
[INFO] [stderr]     Checking clap v4.6.2
[INFO] [stderr]     Checking criterion-plot v0.5.0
[INFO] [stderr]     Checking regex v1.13.1
[INFO] [stderr]    Compiling zerocopy-derive v0.8.54
[INFO] [stderr]    Compiling serde_derive v1.0.228
[INFO] [stderr]     Checking tinytemplate v1.2.1
[INFO] [stderr]     Checking half v2.7.1
[INFO] [stderr]     Checking ciborium-ll v0.2.2
[INFO] [stderr]     Checking ciborium v0.2.2
[INFO] [stderr]     Checking criterion v0.5.1
[INFO] [stderr]     Checking safehtml-tests v0.0.0 (/opt/rustwide/target/tests/trybuild/safehtml)
[INFO] [stderr]     Finished `dev` profile [unoptimized + debuginfo] target(s) in 25.68s
[INFO] [stderr] 
[INFO] [stderr] 
[INFO] [stderr] test tests/ui/duplicate_argument.rs ... mismatch
[INFO] [stderr] 
[INFO] [stderr] EXPECTED:
[INFO] [stderr] ┈┈┈┈┈┈┈┈┈┈┈┈┈┈┈┈┈┈┈┈┈┈┈┈┈┈┈┈┈┈┈┈┈┈┈┈┈┈┈┈┈┈┈┈┈┈┈┈┈┈┈┈┈┈┈┈┈┈┈┈
[INFO] [stderr] error[E0080]: evaluation panicked: safe_html_format!: duplicate named argument
[INFO] [stderr]  --> tests/ui/duplicate_argument.rs:4:13
[INFO] [stderr]   |
[INFO] [stderr] 4 |     let _ = safe_html_format!("<b>{a}</b>", a = 1, a = 2);
[INFO] [stderr]   |             ^^^^^^^^^^^^^^^^^^^^^^^^^^^^^^^^^^^^^^^^^^^^^ evaluation of `main::_` failed inside this call
[INFO] [stderr]   |
[INFO] [stderr] note: inside `safehtml::__private::check_named_format`
[INFO] [stderr]  --> $RUST/core/src/panic.rs
[INFO] [stderr]   |
[INFO] [stderr]   |           $crate::panicking::panic_fmt($crate::const_format_args!($($t)+));
[INFO] [stderr]   |           ^^^^^^^^^^^^^^^^^^^^^^^^^^^^^^^^^^^^^^^^^^^^^^^^^^^^^^^^^^^^^^^^ the failure occurred here
[INFO] [stderr]   |
[INFO] [stderr]  ::: src/format.rs
[INFO] [stderr]   |
[INFO] [stderr]   | /             assert!(
[INFO] [stderr]   | |                 !bytes_eq(arg_name_bytes(names[i]), arg_name_bytes(names[j])),
[INFO] [stderr]   | |                 "safe_html_format!: duplicate named argument"
[INFO] [stderr]   | |             );
[INFO] [stderr]   | |_____________- in this macro invocation
[INFO] [stderr] ┈┈┈┈┈┈┈┈┈┈┈┈┈┈┈┈┈┈┈┈┈┈┈┈┈┈┈┈┈┈┈┈┈┈┈┈┈┈┈┈┈┈┈┈┈┈┈┈┈┈┈┈┈┈┈┈┈┈┈┈
[INFO] [stderr] 
[INFO] [stderr] ACTUAL OUTPUT:
[INFO] [stderr] ┈┈┈┈┈┈┈┈┈┈┈┈┈┈┈┈┈┈┈┈┈┈┈┈┈┈┈┈┈┈┈┈┈┈┈┈┈┈┈┈┈┈┈┈┈┈┈┈┈┈┈┈┈┈┈┈┈┈┈┈
[INFO] [stderr] error[E0080]: evaluation panicked: safe_html_format!: duplicate named argument
[INFO] [stderr]  --> tests/ui/duplicate_argument.rs:4:13
[INFO] [stderr]   |
[INFO] [stderr] 4 |     let _ = safe_html_format!("<b>{a}</b>", a = 1, a = 2);
[INFO] [stderr]   |             ^^^^^^^^^^^^^^^^^^^^^^^^^^^^^^^^^^^^^^^^^^^^^ evaluation of `main::_` failed inside this call
[INFO] [stderr]   |
[INFO] [stderr] note: inside `safehtml::__private::check_named_format`
[INFO] [stderr]  --> $RUST/core/src/panic.rs
[INFO] [stderr]   |
[INFO] [stderr]   = note: the failure occurred here
[INFO] [stderr]   |
[INFO] [stderr]  ::: src/format.rs
[INFO] [stderr]   |
[INFO] [stderr]   | /             assert!(
[INFO] [stderr]   | |                 !bytes_eq(arg_name_bytes(names[i]), arg_name_bytes(names[j])),
[INFO] [stderr]   | |                 "safe_html_format!: duplicate named argument"
[INFO] [stderr]   | |             );
[INFO] [stderr]   | |_____________- in this macro invocation
[INFO] [stderr] ┈┈┈┈┈┈┈┈┈┈┈┈┈┈┈┈┈┈┈┈┈┈┈┈┈┈┈┈┈┈┈┈┈┈┈┈┈┈┈┈┈┈┈┈┈┈┈┈┈┈┈┈┈┈┈┈┈┈┈┈
[INFO] [stderr] note: If the actual output is the correct output you can bless it by rerunning
[INFO] [stderr]       your test with the environment variable TRYBUILD=overwrite
[INFO] [stderr] 
[INFO] [stderr] test tests/ui/empty_placeholder_named.rs ... mismatch
[INFO] [stderr] 
[INFO] [stderr] EXPECTED:
[INFO] [stderr] ┈┈┈┈┈┈┈┈┈┈┈┈┈┈┈┈┈┈┈┈┈┈┈┈┈┈┈┈┈┈┈┈┈┈┈┈┈┈┈┈┈┈┈┈┈┈┈┈┈┈┈┈┈┈┈┈┈┈┈┈
[INFO] [stderr] error[E0080]: evaluation panicked: safe_html_format!: an empty placeholder is not allowed with named arguments; name it to match a `name = value` argument
[INFO] [stderr]  --> tests/ui/empty_placeholder_named.rs:4:13
[INFO] [stderr]   |
[INFO] [stderr] 4 |     let _ = safe_html_format!("<b>{} {x}</b>", x = 1);
[INFO] [stderr]   |             ^^^^^^^^^^^^^^^^^^^^^^^^^^^^^^^^^^^^^^^^^ evaluation of `main::_` failed inside this call
[INFO] [stderr]   |
[INFO] [stderr] note: inside `safehtml::__private::check_named_format`
[INFO] [stderr]  --> $RUST/core/src/panic.rs
[INFO] [stderr]   |
[INFO] [stderr]   |           $crate::panicking::panic_fmt($crate::const_format_args!($($t)+));
[INFO] [stderr]   |           ^^^^^^^^^^^^^^^^^^^^^^^^^^^^^^^^^^^^^^^^^^^^^^^^^^^^^^^^^^^^^^^^ the failure occurred here
[INFO] [stderr]   |
[INFO] [stderr]  ::: src/format.rs
[INFO] [stderr]   |
[INFO] [stderr]   | / ...   assert!(
[INFO] [stderr]   | | ...       end > start,
[INFO] [stderr]   | | ...       "safe_html_format!: an empty placeholder is not allowed with named arguments; name it to match a `name = value` argument"
[INFO] [stderr]   | | ...   );
[INFO] [stderr]   | |_______- in this macro invocation
[INFO] [stderr] ┈┈┈┈┈┈┈┈┈┈┈┈┈┈┈┈┈┈┈┈┈┈┈┈┈┈┈┈┈┈┈┈┈┈┈┈┈┈┈┈┈┈┈┈┈┈┈┈┈┈┈┈┈┈┈┈┈┈┈┈
[INFO] [stderr] 
[INFO] [stderr] ACTUAL OUTPUT:
[INFO] [stderr] ┈┈┈┈┈┈┈┈┈┈┈┈┈┈┈┈┈┈┈┈┈┈┈┈┈┈┈┈┈┈┈┈┈┈┈┈┈┈┈┈┈┈┈┈┈┈┈┈┈┈┈┈┈┈┈┈┈┈┈┈
[INFO] [stderr] error[E0080]: evaluation panicked: safe_html_format!: an empty placeholder is not allowed with named arguments; name it to match a `name = value` argument
[INFO] [stderr]  --> tests/ui/empty_placeholder_named.rs:4:13
[INFO] [stderr]   |
[INFO] [stderr] 4 |     let _ = safe_html_format!("<b>{} {x}</b>", x = 1);
[INFO] [stderr]   |             ^^^^^^^^^^^^^^^^^^^^^^^^^^^^^^^^^^^^^^^^^ evaluation of `main::_` failed inside this call
[INFO] [stderr]   |
[INFO] [stderr] note: inside `safehtml::__private::check_named_format`
[INFO] [stderr]  --> $RUST/core/src/panic.rs
[INFO] [stderr]   |
[INFO] [stderr]   = note: the failure occurred here
[INFO] [stderr]   |
[INFO] [stderr]  ::: src/format.rs
[INFO] [stderr]   |
[INFO] [stderr]   | / ...   assert!(
[INFO] [stderr]   | | ...       end > start,
[INFO] [stderr]   | | ...       "safe_html_format!: an empty placeholder is not allowed with named arguments; name it to match a `name = value` argument"
[INFO] [stderr]   | | ...   );
[INFO] [stderr]   | |_______- in this macro invocation
[INFO] [stderr] ┈┈┈┈┈┈┈┈┈┈┈┈┈┈┈┈┈┈┈┈┈┈┈┈┈┈┈┈┈┈┈┈┈┈┈┈┈┈┈┈┈┈┈┈┈┈┈┈┈┈┈┈┈┈┈┈┈┈┈┈
[INFO] [stderr] note: If the actual output is the correct output you can bless it by rerunning
[INFO] [stderr]       your test with the environment variable TRYBUILD=overwrite
[INFO] [stderr] 
[INFO] [stderr] test tests/ui/format_spec_rejected.rs ... mismatch
[INFO] [stderr] 
[INFO] [stderr] EXPECTED:
[INFO] [stderr] ┈┈┈┈┈┈┈┈┈┈┈┈┈┈┈┈┈┈┈┈┈┈┈┈┈┈┈┈┈┈┈┈┈┈┈┈┈┈┈┈┈┈┈┈┈┈┈┈┈┈┈┈┈┈┈┈┈┈┈┈
[INFO] [stderr] error[E0080]: evaluation panicked: safe_html_format!: format specs are not supported in placeholders; pre-format the value into the argument instead
[INFO] [stderr]  --> tests/ui/format_spec_rejected.rs:4:13
[INFO] [stderr]   |
[INFO] [stderr] 4 |     let _ = safe_html_format!("<b>{x:>8}</b>", x = 1);
[INFO] [stderr]   |             ^^^^^^^^^^^^^^^^^^^^^^^^^^^^^^^^^^^^^^^^^ evaluation of `main::_` failed inside this call
[INFO] [stderr]   |
[INFO] [stderr] note: inside `safehtml::__private::check_named_format`
[INFO] [stderr]  --> $RUST/core/src/panic.rs
[INFO] [stderr]   |
[INFO] [stderr]   |           $crate::panicking::panic_fmt($crate::const_format_args!($($t)+));
[INFO] [stderr]   |           ^^^^^^^^^^^^^^^^^^^^^^^^^^^^^^^^^^^^^^^^^^^^^^^^^^^^^^^^^^^^^^^^ the failure occurred here
[INFO] [stderr]   |
[INFO] [stderr]  ::: src/format.rs
[INFO] [stderr]   |
[INFO] [stderr]   | / ...   assert!(
[INFO] [stderr]   | | ...       bytes[k] != b':',
[INFO] [stderr]   | | ...       "safe_html_format!: format specs are not supported in placeholders; pre-format the value into the argument instead"
[INFO] [stderr]   | | ...   );
[INFO] [stderr]   | |_______- in this macro invocation
[INFO] [stderr] ┈┈┈┈┈┈┈┈┈┈┈┈┈┈┈┈┈┈┈┈┈┈┈┈┈┈┈┈┈┈┈┈┈┈┈┈┈┈┈┈┈┈┈┈┈┈┈┈┈┈┈┈┈┈┈┈┈┈┈┈
[INFO] [stderr] 
[INFO] [stderr] ACTUAL OUTPUT:
[INFO] [stderr] ┈┈┈┈┈┈┈┈┈┈┈┈┈┈┈┈┈┈┈┈┈┈┈┈┈┈┈┈┈┈┈┈┈┈┈┈┈┈┈┈┈┈┈┈┈┈┈┈┈┈┈┈┈┈┈┈┈┈┈┈
[INFO] [stderr] error[E0080]: evaluation panicked: safe_html_format!: format specs are not supported in placeholders; pre-format the value into the argument instead
[INFO] [stderr]  --> tests/ui/format_spec_rejected.rs:4:13
[INFO] [stderr]   |
[INFO] [stderr] 4 |     let _ = safe_html_format!("<b>{x:>8}</b>", x = 1);
[INFO] [stderr]   |             ^^^^^^^^^^^^^^^^^^^^^^^^^^^^^^^^^^^^^^^^^ evaluation of `main::_` failed inside this call
[INFO] [stderr]   |
[INFO] [stderr] note: inside `safehtml::__private::check_named_format`
[INFO] [stderr]  --> $RUST/core/src/panic.rs
[INFO] [stderr]   |
[INFO] [stderr]   = note: the failure occurred here
[INFO] [stderr]   |
[INFO] [stderr]  ::: src/format.rs
[INFO] [stderr]   |
[INFO] [stderr]   | / ...   assert!(
[INFO] [stderr]   | | ...       bytes[k] != b':',
[INFO] [stderr]   | | ...       "safe_html_format!: format specs are not supported in placeholders; pre-format the value into the argument instead"
[INFO] [stderr]   | | ...   );
[INFO] [stderr]   | |_______- in this macro invocation
[INFO] [stderr] ┈┈┈┈┈┈┈┈┈┈┈┈┈┈┈┈┈┈┈┈┈┈┈┈┈┈┈┈┈┈┈┈┈┈┈┈┈┈┈┈┈┈┈┈┈┈┈┈┈┈┈┈┈┈┈┈┈┈┈┈
[INFO] [stderr] note: If the actual output is the correct output you can bless it by rerunning
[INFO] [stderr]       your test with the environment variable TRYBUILD=overwrite
[INFO] [stderr] 
[INFO] [stderr] test tests/ui/implicit_capture_rejected.rs ... mismatch
[INFO] [stderr] 
[INFO] [stderr] EXPECTED:
[INFO] [stderr] ┈┈┈┈┈┈┈┈┈┈┈┈┈┈┈┈┈┈┈┈┈┈┈┈┈┈┈┈┈┈┈┈┈┈┈┈┈┈┈┈┈┈┈┈┈┈┈┈┈┈┈┈┈┈┈┈┈┈┈┈
[INFO] [stderr] error[E0080]: evaluation panicked: safe_html_format!: placeholder has no matching `name = value` argument; implicit capture of locals is not supported because every value must be routed through escaping
[INFO] [stderr]  --> tests/ui/implicit_capture_rejected.rs:9:13
[INFO] [stderr]   |
[INFO] [stderr] 9 |     let _ = safe_html_format!("<b>{name}</b>");
[INFO] [stderr]   |             ^^^^^^^^^^^^^^^^^^^^^^^^^^^^^^^^^^ evaluation of `main::_` failed inside this call
[INFO] [stderr]   |
[INFO] [stderr] note: inside `safehtml::__private::check_named_format`
[INFO] [stderr]  --> $RUST/core/src/panic.rs
[INFO] [stderr]   |
[INFO] [stderr]   |           $crate::panicking::panic_fmt($crate::const_format_args!($($t)+));
[INFO] [stderr]   |           ^^^^^^^^^^^^^^^^^^^^^^^^^^^^^^^^^^^^^^^^^^^^^^^^^^^^^^^^^^^^^^^^ the failure occurred here
[INFO] [stderr]   |
[INFO] [stderr]  ::: src/format.rs
[INFO] [stderr]   |
[INFO] [stderr]   | / ...   assert!(
[INFO] [stderr]   | | ...       found,
[INFO] [stderr]   | | ...       "safe_html_format!: placeholder has no matching `name = value` argument; implicit capture of locals is not supported be...
[INFO] [stderr]   | | ...   );
[INFO] [stderr]   | |_______- in this macro invocation
[INFO] [stderr] ┈┈┈┈┈┈┈┈┈┈┈┈┈┈┈┈┈┈┈┈┈┈┈┈┈┈┈┈┈┈┈┈┈┈┈┈┈┈┈┈┈┈┈┈┈┈┈┈┈┈┈┈┈┈┈┈┈┈┈┈
[INFO] [stderr] 
[INFO] [stderr] ACTUAL OUTPUT:
[INFO] [stderr] ┈┈┈┈┈┈┈┈┈┈┈┈┈┈┈┈┈┈┈┈┈┈┈┈┈┈┈┈┈┈┈┈┈┈┈┈┈┈┈┈┈┈┈┈┈┈┈┈┈┈┈┈┈┈┈┈┈┈┈┈
[INFO] [stderr] error[E0080]: evaluation panicked: safe_html_format!: placeholder has no matching `name = value` argument; implicit capture of locals is not supported because every value must be routed through escaping
[INFO] [stderr]  --> tests/ui/implicit_capture_rejected.rs:9:13
[INFO] [stderr]   |
[INFO] [stderr] 9 |     let _ = safe_html_format!("<b>{name}</b>");
[INFO] [stderr]   |             ^^^^^^^^^^^^^^^^^^^^^^^^^^^^^^^^^^ evaluation of `main::_` failed inside this call
[INFO] [stderr]   |
[INFO] [stderr] note: inside `safehtml::__private::check_named_format`
[INFO] [stderr]  --> $RUST/core/src/panic.rs
[INFO] [stderr]   |
[INFO] [stderr]   = note: the failure occurred here
[INFO] [stderr]   |
[INFO] [stderr]  ::: src/format.rs
[INFO] [stderr]   |
[INFO] [stderr]   | / ...   assert!(
[INFO] [stderr]   | | ...       found,
[INFO] [stderr]   | | ...       "safe_html_format!: placeholder has no matching `name = value` argument; implicit capture of locals is not supported be...
[INFO] [stderr]   | | ...   );
[INFO] [stderr]   | |_______- in this macro invocation
[INFO] [stderr] ┈┈┈┈┈┈┈┈┈┈┈┈┈┈┈┈┈┈┈┈┈┈┈┈┈┈┈┈┈┈┈┈┈┈┈┈┈┈┈┈┈┈┈┈┈┈┈┈┈┈┈┈┈┈┈┈┈┈┈┈
[INFO] [stderr] note: If the actual output is the correct output you can bless it by rerunning
[INFO] [stderr]       your test with the environment variable TRYBUILD=overwrite
[INFO] [stderr] 
[INFO] [stderr] test tests/ui/named_placeholder_positional.rs ... mismatch
[INFO] [stderr] 
[INFO] [stderr] EXPECTED:
[INFO] [stderr] ┈┈┈┈┈┈┈┈┈┈┈┈┈┈┈┈┈┈┈┈┈┈┈┈┈┈┈┈┈┈┈┈┈┈┈┈┈┈┈┈┈┈┈┈┈┈┈┈┈┈┈┈┈┈┈┈┈┈┈┈
[INFO] [stderr] error[E0080]: evaluation panicked: safe_html_format!: only empty placeholders are allowed with positional arguments; use `name = value` arguments for named placeholders
[INFO] [stderr]  --> tests/ui/named_placeholder_positional.rs:4:13
[INFO] [stderr]   |
[INFO] [stderr] 4 |     let _ = safe_html_format!("<b>{name}</b>", 1);
[INFO] [stderr]   |             ^^^^^^^^^^^^^^^^^^^^^^^^^^^^^^^^^^^^^ evaluation of `main::_` failed inside this call
[INFO] [stderr]   |
[INFO] [stderr] note: inside `safehtml::__private::check_positional_format`
[INFO] [stderr]  --> $RUST/core/src/panic.rs
[INFO] [stderr]   |
[INFO] [stderr]   |           $crate::panicking::panic_fmt($crate::const_format_args!($($t)+));
[INFO] [stderr]   |           ^^^^^^^^^^^^^^^^^^^^^^^^^^^^^^^^^^^^^^^^^^^^^^^^^^^^^^^^^^^^^^^^ the failure occurred here
[INFO] [stderr]   |
[INFO] [stderr]  ::: src/format.rs
[INFO] [stderr]   |
[INFO] [stderr]   | / ...   assert!(
[INFO] [stderr]   | | ...       i + 1 < bytes.len() && bytes[i + 1] == b'}',
[INFO] [stderr]   | | ...       "safe_html_format!: only empty placeholders are allowed with positional arguments; use `name = value` arguments for nam...
[INFO] [stderr]   | | ...   );
[INFO] [stderr]   | |_______- in this macro invocation
[INFO] [stderr] ┈┈┈┈┈┈┈┈┈┈┈┈┈┈┈┈┈┈┈┈┈┈┈┈┈┈┈┈┈┈┈┈┈┈┈┈┈┈┈┈┈┈┈┈┈┈┈┈┈┈┈┈┈┈┈┈┈┈┈┈
[INFO] [stderr] 
[INFO] [stderr] ACTUAL OUTPUT:
[INFO] [stderr] ┈┈┈┈┈┈┈┈┈┈┈┈┈┈┈┈┈┈┈┈┈┈┈┈┈┈┈┈┈┈┈┈┈┈┈┈┈┈┈┈┈┈┈┈┈┈┈┈┈┈┈┈┈┈┈┈┈┈┈┈
[INFO] [stderr] error[E0080]: evaluation panicked: safe_html_format!: only empty placeholders are allowed with positional arguments; use `name = value` arguments for named placeholders
[INFO] [stderr]  --> tests/ui/named_placeholder_positional.rs:4:13
[INFO] [stderr]   |
[INFO] [stderr] 4 |     let _ = safe_html_format!("<b>{name}</b>", 1);
[INFO] [stderr]   |             ^^^^^^^^^^^^^^^^^^^^^^^^^^^^^^^^^^^^^ evaluation of `main::_` failed inside this call
[INFO] [stderr]   |
[INFO] [stderr] note: inside `safehtml::__private::check_positional_format`
[INFO] [stderr]  --> $RUST/core/src/panic.rs
[INFO] [stderr]   |
[INFO] [stderr]   = note: the failure occurred here
[INFO] [stderr]   |
[INFO] [stderr]  ::: src/format.rs
[INFO] [stderr]   |
[INFO] [stderr]   | / ...   assert!(
[INFO] [stderr]   | | ...       i + 1 < bytes.len() && bytes[i + 1] == b'}',
[INFO] [stderr]   | | ...       "safe_html_format!: only empty placeholders are allowed with positional arguments; use `name = value` arguments for nam...
[INFO] [stderr]   | | ...   );
[INFO] [stderr]   | |_______- in this macro invocation
[INFO] [stderr] ┈┈┈┈┈┈┈┈┈┈┈┈┈┈┈┈┈┈┈┈┈┈┈┈┈┈┈┈┈┈┈┈┈┈┈┈┈┈┈┈┈┈┈┈┈┈┈┈┈┈┈┈┈┈┈┈┈┈┈┈
[INFO] [stderr] note: If the actual output is the correct output you can bless it by rerunning
[INFO] [stderr]       your test with the environment variable TRYBUILD=overwrite
[INFO] [stderr] 
[INFO] [stderr] test tests/ui/positional_count_mismatch.rs ... mismatch
[INFO] [stderr] 
[INFO] [stderr] EXPECTED:
[INFO] [stderr] ┈┈┈┈┈┈┈┈┈┈┈┈┈┈┈┈┈┈┈┈┈┈┈┈┈┈┈┈┈┈┈┈┈┈┈┈┈┈┈┈┈┈┈┈┈┈┈┈┈┈┈┈┈┈┈┈┈┈┈┈
[INFO] [stderr] error[E0080]: evaluation panicked: safe_html_format!: the number of empty placeholders must equal the number of arguments
[INFO] [stderr]  --> tests/ui/positional_count_mismatch.rs:4:13
[INFO] [stderr]   |
[INFO] [stderr] 4 |     let _ = safe_html_format!("<b>{} {}</b>", 1);
[INFO] [stderr]   |             ^^^^^^^^^^^^^^^^^^^^^^^^^^^^^^^^^^^^ evaluation of `main::_` failed inside this call
[INFO] [stderr]   |
[INFO] [stderr] note: inside `safehtml::__private::check_positional_format`
[INFO] [stderr]  --> $RUST/core/src/panic.rs
[INFO] [stderr]   |
[INFO] [stderr]   |           $crate::panicking::panic_fmt($crate::const_format_args!($($t)+));
[INFO] [stderr]   |           ^^^^^^^^^^^^^^^^^^^^^^^^^^^^^^^^^^^^^^^^^^^^^^^^^^^^^^^^^^^^^^^^ the failure occurred here
[INFO] [stderr]   |
[INFO] [stderr]  ::: src/format.rs
[INFO] [stderr]   |
[INFO] [stderr]   | /     assert!(
[INFO] [stderr]   | |         seen == count,
[INFO] [stderr]   | |         "safe_html_format!: the number of empty placeholders must equal the number of arguments"
[INFO] [stderr]   | |     );
[INFO] [stderr]   | |_____- in this macro invocation
[INFO] [stderr] ┈┈┈┈┈┈┈┈┈┈┈┈┈┈┈┈┈┈┈┈┈┈┈┈┈┈┈┈┈┈┈┈┈┈┈┈┈┈┈┈┈┈┈┈┈┈┈┈┈┈┈┈┈┈┈┈┈┈┈┈
[INFO] [stderr] 
[INFO] [stderr] ACTUAL OUTPUT:
[INFO] [stderr] ┈┈┈┈┈┈┈┈┈┈┈┈┈┈┈┈┈┈┈┈┈┈┈┈┈┈┈┈┈┈┈┈┈┈┈┈┈┈┈┈┈┈┈┈┈┈┈┈┈┈┈┈┈┈┈┈┈┈┈┈
[INFO] [stderr] error[E0080]: evaluation panicked: safe_html_format!: the number of empty placeholders must equal the number of arguments
[INFO] [stderr]  --> tests/ui/positional_count_mismatch.rs:4:13
[INFO] [stderr]   |
[INFO] [stderr] 4 |     let _ = safe_html_format!("<b>{} {}</b>", 1);
[INFO] [stderr]   |             ^^^^^^^^^^^^^^^^^^^^^^^^^^^^^^^^^^^^ evaluation of `main::_` failed inside this call
[INFO] [stderr]   |
[INFO] [stderr] note: inside `safehtml::__private::check_positional_format`
[INFO] [stderr]  --> $RUST/core/src/panic.rs
[INFO] [stderr]   |
[INFO] [stderr]   = note: the failure occurred here
[INFO] [stderr]   |
[INFO] [stderr]  ::: src/format.rs
[INFO] [stderr]   |
[INFO] [stderr]   | /     assert!(
[INFO] [stderr]   | |         seen == count,
[INFO] [stderr]   | |         "safe_html_format!: the number of empty placeholders must equal the number of arguments"
[INFO] [stderr]   | |     );
[INFO] [stderr]   | |_____- in this macro invocation
[INFO] [stderr] ┈┈┈┈┈┈┈┈┈┈┈┈┈┈┈┈┈┈┈┈┈┈┈┈┈┈┈┈┈┈┈┈┈┈┈┈┈┈┈┈┈┈┈┈┈┈┈┈┈┈┈┈┈┈┈┈┈┈┈┈
[INFO] [stderr] note: If the actual output is the correct output you can bless it by rerunning
[INFO] [stderr]       your test with the environment variable TRYBUILD=overwrite
[INFO] [stderr] 
[INFO] [stderr] test tests/ui/unclosed_brace.rs ... mismatch
[INFO] [stderr] 
[INFO] [stderr] EXPECTED:
[INFO] [stderr] ┈┈┈┈┈┈┈┈┈┈┈┈┈┈┈┈┈┈┈┈┈┈┈┈┈┈┈┈┈┈┈┈┈┈┈┈┈┈┈┈┈┈┈┈┈┈┈┈┈┈┈┈┈┈┈┈┈┈┈┈
[INFO] [stderr] error[E0080]: evaluation panicked: safe_html_format!: unclosed placeholder; double the brace to emit a literal brace
[INFO] [stderr]  --> tests/ui/unclosed_brace.rs:4:13
[INFO] [stderr]   |
[INFO] [stderr] 4 |     let _ = safe_html_format!("<b>{x</b>", x = 1);
[INFO] [stderr]   |             ^^^^^^^^^^^^^^^^^^^^^^^^^^^^^^^^^^^^^ evaluation of `main::_` failed inside this call
[INFO] [stderr]   |
[INFO] [stderr] note: inside `safehtml::__private::check_named_format`
[INFO] [stderr]  --> $RUST/core/src/panic.rs
[INFO] [stderr]   |
[INFO] [stderr]   |           $crate::panicking::panic_fmt($crate::const_format_args!($($t)+));
[INFO] [stderr]   |           ^^^^^^^^^^^^^^^^^^^^^^^^^^^^^^^^^^^^^^^^^^^^^^^^^^^^^^^^^^^^^^^^ the failure occurred here
[INFO] [stderr]   |
[INFO] [stderr]  ::: src/format.rs
[INFO] [stderr]   |
[INFO] [stderr]   | /             assert!(
[INFO] [stderr]   | |                 end < bytes.len() && bytes[end] == b'}',
[INFO] [stderr]   | |                 "safe_html_format!: unclosed placeholder; double the brace to emit a literal brace"
[INFO] [stderr]   | |             );
[INFO] [stderr]   | |_____________- in this macro invocation
[INFO] [stderr] ┈┈┈┈┈┈┈┈┈┈┈┈┈┈┈┈┈┈┈┈┈┈┈┈┈┈┈┈┈┈┈┈┈┈┈┈┈┈┈┈┈┈┈┈┈┈┈┈┈┈┈┈┈┈┈┈┈┈┈┈
[INFO] [stderr] 
[INFO] [stderr] ACTUAL OUTPUT:
[INFO] [stderr] ┈┈┈┈┈┈┈┈┈┈┈┈┈┈┈┈┈┈┈┈┈┈┈┈┈┈┈┈┈┈┈┈┈┈┈┈┈┈┈┈┈┈┈┈┈┈┈┈┈┈┈┈┈┈┈┈┈┈┈┈
[INFO] [stderr] error[E0080]: evaluation panicked: safe_html_format!: unclosed placeholder; double the brace to emit a literal brace
[INFO] [stderr]  --> tests/ui/unclosed_brace.rs:4:13
[INFO] [stderr]   |
[INFO] [stderr] 4 |     let _ = safe_html_format!("<b>{x</b>", x = 1);
[INFO] [stderr]   |             ^^^^^^^^^^^^^^^^^^^^^^^^^^^^^^^^^^^^^ evaluation of `main::_` failed inside this call
[INFO] [stderr]   |
[INFO] [stderr] note: inside `safehtml::__private::check_named_format`
[INFO] [stderr]  --> $RUST/core/src/panic.rs
[INFO] [stderr]   |
[INFO] [stderr]   = note: the failure occurred here
[INFO] [stderr]   |
[INFO] [stderr]  ::: src/format.rs
[INFO] [stderr]   |
[INFO] [stderr]   | /             assert!(
[INFO] [stderr]   | |                 end < bytes.len() && bytes[end] == b'}',
[INFO] [stderr]   | |                 "safe_html_format!: unclosed placeholder; double the brace to emit a literal brace"
[INFO] [stderr]   | |             );
[INFO] [stderr]   | |_____________- in this macro invocation
[INFO] [stderr] ┈┈┈┈┈┈┈┈┈┈┈┈┈┈┈┈┈┈┈┈┈┈┈┈┈┈┈┈┈┈┈┈┈┈┈┈┈┈┈┈┈┈┈┈┈┈┈┈┈┈┈┈┈┈┈┈┈┈┈┈
[INFO] [stderr] note: If the actual output is the correct output you can bless it by rerunning
[INFO] [stderr]       your test with the environment variable TRYBUILD=overwrite
[INFO] [stderr] 
[INFO] [stderr] test tests/ui/unknown_placeholder.rs ... mismatch
[INFO] [stdout] test safe_html_format_rejects_invalid_templates ... FAILED
[INFO] [stderr] 
[INFO] [stdout] 
[INFO] [stderr] EXPECTED:
[INFO] [stdout] failures:
[INFO] [stderr] ┈┈┈┈┈┈┈┈┈┈┈┈┈┈┈┈┈┈┈┈┈┈┈┈┈┈┈┈┈┈┈┈┈┈┈┈┈┈┈┈┈┈┈┈┈┈┈┈┈┈┈┈┈┈┈┈┈┈┈┈
[INFO] [stdout] 
[INFO] [stderr] error[E0080]: evaluation panicked: safe_html_format!: placeholder has no matching `name = value` argument; implicit capture of locals is not supported because every value must be routed through escaping
[INFO] [stdout] ---- safe_html_format_rejects_invalid_templates stdout ----
[INFO] [stderr]  --> tests/ui/unknown_placeholder.rs:4:13
[INFO] [stdout] 
[INFO] [stderr]   |
[INFO] [stdout] thread 'safe_html_format_rejects_invalid_templates' (813) panicked at /opt/rustwide/cargo-home/registry/src/index.crates.io-1949cf8c6b5b557f/trybuild-1.0.118/src/run.rs:102:13:
[INFO] [stderr] 4 |     let _ = safe_html_format!("<b>{missing}</b>", present = 1);
[INFO] [stdout] 10 of 10 tests failed
[INFO] [stderr]   |             ^^^^^^^^^^^^^^^^^^^^^^^^^^^^^^^^^^^^^^^^^^^^^^^^^^ evaluation of `main::_` failed inside this call
[INFO] [stdout] stack backtrace:
[INFO] [stderr]   |
[INFO] [stdout]    0:     0x6290062d0ba1 - <<std[70759c8f55707aa4]::sys::backtrace::BacktraceLock>::print::DisplayBacktrace as core[df12db4294e9bfd3]::fmt::Display>::fmt
[INFO] [stderr] note: inside `safehtml::__private::check_named_format`
[INFO] [stdout]    1:     0x6290062e722a - core[df12db4294e9bfd3]::fmt::write
[INFO] [stderr]  --> $RUST/core/src/panic.rs
[INFO] [stdout]    2:     0x6290062d566c - <alloc[2182bb758b4b3781]::vec::Vec<u8> as core[df12db4294e9bfd3]::io::write::Write>::write_fmt
[INFO] [stderr]   |
[INFO] [stdout]    3:     0x6290062aa086 - std[70759c8f55707aa4]::panicking::default_hook::{closure#0}
[INFO] [stderr]   |           $crate::panicking::panic_fmt($crate::const_format_args!($($t)+));
[INFO] [stdout]    4:     0x6290062c8219 - std[70759c8f55707aa4]::panicking::default_hook
[INFO] [stderr]   |           ^^^^^^^^^^^^^^^^^^^^^^^^^^^^^^^^^^^^^^^^^^^^^^^^^^^^^^^^^^^^^^^^ the failure occurred here
[INFO] [stdout]    5:     0x6290062614f0 - test[9d35eded1c95d3be]::test_main_inner::<test[9d35eded1c95d3be]::test_main_static::{closure#0}>::{closure#0}
[INFO] [stderr]   |
[INFO] [stdout]    6:     0x6290062c83d2 - std[70759c8f55707aa4]::panicking::panic_with_hook
[INFO] [stderr]  ::: src/format.rs
[INFO] [stdout]    7:     0x6290062aa132 - std[70759c8f55707aa4]::panicking::panic_handler::{closure#0}
[INFO] [stderr]   |
[INFO] [stdout]    8:     0x6290062a29f9 - std[70759c8f55707aa4]::sys::backtrace::__rust_end_short_backtrace::<std[70759c8f55707aa4]::panicking::panic_handler::{closure#0}, !>
[INFO] [stderr]   | / ...   assert!(
[INFO] [stdout]    9:     0x6290062aad2d - __rustc[8fa7c3cbc660c2b3]::rust_begin_unwind
[INFO] [stderr]   | | ...       found,
[INFO] [stdout]   10:     0x6290062e799c - core[df12db4294e9bfd3]::panicking::panic_fmt
[INFO] [stderr]   | | ...       "safe_html_format!: placeholder has no matching `name = value` argument; implicit capture of locals is not supported be...
[INFO] [stdout]   11:     0x6290061b4d03 - <trybuild[48e4db601a651bbb]::Runner>::run
[INFO] [stderr]   | | ...   );
[INFO] [stdout]   12:     0x6290061b8100 - <trybuild[48e4db601a651bbb]::TestCases as core[df12db4294e9bfd3]::ops::drop::Drop>::drop
[INFO] [stderr]   | |_______- in this macro invocation
[INFO] [stdout]   13:     0x6290061aeb58 - compile_fail[c10c510b0655c989]::safe_html_format_rejects_invalid_templates
[INFO] [stderr] ┈┈┈┈┈┈┈┈┈┈┈┈┈┈┈┈┈┈┈┈┈┈┈┈┈┈┈┈┈┈┈┈┈┈┈┈┈┈┈┈┈┈┈┈┈┈┈┈┈┈┈┈┈┈┈┈┈┈┈┈
[INFO] [stdout]   14:     0x6290061aed59 - <compile_fail[c10c510b0655c989]::safe_html_format_rejects_invalid_templates::{closure#0} as core[df12db4294e9bfd3]::ops::function::FnOnce<()>>::call_once
[INFO] [stderr] 
[INFO] [stdout]   15:     0x6290062547db - test[9d35eded1c95d3be]::__rust_begin_short_backtrace::<core[df12db4294e9bfd3]::result::Result<(), alloc[2182bb758b4b3781]::string::String>, fn() -> core[df12db4294e9bfd3]::result::Result<(), alloc[2182bb758b4b3781]::string::String>>
[INFO] [stderr] ACTUAL OUTPUT:
[INFO] [stdout]   16:     0x629006261e45 - test[9d35eded1c95d3be]::run_test::{closure#0}
[INFO] [stderr] ┈┈┈┈┈┈┈┈┈┈┈┈┈┈┈┈┈┈┈┈┈┈┈┈┈┈┈┈┈┈┈┈┈┈┈┈┈┈┈┈┈┈┈┈┈┈┈┈┈┈┈┈┈┈┈┈┈┈┈┈
[INFO] [stdout]   17:     0x62900625b704 - std[70759c8f55707aa4]::sys::backtrace::__rust_begin_short_backtrace::<test[9d35eded1c95d3be]::run_test::{closure#1}, ()>
[INFO] [stderr] error[E0080]: evaluation panicked: safe_html_format!: placeholder has no matching `name = value` argument; implicit capture of locals is not supported because every value must be routed through escaping
[INFO] [stdout]   18:     0x629006264fa2 - <std[70759c8f55707aa4]::thread::lifecycle::spawn_unchecked<test[9d35eded1c95d3be]::run_test::{closure#1}, ()>::{closure#1} as core[df12db4294e9bfd3]::ops::function::FnOnce<()>>::call_once::{shim:vtable#0}
[INFO] [stderr]  --> tests/ui/unknown_placeholder.rs:4:13
[INFO] [stdout]   19:     0x6290062cfe59 - <std[70759c8f55707aa4]::sys::thread::unix::Thread>::new::thread_start
[INFO] [stderr]   |
[INFO] [stdout]   20:     0x7ce8da4d8dfa - <unknown>
[INFO] [stderr] 4 |     let _ = safe_html_format!("<b>{missing}</b>", present = 1);
[INFO] [stdout]   21:     0x7ce8da56c3d4 - clone
[INFO] [stderr]   |             ^^^^^^^^^^^^^^^^^^^^^^^^^^^^^^^^^^^^^^^^^^^^^^^^^^ evaluation of `main::_` failed inside this call
[INFO] [stdout]   22:                0x0 - <unknown>
[INFO] [stderr]   |
[INFO] [stdout] 
[INFO] [stderr] note: inside `safehtml::__private::check_named_format`
[INFO] [stdout] 
[INFO] [stderr]  --> $RUST/core/src/panic.rs
[INFO] [stdout] failures:
[INFO] [stderr]   |
[INFO] [stdout]     safe_html_format_rejects_invalid_templates
[INFO] [stderr]   = note: the failure occurred here
[INFO] [stdout] 
[INFO] [stderr]   |
[INFO] [stdout] test result: FAILED. 0 passed; 1 failed; 0 ignored; 0 measured; 0 filtered out; finished in 38.92s
[INFO] [stderr]  ::: src/format.rs
[INFO] [stdout] 
[INFO] [stderr]   |
[INFO] [stderr]   | / ...   assert!(
[INFO] [stderr]   | | ...       found,
[INFO] [stderr]   | | ...       "safe_html_format!: placeholder has no matching `name = value` argument; implicit capture of locals is not supported be...
[INFO] [stderr]   | | ...   );
[INFO] [stderr]   | |_______- in this macro invocation
[INFO] [stderr] ┈┈┈┈┈┈┈┈┈┈┈┈┈┈┈┈┈┈┈┈┈┈┈┈┈┈┈┈┈┈┈┈┈┈┈┈┈┈┈┈┈┈┈┈┈┈┈┈┈┈┈┈┈┈┈┈┈┈┈┈
[INFO] [stderr] note: If the actual output is the correct output you can bless it by rerunning
[INFO] [stderr]       your test with the environment variable TRYBUILD=overwrite
[INFO] [stderr] 
[INFO] [stderr] test tests/ui/unmatched_closing_brace.rs ... mismatch
[INFO] [stderr] 
[INFO] [stderr] EXPECTED:
[INFO] [stderr] ┈┈┈┈┈┈┈┈┈┈┈┈┈┈┈┈┈┈┈┈┈┈┈┈┈┈┈┈┈┈┈┈┈┈┈┈┈┈┈┈┈┈┈┈┈┈┈┈┈┈┈┈┈┈┈┈┈┈┈┈
[INFO] [stderr] error[E0080]: evaluation panicked: safe_html_format!: unmatched closing brace; double the brace to emit a literal brace
[INFO] [stderr]  --> tests/ui/unmatched_closing_brace.rs:4:13
[INFO] [stderr]   |
[INFO] [stderr] 4 |     let _ = safe_html_format!("<b>a } b</b>");
[INFO] [stderr]   |             ^^^^^^^^^^^^^^^^^^^^^^^^^^^^^^^^^ evaluation of `main::_` failed inside this call
[INFO] [stderr]   |
[INFO] [stderr] note: inside `safehtml::__private::check_named_format`
[INFO] [stderr]  --> $RUST/core/src/panic.rs
[INFO] [stderr]   |
[INFO] [stderr]   |           $crate::panicking::panic_fmt($crate::const_format_args!($($t)+));
[INFO] [stderr]   |           ^^^^^^^^^^^^^^^^^^^^^^^^^^^^^^^^^^^^^^^^^^^^^^^^^^^^^^^^^^^^^^^^ the failure occurred here
[INFO] [stderr]   |
[INFO] [stderr]  ::: src/format.rs
[INFO] [stderr]   |
[INFO] [stderr]   | /             assert!(
[INFO] [stderr]   | |                 i + 1 < bytes.len() && bytes[i + 1] == b'}',
[INFO] [stderr]   | |                 "safe_html_format!: unmatched closing brace; double the brace to emit a literal brace"
[INFO] [stderr]   | |             );
[INFO] [stderr]   | |_____________- in this macro invocation
[INFO] [stderr] ┈┈┈┈┈┈┈┈┈┈┈┈┈┈┈┈┈┈┈┈┈┈┈┈┈┈┈┈┈┈┈┈┈┈┈┈┈┈┈┈┈┈┈┈┈┈┈┈┈┈┈┈┈┈┈┈┈┈┈┈
[INFO] [stderr] 
[INFO] [stderr] ACTUAL OUTPUT:
[INFO] [stderr] ┈┈┈┈┈┈┈┈┈┈┈┈┈┈┈┈┈┈┈┈┈┈┈┈┈┈┈┈┈┈┈┈┈┈┈┈┈┈┈┈┈┈┈┈┈┈┈┈┈┈┈┈┈┈┈┈┈┈┈┈
[INFO] [stderr] error[E0080]: evaluation panicked: safe_html_format!: unmatched closing brace; double the brace to emit a literal brace
[INFO] [stderr]  --> tests/ui/unmatched_closing_brace.rs:4:13
[INFO] [stderr]   |
[INFO] [stderr] 4 |     let _ = safe_html_format!("<b>a } b</b>");
[INFO] [stderr]   |             ^^^^^^^^^^^^^^^^^^^^^^^^^^^^^^^^^ evaluation of `main::_` failed inside this call
[INFO] [stderr]   |
[INFO] [stderr] note: inside `safehtml::__private::check_named_format`
[INFO] [stderr]  --> $RUST/core/src/panic.rs
[INFO] [stderr]   |
[INFO] [stderr]   = note: the failure occurred here
[INFO] [stderr]   |
[INFO] [stderr]  ::: src/format.rs
[INFO] [stderr]   |
[INFO] [stderr]   | /             assert!(
[INFO] [stderr]   | |                 i + 1 < bytes.len() && bytes[i + 1] == b'}',
[INFO] [stderr]   | |                 "safe_html_format!: unmatched closing brace; double the brace to emit a literal brace"
[INFO] [stderr]   | |             );
[INFO] [stderr]   | |_____________- in this macro invocation
[INFO] [stderr] ┈┈┈┈┈┈┈┈┈┈┈┈┈┈┈┈┈┈┈┈┈┈┈┈┈┈┈┈┈┈┈┈┈┈┈┈┈┈┈┈┈┈┈┈┈┈┈┈┈┈┈┈┈┈┈┈┈┈┈┈
[INFO] [stderr] note: If the actual output is the correct output you can bless it by rerunning
[INFO] [stderr]       your test with the environment variable TRYBUILD=overwrite
[INFO] [stderr] 
[INFO] [stderr] test tests/ui/unused_argument.rs ... mismatch
[INFO] [stderr] 
[INFO] [stderr] EXPECTED:
[INFO] [stderr] ┈┈┈┈┈┈┈┈┈┈┈┈┈┈┈┈┈┈┈┈┈┈┈┈┈┈┈┈┈┈┈┈┈┈┈┈┈┈┈┈┈┈┈┈┈┈┈┈┈┈┈┈┈┈┈┈┈┈┈┈
[INFO] [stderr] error[E0080]: evaluation panicked: safe_html_format!: a named argument is never used in the format string
[INFO] [stderr]  --> tests/ui/unused_argument.rs:4:13
[INFO] [stderr]   |
[INFO] [stderr] 4 |     let _ = safe_html_format!("<b>static</b>", extra = 1);
[INFO] [stderr]   |             ^^^^^^^^^^^^^^^^^^^^^^^^^^^^^^^^^^^^^^^^^^^^^ evaluation of `main::_` failed inside this call
[INFO] [stderr]   |
[INFO] [stderr] note: inside `safehtml::__private::check_named_format`
[INFO] [stderr]  --> $RUST/core/src/panic.rs
[INFO] [stderr]   |
[INFO] [stderr]   |           $crate::panicking::panic_fmt($crate::const_format_args!($($t)+));
[INFO] [stderr]   |           ^^^^^^^^^^^^^^^^^^^^^^^^^^^^^^^^^^^^^^^^^^^^^^^^^^^^^^^^^^^^^^^^ the failure occurred here
[INFO] [stderr]   |
[INFO] [stderr]  ::: src/format.rs
[INFO] [stderr]   |
[INFO] [stderr]   | /     assert!(
[INFO] [stderr]   | |         used.count_ones() as usize == names.len(),
[INFO] [stderr]   | |         "safe_html_format!: a named argument is never used in the format string"
[INFO] [stderr]   | |     );
[INFO] [stderr]   | |_____- in this macro invocation
[INFO] [stderr] ┈┈┈┈┈┈┈┈┈┈┈┈┈┈┈┈┈┈┈┈┈┈┈┈┈┈┈┈┈┈┈┈┈┈┈┈┈┈┈┈┈┈┈┈┈┈┈┈┈┈┈┈┈┈┈┈┈┈┈┈
[INFO] [stderr] 
[INFO] [stderr] ACTUAL OUTPUT:
[INFO] [stderr] ┈┈┈┈┈┈┈┈┈┈┈┈┈┈┈┈┈┈┈┈┈┈┈┈┈┈┈┈┈┈┈┈┈┈┈┈┈┈┈┈┈┈┈┈┈┈┈┈┈┈┈┈┈┈┈┈┈┈┈┈
[INFO] [stderr] error[E0080]: evaluation panicked: safe_html_format!: a named argument is never used in the format string
[INFO] [stderr]  --> tests/ui/unused_argument.rs:4:13
[INFO] [stderr]   |
[INFO] [stderr] 4 |     let _ = safe_html_format!("<b>static</b>", extra = 1);
[INFO] [stderr]   |             ^^^^^^^^^^^^^^^^^^^^^^^^^^^^^^^^^^^^^^^^^^^^^ evaluation of `main::_` failed inside this call
[INFO] [stderr]   |
[INFO] [stderr] note: inside `safehtml::__private::check_named_format`
[INFO] [stderr]  --> $RUST/core/src/panic.rs
[INFO] [stderr]   |
[INFO] [stderr]   = note: the failure occurred here
[INFO] [stderr]   |
[INFO] [stderr]  ::: src/format.rs
[INFO] [stderr]   |
[INFO] [stderr]   | /     assert!(
[INFO] [stderr]   | |         used.count_ones() as usize == names.len(),
[INFO] [stderr]   | |         "safe_html_format!: a named argument is never used in the format string"
[INFO] [stderr]   | |     );
[INFO] [stderr]   | |_____- in this macro invocation
[INFO] [stderr] ┈┈┈┈┈┈┈┈┈┈┈┈┈┈┈┈┈┈┈┈┈┈┈┈┈┈┈┈┈┈┈┈┈┈┈┈┈┈┈┈┈┈┈┈┈┈┈┈┈┈┈┈┈┈┈┈┈┈┈┈
[INFO] [stderr] note: If the actual output is the correct output you can bless it by rerunning
[INFO] [stderr]       your test with the environment variable TRYBUILD=overwrite
[INFO] [stderr] 
[INFO] [stderr] 
[INFO] [stderr] 
[INFO] [stderr] error: test failed, to rerun pass `--test compile_fail`
[INFO] running `Command { std: "docker" "inspect" "dd982be2afd2834b1ef8a641522af441f1435364465a9be53c28ea848c693f69", kill_on_drop: false }`
[INFO] running `Command { std: "docker" "rm" "-f" "dd982be2afd2834b1ef8a641522af441f1435364465a9be53c28ea848c693f69", kill_on_drop: false }`
[INFO] [stdout] dd982be2afd2834b1ef8a641522af441f1435364465a9be53c28ea848c693f69
