[INFO] fetching crate safegraph 0.3.0...
[INFO] testing safegraph-0.3.0 against 1.99.0-beta.8+cargoflags=--release for beta-release-1.100-2
[INFO] extracting crate safegraph 0.3.0 into /workspace/builds/worker-0-tc1/source
[INFO] started tweaking crates.io crate safegraph 0.3.0
[INFO] removed 0 missing tests
[INFO] finished tweaking crates.io crate safegraph 0.3.0
[INFO] tweaked toml for crates.io crate safegraph 0.3.0 written to /workspace/builds/worker-0-tc1/source/Cargo.toml
[INFO] validating manifest of crates.io crate safegraph 0.3.0 on toolchain 1.99.0-beta.8
[INFO] running `Command { std: CARGO_HOME="/workspace/cargo-home" RUSTUP_HOME="/workspace/rustup-home" "/workspace/cargo-home/bin/cargo" "+1.99.0-beta.8" "metadata" "--manifest-path" "Cargo.toml" "--no-deps", kill_on_drop: false }`
[INFO] crate crates.io crate safegraph 0.3.0 already has a lockfile, it will not be regenerated
[INFO] running `Command { std: CARGO_HOME="/workspace/cargo-home" RUSTUP_HOME="/workspace/rustup-home" "/workspace/cargo-home/bin/cargo" "+1.99.0-beta.8" "fetch" "--manifest-path" "Cargo.toml", kill_on_drop: false }`
[INFO] [stderr]     Updating crates.io index
[INFO] [stderr]     Blocking waiting for file lock on package cache
[INFO] [stderr]  Downloading crates ...
[INFO] [stderr]   Downloaded ui_test v0.30.7
[INFO] [stderr]   Downloaded spanned v0.4.1
[INFO] [stderr]   Downloaded prettydiff v0.9.0
[INFO] [stderr]   Downloaded rustfix v0.8.7
[INFO] [stderr]   Downloaded levenshtein v1.0.5
[INFO] [stderr]   Downloaded sprs v0.11.4
[INFO] [stderr]   Downloaded template-quote v0.4.4
[INFO] [stderr]   Downloaded template-quote-impl v0.4.4
[INFO] [stderr]   Downloaded ir-assert-macro v0.1.1
[INFO] [stderr]   Downloaded annotate-snippets v0.11.5
[INFO] [stderr]   Downloaded safegraph-macros v0.3.0
[INFO] [stderr]   Downloaded ir-assert v0.1.1
[INFO] running `Command { std: "docker" "create" "-v" "/var/lib/crater-agent-workspace/builds/worker-0-tc1/source:/opt/rustwide/workdir:ro,Z" "-v" "/var/lib/crater-agent-workspace/builds/worker-0-tc1/target:/opt/rustwide/target:rw,Z" "-v" "/var/lib/crater-agent-workspace/cargo-home:/opt/rustwide/cargo-home:ro,Z" "-v" "/var/lib/crater-agent-workspace/rustup-home:/opt/rustwide/rustup-home:ro,Z" "-m" "1610612736" "--network" "none" "ghcr.io/rust-lang/crates-build-env/linux@sha256:77db811e55d90add9212f6832c23229e3de5f1c1f9905e8cb07319ea15df73ac" "sleep" "infinity", kill_on_drop: false }`
[INFO] [stdout] a1ce4fd5da8dcea180587b84dfc3496b59af6d0957302560c414aa1a4a6f93e9
[INFO] running `Command { std: "docker" "start" "a1ce4fd5da8dcea180587b84dfc3496b59af6d0957302560c414aa1a4a6f93e9", kill_on_drop: false }`
[INFO] running `Command { std: "docker" "inspect" "a1ce4fd5da8dcea180587b84dfc3496b59af6d0957302560c414aa1a4a6f93e9", kill_on_drop: false }`
[INFO] running `Command { std: "docker" "exec" "-e" "SOURCE_DIR=/opt/rustwide/workdir" "-e" "CARGO_HOME=/opt/rustwide/cargo-home" "-e" "RUSTUP_HOME=/opt/rustwide/rustup-home" "-e" "CARGO_TARGET_DIR=/opt/rustwide/target" "-w" "/opt/rustwide/workdir" "--user" "0:0" "a1ce4fd5da8dcea180587b84dfc3496b59af6d0957302560c414aa1a4a6f93e9" "/opt/rustwide/cargo-home/bin/cargo" "+1.99.0-beta.8" "metadata" "--no-deps" "--format-version=1", kill_on_drop: false }`
[INFO] running `Command { std: "docker" "inspect" "a1ce4fd5da8dcea180587b84dfc3496b59af6d0957302560c414aa1a4a6f93e9", kill_on_drop: false }`
[INFO] running `Command { std: "docker" "exec" "-e" "SOURCE_DIR=/opt/rustwide/workdir" "-e" "CARGO_HOME=/opt/rustwide/cargo-home" "-e" "RUSTUP_HOME=/opt/rustwide/rustup-home" "-e" "CARGO_TARGET_DIR=/opt/rustwide/target" "-e" "CARGO_INCREMENTAL=0" "-e" "RUST_BACKTRACE=full" "-e" "RUSTFLAGS=--cap-lints=warn" "-e" "RUSTDOCFLAGS=--cap-lints=warn" "-w" "/opt/rustwide/workdir" "--user" "0:0" "a1ce4fd5da8dcea180587b84dfc3496b59af6d0957302560c414aa1a4a6f93e9" "/opt/rustwide/cargo-home/bin/cargo" "+1.99.0-beta.8" "build" "--frozen" "--message-format=json" "--release", kill_on_drop: false }`
[INFO] [stderr]    Compiling matrixmultiply v0.3.10
[INFO] [stderr]    Compiling proc-macro-error-attr v1.0.4
[INFO] [stderr]    Compiling proc-macro-error v1.0.4
[INFO] [stderr]    Compiling num-complex v0.4.6
[INFO] [stderr]    Compiling num-integer v0.1.46
[INFO] [stderr]    Compiling syn v1.0.109
[INFO] [stderr]    Compiling syn v2.0.118
[INFO] [stderr]    Compiling ndarray v0.17.2
[INFO] [stderr]    Compiling template-quote-impl v0.4.4
[INFO] [stderr]    Compiling template-quote v0.4.4
[INFO] [stderr]    Compiling safegraph-macros v0.3.0
[INFO] [stderr]    Compiling sprs v0.11.4
[INFO] [stderr]    Compiling safegraph v0.3.0 (/opt/rustwide/workdir)
[INFO] [stderr]     Finished `release` profile [optimized] target(s) in 31.24s
[INFO] running `Command { std: "docker" "inspect" "a1ce4fd5da8dcea180587b84dfc3496b59af6d0957302560c414aa1a4a6f93e9", kill_on_drop: false }`
[INFO] running `Command { std: "docker" "exec" "-e" "SOURCE_DIR=/opt/rustwide/workdir" "-e" "CARGO_HOME=/opt/rustwide/cargo-home" "-e" "RUSTUP_HOME=/opt/rustwide/rustup-home" "-e" "CARGO_TARGET_DIR=/opt/rustwide/target" "-e" "CARGO_INCREMENTAL=0" "-e" "RUST_BACKTRACE=full" "-e" "RUSTFLAGS=--cap-lints=warn" "-e" "RUSTDOCFLAGS=--cap-lints=warn" "-w" "/opt/rustwide/workdir" "--user" "0:0" "a1ce4fd5da8dcea180587b84dfc3496b59af6d0957302560c414aa1a4a6f93e9" "/opt/rustwide/cargo-home/bin/cargo" "+1.99.0-beta.8" "test" "--frozen" "--no-run" "--message-format=json" "--release", kill_on_drop: false }`
[INFO] [stderr]    Compiling syn v2.0.118
[INFO] [stderr]    Compiling serde_core v1.0.228
[INFO] [stderr]    Compiling zerocopy v0.8.52
[INFO] [stderr]    Compiling owo-colors v4.3.0
[INFO] [stderr]    Compiling serde_json v1.0.150
[INFO] [stderr]    Compiling regex-syntax v0.8.11
[INFO] [stderr]    Compiling tracing-subscriber v0.3.23
[INFO] [stderr]    Compiling eyre v0.6.12
[INFO] [stderr]    Compiling color-spantrace v0.3.0
[INFO] [stderr]    Compiling object v0.37.3
[INFO] [stderr]    Compiling camino v1.2.3
[INFO] [stderr]    Compiling rustc-demangle v0.1.27
[INFO] [stderr]    Compiling proc-macro-error-attr2 v2.0.0
[INFO] [stderr]    Compiling clap_builder v4.6.0
[INFO] [stderr]    Compiling tracing-error v0.2.1
[INFO] [stderr]    Compiling console v0.16.3
[INFO] [stderr]    Compiling regex-automata v0.4.14
[INFO] [stderr]    Compiling semver v1.0.28
[INFO] [stderr]    Compiling proc-macro-error2 v2.0.1
[INFO] [stderr]    Compiling itertools v0.10.5
[INFO] [stderr]    Compiling bstr v1.12.1
[INFO] [stderr]    Compiling serde_derive v1.0.228
[INFO] [stderr]    Compiling zerocopy-derive v0.8.52
[INFO] [stderr]    Compiling thiserror-impl v2.0.18
[INFO] [stderr]    Compiling thiserror-impl v1.0.69
[INFO] [stderr]    Compiling backtrace v0.3.76
[INFO] [stderr]    Compiling thiserror v2.0.18
[INFO] [stderr]    Compiling thiserror v1.0.69
[INFO] [stderr]    Compiling color-eyre v0.6.5
[INFO] [stderr]    Compiling regex v1.12.4
[INFO] [stderr]    Compiling unit-prefix v0.5.2
[INFO] [stderr]    Compiling criterion-plot v0.5.0
[INFO] [stderr]    Compiling indicatif v0.18.4
[INFO] [stderr]    Compiling spanned v0.4.1
[INFO] [stderr]    Compiling serde v1.0.228
[INFO] [stderr]    Compiling safegraph-macros v0.3.0
[INFO] [stderr]    Compiling ir-assert-macro v0.1.1
[INFO] [stderr]    Compiling cargo-platform v0.3.1
[INFO] [stderr]    Compiling cargo_metadata v0.23.1
[INFO] [stderr]    Compiling tinytemplate v1.2.1
[INFO] [stderr]    Compiling rustfix v0.8.7
[INFO] [stderr]    Compiling rustc_version v0.4.1
[INFO] [stderr]    Compiling clap v4.6.1
[INFO] [stderr]    Compiling plotters v0.3.7
[INFO] [stderr]    Compiling prettydiff v0.9.0
[INFO] [stderr]    Compiling annotate-snippets v0.11.5
[INFO] [stderr]    Compiling is-terminal v0.4.17
[INFO] [stderr]    Compiling levenshtein v1.0.5
[INFO] [stderr]    Compiling fixedbitset v0.4.2
[INFO] [stderr]    Compiling comma v1.0.0
[INFO] [stderr]    Compiling colored v3.1.1
[INFO] [stderr]    Compiling petgraph v0.6.5
[INFO] [stderr]    Compiling ui_test v0.30.7
[INFO] [stderr]    Compiling ir-assert v0.1.1
[INFO] [stderr]    Compiling safegraph v0.3.0 (/opt/rustwide/workdir)
[INFO] [stderr]    Compiling half v2.7.1
[INFO] [stderr]    Compiling ppv-lite86 v0.2.21
[INFO] [stderr]    Compiling ciborium-ll v0.2.2
[INFO] [stderr]    Compiling rand_chacha v0.3.1
[INFO] [stderr]    Compiling ciborium v0.2.2
[INFO] [stderr]    Compiling rand v0.8.6
[INFO] [stderr]    Compiling criterion v0.5.1
[INFO] [stderr]     Finished `release` profile [optimized] target(s) in 4m 20s
[INFO] [stderr] warning: the following packages contain code that will be rejected by a future version of Rust: proc-macro-error2 v2.0.1
[INFO] [stderr] note: to see what the problems were, use the option `--future-incompat-report`, or run `cargo report future-incompatibilities --id 2`
[INFO] running `Command { std: "docker" "inspect" "a1ce4fd5da8dcea180587b84dfc3496b59af6d0957302560c414aa1a4a6f93e9", kill_on_drop: false }`
[INFO] running `Command { std: "docker" "exec" "-e" "SOURCE_DIR=/opt/rustwide/workdir" "-e" "CARGO_HOME=/opt/rustwide/cargo-home" "-e" "RUSTUP_HOME=/opt/rustwide/rustup-home" "-e" "CARGO_TARGET_DIR=/opt/rustwide/target" "-e" "CARGO_INCREMENTAL=0" "-e" "RUST_BACKTRACE=full" "-e" "RUSTFLAGS=--cap-lints=warn" "-e" "RUSTDOCFLAGS=--cap-lints=warn" "-w" "/opt/rustwide/workdir" "--user" "0:0" "a1ce4fd5da8dcea180587b84dfc3496b59af6d0957302560c414aa1a4a6f93e9" "/opt/rustwide/cargo-home/bin/cargo" "+1.99.0-beta.8" "test" "--frozen" "--release", kill_on_drop: false }`
[INFO] [stderr]     Finished `release` profile [optimized] target(s) in 0.18s
[INFO] [stderr] warning: the following packages contain code that will be rejected by a future version of Rust: proc-macro-error2 v2.0.1
[INFO] [stderr] note: to see what the problems were, use the option `--future-incompat-report`, or run `cargo report future-incompatibilities --id 2`
[INFO] [stderr]      Running unittests src/lib.rs (/opt/rustwide/target/release/deps/safegraph-9698f6ffd7af5bdb)
[INFO] [stdout] 
[INFO] [stdout] running 131 tests
[INFO] [stdout] test algo::bfs::tests::bfs_diamond ... ok
[INFO] [stdout] test algo::bfs::tests::bfs_multi_source ... ok
[INFO] [stdout] test algo::bipartite::tests::bipartite_disconnected ... ok
[INFO] [stdout] test algo::bipartite::tests::bipartite_empty ... ok
[INFO] [stdout] test algo::bipartite::tests::bipartite_even_cycle ... ok
[INFO] [stdout] test algo::bipartite::tests::not_bipartite_self_loop ... ok
[INFO] [stdout] test algo::bridges::tests::articulation_point_cycle ... ok
[INFO] [stdout] test algo::bridges::tests::articulation_point_linear ... ok
[INFO] [stdout] test algo::bridges::tests::articulation_point_star ... ok
[INFO] [stdout] test algo::bridges::tests::bridge_cycle ... ok
[INFO] [stdout] test algo::bridges::tests::bridge_linear ... ok
[INFO] [stdout] test algo::bridges::tests::bridge_with_pendant ... ok
[INFO] [stdout] test algo::connectivity::tests::condensation_dag ... ok
[INFO] [stdout] test algo::connectivity::tests::condensation_two_sccs ... ok
[INFO] [stdout] test algo::bridges::tests::no_bridges_in_complete_graph ... ok
[INFO] [stdout] test algo::bfs::tests::bfs_invalid_start - should panic ... ok
[INFO] [stdout] test algo::connectivity::tests::has_path_self ... ok
[INFO] [stdout] test algo::bfs::tests::bfs_with_cycle ... ok
[INFO] [stdout] test algo::bfs::tests::bfs_single_node ... ok
[INFO] [stdout] test algo::connectivity::tests::has_path_yes ... ok
[INFO] [stdout] test algo::connectivity::tests::is_cyclic_no ... ok
[INFO] [stdout] test algo::connectivity::tests::is_cyclic_yes ... ok
[INFO] [stdout] test algo::connectivity::tests::kosaraju_cycle ... ok
[INFO] [stdout] test algo::bipartite::tests::bipartite_tree ... ok
[INFO] [stdout] test algo::bipartite::tests::not_bipartite_odd_cycle ... ok
[INFO] [stdout] test algo::connectivity::tests::connected_components_connected ... ok
[INFO] [stdout] test algo::connectivity::tests::connected_components_disconnected ... ok
[INFO] [stdout] test algo::connectivity::tests::kosaraju_two_sccs ... ok
[INFO] [stdout] test algo::connectivity::tests::tarjan_cycle ... ok
[INFO] [stdout] test algo::connectivity::tests::tarjan_diamond_no_cycles ... ok
[INFO] [stdout] test algo::dfs::tests::dfs_post_order_linear ... ok
[INFO] [stdout] test algo::dfs::tests::dfs_with_cycle ... ok
[INFO] [stdout] test algo::dominators::tests::dominators_diamond ... ok
[INFO] [stdout] test algo::connectivity::tests::tarjan_two_sccs ... ok
[INFO] [stdout] test algo::dfs::tests::dfs_diamond ... ok
[INFO] [stdout] test algo::dfs::tests::dfs_linear ... ok
[INFO] [stdout] test algo::dominators::tests::dominators_linear ... ok
[INFO] [stdout] test algo::dominators::tests::dominators_unreachable ... ok
[INFO] [stdout] test algo::feedback_arc_set::tests::feedback_arc_set_acyclic ... ok
[INFO] [stdout] test algo::feedback_arc_set::tests::feedback_arc_set_simple_cycle ... ok
[INFO] [stdout] test algo::feedback_arc_set::tests::feedback_arc_set_removes_cycles ... ok
[INFO] [stdout] test algo::feedback_arc_set::tests::feedback_arc_set_self_loop ... ok
[INFO] [stdout] test algo::matching::tests::matching_empty_graph ... ok
[INFO] [stdout] test algo::matching::tests::matching_no_shared_vertices ... ok
[INFO] [stdout] test algo::matching::tests::max_matching_complete_bipartite ... ok
[INFO] [stdout] test algo::max_flow::tests::max_flow_basic ... ok
[INFO] [stdout] test algo::matching::tests::max_matching_path ... ok
[INFO] [stdout] test algo::matching::tests::max_matching_star ... ok
[INFO] [stdout] test algo::max_flow::tests::max_flow_bottleneck ... ok
[INFO] [stdout] test algo::max_flow::tests::max_flow_no_path ... ok
[INFO] [stdout] test algo::max_flow::tests::max_flow_single_edge ... ok
[INFO] [stdout] test algo::max_flow::tests::max_flow_parallel_paths ... ok
[INFO] [stdout] test algo::min_spanning_tree::tests::mst_disconnected ... ok
[INFO] [stdout] test algo::min_spanning_tree::tests::mst_triangle ... ok
[INFO] [stdout] test algo::min_spanning_tree::tests::mst_single_node ... ok
[INFO] [stdout] test algo::min_spanning_tree::tests::mst_weight_function ... ok
[INFO] [stdout] test algo::feedback_arc_set::tests::feedback_arc_set_two_cycles ... ok
[INFO] [stdout] test algo::matching::tests::greedy_matching_basic ... ok
[INFO] [stdout] test algo::min_spanning_tree::tests::mst_linear ... ok
[INFO] [stdout] test algo::page_rank::tests::page_rank_star ... ok
[INFO] [stdout] test algo::page_rank::tests::page_rank_uniform ... ok
[INFO] [stdout] test algo::shortest_path::tests::astar_basic ... ok
[INFO] [stdout] test algo::shortest_path::tests::astar_unreachable ... ok
[INFO] [stdout] test algo::shortest_path::tests::bellman_ford_basic ... ok
[INFO] [stdout] test algo::shortest_path::tests::dijkstra_unreachable ... ok
[INFO] [stdout] test algo::max_flow::tests::max_flow_with_flows ... ok
[INFO] [stdout] test algo::shortest_path::tests::bellman_ford_negative_cycle ... ok
[INFO] [stdout] test algo::shortest_path::tests::dijkstra_basic ... ok
[INFO] [stdout] test algo::page_rank::tests::page_rank_empty ... ok
[INFO] [stdout] test algo::page_rank::tests::page_rank_single_node ... ok
[INFO] [stdout] test algo::connectivity::tests::has_path_no ... ok
[INFO] [stdout] test algo::shortest_path::tests::dijkstra_with_goal ... ok
[INFO] [stdout] test algo::dfs::tests::dfs_post_order_diamond ... ok
[INFO] [stdout] test algo::shortest_path::tests::k_shortest_paths_basic ... ok
[INFO] [stdout] test algo::shortest_path::tests::floyd_warshall_basic ... ok
[INFO] [stdout] test algo::shortest_path::tests::floyd_warshall_negative_cycle ... ok
[INFO] [stdout] test algo::shortest_path::tests::k_shortest_paths_single ... ok
[INFO] [stdout] test algo::simple_paths::tests::all_paths_diamond ... ok
[INFO] [stdout] test algo::simple_paths::tests::all_paths_no_path ... ok
[INFO] [stdout] test algo::simple_paths::tests::all_paths_parallel_edges ... ok
[INFO] [stdout] test algo::simple_paths::tests::all_paths_with_min ... ok
[INFO] [stdout] test algo::toposort::tests::reverse_toposort_cycle ... ok
[INFO] [stdout] test algo::toposort::tests::reverse_toposort_diamond ... ok
[INFO] [stdout] test algo::simple_paths::tests::all_paths_with_max ... ok
[INFO] [stdout] test algo::toposort::tests::toposort_kahn_diamond ... ok
[INFO] [stdout] test algo::toposort::tests::toposort_linear ... ok
[INFO] [stdout] test algo::toposort::tests::reverse_toposort_linear ... ok
[INFO] [stdout] test algo::toposort::tests::toposort_cycle ... ok
[INFO] [stdout] test algo::toposort::tests::toposort_diamond ... ok
[INFO] [stdout] test algo::tred::tests::transitive_closure_linear ... ok
[INFO] [stdout] test convert::aa::tests::node_ports_have_a_clear_column_between_them ... ok
[INFO] [stdout] test convert::aa::tests::parallel_routes_leave_a_clear_lane_when_space_exists ... ok
[INFO] [stdout] test convert::aa::tests::reciprocal_edges_with_different_text_stay_separate ... ok
[INFO] [stdout] test convert::aa::tests::reciprocal_edges_with_the_same_text_are_unified ... ok
[INFO] [stdout] test algo::tred::tests::transitive_reduction_diamond ... ok
[INFO] [stdout] test algo::tred::tests::transitive_reduction_linear ... ok
[INFO] [stdout] test convert::aa::tests::router_avoids_a_crossing_when_a_clear_lane_exists ... ok
[INFO] [stdout] test convert::aa::tests::perpendicular_routes_are_crossings_not_junctions ... ok
[INFO] [stdout] test convert::tests::aa_compacts_a_uniform_dense_edge_legend ... ok
[INFO] [stdout] test convert::tests::aa_crops_unused_left_canvas_space ... ok
[INFO] [stdout] test convert::tests::aa_directed_and_isolated_nodes ... ok
[INFO] [stdout] test convert::tests::aa_custom_labels_colors_and_width ... ok
[INFO] [stdout] test algo::toposort::tests::toposort_single_node ... ok
[INFO] [stdout] test algo::tred::tests::transitive_closure_diamond ... ok
[INFO] [stdout] test convert::tests::aa_draws_loops_and_parallel_edges_without_repeating_nodes ... ok
[INFO] [stdout] test convert::tests::aa_isolates_weak_components ... ok
[INFO] [stdout] test convert::tests::aa_expands_node_margins_to_use_available_width ... ok
[INFO] [stdout] test convert::tests::aa_routes_reciprocal_edge_before_neighboring_self_loops ... ok
[INFO] [stdout] test convert::tests::aa_self_loop_has_compact_route_and_destination ... ok
[INFO] [stdout] test convert::tests::aa_tiny_and_zero_widths_are_honored ... ok
[INFO] [stdout] test convert::tests::aa_undirected_has_no_arrowhead ... ok
[INFO] [stdout] test convert::tests::aa_keeps_differently_labeled_reciprocal_edges_separate ... ok
[INFO] [stdout] test convert::tests::aa_unifies_equally_labeled_reciprocal_edges ... ok
[INFO] [stdout] test convert::tests::aa_uses_matrix_for_dense_strongly_connected_components ... ok
[INFO] [stdout] test convert::tests::aa_directed_dag_uses_top_to_bottom_layers ... ok
[INFO] [stdout] test convert::tests::aa_keeps_strongly_connected_nodes_together ... ok
[INFO] [stdout] test convert::tests::escape_label_handles_breaking_chars ... ok
[INFO] [stdout] test convert::tests::mermaid_btreegraph_keeps_sorted_key_order ... ok
[INFO] [stdout] test convert::tests::mermaid_btreegraph_renders_key_indices ... ok
[INFO] [stdout] test convert::tests::mermaid_shows_escaped_data ... ok
[INFO] [stdout] test convert::tests::mermaid_undirected_uses_open_links ... ok
[INFO] [stdout] test graph::stabilized::tests::into_inner_purges_tombstones ... ok
[INFO] [stdout] test graph::stabilized::tests::removed_indices_stay_invalid_after_many_insertions ... ok
[INFO] [stdout] test graph::stabilized::tests::stabilized_fresh_build_appends_without_growing_tombstones ... ok
[INFO] [stdout] test graph::stabilized::tests::stabilized_reuses_tombstoned_edge_slot_for_same_endpoints_when_capacity_full ... ok
[INFO] [stdout] test convert::tests::mermaid_empty_graph ... ok
[INFO] [stdout] test graph::stabilized::tests::stabilized_reuses_tombstoned_node_slot_when_capacity_full ... ok
[INFO] [stdout] test convert::tests::aa_edge_order_is_independent_of_insertion_order ... ok
[INFO] [stdout] test convert::tests::aa_expands_high_degree_nodes_for_separated_ports ... ok
[INFO] [stdout] test convert::tests::aa_dense_graph_uses_edge_label_legend_without_endpoints ... ok
[INFO] [stdout] test raw_graph::linked_adj_edge::fuzz_batch_removal::fuzz_many_seeds ... ok
[INFO] [stdout] 
[INFO] [stdout] test result: ok. 131 passed; 0 failed; 0 ignored; 0 measured; 0 filtered out; finished in 0.38s
[INFO] [stdout] 
[INFO] [stderr]      Running tests/btree.rs (/opt/rustwide/target/release/deps/btree-aeaf246817a70b96)
[INFO] [stdout] 
[INFO] [stdout] running 70 tests
[INFO] [stdout] test duplicate_node_returns_err ... ok
[INFO] [stdout] test double_reverse_is_identity ... ok
[INFO] [stdout] test edge_indices_of_includes_both_directions ... ok
[INFO] [stdout] test edge_tail_and_head ... ok
[INFO] [stdout] test edge_accessor_panics_on_invalid - should panic ... ok
[INFO] [stdout] test edge_index_lookup ... ok
[INFO] [stdout] test edge_indices_from_panics_on_invalid - should panic ... ok
[INFO] [stdout] test edge_tail_node_and_head_item ... ok
[INFO] [stdout] test edge_indices_stable ... ok
[INFO] [stdout] test edge_indices_from ... ok
[INFO] [stdout] test duplicate_edge_returns_err ... ok
[INFO] [stdout] test edge_tail_nodes_and_head_nodes ... ok
[INFO] [stdout] test edge_tails_and_heads_iterators ... ok
[INFO] [stdout] test edges_iterator ... ok
[INFO] [stdout] test edges_to_incoming ... ok
[INFO] [stdout] test edges_of_dereferences ... ok
[INFO] [stdout] test empty_graph ... ok
[INFO] [stdout] test endpoint_nodes_returns_references ... ok
[INFO] [stdout] test get_or_insert_node_occupied ... ok
[INFO] [stdout] test get_or_insert_node_uses_node_index ... ok
[INFO] [stdout] test endpoints_panics_on_invalid - should panic ... ok
[INFO] [stdout] test endpoints_returns_source_target ... ok
[INFO] [stdout] test get_or_insert_edge_occupied ... ok
[INFO] [stdout] test get_or_insert_edge_panics_on_invalid_endpoint - should panic ... ok
[INFO] [stdout] test get_or_insert_edge_uses_edge_index ... ok
[INFO] [stdout] test get_or_insert_edge_vacant ... ok
[INFO] [stdout] test get_or_insert_node_vacant ... ok
[INFO] [stdout] test incident_indices ... ok
[INFO] [stdout] test incidents_returns_refs ... ok
[INFO] [stdout] test map_non_injective_edges - should panic ... ok
[INFO] [stdout] test map_transform ... ok
[INFO] [stdout] test insert_nodes_and_check_existence ... ok
[INFO] [stdout] test node_index_lookup ... ok
[INFO] [stdout] test map_identity ... ok
[INFO] [stdout] test node_and_edge_accessors ... ok
[INFO] [stdout] test node_accessor_panics_on_invalid - should panic ... ok
[INFO] [stdout] test parallel_edges ... ok
[INFO] [stdout] test push_discards_index ... ok
[INFO] [stdout] test predecessors ... ok
[INFO] [stdout] test insert_edge_and_check_existence ... ok
[INFO] [stdout] test insert_edge_panics_on_invalid_endpoint - should panic ... ok
[INFO] [stdout] test push_edge_unchecked ... ok
[INFO] [stdout] test remove_all_nodes_empties_graph ... ok
[INFO] [stdout] test remove_edge_keeps_nodes ... ok
[INFO] [stdout] test remove_edge_panics_on_invalid - should panic ... ok
[INFO] [stdout] test node_indices_stable ... ok
[INFO] [stdout] test nodes_iterator ... ok
[INFO] [stdout] test reverse_swaps_direction ... ok
[INFO] [stdout] test scope_edge_tail_head ... ok
[INFO] [stdout] test scope_endpoints_and_adjacency ... ok
[INFO] [stdout] test scope_mut_get_or_insert_node ... ok
[INFO] [stdout] test scope_mut_insert_node ... ok
[INFO] [stdout] test remove_node_panics_on_invalid - should panic ... ok
[INFO] [stdout] test scope_unique_node_lookup ... ok
[INFO] [stdout] test scope_mut_reverse ... ok
[INFO] [stdout] test self_loop_edge ... ok
[INFO] [stdout] test remove_node_cascades_edges ... ok
[INFO] [stdout] test take_nodes_edges_all_nodes ... ok
[INFO] [stdout] test map_non_injective_nodes - should panic ... ok
[INFO] [stdout] test string_keyed_graph ... ok
[INFO] [stdout] test successor_indices ... ok
[INFO] [stdout] test take_nodes_edges_both_nodes_and_edges ... ok
[INFO] [stdout] test take_nodes_edges_empty_is_noop ... ok
[INFO] [stdout] test take_nodes_edges_preserves_adjacency ... ok
[INFO] [stdout] test take_nodes_edges_removes_edges_only ... ok
[INFO] [stdout] test take_nodes_edges_removes_nodes_cascades ... ok
[INFO] [stdout] test scope_node_edge_access ... ok
[INFO] [stdout] test scope_unique_edge_lookup ... ok
[INFO] [stdout] test take_nodes_edges_returns_values_in_input_order ... ok
[INFO] [stdout] test take_nodes_edges_self_loop ... ok
[INFO] [stdout] 
[INFO] [stdout] test result: ok. 70 passed; 0 failed; 0 ignored; 0 measured; 0 filtered out; finished in 0.02s
[INFO] [stdout] 
[INFO] [stderr]      Running tests/context.rs (/opt/rustwide/target/release/deps/context-a0657ff45fa2b1c5)
[INFO] [stdout] 
[INFO] [stdout] running 12 tests
[INFO] [stdout] test scoped_node_ix_display_vec ... ok
[INFO] [stdout] test scoped_edge_ix_display_vec ... ok
[INFO] [stdout] test scoped_edge_ix_inner_btree ... ok
[INFO] [stdout] test scope_edge_indices_of_btree ... ok
[INFO] [stdout] test scoped_node_ix_equality_btree ... ok
[INFO] [stdout] test scoped_edge_ix_inner_vec ... ok
[INFO] [stdout] test scoped_node_ix_inner_btree ... ok
[INFO] [stdout] test scope_directed_edges_to_btree ... ok
[INFO] [stdout] test scope_incident_indices_btree ... ok
[INFO] [stdout] test take_nodes_edges_ignores_wrong_size_hint_for_nodes ... ok
[INFO] [stderr]      Running tests/edge.rs (/opt/rustwide/target/release/deps/edge-5bdda005f21c6eab)
[INFO] [stdout] test scoped_node_ix_ordering_btree ... ok
[INFO] [stdout] test take_nodes_edges_ignores_wrong_size_hint_for_edges ... ok
[INFO] [stdout] 
[INFO] [stdout] test result: ok. 12 passed; 0 failed; 0 ignored; 0 measured; 0 filtered out; finished in 0.01s
[INFO] [stdout] 
[INFO] [stdout] 
[INFO] [stdout] running 12 tests
[INFO] [stdout] test array_endpoints_eq ... ok
[INFO] [stdout] test array_endpoints_clone_iter ... ok
[INFO] [stdout] test array_endpoints_map_backward ... ok
[INFO] [stdout] test array_endpoints_try_from_sources_targets ... ok
[INFO] [stdout] test btreeset_endpoints_iter ... ok
[INFO] [stdout] test hashset_endpoints_map_backward ... ok
[INFO] [stdout] test btreeset_endpoints_map_backward ... ok
[INFO] [stdout] test hashset_endpoints_iter ... ok
[INFO] [stderr]      Running tests/graph_macro.rs (/opt/rustwide/target/release/deps/graph_macro-68804f40b70fc6ff)
[INFO] [stdout] test array_endpoints_iter ... ok
[INFO] [stdout] test array_endpoints_map_forward ... ok
[INFO] [stdout] test btreeset_endpoints_map ... ok
[INFO] [stdout] test hashset_endpoints_map ... ok
[INFO] [stdout] 
[INFO] [stdout] test result: ok. 12 passed; 0 failed; 0 ignored; 0 measured; 0 filtered out; finished in 0.01s
[INFO] [stdout] 
[INFO] [stdout] 
[INFO] [stdout] running 14 tests
[INFO] [stdout] test graph_macro_builds_vecgraph_with_default_initial ... ok
[INFO] [stdout] test graph_macro_can_be_used_inside_scope ... ok
[INFO] [stdout] test graph_macro_can_be_used_inside_scope_mut_with_bound_idents ... ok
[INFO] [stdout] test graph_macro_supports_empty_edge_spec_with_default_edge_value ... ok
[INFO] [stdout] test graph_macro_supports_multiple_forward_arrows_in_one_line ... ok
[INFO] [stdout] test graph_macro_supports_named_edge_with_expr ... ok
[INFO] [stdout] test graph_macro_supports_reverse_arrow_forms ... ok
[INFO] [stdout] test graph_macro_uses_custom_initial_graph ... ok
[INFO] [stdout] test graph_macro_connects_edges_from_inserted_nodes ... ok
[INFO] [stdout] test graph_macro_supports_chained_edges_in_single_line ... ok
[INFO] [stdout] test graph_macro_emits_distinct_nodes_for_anon_specs ... ok
[INFO] [stdout] test graph_macro_supports_compact_empty_edge_arrow ... ok
[INFO] [stdout] test graph_macro_supports_mixed_forward_and_reverse_arrows_in_one_line ... ok
[INFO] [stdout] test graph_macro_supports_named_node_with_expr ... ok
[INFO] [stdout] 
[INFO] [stdout] test result: ok. 14 passed; 0 failed; 0 ignored; 0 measured; 0 filtered out; finished in 0.01s
[INFO] [stdout] 
[INFO] [stderr]      Running tests/new_features.rs (/opt/rustwide/target/release/deps/new_features-5f4b23aa04fffcc7)
[INFO] [stdout] 
[INFO] [stdout] running 33 tests
[INFO] [stdout] test drain_btreegraph_returns_all_nodes_and_edges ... ok
[INFO] [stdout] test btreegraph_string_keys ... ok
[INFO] [stdout] test drain_hashgraph_returns_all_nodes_and_edges ... ok
[INFO] [stdout] test drain_vecgraph_returns_all_nodes_and_edges ... ok
[INFO] [stdout] test extend_graph_btreegraph_merges_two_graphs ... ok
[INFO] [stdout] test drain_empty_graph ... ok
[INFO] [stdout] test extend_graph_empty_other ... ok
[INFO] [stdout] test drain_stabilized_skips_tombstoned ... ok
[INFO] [stdout] test endpoints_from_array_vecgraph_round_trip ... ok
[INFO] [stdout] test extend_graph_preserves_edge_connectivity ... ok
[INFO] [stdout] test hashgraph_adjacency_walks ... ok
[INFO] [stdout] test extend_graph_hashgraph_merges_two_graphs ... ok
[INFO] [stdout] test extend_graph_into_empty ... ok
[INFO] [stdout] test hashgraph_insert_nodes_and_edges ... ok
[INFO] [stdout] test hashgraph_map_transform ... ok
[INFO] [stdout] test hashgraph_parallel_edges ... ok
[INFO] [stdout] test hashgraph_directed_tail_head ... ok
[INFO] [stdout] test hashgraph_duplicate_edge_returns_err ... ok
[INFO] [stdout] test hashgraph_duplicate_node_returns_err ... ok
[INFO] [stdout] test hashgraph_empty ... ok
[INFO] [stdout] test hashgraph_incoming_edges ... ok
[INFO] [stdout] test endpoints_from_array_btreegraph_round_trip ... ok
[INFO] [stdout] test hashgraph_remove_edge ... ok
[INFO] [stdout] test endpoints_from_array_hashgraph_round_trip ... ok
[INFO] [stdout] test hashgraph_remove_node_cascades_edges ... ok
[INFO] [stdout] test hashgraph_self_loop ... ok
[INFO] [stdout] test hashgraph_string_keys ... ok
[INFO] [stdout] test hashgraph_reverse ... ok
[INFO] [stdout] test remove_nodes_edges_rejects_duplicate_nodes - should panic ... ok
[INFO] [stdout] test hashgraph_query_node_and_edge ... ok
[INFO] [stdout] test remove_nodes_edges_rejects_duplicate_edges - should panic ... ok
[INFO] [stdout] test hashgraph_unique_edge_lookup ... ok
[INFO] [stdout] test hashgraph_unique_node_lookup ... ok
[INFO] [stdout] 
[INFO] [stdout] test result: ok. 33 passed; 0 failed; 0 ignored; 0 measured; 0 filtered out; finished in 0.01s
[INFO] [stdout] 
[INFO] [stderr]      Running tests/raw_graph.rs (/opt/rustwide/target/release/deps/raw_graph-1c9ec1f7f4e306bb)
[INFO] [stdout] 
[INFO] [stdout] running 40 tests
[INFO] [stdout] test flat_adj_edge_btree_clear ... ok
[INFO] [stdout] test flat_adj_edge_btree_complex ... ok
[INFO] [stdout] test flat_adj_edge_vec_bset ... ok
[INFO] [stdout] test flat_adj_edge_btree ... ok
[INFO] [stdout] test flat_adj_edge_vec ... ok
[INFO] [stdout] test flat_adj_edge_vec_bset_clear ... ok
[INFO] [stdout] test flat_adj_edge_vec_bset_update ... ok
[INFO] [stdout] test flat_adj_edge_btree_extend ... ok
[INFO] [stdout] test flat_adj_edge_vec_clear ... ok
[INFO] [stdout] test flat_adj_edge_vec_vecis_update ... ok
[INFO] [stdout] test flat_adj_edge_vec_update ... ok
[INFO] [stdout] test flat_adj_edge_vec_complex ... ok
[INFO] [stdout] test flat_adj_edge_vec_vecis_clear ... ok
[INFO] [stdout] test flat_adj_edge_vec_vecis_complex_directed_only ... ok
[INFO] [stdout] test flat_reverse_rebuilds_reversed_adjacency ... ok
[INFO] [stdout] test flat_adj_edge_vec_extend ... ok
[INFO] [stdout] test linked_adj_edge_btree_complex ... ok
[INFO] [stdout] test linked_adj_edge_btree_clear ... ok
[INFO] [stdout] test linked_adj_edge_btree ... ok
[INFO] [stdout] test flat_vec_tnone_take_node_parallel_incoming ... ok
[INFO] [stdout] test flat_adj_edge_vec_vecis ... ok
[INFO] [stdout] test flat_vec_vecis_take_node_parallel_incoming ... ok
[INFO] [stdout] test linked_adj_edge_btree_extend ... ok
[INFO] [stdout] test linked_adj_edge_btree_unique ... ok
[INFO] [stdout] test linked_adj_edge_btree_batch_removal_stress ... ok
[INFO] [stdout] test linked_adj_edge_hybrid_batch_removal_stress ... ok
[INFO] [stdout] test linked_adj_edge_swap_remove_drains_in_sequence ... ok
[INFO] [stdout] test linked_adj_edge_swap_remove_edges_one_at_a_time ... ok
[INFO] [stdout] test linked_adj_edge_vec_clear ... ok
[INFO] [stdout] test linked_adj_edge_swap_remove_node_with_many_edges ... ok
[INFO] [stdout] test linked_adj_edge_vec_extend ... ok
[INFO] [stdout] test linked_adj_edge_vec ... ok
[INFO] [stdout] test linked_adj_edge_vec_complex ... ok
[INFO] [stdout] test linked_adj_edge_vec_update ... ok
[INFO] [stdout] test matrix_csr ... ok
[INFO] [stdout] test stabilize_vec_backed ... ok
[INFO] [stdout] test matrix_duplicate_edge_panics - should panic ... ok
[INFO] [stdout] test matrix_reverse_transposes_edges ... ok
[INFO] [stdout] test matrix_self_loop_and_unique_edges_complex ... ok
[INFO] [stdout] test linked_adj_edge_vec_batch_removal_stress ... ok
[INFO] [stdout] 
[INFO] [stdout] test result: ok. 40 passed; 0 failed; 0 ignored; 0 measured; 0 filtered out; finished in 0.02s
[INFO] [stdout] 
[INFO] [stderr]      Running tests/raw_graph_hyper.rs (/opt/rustwide/target/release/deps/raw_graph_hyper-b4c8dfe695709e0c)
[INFO] [stdout] 
[INFO] [stdout] running 1 test
[INFO] [stdout] test seq_hash_hyper_graph ... ok
[INFO] [stdout] 
[INFO] [stdout] test result: ok. 1 passed; 0 failed; 0 ignored; 0 measured; 0 filtered out; finished in 0.00s
[INFO] [stdout] 
[INFO] [stderr]      Running tests/stabilized.rs (/opt/rustwide/target/release/deps/stabilized-831a932ee5534c27)
[INFO] [stdout] 
[INFO] [stdout] running 1 test
[INFO] [stdout] test vec_backend_reports_capacity_btree_does_not ... ok
[INFO] [stdout] 
[INFO] [stdout] test result: ok. 1 passed; 0 failed; 0 ignored; 0 measured; 0 filtered out; finished in 0.00s
[INFO] [stdout] 
[INFO] [stderr]      Running tests/swap_no_patch.rs (/opt/rustwide/target/release/deps/swap_no_patch-a413ec67bc8edcbb)
[INFO] [stdout] 
[INFO] [stdout] running 7 tests
[INFO] [stdout] test take_node_internal_swap_invalidates_precollected_indices ... ok
[INFO] [stdout] test take_nodes_edges_swap_no_patch ... ok
[INFO] [stdout] test stale_pointer_creates_self_loop_in_incoming_list ... ok
[INFO] [stderr]      Running tests/swap_remove_bug.rs (/opt/rustwide/target/release/deps/swap_remove_bug-ae5d8978b0c24157)
[INFO] [stdout] test stale_pointer_creates_self_loop_in_outgoing_list ... ok
[INFO] [stdout] test stale_pointer_out_of_bounds_detected_via_take_node ... ok
[INFO] [stdout] test remove_node_hangs_due_to_cyclic_edge_list ... ok
[INFO] [stdout] test stale_pointer_yields_wrong_edge_data ... ok
[INFO] [stdout] 
[INFO] [stdout] test result: ok. 7 passed; 0 failed; 0 ignored; 0 measured; 0 filtered out; finished in 0.00s
[INFO] [stdout] 
[INFO] [stdout] 
[INFO] [stdout] running 3 tests
[INFO] [stdout] test remove_node_swap_remove_with_extra_edges ... ok
[INFO] [stdout] test remove_node_swap_remove_invalidates_precollected_edge_indices ... ok
[INFO] [stdout] test remove_node_swap_remove_invalidates_precollected_incoming_edges ... ok
[INFO] [stdout] 
[INFO] [stdout] test result: ok. 3 passed; 0 failed; 0 ignored; 0 measured; 0 filtered out; finished in 0.00s
[INFO] [stdout] 
[INFO] [stderr]      Running tests/ui.rs (/opt/rustwide/target/release/deps/ui-ecf8e5c6d348b093)
[INFO] [stdout] Compiler: rustc "--error-format=json" "--out-dir" OUT_DIR
[INFO] [stdout] Building dependencies ... FAILED
[INFO] [stdout] tests/ui/graph_macro_stable_edge.rs ... FAILED
[INFO] [stdout] tests/ui/graph_macro_duplicate_node_expr.rs ... FAILED
[INFO] [stdout] tests/ui/graph_macro_duplicate_edge_expr.rs ... FAILED
[INFO] [stdout] tests/ui/graph_macro_duplicate_edge_ident.rs ... FAILED
[INFO] [stdout] tests/ui/graph_macro_many_syntax_errors.rs ... FAILED
[INFO] [stdout] tests/ui/graph_macro_stable_node.rs ... FAILED
[INFO] [stdout] tests/ui/scope_lifetime_violation.rs ... FAILED
[INFO] [stdout] tests/ui/scope_mut_swap_contexts.rs ... FAILED
[INFO] [stdout] 
[INFO] [stderr] Error: tests failed
[INFO] [stdout] FAILED TEST: tests/ui/graph_macro_stable_edge.rs
[INFO] [stderr] 
[INFO] [stdout] command: Building dependencies
[INFO] [stderr] Location:
[INFO] [stdout] 
[INFO] [stderr]     /opt/rustwide/cargo-home/registry/src/index.crates.io-1949cf8c6b5b557f/ui_test-0.30.7/src/lib.rs:365:13
[INFO] [stdout] full stderr:
[INFO] [stderr] error: test failed, to rerun pass `--test ui`
[INFO] [stdout] previous build failed
[INFO] [stderr] 
[INFO] [stdout] full stdout:
[INFO] [stderr] Caused by:
[INFO] [stdout] 
[INFO] [stderr]   process didn't exit successfully: `/opt/rustwide/target/release/deps/ui-ecf8e5c6d348b093` (exit status: 1)
[INFO] [stdout] 
[INFO] [stdout] 
[INFO] [stdout] FAILED TEST: tests/ui/graph_macro_duplicate_node_expr.rs
[INFO] [stdout] command: Building dependencies
[INFO] [stdout] 
[INFO] [stdout] full stderr:
[INFO] [stdout] previous build failed
[INFO] [stdout] full stdout:
[INFO] [stdout] 
[INFO] [stdout] 
[INFO] [stdout] 
[INFO] [stdout] FAILED TEST: tests/ui/graph_macro_duplicate_edge_expr.rs
[INFO] [stdout] command: "/opt/rustwide/rustup-home/toolchains/1.99.0-beta.8-x86_64-unknown-linux-gnu/bin/cargo" "build" "--target-dir" "/opt/rustwide/target/ui/0" "--manifest-path" "tests/ui_dep/Cargo.toml" "--target=x86_64-unknown-linux-gnu" "--message-format=json"
[INFO] [stdout] 
[INFO] [stdout] full stderr:
[INFO] [stdout] error: manifest path `tests/ui_dep/Cargo.toml` does not exist
[INFO] [stdout] 
[INFO] [stdout] full stdout:
[INFO] [stdout] 
[INFO] [stdout] 
[INFO] [stdout] 
[INFO] [stdout] FAILED TEST: tests/ui/graph_macro_duplicate_edge_ident.rs
[INFO] [stdout] command: Building dependencies
[INFO] [stdout] 
[INFO] [stdout] full stderr:
[INFO] [stdout] previous build failed
[INFO] [stdout] full stdout:
[INFO] [stdout] 
[INFO] [stdout] 
[INFO] [stdout] 
[INFO] [stdout] FAILED TEST: tests/ui/graph_macro_many_syntax_errors.rs
[INFO] [stdout] command: Building dependencies
[INFO] [stdout] 
[INFO] [stdout] full stderr:
[INFO] [stdout] previous build failed
[INFO] [stdout] full stdout:
[INFO] [stdout] 
[INFO] [stdout] 
[INFO] [stdout] 
[INFO] [stdout] FAILED TEST: tests/ui/graph_macro_stable_node.rs
[INFO] [stdout] command: Building dependencies
[INFO] [stdout] 
[INFO] [stdout] full stderr:
[INFO] [stdout] previous build failed
[INFO] [stdout] full stdout:
[INFO] [stdout] 
[INFO] [stdout] 
[INFO] [stdout] 
[INFO] [stdout] FAILED TEST: tests/ui/scope_lifetime_violation.rs
[INFO] [stdout] command: Building dependencies
[INFO] [stdout] 
[INFO] [stdout] full stderr:
[INFO] [stdout] previous build failed
[INFO] [stdout] full stdout:
[INFO] [stdout] 
[INFO] [stdout] 
[INFO] [stdout] 
[INFO] [stdout] FAILED TEST: tests/ui/scope_mut_swap_contexts.rs
[INFO] [stdout] command: Building dependencies
[INFO] [stdout] 
[INFO] [stdout] full stderr:
[INFO] [stdout] previous build failed
[INFO] [stdout] full stdout:
[INFO] [stdout] 
[INFO] [stdout] 
[INFO] [stdout] FAILURES:
[INFO] [stdout]     tests/ui/graph_macro_stable_edge.rs
[INFO] [stdout]     tests/ui/graph_macro_duplicate_node_expr.rs
[INFO] [stdout]     tests/ui/graph_macro_duplicate_edge_expr.rs
[INFO] [stdout]     tests/ui/graph_macro_duplicate_edge_ident.rs
[INFO] [stdout]     tests/ui/graph_macro_many_syntax_errors.rs
[INFO] [stdout]     tests/ui/graph_macro_stable_node.rs
[INFO] [stdout]     tests/ui/scope_lifetime_violation.rs
[INFO] [stdout]     tests/ui/scope_mut_swap_contexts.rs
[INFO] [stdout] 
[INFO] [stdout] test result: FAIL. 8 failed
[INFO] [stdout] 
[INFO] running `Command { std: "docker" "inspect" "a1ce4fd5da8dcea180587b84dfc3496b59af6d0957302560c414aa1a4a6f93e9", kill_on_drop: false }`
[INFO] running `Command { std: "docker" "rm" "-f" "a1ce4fd5da8dcea180587b84dfc3496b59af6d0957302560c414aa1a4a6f93e9", kill_on_drop: false }`
[INFO] [stdout] a1ce4fd5da8dcea180587b84dfc3496b59af6d0957302560c414aa1a4a6f93e9
