[INFO] fetching crate safe-shell 0.1.2...
[INFO] testing safe-shell-0.1.2 against 1.100.0-beta.1+cargoflags=--release for beta-release-1.100-2
[INFO] extracting crate safe-shell 0.1.2 into /workspace/builds/worker-4-tc2/source
[INFO] started tweaking crates.io crate safe-shell 0.1.2
[INFO] removed 0 missing tests
[INFO] finished tweaking crates.io crate safe-shell 0.1.2
[INFO] tweaked toml for crates.io crate safe-shell 0.1.2 written to /workspace/builds/worker-4-tc2/source/Cargo.toml
[INFO] validating manifest of crates.io crate safe-shell 0.1.2 on toolchain 1.100.0-beta.1
[INFO] running `Command { std: CARGO_HOME="/workspace/cargo-home" RUSTUP_HOME="/workspace/rustup-home" "/workspace/cargo-home/bin/cargo" "+1.100.0-beta.1" "metadata" "--manifest-path" "Cargo.toml" "--no-deps", kill_on_drop: false }`
[INFO] crate crates.io crate safe-shell 0.1.2 already has a lockfile, it will not be regenerated
[INFO] running `Command { std: CARGO_HOME="/workspace/cargo-home" RUSTUP_HOME="/workspace/rustup-home" "/workspace/cargo-home/bin/cargo" "+1.100.0-beta.1" "fetch" "--manifest-path" "Cargo.toml", kill_on_drop: false }`
[INFO] running `Command { std: "docker" "create" "-v" "/var/lib/crater-agent-workspace/builds/worker-4-tc2/source:/opt/rustwide/workdir:ro,Z" "-v" "/var/lib/crater-agent-workspace/builds/worker-4-tc2/target:/opt/rustwide/target:rw,Z" "-v" "/var/lib/crater-agent-workspace/cargo-home:/opt/rustwide/cargo-home:ro,Z" "-v" "/var/lib/crater-agent-workspace/rustup-home:/opt/rustwide/rustup-home:ro,Z" "-m" "1610612736" "--network" "none" "ghcr.io/rust-lang/crates-build-env/linux@sha256:77db811e55d90add9212f6832c23229e3de5f1c1f9905e8cb07319ea15df73ac" "sleep" "infinity", kill_on_drop: false }`
[INFO] [stdout] b92ea6d9b106f33261560c413d63d365658e89a7810e82ab063e07d509f5b757
[INFO] running `Command { std: "docker" "start" "b92ea6d9b106f33261560c413d63d365658e89a7810e82ab063e07d509f5b757", kill_on_drop: false }`
[INFO] running `Command { std: "docker" "inspect" "b92ea6d9b106f33261560c413d63d365658e89a7810e82ab063e07d509f5b757", kill_on_drop: false }`
[INFO] running `Command { std: "docker" "exec" "-e" "SOURCE_DIR=/opt/rustwide/workdir" "-e" "CARGO_HOME=/opt/rustwide/cargo-home" "-e" "RUSTUP_HOME=/opt/rustwide/rustup-home" "-e" "CARGO_TARGET_DIR=/opt/rustwide/target" "-w" "/opt/rustwide/workdir" "--user" "0:0" "b92ea6d9b106f33261560c413d63d365658e89a7810e82ab063e07d509f5b757" "/opt/rustwide/cargo-home/bin/cargo" "+1.100.0-beta.1" "metadata" "--no-deps" "--format-version=1", kill_on_drop: false }`
[INFO] running `Command { std: "docker" "inspect" "b92ea6d9b106f33261560c413d63d365658e89a7810e82ab063e07d509f5b757", kill_on_drop: false }`
[INFO] running `Command { std: "docker" "exec" "-e" "SOURCE_DIR=/opt/rustwide/workdir" "-e" "CARGO_HOME=/opt/rustwide/cargo-home" "-e" "RUSTUP_HOME=/opt/rustwide/rustup-home" "-e" "CARGO_TARGET_DIR=/opt/rustwide/target" "-e" "CARGO_INCREMENTAL=0" "-e" "RUST_BACKTRACE=full" "-e" "RUSTFLAGS=--cap-lints=warn" "-e" "RUSTDOCFLAGS=--cap-lints=warn" "-w" "/opt/rustwide/workdir" "--user" "0:0" "b92ea6d9b106f33261560c413d63d365658e89a7810e82ab063e07d509f5b757" "/opt/rustwide/cargo-home/bin/cargo" "+1.100.0-beta.1" "build" "--frozen" "--message-format=json" "--release", kill_on_drop: false }`
[INFO] [stderr]    Compiling libc v0.2.184
[INFO] [stderr]    Compiling rustix v0.38.44
[INFO] [stderr]    Compiling indexmap v2.13.1
[INFO] [stderr]    Compiling linux-raw-sys v0.4.15
[INFO] [stderr]    Compiling regex-automata v0.4.14
[INFO] [stderr]    Compiling tokio-macros v2.7.0
[INFO] [stderr]    Compiling either v1.15.0
[INFO] [stderr]    Compiling clap_builder v4.6.0
[INFO] [stderr]    Compiling clap_derive v4.6.0
[INFO] [stderr]    Compiling toml_edit v0.22.27
[INFO] [stderr]    Compiling dirs-sys v0.4.1
[INFO] [stderr]    Compiling socket2 v0.6.3
[INFO] [stderr]    Compiling dirs v5.0.1
[INFO] [stderr]    Compiling mio v1.2.0
[INFO] [stderr]    Compiling tokio v1.51.0
[INFO] [stderr]    Compiling which v6.0.3
[INFO] [stderr]    Compiling clap v4.6.0
[INFO] [stderr]    Compiling regex v1.12.3
[INFO] [stderr]    Compiling toml v0.8.23
[INFO] [stderr]    Compiling safe-shell-scanner v0.1.2
[INFO] [stderr]    Compiling safe-shell-sandbox v0.1.2
[INFO] [stderr]    Compiling safe-shell v0.1.2 (/opt/rustwide/workdir)
[INFO] [stderr]     Finished `release` profile [optimized] target(s) in 1m 18s
[INFO] running `Command { std: "docker" "inspect" "b92ea6d9b106f33261560c413d63d365658e89a7810e82ab063e07d509f5b757", kill_on_drop: false }`
[INFO] running `Command { std: "docker" "exec" "-e" "SOURCE_DIR=/opt/rustwide/workdir" "-e" "CARGO_HOME=/opt/rustwide/cargo-home" "-e" "RUSTUP_HOME=/opt/rustwide/rustup-home" "-e" "CARGO_TARGET_DIR=/opt/rustwide/target" "-e" "CARGO_INCREMENTAL=0" "-e" "RUST_BACKTRACE=full" "-e" "RUSTFLAGS=--cap-lints=warn" "-e" "RUSTDOCFLAGS=--cap-lints=warn" "-w" "/opt/rustwide/workdir" "--user" "0:0" "b92ea6d9b106f33261560c413d63d365658e89a7810e82ab063e07d509f5b757" "/opt/rustwide/cargo-home/bin/cargo" "+1.100.0-beta.1" "test" "--frozen" "--no-run" "--message-format=json" "--release", kill_on_drop: false }`
[INFO] [stderr]    Compiling getrandom v0.4.2
[INFO] [stderr]    Compiling rustix v1.1.4
[INFO] [stderr]    Compiling tempfile v3.27.0
[INFO] [stderr]    Compiling safe-shell v0.1.2 (/opt/rustwide/workdir)
[INFO] [stderr]     Finished `release` profile [optimized] target(s) in 12.45s
[INFO] running `Command { std: "docker" "inspect" "b92ea6d9b106f33261560c413d63d365658e89a7810e82ab063e07d509f5b757", kill_on_drop: false }`
[INFO] running `Command { std: "docker" "exec" "-e" "SOURCE_DIR=/opt/rustwide/workdir" "-e" "CARGO_HOME=/opt/rustwide/cargo-home" "-e" "RUSTUP_HOME=/opt/rustwide/rustup-home" "-e" "CARGO_TARGET_DIR=/opt/rustwide/target" "-e" "CARGO_INCREMENTAL=0" "-e" "RUST_BACKTRACE=full" "-e" "RUSTFLAGS=--cap-lints=warn" "-e" "RUSTDOCFLAGS=--cap-lints=warn" "-w" "/opt/rustwide/workdir" "--user" "0:0" "b92ea6d9b106f33261560c413d63d365658e89a7810e82ab063e07d509f5b757" "/opt/rustwide/cargo-home/bin/cargo" "+1.100.0-beta.1" "test" "--frozen" "--release", kill_on_drop: false }`
[INFO] [stderr]     Finished `release` profile [optimized] target(s) in 0.17s
[INFO] [stderr]      Running unittests src/main.rs (/opt/rustwide/target/release/build/safe-shell/0bca3624ef9500a7/out/safe_shell-0bca3624ef9500a7)
[INFO] [stdout] 
[INFO] [stdout] running 10 tests
[INFO] [stdout] test hook::tests::npm_hook_has_subcommand_detection ... ok
[INFO] [stdout] test hook::tests::npm_version_not_sandboxed ... ok
[INFO] [stdout] test hook::tests::npx_always_sandboxed ... ok
[INFO] [stdout] test hook::tests::generates_bash_hook ... ok
[INFO] [stdout] test hook::tests::unshield_wrapper_cleans_up_functions ... ok
[INFO] [stdout] test hook::tests::unknown_shell_errors ... ok
[INFO] [stdout] test hook::tests::hook_eval_line_format ... ok
[INFO] [stdout] test hook::tests::generates_zsh_hook ... ok
[INFO] [stdout] test hook::tests::hook_falls_back_when_safe_shell_missing ... ok
[INFO] [stdout] test hook::tests::is_hook_installed_detects ... ok
[INFO] [stdout] 
[INFO] [stdout] test result: ok. 10 passed; 0 failed; 0 ignored; 0 measured; 0 filtered out; finished in 0.02s
[INFO] [stdout] 
[INFO] [stderr]      Running tests/env_scrub.rs (/opt/rustwide/target/release/build/safe-shell/5bfa722cab3cc878/out/env_scrub-5bfa722cab3cc878)
[INFO] [stdout] 
[INFO] [stdout] running 12 tests
[INFO] [stdout] test profiles_list_shows_all ... ok
[INFO] [stdout] test profiles_show_npm ... ok
[INFO] [stdout] test dry_run_shows_info ... ok
[INFO] [stdout] test preserves_home ... FAILED
[INFO] [stdout] test preserves_path ... FAILED
[INFO] [stdout] test unknown_profile_returns_exit_3 ... ok
[INFO] [stdout] test scrubs_value_with_secret_pattern ... ok
[INFO] [stdout] test scrubs_secret_key_from_env ... ok
[INFO] [stdout] test version_flag ... ok
[INFO] [stdout] test basic_command_works ... FAILED
[INFO] [stdout] test command_failure_passes_exit_code ... FAILED
[INFO] [stderr] error: test failed, to rerun pass `--test env_scrub`
[INFO] [stdout] test scrubs_token_from_env ... ok
[INFO] [stdout] 
[INFO] [stdout] failures:
[INFO] [stdout] 
[INFO] [stdout] ---- preserves_home stdout ----
[INFO] [stdout] 
[INFO] [stdout] thread 'preserves_home' (862) panicked at tests/env_scrub.rs:74:5:
[INFO] [stdout] HOME should be preserved
[INFO] [stdout] stack backtrace:
[INFO] [stdout]    0:     0x55ced6b2c611 - <<std[617be2ca0a6fd877]::sys::backtrace::BacktraceLock>::print::DisplayBacktrace as core[a373ad73a504971]::fmt::Display>::fmt
[INFO] [stdout]    1:     0x55ced6b4050a - core[a373ad73a504971]::fmt::write
[INFO] [stdout]    2:     0x55ced6b3082c - <alloc[2e1b2a31b91974c5]::vec::Vec<u8> as core[a373ad73a504971]::io::write::Write>::write_fmt
[INFO] [stdout]    3:     0x55ced6b08976 - std[617be2ca0a6fd877]::panicking::default_hook::{closure#0}
[INFO] [stdout]    4:     0x55ced6b24ca9 - std[617be2ca0a6fd877]::panicking::default_hook
[INFO] [stdout]    5:     0x55ced6ac1250 - test[aada8e7e76ba119b]::test_main_inner::{closure#0}
[INFO] [stdout]    6:     0x55ced6b24e62 - std[617be2ca0a6fd877]::panicking::panic_with_hook
[INFO] [stdout]    7:     0x55ced6b08a54 - std[617be2ca0a6fd877]::panicking::panic_handler::{closure#0}
[INFO] [stdout]    8:     0x55ced6b01739 - std[617be2ca0a6fd877]::sys::backtrace::__rust_end_short_backtrace::<std[617be2ca0a6fd877]::panicking::panic_handler::{closure#0}, !>
[INFO] [stdout]    9:     0x55ced6b0962d - __rustc[ea4f61d10b84890b]::rust_begin_unwind
[INFO] [stdout]   10:     0x55ced6b40c3c - core[a373ad73a504971]::panicking::panic_fmt
[INFO] [stdout]   11:     0x55ced6ab2dd4 - <env_scrub[63ea5183f525c3c3]::preserves_home::{closure#0} as core[a373ad73a504971]::ops::function::FnOnce<()>>::call_once
[INFO] [stdout]   12:     0x55ced6ab469b - test[aada8e7e76ba119b]::__rust_begin_short_backtrace::<core[a373ad73a504971]::result::Result<(), alloc[2e1b2a31b91974c5]::string::String>, fn() -> core[a373ad73a504971]::result::Result<(), alloc[2e1b2a31b91974c5]::string::String>>
[INFO] [stdout]   13:     0x55ced6ac1875 - test[aada8e7e76ba119b]::run_test::{closure#0}
[INFO] [stdout]   14:     0x55ced6abb164 - std[617be2ca0a6fd877]::sys::backtrace::__rust_begin_short_backtrace::<test[aada8e7e76ba119b]::run_test::{closure#1}, ()>
[INFO] [stdout]   15:     0x55ced6ac4902 - <std[617be2ca0a6fd877]::thread::lifecycle::spawn_unchecked<test[aada8e7e76ba119b]::run_test::{closure#1}, ()>::{closure#1} as core[a373ad73a504971]::ops::function::FnOnce<()>>::call_once::{shim:vtable#0}
[INFO] [stdout]   16:     0x55ced6b2be6f - <std[617be2ca0a6fd877]::sys::thread::unix::Thread>::new::thread_start
[INFO] [stdout]   17:     0x74b4e41badfa - <unknown>
[INFO] [stdout]   18:     0x74b4e424e3d4 - clone
[INFO] [stdout]   19:                0x0 - <unknown>
[INFO] [stdout] 
[INFO] [stdout] ---- preserves_path stdout ----
[INFO] [stdout] 
[INFO] [stdout] thread 'preserves_path' (863) panicked at tests/env_scrub.rs:60:5:
[INFO] [stdout] PATH should be preserved
[INFO] [stdout] stack backtrace:
[INFO] [stdout]    0:     0x55ced6b2c611 - <<std[617be2ca0a6fd877]::sys::backtrace::BacktraceLock>::print::DisplayBacktrace as core[a373ad73a504971]::fmt::Display>::fmt
[INFO] [stdout]    1:     0x55ced6b4050a - core[a373ad73a504971]::fmt::write
[INFO] [stdout]    2:     0x55ced6b3082c - <alloc[2e1b2a31b91974c5]::vec::Vec<u8> as core[a373ad73a504971]::io::write::Write>::write_fmt
[INFO] [stdout]    3:     0x55ced6b08976 - std[617be2ca0a6fd877]::panicking::default_hook::{closure#0}
[INFO] [stdout]    4:     0x55ced6b24ca9 - std[617be2ca0a6fd877]::panicking::default_hook
[INFO] [stdout]    5:     0x55ced6ac1250 - test[aada8e7e76ba119b]::test_main_inner::{closure#0}
[INFO] [stdout]    6:     0x55ced6b24e62 - std[617be2ca0a6fd877]::panicking::panic_with_hook
[INFO] [stdout]    7:     0x55ced6b08a54 - std[617be2ca0a6fd877]::panicking::panic_handler::{closure#0}
[INFO] [stdout]    8:     0x55ced6b01739 - std[617be2ca0a6fd877]::sys::backtrace::__rust_end_short_backtrace::<std[617be2ca0a6fd877]::panicking::panic_handler::{closure#0}, !>
[INFO] [stdout]    9:     0x55ced6b0962d - __rustc[ea4f61d10b84890b]::rust_begin_unwind
[INFO] [stdout]   10:     0x55ced6b40c3c - core[a373ad73a504971]::panicking::panic_fmt
[INFO] [stdout]   11:     0x55ced6ab3024 - <env_scrub[63ea5183f525c3c3]::preserves_path::{closure#0} as core[a373ad73a504971]::ops::function::FnOnce<()>>::call_once
[INFO] [stdout]   12:     0x55ced6ab469b - test[aada8e7e76ba119b]::__rust_begin_short_backtrace::<core[a373ad73a504971]::result::Result<(), alloc[2e1b2a31b91974c5]::string::String>, fn() -> core[a373ad73a504971]::result::Result<(), alloc[2e1b2a31b91974c5]::string::String>>
[INFO] [stdout]   13:     0x55ced6ac1875 - test[aada8e7e76ba119b]::run_test::{closure#0}
[INFO] [stdout]   14:     0x55ced6abb164 - std[617be2ca0a6fd877]::sys::backtrace::__rust_begin_short_backtrace::<test[aada8e7e76ba119b]::run_test::{closure#1}, ()>
[INFO] [stdout]   15:     0x55ced6ac4902 - <std[617be2ca0a6fd877]::thread::lifecycle::spawn_unchecked<test[aada8e7e76ba119b]::run_test::{closure#1}, ()>::{closure#1} as core[a373ad73a504971]::ops::function::FnOnce<()>>::call_once::{shim:vtable#0}
[INFO] [stdout]   16:     0x55ced6b2be6f - <std[617be2ca0a6fd877]::sys::thread::unix::Thread>::new::thread_start
[INFO] [stdout]   17:     0x74b4e41badfa - <unknown>
[INFO] [stdout]   18:     0x74b4e424e3d4 - clone
[INFO] [stdout]   19:                0x0 - <unknown>
[INFO] [stdout] 
[INFO] [stdout] ---- basic_command_works stdout ----
[INFO] [stdout] 
[INFO] [stdout] thread 'basic_command_works' (859) panicked at tests/env_scrub.rs:84:5:
[INFO] [stdout] assertion failed: output.status.success()
[INFO] [stdout] stack backtrace:
[INFO] [stdout]    0:     0x55ced6b2c611 - <<std[617be2ca0a6fd877]::sys::backtrace::BacktraceLock>::print::DisplayBacktrace as core[a373ad73a504971]::fmt::Display>::fmt
[INFO] [stdout]    1:     0x55ced6b4050a - core[a373ad73a504971]::fmt::write
[INFO] [stdout]    2:     0x55ced6b3082c - <alloc[2e1b2a31b91974c5]::vec::Vec<u8> as core[a373ad73a504971]::io::write::Write>::write_fmt
[INFO] [stdout]    3:     0x55ced6b08976 - std[617be2ca0a6fd877]::panicking::default_hook::{closure#0}
[INFO] [stdout]    4:     0x55ced6b24ca9 - std[617be2ca0a6fd877]::panicking::default_hook
[INFO] [stdout]    5:     0x55ced6ac1250 - test[aada8e7e76ba119b]::test_main_inner::{closure#0}
[INFO] [stdout]    6:     0x55ced6b24e62 - std[617be2ca0a6fd877]::panicking::panic_with_hook
[INFO] [stdout]    7:     0x55ced6b08a54 - std[617be2ca0a6fd877]::panicking::panic_handler::{closure#0}
[INFO] [stdout]    8:     0x55ced6b01739 - std[617be2ca0a6fd877]::sys::backtrace::__rust_end_short_backtrace::<std[617be2ca0a6fd877]::panicking::panic_handler::{closure#0}, !>
[INFO] [stdout]    9:     0x55ced6b0962d - __rustc[ea4f61d10b84890b]::rust_begin_unwind
[INFO] [stdout]   10:     0x55ced6b40c3c - core[a373ad73a504971]::panicking::panic_fmt
[INFO] [stdout]   11:     0x55ced6b40c02 - core[a373ad73a504971]::panicking::panic
[INFO] [stdout]   12:     0x55ced6ab3814 - <env_scrub[63ea5183f525c3c3]::basic_command_works::{closure#0} as core[a373ad73a504971]::ops::function::FnOnce<()>>::call_once
[INFO] [stdout]   13:     0x55ced6ab469b - test[aada8e7e76ba119b]::__rust_begin_short_backtrace::<core[a373ad73a504971]::result::Result<(), alloc[2e1b2a31b91974c5]::string::String>, fn() -> core[a373ad73a504971]::result::Result<(), alloc[2e1b2a31b91974c5]::string::String>>
[INFO] [stdout]   14:     0x55ced6ac1875 - test[aada8e7e76ba119b]::run_test::{closure#0}
[INFO] [stdout]   15:     0x55ced6abb164 - std[617be2ca0a6fd877]::sys::backtrace::__rust_begin_short_backtrace::<test[aada8e7e76ba119b]::run_test::{closure#1}, ()>
[INFO] [stdout]   16:     0x55ced6ac4902 - <std[617be2ca0a6fd877]::thread::lifecycle::spawn_unchecked<test[aada8e7e76ba119b]::run_test::{closure#1}, ()>::{closure#1} as core[a373ad73a504971]::ops::function::FnOnce<()>>::call_once::{shim:vtable#0}
[INFO] [stdout]   17:     0x55ced6b2be6f - <std[617be2ca0a6fd877]::sys::thread::unix::Thread>::new::thread_start
[INFO] [stdout]   18:     0x74b4e41badfa - <unknown>
[INFO] [stdout]   19:     0x74b4e424e3d4 - clone
[INFO] [stdout]   20:                0x0 - <unknown>
[INFO] [stdout] 
[INFO] [stdout] ---- command_failure_passes_exit_code stdout ----
[INFO] [stdout] 
[INFO] [stdout] thread 'command_failure_passes_exit_code' (860) panicked at tests/env_scrub.rs:96:5:
[INFO] [stdout] assertion `left == right` failed
[INFO] [stdout]   left: Some(3)
[INFO] [stdout]  right: Some(42)
[INFO] [stdout] stack backtrace:
[INFO] [stdout]    0:     0x55ced6b2c611 - <<std[617be2ca0a6fd877]::sys::backtrace::BacktraceLock>::print::DisplayBacktrace as core[a373ad73a504971]::fmt::Display>::fmt
[INFO] [stdout]    1:     0x55ced6b4050a - core[a373ad73a504971]::fmt::write
[INFO] [stdout]    2:     0x55ced6b3082c - <alloc[2e1b2a31b91974c5]::vec::Vec<u8> as core[a373ad73a504971]::io::write::Write>::write_fmt
[INFO] [stdout]    3:     0x55ced6b08976 - std[617be2ca0a6fd877]::panicking::default_hook::{closure#0}
[INFO] [stdout]    4:     0x55ced6b24ca9 - std[617be2ca0a6fd877]::panicking::default_hook
[INFO] [stdout]    5:     0x55ced6ac1250 - test[aada8e7e76ba119b]::test_main_inner::{closure#0}
[INFO] [stdout]    6:     0x55ced6b24e62 - std[617be2ca0a6fd877]::panicking::panic_with_hook
[INFO] [stdout]    7:     0x55ced6b08a22 - std[617be2ca0a6fd877]::panicking::panic_handler::{closure#0}
[INFO] [stdout]    8:     0x55ced6b01739 - std[617be2ca0a6fd877]::sys::backtrace::__rust_end_short_backtrace::<std[617be2ca0a6fd877]::panicking::panic_handler::{closure#0}, !>
[INFO] [stdout]    9:     0x55ced6b0962d - __rustc[ea4f61d10b84890b]::rust_begin_unwind
[INFO] [stdout]   10:     0x55ced6b40c3c - core[a373ad73a504971]::panicking::panic_fmt
[INFO] [stdout]   11:     0x55ced6b40b53 - core[a373ad73a504971]::panicking::assert_failed_inner
[INFO] [stdout]   12:     0x55ced6ab1b0a - core[a373ad73a504971]::panicking::assert_failed::<core[a373ad73a504971]::option::Option<i32>, core[a373ad73a504971]::option::Option<i32>>
[INFO] [stdout]   13:     0x55ced6ab43b4 - <env_scrub[63ea5183f525c3c3]::command_failure_passes_exit_code::{closure#0} as core[a373ad73a504971]::ops::function::FnOnce<()>>::call_once
[INFO] [stdout]   14:     0x55ced6ab469b - test[aada8e7e76ba119b]::__rust_begin_short_backtrace::<core[a373ad73a504971]::result::Result<(), alloc[2e1b2a31b91974c5]::string::String>, fn() -> core[a373ad73a504971]::result::Result<(), alloc[2e1b2a31b91974c5]::string::String>>
[INFO] [stdout]   15:     0x55ced6ac1875 - test[aada8e7e76ba119b]::run_test::{closure#0}
[INFO] [stdout]   16:     0x55ced6abb164 - std[617be2ca0a6fd877]::sys::backtrace::__rust_begin_short_backtrace::<test[aada8e7e76ba119b]::run_test::{closure#1}, ()>
[INFO] [stdout]   17:     0x55ced6ac4902 - <std[617be2ca0a6fd877]::thread::lifecycle::spawn_unchecked<test[aada8e7e76ba119b]::run_test::{closure#1}, ()>::{closure#1} as core[a373ad73a504971]::ops::function::FnOnce<()>>::call_once::{shim:vtable#0}
[INFO] [stdout]   18:     0x55ced6b2be6f - <std[617be2ca0a6fd877]::sys::thread::unix::Thread>::new::thread_start
[INFO] [stdout]   19:     0x74b4e41badfa - <unknown>
[INFO] [stdout]   20:     0x74b4e424e3d4 - clone
[INFO] [stdout]   21:                0x0 - <unknown>
[INFO] [stdout] 
[INFO] [stdout] 
[INFO] [stdout] failures:
[INFO] [stdout]     basic_command_works
[INFO] [stdout]     command_failure_passes_exit_code
[INFO] [stdout]     preserves_home
[INFO] [stdout]     preserves_path
[INFO] [stdout] 
[INFO] [stdout] test result: FAILED. 8 passed; 4 failed; 0 ignored; 0 measured; 0 filtered out; finished in 0.04s
[INFO] [stdout] 
[INFO] running `Command { std: "docker" "inspect" "b92ea6d9b106f33261560c413d63d365658e89a7810e82ab063e07d509f5b757", kill_on_drop: false }`
[INFO] running `Command { std: "docker" "rm" "-f" "b92ea6d9b106f33261560c413d63d365658e89a7810e82ab063e07d509f5b757", kill_on_drop: false }`
[INFO] [stdout] b92ea6d9b106f33261560c413d63d365658e89a7810e82ab063e07d509f5b757
