[INFO] fetching crate saddle-service 0.3.37...
[INFO] testing saddle-service-0.3.37 against 1.99.0-beta.8+cargoflags=--release for beta-release-1.100-2
[INFO] extracting crate saddle-service 0.3.37 into /workspace/builds/worker-5-tc1/source
[INFO] started tweaking crates.io crate saddle-service 0.3.37
[INFO] finished tweaking crates.io crate saddle-service 0.3.37
[INFO] tweaked toml for crates.io crate saddle-service 0.3.37 written to /workspace/builds/worker-5-tc1/source/Cargo.toml
[INFO] validating manifest of crates.io crate saddle-service 0.3.37 on toolchain 1.99.0-beta.8
[INFO] running `Command { std: CARGO_HOME="/workspace/cargo-home" RUSTUP_HOME="/workspace/rustup-home" "/workspace/cargo-home/bin/cargo" "+1.99.0-beta.8" "metadata" "--manifest-path" "Cargo.toml" "--no-deps", kill_on_drop: false }`
[INFO] crate crates.io crate saddle-service 0.3.37 already has a lockfile, it will not be regenerated
[INFO] running `Command { std: CARGO_HOME="/workspace/cargo-home" RUSTUP_HOME="/workspace/rustup-home" "/workspace/cargo-home/bin/cargo" "+1.99.0-beta.8" "fetch" "--manifest-path" "Cargo.toml", kill_on_drop: false }`
[INFO] [stderr]     Updating crates.io index
[INFO] [stderr]  Downloading crates ...
[INFO] [stderr]   Downloaded libredox v0.1.19
[INFO] [stderr]   Downloaded redox_syscall v0.9.1
[INFO] [stderr]   Downloaded saddle-core v0.3.37
[INFO] [stderr]   Downloaded rustls-webpki v0.103.14
[INFO] [stderr]   Downloaded saddle-db v0.3.37
[INFO] [stderr]   Downloaded saddle-observability v0.3.37
[INFO] [stderr]   Downloaded saddle-admission v0.3.37
[INFO] [stderr]   Downloaded saddle-runtime v0.3.37
[INFO] running `Command { std: "docker" "create" "-v" "/var/lib/crater-agent-workspace/builds/worker-5-tc1/source:/opt/rustwide/workdir:ro,Z" "-v" "/var/lib/crater-agent-workspace/builds/worker-5-tc1/target:/opt/rustwide/target:rw,Z" "-v" "/var/lib/crater-agent-workspace/cargo-home:/opt/rustwide/cargo-home:ro,Z" "-v" "/var/lib/crater-agent-workspace/rustup-home:/opt/rustwide/rustup-home:ro,Z" "-m" "1610612736" "--network" "none" "ghcr.io/rust-lang/crates-build-env/linux@sha256:77db811e55d90add9212f6832c23229e3de5f1c1f9905e8cb07319ea15df73ac" "sleep" "infinity", kill_on_drop: false }`
[INFO] [stdout] a64fe87741e1526a8ecb0f4d527d68fab7c10d14cc8b2e73c1be4d69960dc105
[INFO] running `Command { std: "docker" "start" "a64fe87741e1526a8ecb0f4d527d68fab7c10d14cc8b2e73c1be4d69960dc105", kill_on_drop: false }`
[INFO] running `Command { std: "docker" "inspect" "a64fe87741e1526a8ecb0f4d527d68fab7c10d14cc8b2e73c1be4d69960dc105", kill_on_drop: false }`
[INFO] running `Command { std: "docker" "exec" "-e" "SOURCE_DIR=/opt/rustwide/workdir" "-e" "CARGO_HOME=/opt/rustwide/cargo-home" "-e" "RUSTUP_HOME=/opt/rustwide/rustup-home" "-e" "CARGO_TARGET_DIR=/opt/rustwide/target" "-w" "/opt/rustwide/workdir" "--user" "0:0" "a64fe87741e1526a8ecb0f4d527d68fab7c10d14cc8b2e73c1be4d69960dc105" "/opt/rustwide/cargo-home/bin/cargo" "+1.99.0-beta.8" "metadata" "--no-deps" "--format-version=1", kill_on_drop: false }`
[INFO] running `Command { std: "docker" "inspect" "a64fe87741e1526a8ecb0f4d527d68fab7c10d14cc8b2e73c1be4d69960dc105", kill_on_drop: false }`
[INFO] running `Command { std: "docker" "exec" "-e" "SOURCE_DIR=/opt/rustwide/workdir" "-e" "CARGO_HOME=/opt/rustwide/cargo-home" "-e" "RUSTUP_HOME=/opt/rustwide/rustup-home" "-e" "CARGO_TARGET_DIR=/opt/rustwide/target" "-e" "CARGO_INCREMENTAL=0" "-e" "RUST_BACKTRACE=full" "-e" "RUSTFLAGS=--cap-lints=warn" "-e" "RUSTDOCFLAGS=--cap-lints=warn" "-w" "/opt/rustwide/workdir" "--user" "0:0" "a64fe87741e1526a8ecb0f4d527d68fab7c10d14cc8b2e73c1be4d69960dc105" "/opt/rustwide/cargo-home/bin/cargo" "+1.99.0-beta.8" "build" "--frozen" "--message-format=json" "--release", kill_on_drop: false }`
[INFO] [stderr]    Compiling syn v3.0.3
[INFO] [stderr]    Compiling const-oid v0.9.6
[INFO] [stderr]    Compiling getrandom v0.2.17
[INFO] [stderr]    Compiling find-msvc-tools v0.1.10
[INFO] [stderr]    Compiling zerovec-derive v0.11.3
[INFO] [stderr]    Compiling num-traits v0.2.19
[INFO] [stderr]    Compiling generic-array v0.14.7
[INFO] [stderr]    Compiling zerofrom v0.1.8
[INFO] [stderr]    Compiling base64ct v1.8.3
[INFO] [stderr]    Compiling bitflags v2.13.1
[INFO] [stderr]    Compiling ppv-lite86 v0.2.21
[INFO] [stderr]    Compiling mio v1.2.2
[INFO] [stderr]    Compiling crossbeam-utils v0.8.22
[INFO] [stderr]    Compiling serde_json v1.0.151
[INFO] [stderr]    Compiling rustix v0.38.44
[INFO] [stderr]    Compiling parking_lot_core v0.9.12
[INFO] [stderr]    Compiling yoke v0.8.3
[INFO] [stderr]    Compiling rand_core v0.6.4
[INFO] [stderr]    Compiling spin v0.9.9
[INFO] [stderr]    Compiling tinyvec_macros v0.1.1
[INFO] [stderr]    Compiling num-bigint-dig v0.8.6
[INFO] [stderr]    Compiling cc v1.4.2
[INFO] [stderr]    Compiling rustls v0.23.43
[INFO] [stderr]    Compiling lazy_static v1.5.0
[INFO] [stderr]    Compiling tinyvec v1.12.0
[INFO] [stderr]    Compiling form_urlencoded v1.2.2
[INFO] [stderr]    Compiling parking_lot v0.12.5
[INFO] [stderr]    Compiling pem-rfc7468 v0.7.0
[INFO] [stderr]    Compiling tracing-attributes v0.1.31
[INFO] [stderr]    Compiling crc-catalog v2.5.0
[INFO] [stderr]    Compiling rand_chacha v0.3.1
[INFO] [stderr]    Compiling log v0.4.33
[INFO] [stderr]    Compiling futures-util v0.3.34
[INFO] [stderr]    Compiling block-buffer v0.10.4
[INFO] [stderr]    Compiling crypto-common v0.1.7
[INFO] [stderr]    Compiling der v0.7.10
[INFO] [stderr]    Compiling digest v0.10.7
[INFO] [stderr]    Compiling rand v0.8.7
[INFO] [stderr]    Compiling unicode-normalization v0.1.25
[INFO] [stderr]    Compiling sha2 v0.10.9
[INFO] [stderr]    Compiling num-integer v0.1.47
[INFO] [stderr]    Compiling hmac v0.12.1
[INFO] [stderr]    Compiling signature v2.2.0
[INFO] [stderr]    Compiling zerovec v0.11.6
[INFO] [stderr]    Compiling crossbeam-queue v0.3.13
[INFO] [stderr]    Compiling futures-intrusive v0.5.0
[INFO] [stderr]    Compiling indexmap v2.14.0
[INFO] [stderr]    Compiling crc v3.4.0
[INFO] [stderr]    Compiling hashlink v0.10.0
[INFO] [stderr]    Compiling unicode-properties v0.1.4
[INFO] [stderr]    Compiling num-iter v0.1.46
[INFO] [stderr]    Compiling tracing v0.1.44
[INFO] [stderr]    Compiling time-core v0.1.9
[INFO] [stderr]    Compiling powerfmt v0.2.0
[INFO] [stderr]    Compiling num_threads v0.1.7
[INFO] [stderr]    Compiling unicode-bidi v0.3.18
[INFO] [stderr]    Compiling num-conv v0.2.2
[INFO] [stderr]    Compiling deranged v0.5.8
[INFO] [stderr]    Compiling base64 v0.22.1
[INFO] [stderr]    Compiling ring v0.17.14
[INFO] [stderr]    Compiling getrandom v0.3.4
[INFO] [stderr]    Compiling hkdf v0.12.4
[INFO] [stderr]    Compiling md-5 v0.10.6
[INFO] [stderr]    Compiling sha1 v0.10.7
[INFO] [stderr]    Compiling potential_utf v0.1.5
[INFO] [stderr]    Compiling atoi v2.0.0
[INFO] [stderr]    Compiling futures-channel v0.3.34
[INFO] [stderr]    Compiling whoami v1.6.1
[INFO] [stderr]    Compiling byteorder v1.5.0
[INFO] [stderr]    Compiling spki v0.7.3
[INFO] [stderr]    Compiling pkcs8 v0.10.2
[INFO] [stderr]    Compiling stringprep v0.1.5
[INFO] [stderr]    Compiling pkcs1 v0.7.5
[INFO] [stderr]    Compiling time v0.3.55
[INFO] [stderr]    Compiling rsa v0.9.10
[INFO] [stderr]    Compiling displaydoc v0.2.7
[INFO] [stderr]    Compiling serde_derive v1.0.229
[INFO] [stderr]    Compiling tokio-macros v2.7.2
[INFO] [stderr]    Compiling thiserror-impl v2.0.20
[INFO] [stderr]    Compiling tokio v1.53.1
[INFO] [stderr]    Compiling tinystr v0.8.3
[INFO] [stderr]    Compiling zerotrie v0.2.4
[INFO] [stderr]    Compiling icu_collections v2.1.1
[INFO] [stderr]    Compiling icu_locale_core v2.1.1
[INFO] [stderr]    Compiling thiserror v2.0.20
[INFO] [stderr]    Compiling icu_provider v2.1.1
[INFO] [stderr]    Compiling icu_normalizer v2.1.1
[INFO] [stderr]    Compiling icu_properties v2.1.2
[INFO] [stderr]    Compiling idna_adapter v1.2.1
[INFO] [stderr]    Compiling serde v1.0.229
[INFO] [stderr]    Compiling idna v1.1.0
[INFO] [stderr]    Compiling url v2.5.8
[INFO] [stderr]    Compiling either v1.17.0
[INFO] [stderr]    Compiling tokio-stream v0.1.19
[INFO] [stderr]    Compiling rustls-webpki v0.103.14
[INFO] [stderr]    Compiling saddle-core v0.3.37
[INFO] [stderr]    Compiling saddle-admission v0.3.37
[INFO] [stderr]    Compiling sqlx-core v0.8.6
[INFO] [stderr]    Compiling saddle-observability v0.3.37
[INFO] [stderr]    Compiling sqlx-mysql v0.8.6
[INFO] [stderr]    Compiling sqlx v0.8.6
[INFO] [stderr]    Compiling saddle-runtime v0.3.37
[INFO] [stderr]    Compiling saddle-db v0.3.37
[INFO] [stderr]    Compiling saddle-service v0.3.37 (/opt/rustwide/workdir)
[INFO] [stdout] warning: use of deprecated method `std::sync::atomic::Atomic::<u32>::fetch_update`: renamed to `try_update` for consistency
[INFO] [stdout]    --> src/c4_entry.rs:100:14
[INFO] [stdout]     |
[INFO] [stdout] 100 |             .fetch_update(Ordering::AcqRel, Ordering::Acquire, |current| {
[INFO] [stdout]     |              ^^^^^^^^^^^^
[INFO] [stdout]     |
[INFO] [stdout]     = note: `#[warn(deprecated)]` on by default
[INFO] [stdout] help: replace the use of the deprecated method
[INFO] [stdout]     |
[INFO] [stdout] 100 -             .fetch_update(Ordering::AcqRel, Ordering::Acquire, |current| {
[INFO] [stdout] 100 +             .try_update(Ordering::AcqRel, Ordering::Acquire, |current| {
[INFO] [stdout]     |
[INFO] [stdout] 
[INFO] [stdout] 
[INFO] [stderr]     Finished `release` profile [optimized] target(s) in 2m 19s
[INFO] running `Command { std: "docker" "inspect" "a64fe87741e1526a8ecb0f4d527d68fab7c10d14cc8b2e73c1be4d69960dc105", kill_on_drop: false }`
[INFO] running `Command { std: "docker" "exec" "-e" "SOURCE_DIR=/opt/rustwide/workdir" "-e" "CARGO_HOME=/opt/rustwide/cargo-home" "-e" "RUSTUP_HOME=/opt/rustwide/rustup-home" "-e" "CARGO_TARGET_DIR=/opt/rustwide/target" "-e" "CARGO_INCREMENTAL=0" "-e" "RUST_BACKTRACE=full" "-e" "RUSTFLAGS=--cap-lints=warn" "-e" "RUSTDOCFLAGS=--cap-lints=warn" "-w" "/opt/rustwide/workdir" "--user" "0:0" "a64fe87741e1526a8ecb0f4d527d68fab7c10d14cc8b2e73c1be4d69960dc105" "/opt/rustwide/cargo-home/bin/cargo" "+1.99.0-beta.8" "test" "--frozen" "--no-run" "--message-format=json" "--release", kill_on_drop: false }`
[INFO] [stdout] warning: use of deprecated method `std::sync::atomic::Atomic::<u32>::fetch_update`: renamed to `try_update` for consistency
[INFO] [stdout]    --> src/c4_entry.rs:100:14
[INFO] [stdout]     |
[INFO] [stdout] 100 |             .fetch_update(Ordering::AcqRel, Ordering::Acquire, |current| {
[INFO] [stdout]     |              ^^^^^^^^^^^^
[INFO] [stdout]     |
[INFO] [stdout]     = note: `#[warn(deprecated)]` on by default
[INFO] [stdout] help: replace the use of the deprecated method
[INFO] [stdout]     |
[INFO] [stdout] 100 -             .fetch_update(Ordering::AcqRel, Ordering::Acquire, |current| {
[INFO] [stdout] 100 +             .try_update(Ordering::AcqRel, Ordering::Acquire, |current| {
[INFO] [stdout]     |
[INFO] [stdout] 
[INFO] [stdout] 
[INFO] [stderr]    Compiling saddle-service v0.3.37 (/opt/rustwide/workdir)
[INFO] [stdout] warning: use of deprecated method `std::sync::atomic::Atomic::<u32>::fetch_update`: renamed to `try_update` for consistency
[INFO] [stdout]    --> src/c4_entry.rs:100:14
[INFO] [stdout]     |
[INFO] [stdout] 100 |             .fetch_update(Ordering::AcqRel, Ordering::Acquire, |current| {
[INFO] [stdout]     |              ^^^^^^^^^^^^
[INFO] [stdout]     |
[INFO] [stdout]     = note: `#[warn(deprecated)]` on by default
[INFO] [stdout] help: replace the use of the deprecated method
[INFO] [stdout]     |
[INFO] [stdout] 100 -             .fetch_update(Ordering::AcqRel, Ordering::Acquire, |current| {
[INFO] [stdout] 100 +             .try_update(Ordering::AcqRel, Ordering::Acquire, |current| {
[INFO] [stdout]     |
[INFO] [stdout] 
[INFO] [stdout] 
[INFO] [stderr]     Finished `release` profile [optimized] target(s) in 9.18s
[INFO] running `Command { std: "docker" "inspect" "a64fe87741e1526a8ecb0f4d527d68fab7c10d14cc8b2e73c1be4d69960dc105", kill_on_drop: false }`
[INFO] running `Command { std: "docker" "exec" "-e" "SOURCE_DIR=/opt/rustwide/workdir" "-e" "CARGO_HOME=/opt/rustwide/cargo-home" "-e" "RUSTUP_HOME=/opt/rustwide/rustup-home" "-e" "CARGO_TARGET_DIR=/opt/rustwide/target" "-e" "CARGO_INCREMENTAL=0" "-e" "RUST_BACKTRACE=full" "-e" "RUSTFLAGS=--cap-lints=warn" "-e" "RUSTDOCFLAGS=--cap-lints=warn" "-w" "/opt/rustwide/workdir" "--user" "0:0" "a64fe87741e1526a8ecb0f4d527d68fab7c10d14cc8b2e73c1be4d69960dc105" "/opt/rustwide/cargo-home/bin/cargo" "+1.99.0-beta.8" "test" "--frozen" "--release", kill_on_drop: false }`
[INFO] [stderr] warning: use of deprecated method `std::sync::atomic::Atomic::<u32>::fetch_update`: renamed to `try_update` for consistency
[INFO] [stderr]    --> src/c4_entry.rs:100:14
[INFO] [stderr]     |
[INFO] [stderr] 100 |             .fetch_update(Ordering::AcqRel, Ordering::Acquire, |current| {
[INFO] [stderr]     |              ^^^^^^^^^^^^
[INFO] [stderr]     |
[INFO] [stderr]     = note: `#[warn(deprecated)]` on by default
[INFO] [stderr] help: replace the use of the deprecated method
[INFO] [stderr]     |
[INFO] [stderr] 100 -             .fetch_update(Ordering::AcqRel, Ordering::Acquire, |current| {
[INFO] [stderr] 100 +             .try_update(Ordering::AcqRel, Ordering::Acquire, |current| {
[INFO] [stderr]     |
[INFO] [stderr] 
[INFO] [stderr] warning: `saddle-service` (lib) generated 1 warning (run `cargo fix --lib -p saddle-service` to apply 1 suggestion)
[INFO] [stderr] warning: `saddle-service` (lib test) generated 1 warning (1 duplicate)
[INFO] [stderr]     Finished `release` profile [optimized] target(s) in 0.17s
[INFO] [stderr]      Running unittests src/lib.rs (/opt/rustwide/target/release/deps/saddle_service-c7617dfe1702f4c1)
[INFO] [stdout] 
[INFO] [stdout] running 42 tests
[INFO] [stdout] test c4_entry::tests::startup_rejects_incomplete_overflowing_and_unknown_closure ... ok
[INFO] [stdout] test c4_entry::tests::lookup_is_deterministic_and_fails_explicitly ... ok
[INFO] [stdout] test c5_compiled::tests::capacity_leaf_is_frozen_with_the_execution_registry ... ok
[INFO] [stdout] test c4_entry::tests::transport_result_is_fixed_width_and_contains_no_owner ... ok
[INFO] [stdout] test c4_entry::tests::runtime_owned_ready_composition_returns_post_finalizer_zero ... ok
[INFO] [stdout] test c5_compiled::tests::assembly_freezes_standalone_write_and_single_step_transaction_kinds ... ok
[INFO] [stdout] test c5_compiled::tests::assembly_rejects_write_transaction_value_recombination ... ok
[INFO] [stdout] test c4_entry::tests::frozen_lookup_allocates_nothing_and_invokes_no_user_code ... ok
[INFO] [stdout] test c5_compiled::tests::compiled_allocation_error_keeps_the_original_across_execution_error ... ok
[INFO] [stdout] test c5_compiled::tests::registered_entry_is_the_only_execution_credential ... ok
[INFO] [stdout] test c5_compiled::tests::sealed_db_permit_and_response_capacity_cross_the_real_async_path ... ok
[INFO] [stdout] test c4_entry::tests::preallocated_builder_registers_and_freezes_without_growth ... ok
[INFO] [stdout] test c5_compiled::tests::execution_errors_exhaustively_map_to_the_closed_response_classes ... ok
[INFO] [stdout] test c5_compiled::tests::factory_reserves_response_and_real_async_path_finishes_after_await ... ok
[INFO] [stdout] test c5_compiled::tests::frozen_capability_is_the_classified_production_adapter ... ok
[INFO] [stdout] test c4_entry::tests::identity_from_another_registry_cannot_be_replayed ... ok
[INFO] [stdout] test c5_compiled::tests::proof_is_derived_from_concrete_layouts_and_fixed_payloads_do_not_allocate ... ok
[INFO] [stdout] test c5_compiled::tests::generated_registry_failure_is_written_before_safe_projection ... ok
[INFO] [stdout] test external::tests::json_without_selected_output_cannot_claim_written_source ... ok
[INFO] [stdout] test external::tests::dispatcher_wires_success_and_safe_business_failure ... ok
[INFO] [stdout] test production_fact::candidate_tests::approved_candidate_is_exact_recoverable_and_retryable_after_rollback ... FAILED
[INFO] [stdout] test registry::tests::actual_factory_resolution_rejects_missing_dependency ... ok
[INFO] [stdout] test c4_entry::tests::fixed_ingress_deadline_rejection_restores_registry_owner ... ok
[INFO] [stdout] test c4_entry::tests::capability_is_built_from_real_registry_and_rejects_incomplete_or_missing_service ... ok
[INFO] [stdout] test c5_compiled::tests::entry_registry_allocation_error_keeps_the_original_across_execution_error ... ok
[INFO] [stdout] test external::tests::unknown_route_still_has_balanced_external_trace ... ok
[INFO] [stdout] test registry::tests::registration_without_selected_output_is_explicitly_unconfirmed ... ok
[INFO] [stdout] test registry::tests::rejects_contract_and_identity_conflicts ... ok
[INFO] [stdout] test source_record::tests::written_receipt_cannot_confirm_another_occurrence ... FAILED
[INFO] [stdout] test registry::tests::factory_injects_typed_client_for_positive_service_chain ... ok
[INFO] [stdout] test c4_entry::tests::startup_build_is_bounded_and_freeze_rejects_ambiguity ... ok
[INFO] [stdout] test c5_compiled::tests::compiled_registry_is_bounded_and_rejects_duplicate_markers_and_identities ... ok
[INFO] [stdout] test registry::tests::bootstrap_registration_error_is_readable_before_return ... ok
[INFO] [stdout] test external::tests::dispatcher_rejects_invalid_trace_and_emits_complete_stage_chain ... ok
[INFO] [stdout] test c5_compiled::tests::missing_db_permit_fails_before_response_reservation_or_dispatch ... ok
[INFO] [stdout] test external::tests::route_limit_is_identical_at_registration_and_dispatch ... ok
[INFO] [stdout] test external::tests::response_sink_stops_at_fixed_limit_and_preserves_other_encoding_errors ... ok
[INFO] [stdout] test c5_compiled::tests::assembly_rejects_foreign_query_proof_for_one_route ... ok
[INFO] [stdout] test external::tests::pending_and_cancelled_dispatch_hold_then_release_admission_guard ... ok
[INFO] [stdout] test c5_compiled::tests::marker_binding_and_typed_internal_edges_are_checked_at_assembly ... ok
[INFO] [stdout] test external::tests::rejects_oversized_request_and_response ... ok
[INFO] [stdout] test external::tests::actual_json_sources_are_readable_before_safe_response ... ok
[INFO] [stdout] 
[INFO] [stdout] failures:
[INFO] [stdout] 
[INFO] [stdout] ---- production_fact::candidate_tests::approved_candidate_is_exact_recoverable_and_retryable_after_rollback stdout ----
[INFO] [stdout] 
[INFO] [stdout] thread 'production_fact::candidate_tests::approved_candidate_is_exact_recoverable_and_retryable_after_rollback' (2100) panicked at src/production_fact.rs:513:9:
[INFO] [stdout] assertion failed: matches_approved_candidate(&fact, &candidate)
[INFO] [stdout] stack backtrace:
[INFO] [stdout]    0:     0x5f0851a31131 - <<std[70759c8f55707aa4]::sys::backtrace::BacktraceLock>::print::DisplayBacktrace as core[df12db4294e9bfd3]::fmt::Display>::fmt
[INFO] [stdout]    1:     0x5f0851a46e3a - core[df12db4294e9bfd3]::fmt::write
[INFO] [stdout]    2:     0x5f0851a35adc - <alloc[2182bb758b4b3781]::vec::Vec<u8> as core[df12db4294e9bfd3]::io::write::Write>::write_fmt
[INFO] [stdout]    3:     0x5f0851a0b996 - std[70759c8f55707aa4]::panicking::default_hook::{closure#0}
[INFO] [stdout]    4:     0x5f0851a28c09 - std[70759c8f55707aa4]::panicking::default_hook
[INFO] [stdout]    5:     0x5f085193ca10 - test[9d35eded1c95d3be]::test_main_inner::<test[9d35eded1c95d3be]::test_main_static::{closure#0}>::{closure#0}
[INFO] [stdout]    6:     0x5f0851a28dc2 - std[70759c8f55707aa4]::panicking::panic_with_hook
[INFO] [stdout]    7:     0x5f0851a0ba74 - std[70759c8f55707aa4]::panicking::panic_handler::{closure#0}
[INFO] [stdout]    8:     0x5f0851a04519 - std[70759c8f55707aa4]::sys::backtrace::__rust_end_short_backtrace::<std[70759c8f55707aa4]::panicking::panic_handler::{closure#0}, !>
[INFO] [stdout]    9:     0x5f0851a0c51d - __rustc[8fa7c3cbc660c2b3]::rust_begin_unwind
[INFO] [stdout]   10:     0x5f0851a4759c - core[df12db4294e9bfd3]::panicking::panic_fmt
[INFO] [stdout]   11:     0x5f0851a47562 - core[df12db4294e9bfd3]::panicking::panic
[INFO] [stdout]   12:     0x5f08519016d1 - saddle_service[f37ec18a6cd0c16f]::production_fact::candidate_tests::approved_candidate_is_exact_recoverable_and_retryable_after_rollback
[INFO] [stdout]   13:     0x5f0851922ad9 - <saddle_service[f37ec18a6cd0c16f]::production_fact::candidate_tests::approved_candidate_is_exact_recoverable_and_retryable_after_rollback::{closure#0} as core[df12db4294e9bfd3]::ops::function::FnOnce<()>>::call_once
[INFO] [stdout]   14:     0x5f085192fcfb - test[9d35eded1c95d3be]::__rust_begin_short_backtrace::<core[df12db4294e9bfd3]::result::Result<(), alloc[2182bb758b4b3781]::string::String>, fn() -> core[df12db4294e9bfd3]::result::Result<(), alloc[2182bb758b4b3781]::string::String>>
[INFO] [stdout]   15:     0x5f085193d365 - test[9d35eded1c95d3be]::run_test::{closure#0}
[INFO] [stdout]   16:     0x5f0851936c24 - std[70759c8f55707aa4]::sys::backtrace::__rust_begin_short_backtrace::<test[9d35eded1c95d3be]::run_test::{closure#1}, ()>
[INFO] [stdout]   17:     0x5f08519404c2 - <std[70759c8f55707aa4]::thread::lifecycle::spawn_unchecked<test[9d35eded1c95d3be]::run_test::{closure#1}, ()>::{closure#1} as core[df12db4294e9bfd3]::ops::function::FnOnce<()>>::call_once::{shim:vtable#0}
[INFO] [stdout]   18:     0x5f0851a30699 - <std[70759c8f55707aa4]::sys::thread::unix::Thread>::new::thread_start
[INFO] [stdout]   19:     0x71a2d74bddfa - <unknown>
[INFO] [stdout]   20:     0x71a2d75513d4 - clone
[INFO] [stdout]   21:                0x0 - <unknown>
[INFO] [stdout] 
[INFO] [stdout] ---- source_record::tests::written_receipt_cannot_confirm_another_occurrence stdout ----
[INFO] [stdout] 
[INFO] [stdout] thread 'source_record::tests::written_receipt_cannot_confirm_another_occurrence' (2110) panicked at src/source_record.rs:37:62:
[INFO] [stdout] called `Result::unwrap()` on an `Err` value: AlreadyActive
[INFO] [stdout] stack backtrace:
[INFO] [stdout]    0:     0x5f0851a31131 - <<std[70759c8f55707aa4]::sys::backtrace::BacktraceLock>::print::DisplayBacktrace as core[df12db4294e9bfd3]::fmt::Display>::fmt
[INFO] [stdout]    1:     0x5f0851a46e3a - core[df12db4294e9bfd3]::fmt::write
[INFO] [stdout]    2:     0x5f0851a35adc - <alloc[2182bb758b4b3781]::vec::Vec<u8> as core[df12db4294e9bfd3]::io::write::Write>::write_fmt
[INFO] [stdout]    3:     0x5f0851a0b996 - std[70759c8f55707aa4]::panicking::default_hook::{closure#0}
[INFO] [stdout]    4:     0x5f0851a28c09 - std[70759c8f55707aa4]::panicking::default_hook
[INFO] [stdout]    5:     0x5f085193ca10 - test[9d35eded1c95d3be]::test_main_inner::<test[9d35eded1c95d3be]::test_main_static::{closure#0}>::{closure#0}
[INFO] [stdout]    6:     0x5f0851a28dc2 - std[70759c8f55707aa4]::panicking::panic_with_hook
[INFO] [stdout]    7:     0x5f0851a0ba42 - std[70759c8f55707aa4]::panicking::panic_handler::{closure#0}
[INFO] [stdout]    8:     0x5f0851a04519 - std[70759c8f55707aa4]::sys::backtrace::__rust_end_short_backtrace::<std[70759c8f55707aa4]::panicking::panic_handler::{closure#0}, !>
[INFO] [stdout]    9:     0x5f0851a0c51d - __rustc[8fa7c3cbc660c2b3]::rust_begin_unwind
[INFO] [stdout]   10:     0x5f0851a4759c - core[df12db4294e9bfd3]::panicking::panic_fmt
[INFO] [stdout]   11:     0x5f0851a47372 - core[df12db4294e9bfd3]::result::unwrap_failed
[INFO] [stdout]   12:     0x5f08518df9ab - saddle_service[f37ec18a6cd0c16f]::source_record::tests::written_receipt_cannot_confirm_another_occurrence
[INFO] [stdout]   13:     0x5f0851922ab9 - <saddle_service[f37ec18a6cd0c16f]::source_record::tests::written_receipt_cannot_confirm_another_occurrence::{closure#0} as core[df12db4294e9bfd3]::ops::function::FnOnce<()>>::call_once
[INFO] [stdout]   14:     0x5f085192fcfb - test[9d35eded1c95d3be]::__rust_begin_short_backtrace::<core[df12db4294e9bfd3]::result::Result<(), alloc[2182bb758b4b3781]::string::String>, fn() -> core[df12db4294e9bfd3]::result::Result<(), alloc[2182bb758b4b3781]::string::String>>
[INFO] [stdout]   15:     0x5f085193d365 - test[9d35eded1c95d3be]::run_test::{closure#0}
[INFO] [stdout]   16:     0x5f0851936c24 - std[70759c8f55707aa4]::sys::backtrace::__rust_begin_short_backtrace::<test[9d35eded1c95d3be]::run_test::{closure#1}, ()>
[INFO] [stdout]   17:     0x5f08519404c2 - <std[70759c8f55707aa4]::thread::lifecycle::spawn_unchecked<test[9d35eded1c95d3be]::run_test::{closure#1}, ()>::{closure#1} as core[df12db4294e9bfd3]::ops::function::FnOnce<()>>::call_once::{shim:vtable#0}
[INFO] [stdout]   18:     0x5f0851a30699 - <std[70759c8f55707aa4]::sys::thread::unix::Thread>::new::thread_start
[INFO] [stdout]   19:     0x71a2d74bddfa - <unknown>
[INFO] [stdout]   20:     0x71a2d75513d4 - clone
[INFO] [stdout]   21:                0x0 - <unknown>
[INFO] [stdout] 
[INFO] [stdout] 
[INFO] [stdout] failures:
[INFO] [stdout]     production_fact::candidate_tests::approved_candidate_is_exact_recoverable_and_retryable_after_rollback
[INFO] [stdout]     source_record::tests::written_receipt_cannot_confirm_another_occurrence
[INFO] [stdout] 
[INFO] [stdout] test result: FAILED. 40 passed; 2 failed; 0 ignored; 0 measured; 0 filtered out; finished in 0.08s
[INFO] [stdout] 
[INFO] [stderr] error: test failed, to rerun pass `--lib`
[INFO] running `Command { std: "docker" "inspect" "a64fe87741e1526a8ecb0f4d527d68fab7c10d14cc8b2e73c1be4d69960dc105", kill_on_drop: false }`
[INFO] running `Command { std: "docker" "rm" "-f" "a64fe87741e1526a8ecb0f4d527d68fab7c10d14cc8b2e73c1be4d69960dc105", kill_on_drop: false }`
[INFO] [stdout] a64fe87741e1526a8ecb0f4d527d68fab7c10d14cc8b2e73c1be4d69960dc105
