[INFO] fetching crate sacd-rs 0.1.2...
[INFO] testing sacd-rs-0.1.2 against 1.100.0-beta.1+cargoflags=--release for beta-release-1.100-2
[INFO] extracting crate sacd-rs 0.1.2 into /workspace/builds/worker-2-tc2/source
[INFO] started tweaking crates.io crate sacd-rs 0.1.2
[INFO] finished tweaking crates.io crate sacd-rs 0.1.2
[INFO] tweaked toml for crates.io crate sacd-rs 0.1.2 written to /workspace/builds/worker-2-tc2/source/Cargo.toml
[INFO] validating manifest of crates.io crate sacd-rs 0.1.2 on toolchain 1.100.0-beta.1
[INFO] running `Command { std: CARGO_HOME="/workspace/cargo-home" RUSTUP_HOME="/workspace/rustup-home" "/workspace/cargo-home/bin/cargo" "+1.100.0-beta.1" "metadata" "--manifest-path" "Cargo.toml" "--no-deps", kill_on_drop: false }`
[INFO] crate crates.io crate sacd-rs 0.1.2 already has a lockfile, it will not be regenerated
[INFO] running `Command { std: CARGO_HOME="/workspace/cargo-home" RUSTUP_HOME="/workspace/rustup-home" "/workspace/cargo-home/bin/cargo" "+1.100.0-beta.1" "fetch" "--manifest-path" "Cargo.toml", kill_on_drop: false }`
[INFO] running `Command { std: "docker" "create" "-v" "/var/lib/crater-agent-workspace/builds/worker-2-tc2/source:/opt/rustwide/workdir:ro,Z" "-v" "/var/lib/crater-agent-workspace/builds/worker-2-tc2/target:/opt/rustwide/target:rw,Z" "-v" "/var/lib/crater-agent-workspace/cargo-home:/opt/rustwide/cargo-home:ro,Z" "-v" "/var/lib/crater-agent-workspace/rustup-home:/opt/rustwide/rustup-home:ro,Z" "-m" "1610612736" "--network" "none" "ghcr.io/rust-lang/crates-build-env/linux@sha256:77db811e55d90add9212f6832c23229e3de5f1c1f9905e8cb07319ea15df73ac" "sleep" "infinity", kill_on_drop: false }`
[INFO] [stdout] a39c0ea3c3bf2fd399e21262729e0212a1c5acaad039831153b789fb536cb709
[INFO] running `Command { std: "docker" "start" "a39c0ea3c3bf2fd399e21262729e0212a1c5acaad039831153b789fb536cb709", kill_on_drop: false }`
[INFO] running `Command { std: "docker" "inspect" "a39c0ea3c3bf2fd399e21262729e0212a1c5acaad039831153b789fb536cb709", kill_on_drop: false }`
[INFO] running `Command { std: "docker" "exec" "-e" "SOURCE_DIR=/opt/rustwide/workdir" "-e" "CARGO_HOME=/opt/rustwide/cargo-home" "-e" "RUSTUP_HOME=/opt/rustwide/rustup-home" "-e" "CARGO_TARGET_DIR=/opt/rustwide/target" "-w" "/opt/rustwide/workdir" "--user" "0:0" "a39c0ea3c3bf2fd399e21262729e0212a1c5acaad039831153b789fb536cb709" "/opt/rustwide/cargo-home/bin/cargo" "+1.100.0-beta.1" "metadata" "--no-deps" "--format-version=1", kill_on_drop: false }`
[INFO] running `Command { std: "docker" "inspect" "a39c0ea3c3bf2fd399e21262729e0212a1c5acaad039831153b789fb536cb709", kill_on_drop: false }`
[INFO] running `Command { std: "docker" "exec" "-e" "SOURCE_DIR=/opt/rustwide/workdir" "-e" "CARGO_HOME=/opt/rustwide/cargo-home" "-e" "RUSTUP_HOME=/opt/rustwide/rustup-home" "-e" "CARGO_TARGET_DIR=/opt/rustwide/target" "-e" "CARGO_INCREMENTAL=0" "-e" "RUST_BACKTRACE=full" "-e" "RUSTFLAGS=--cap-lints=warn" "-e" "RUSTDOCFLAGS=--cap-lints=warn" "-w" "/opt/rustwide/workdir" "--user" "0:0" "a39c0ea3c3bf2fd399e21262729e0212a1c5acaad039831153b789fb536cb709" "/opt/rustwide/cargo-home/bin/cargo" "+1.100.0-beta.1" "build" "--frozen" "--message-format=json" "--release", kill_on_drop: false }`
[INFO] [stderr]    Compiling proc-macro2 v1.0.106
[INFO] [stderr]    Compiling quote v1.0.45
[INFO] [stderr]    Compiling unicode-ident v1.0.24
[INFO] [stderr]    Compiling anyhow v1.0.102
[INFO] [stderr]    Compiling autocfg v1.5.1
[INFO] [stderr]    Compiling either v1.16.0
[INFO] [stderr]    Compiling crossbeam-utils v0.8.21
[INFO] [stderr]    Compiling rustix v1.1.4
[INFO] [stderr]    Compiling utf8parse v0.2.2
[INFO] [stderr]    Compiling foldhash v0.1.5
[INFO] [stderr]    Compiling prettyplease v0.2.37
[INFO] [stderr]    Compiling bytes v1.11.1
[INFO] [stderr]    Compiling bitflags v2.13.0
[INFO] [stderr]    Compiling linux-raw-sys v0.12.1
[INFO] [stderr]    Compiling heck v0.5.0
[INFO] [stderr]    Compiling hashbrown v0.17.1
[INFO] [stderr]    Compiling regex-syntax v0.8.11
[INFO] [stderr]    Compiling memchr v2.8.2
[INFO] [stderr]    Compiling equivalent v1.0.2
[INFO] [stderr]    Compiling hashbrown v0.15.5
[INFO] [stderr]    Compiling anstyle-parse v1.0.0
[INFO] [stderr]    Compiling colorchoice v1.0.5
[INFO] [stderr]    Compiling anstyle-query v1.1.5
[INFO] [stderr]    Compiling fixedbitset v0.5.7
[INFO] [stderr]    Compiling is_terminal_polyfill v1.70.2
[INFO] [stderr]    Compiling once_cell v1.21.4
[INFO] [stderr]    Compiling itertools v0.14.0
[INFO] [stderr]    Compiling fastrand v2.4.1
[INFO] [stderr]    Compiling libc v0.2.186
[INFO] [stderr]    Compiling anstyle v1.0.14
[INFO] [stderr]    Compiling portable-atomic v1.13.1
[INFO] [stderr]    Compiling num-traits v0.2.19
[INFO] [stderr]    Compiling rayon-core v1.13.0
[INFO] [stderr]    Compiling log v0.4.32
[INFO] [stderr]    Compiling multimap v0.10.1
[INFO] [stderr]    Compiling iana-time-zone v0.1.65
[INFO] [stderr]    Compiling aho-corasick v1.1.4
[INFO] [stderr]    Compiling indexmap v2.14.0
[INFO] [stderr]    Compiling anstream v1.0.0
[INFO] [stderr]    Compiling strsim v0.11.1
[INFO] [stderr]    Compiling crossbeam-epoch v0.9.18
[INFO] [stderr]    Compiling unicode-width v0.2.2
[INFO] [stderr]    Compiling clap_lex v1.1.0
[INFO] [stderr]    Compiling syn v2.0.117
[INFO] [stderr]    Compiling crossbeam-deque v0.8.6
[INFO] [stderr]    Compiling clap_builder v4.6.0
[INFO] [stderr]    Compiling jiff v0.2.28
[INFO] [stderr]    Compiling chrono v0.4.45
[INFO] [stderr]    Compiling unit-prefix v0.5.2
[INFO] [stderr]    Compiling petgraph v0.8.3
[INFO] [stderr]    Compiling regex-automata v0.4.14
[INFO] [stderr]    Compiling console v0.16.3
[INFO] [stderr]    Compiling rayon v1.12.0
[INFO] [stderr]    Compiling dst-decoder v0.1.2
[INFO] [stderr]    Compiling indicatif v0.18.4
[INFO] [stderr]    Compiling tempfile v3.27.0
[INFO] [stderr]    Compiling byteorder v1.5.0
[INFO] [stderr]    Compiling regex v1.12.4
[INFO] [stderr]    Compiling prost-derive v0.14.4
[INFO] [stderr]    Compiling clap_derive v4.6.1
[INFO] [stderr]    Compiling env_filter v1.0.1
[INFO] [stderr]    Compiling env_logger v0.11.10
[INFO] [stderr]    Compiling prost v0.14.4
[INFO] [stderr]    Compiling prost-types v0.14.4
[INFO] [stderr]    Compiling clap v4.6.1
[INFO] [stderr]    Compiling prost-build v0.14.4
[INFO] [stderr]    Compiling sacd-rs v0.1.2 (/opt/rustwide/workdir)
[INFO] [stdout] warning: constant `DSD128_SAMPLE_RATE` is never used
[INFO] [stdout]   --> src/scarletbook/consts.rs:17:11
[INFO] [stdout]    |
[INFO] [stdout] 17 | pub const DSD128_SAMPLE_RATE: u32 = 5_644_800;
[INFO] [stdout]    |           ^^^^^^^^^^^^^^^^^^
[INFO] [stdout]    |
[INFO] [stdout]    = note: `#[warn(dead_code)]` (part of `#[warn(unused)]`) on by default
[INFO] [stdout] 
[INFO] [stdout] 
[INFO] [stdout] warning: constant `DSD256_SAMPLE_RATE` is never used
[INFO] [stdout]   --> src/scarletbook/consts.rs:19:11
[INFO] [stdout]    |
[INFO] [stdout] 19 | pub const DSD256_SAMPLE_RATE: u32 = 11_289_600;
[INFO] [stdout]    |           ^^^^^^^^^^^^^^^^^^
[INFO] [stdout] 
[INFO] [stdout] 
[INFO] [stderr]     Finished `release` profile [optimized] target(s) in 1m 20s
[INFO] running `Command { std: "docker" "inspect" "a39c0ea3c3bf2fd399e21262729e0212a1c5acaad039831153b789fb536cb709", kill_on_drop: false }`
[INFO] running `Command { std: "docker" "exec" "-e" "SOURCE_DIR=/opt/rustwide/workdir" "-e" "CARGO_HOME=/opt/rustwide/cargo-home" "-e" "RUSTUP_HOME=/opt/rustwide/rustup-home" "-e" "CARGO_TARGET_DIR=/opt/rustwide/target" "-e" "CARGO_INCREMENTAL=0" "-e" "RUST_BACKTRACE=full" "-e" "RUSTFLAGS=--cap-lints=warn" "-e" "RUSTDOCFLAGS=--cap-lints=warn" "-w" "/opt/rustwide/workdir" "--user" "0:0" "a39c0ea3c3bf2fd399e21262729e0212a1c5acaad039831153b789fb536cb709" "/opt/rustwide/cargo-home/bin/cargo" "+1.100.0-beta.1" "test" "--frozen" "--no-run" "--message-format=json" "--release", kill_on_drop: false }`
[INFO] [stderr]    Compiling getrandom v0.4.2
[INFO] [stderr]    Compiling rustix v1.1.4
[INFO] [stderr]    Compiling cfg-if v1.0.4
[INFO] [stderr]    Compiling linux-raw-sys v0.12.1
[INFO] [stderr]    Compiling bitflags v2.13.0
[INFO] [stderr]    Compiling once_cell v1.21.4
[INFO] [stderr]    Compiling fastrand v2.4.1
[INFO] [stderr]    Compiling tempfile v3.27.0
[INFO] [stderr]    Compiling sacd-rs v0.1.2 (/opt/rustwide/workdir)
[INFO] [stdout] warning: constant `DSD128_SAMPLE_RATE` is never used
[INFO] [stdout]   --> src/scarletbook/consts.rs:17:11
[INFO] [stdout]    |
[INFO] [stdout] 17 | pub const DSD128_SAMPLE_RATE: u32 = 5_644_800;
[INFO] [stdout]    |           ^^^^^^^^^^^^^^^^^^
[INFO] [stdout]    |
[INFO] [stdout]    = note: `#[warn(dead_code)]` (part of `#[warn(unused)]`) on by default
[INFO] [stdout] 
[INFO] [stdout] 
[INFO] [stdout] warning: constant `DSD256_SAMPLE_RATE` is never used
[INFO] [stdout]   --> src/scarletbook/consts.rs:19:11
[INFO] [stdout]    |
[INFO] [stdout] 19 | pub const DSD256_SAMPLE_RATE: u32 = 11_289_600;
[INFO] [stdout]    |           ^^^^^^^^^^^^^^^^^^
[INFO] [stdout] 
[INFO] [stdout] 
[INFO] [stderr]     Finished `release` profile [optimized] target(s) in 28.92s
[INFO] running `Command { std: "docker" "inspect" "a39c0ea3c3bf2fd399e21262729e0212a1c5acaad039831153b789fb536cb709", kill_on_drop: false }`
[INFO] running `Command { std: "docker" "exec" "-e" "SOURCE_DIR=/opt/rustwide/workdir" "-e" "CARGO_HOME=/opt/rustwide/cargo-home" "-e" "RUSTUP_HOME=/opt/rustwide/rustup-home" "-e" "CARGO_TARGET_DIR=/opt/rustwide/target" "-e" "CARGO_INCREMENTAL=0" "-e" "RUST_BACKTRACE=full" "-e" "RUSTFLAGS=--cap-lints=warn" "-e" "RUSTDOCFLAGS=--cap-lints=warn" "-w" "/opt/rustwide/workdir" "--user" "0:0" "a39c0ea3c3bf2fd399e21262729e0212a1c5acaad039831153b789fb536cb709" "/opt/rustwide/cargo-home/bin/cargo" "+1.100.0-beta.1" "test" "--frozen" "--release", kill_on_drop: false }`
[INFO] [stderr] warning: constant `DSD128_SAMPLE_RATE` is never used
[INFO] [stderr]   --> src/scarletbook/consts.rs:17:11
[INFO] [stderr]    |
[INFO] [stderr] 17 | pub const DSD128_SAMPLE_RATE: u32 = 5_644_800;
[INFO] [stderr]    |           ^^^^^^^^^^^^^^^^^^
[INFO] [stderr]    |
[INFO] [stderr]    = note: `#[warn(dead_code)]` (part of `#[warn(unused)]`) on by default
[INFO] [stderr] 
[INFO] [stderr] warning: constant `DSD256_SAMPLE_RATE` is never used
[INFO] [stderr]   --> src/scarletbook/consts.rs:19:11
[INFO] [stderr]    |
[INFO] [stderr] 19 | pub const DSD256_SAMPLE_RATE: u32 = 11_289_600;
[INFO] [stderr]    |           ^^^^^^^^^^^^^^^^^^
[INFO] [stderr] 
[INFO] [stderr] warning: `sacd-rs` (bin "sacd-rs" test) generated 2 warnings
[INFO] [stderr]     Finished `release` profile [optimized] target(s) in 0.13s
[INFO] [stderr]      Running unittests src/lib.rs (/opt/rustwide/target/release/build/sacd-rs/6d8fdd39b818408c/out/sacd_rs-6d8fdd39b818408c)
[INFO] [stdout] 
[INFO] [stdout] running 8 tests
[INFO] [stdout] test scarletbook::dsf::tests::test_reverse_bits ... ok
[INFO] [stdout] test sacd_reader::iso_reader::tests::test_iso_reader_basic ... ok
[INFO] [stdout] test scarletbook::id3::tests::txxx_payload_format ... ok
[INFO] [stdout] test scarletbook::audio::tests::parse_sector_yields_multiple_frames_in_one_sector ... ok
[INFO] [stdout] test scarletbook::id3::tests::text_payload_iso88591 ... ok
[INFO] [stdout] test scarletbook::id3::tests::syncsafe_encoding ... ok
[INFO] [stdout] test tests::test_dump_iso ... FAILED
[INFO] [stdout] test scarletbook::audio::tests::early_return_preserves_sector_count_for_following_frame ... FAILED
[INFO] [stdout] 
[INFO] [stdout] failures:
[INFO] [stdout] 
[INFO] [stdout] ---- tests::test_dump_iso stdout ----
[INFO] [stdout] 
[INFO] [stdout] thread 'tests::test_dump_iso' (1366) panicked at src/lib.rs:27:10:
[INFO] [stdout] should init: couldn't connect to server
[INFO] [stdout] 
[INFO] [stdout] Caused by:
[INFO] [stdout]     Network is unreachable (os error 101)
[INFO] [stdout] 
[INFO] [stdout] Stack backtrace:
[INFO] [stdout]    0: <core::io::error::Error as anyhow::context::ext::StdError>::ext_context::<&str>
[INFO] [stdout]    1: <sacd_rs::tests::test_dump_iso::{closure#0} as core::ops::function::FnOnce<()>>::call_once
[INFO] [stdout]    2: test::__rust_begin_short_backtrace::<core::result::Result<(), alloc::string::String>, fn() -> core::result::Result<(), alloc::string::String>>
[INFO] [stdout]    3: test::run_test::{closure#0}
[INFO] [stdout]    4: std::sys::backtrace::__rust_begin_short_backtrace::<test::run_test::{closure#1}, ()>
[INFO] [stdout]    5: <std::thread::lifecycle::spawn_unchecked<test::run_test::{closure#1}, ()>::{closure#1} as core::ops::function::FnOnce<()>>::call_once::{shim:vtable#0}
[INFO] [stdout]    6: <std::sys::thread::unix::Thread>::new::thread_start
[INFO] [stdout]    7: <unknown>
[INFO] [stdout]    8: clone
[INFO] [stdout] stack backtrace:
[INFO] [stdout]    0:     0x60d4a717b695 - <<std[617be2ca0a6fd877]::sys::backtrace::BacktraceLock>::print::DisplayBacktrace as core[a373ad73a504971]::fmt::Display>::fmt
[INFO] [stdout]    1:     0x60d4a70c541a - core[a373ad73a504971]::fmt::write
[INFO] [stdout]    2:     0x60d4a717ad2b - <alloc[2e1b2a31b91974c5]::vec::Vec<u8> as core[a373ad73a504971]::io::write::Write>::write_fmt
[INFO] [stdout]    3:     0x60d4a717a80f - std[617be2ca0a6fd877]::panicking::default_hook::{closure#0}
[INFO] [stdout]    4:     0x60d4a717a43a - std[617be2ca0a6fd877]::panicking::default_hook
[INFO] [stdout]    5:     0x60d4a7179f75 - std[617be2ca0a6fd877]::panicking::panic_with_hook
[INFO] [stdout]    6:     0x60d4a71a0da1 - std[617be2ca0a6fd877]::panicking::panic_handler::{closure#0}
[INFO] [stdout]    7:     0x60d4a71a0d59 - std[617be2ca0a6fd877]::sys::backtrace::__rust_end_short_backtrace::<std[617be2ca0a6fd877]::panicking::panic_handler::{closure#0}, !>
[INFO] [stdout]    8:     0x60d4a71a125c - __rustc[ea4f61d10b84890b]::rust_begin_unwind
[INFO] [stdout]    9:     0x60d4a70c52ab - core[a373ad73a504971]::panicking::panic_fmt
[INFO] [stdout]   10:     0x60d4a70c90d1 - core[a373ad73a504971]::result::unwrap_failed
[INFO] [stdout]   11:     0x60d4a7090181 - <sacd_rs[7be795b8447d596]::tests::test_dump_iso::{closure#0} as core[a373ad73a504971]::ops::function::FnOnce<()>>::call_once
[INFO] [stdout]   12:     0x60d4a71bac8b - test[aada8e7e76ba119b]::__rust_begin_short_backtrace::<core[a373ad73a504971]::result::Result<(), alloc[2e1b2a31b91974c5]::string::String>, fn() -> core[a373ad73a504971]::result::Result<(), alloc[2e1b2a31b91974c5]::string::String>>
[INFO] [stdout]   13:     0x60d4a71b60cf - test[aada8e7e76ba119b]::run_test::{closure#0}
[INFO] [stdout]   14:     0x60d4a71b5b4c - std[617be2ca0a6fd877]::sys::backtrace::__rust_begin_short_backtrace::<test[aada8e7e76ba119b]::run_test::{closure#1}, ()>
[INFO] [stdout]   15:     0x60d4a71d5e0c - <std[617be2ca0a6fd877]::thread::lifecycle::spawn_unchecked<test[aada8e7e76ba119b]::run_test::{closure#1}, ()>::{closure#1} as core[a373ad73a504971]::ops::function::FnOnce<()>>::call_once::{shim:vtable#0}
[INFO] [stdout]   16:     0x60d4a71a2904 - <std[617be2ca0a6fd877]::sys::thread::unix::Thread>::new::thread_start
[INFO] [stdout]   17:     0x7d18f708cdfa - <unknown>
[INFO] [stdout]   18:     0x7d18f71203d4 - clone
[INFO] [stdout]   19:                0x0 - <unknown>
[INFO] [stdout] 
[INFO] [stdout] ---- scarletbook::audio::tests::early_return_preserves_sector_count_for_following_frame stdout ----
[INFO] [stdout] 
[INFO] [stdout] thread 'scarletbook::audio::tests::early_return_preserves_sector_count_for_following_frame' (1360) panicked at src/scarletbook/audio.rs:566:46:
[INFO] [stdout] missing fixture /opt/rustwide/workdir/tests/fixtures/dst_frames/frame_000.dst: No such file or directory (os error 2)
[INFO] [stdout] stack backtrace:
[INFO] [stdout]    0:     0x60d4a717b695 - <<std[617be2ca0a6fd877]::sys::backtrace::BacktraceLock>::print::DisplayBacktrace as core[a373ad73a504971]::fmt::Display>::fmt
[INFO] [stdout]    1:     0x60d4a70c541a - core[a373ad73a504971]::fmt::write
[INFO] [stdout]    2:     0x60d4a717ad2b - <alloc[2e1b2a31b91974c5]::vec::Vec<u8> as core[a373ad73a504971]::io::write::Write>::write_fmt
[INFO] [stdout]    3:     0x60d4a717a80f - std[617be2ca0a6fd877]::panicking::default_hook::{closure#0}
[INFO] [stdout]    4:     0x60d4a717a43a - std[617be2ca0a6fd877]::panicking::default_hook
[INFO] [stdout]    5:     0x60d4a7179f75 - std[617be2ca0a6fd877]::panicking::panic_with_hook
[INFO] [stdout]    6:     0x60d4a71a0da1 - std[617be2ca0a6fd877]::panicking::panic_handler::{closure#0}
[INFO] [stdout]    7:     0x60d4a71a0d59 - std[617be2ca0a6fd877]::sys::backtrace::__rust_end_short_backtrace::<std[617be2ca0a6fd877]::panicking::panic_handler::{closure#0}, !>
[INFO] [stdout]    8:     0x60d4a71a125c - __rustc[ea4f61d10b84890b]::rust_begin_unwind
[INFO] [stdout]    9:     0x60d4a70c52ab - core[a373ad73a504971]::panicking::panic_fmt
[INFO] [stdout]   10:     0x60d4a70866a8 - sacd_rs[7be795b8447d596]::scarletbook::audio::tests::fixture::{closure#0}
[INFO] [stdout]   11:     0x60d4a708b2a5 - sacd_rs[7be795b8447d596]::scarletbook::audio::tests::fixture
[INFO] [stdout]   12:     0x60d4a7091f98 - <sacd_rs[7be795b8447d596]::scarletbook::audio::tests::early_return_preserves_sector_count_for_following_frame::{closure#0} as core[a373ad73a504971]::ops::function::FnOnce<()>>::call_once
[INFO] [stdout]   13:     0x60d4a71bac8b - test[aada8e7e76ba119b]::__rust_begin_short_backtrace::<core[a373ad73a504971]::result::Result<(), alloc[2e1b2a31b91974c5]::string::String>, fn() -> core[a373ad73a504971]::result::Result<(), alloc[2e1b2a31b91974c5]::string::String>>
[INFO] [stdout]   14:     0x60d4a71b60cf - test[aada8e7e76ba119b]::run_test::{closure#0}
[INFO] [stdout]   15:     0x60d4a71b5b4c - std[617be2ca0a6fd877]::sys::backtrace::__rust_begin_short_backtrace::<test[aada8e7e76ba119b]::run_test::{closure#1}, ()>
[INFO] [stdout]   16:     0x60d4a71d5e0c - <std[617be2ca0a6fd877]::thread::lifecycle::spawn_unchecked<test[aada8e7e76ba119b]::run_test::{closure#1}, ()>::{closure#1} as core[a373ad73a504971]::ops::function::FnOnce<()>>::call_once::{shim:vtable#0}
[INFO] [stdout]   17:     0x60d4a71a2904 - <std[617be2ca0a6fd877]::sys::thread::unix::Thread>::new::thread_start
[INFO] [stdout]   18:     0x7d18f708cdfa - <unknown>
[INFO] [stdout]   19:     0x7d18f71203d4 - clone
[INFO] [stdout]   20:                0x0 - <unknown>
[INFO] [stdout] 
[INFO] [stdout] 
[INFO] [stdout] failures:
[INFO] [stdout]     scarletbook::audio::tests::early_return_preserves_sector_count_for_following_frame
[INFO] [stdout]     tests::test_dump_iso
[INFO] [stdout] 
[INFO] [stdout] test result: FAILED. 6 passed; 2 failed; 0 ignored; 0 measured; 0 filtered out; finished in 0.00s
[INFO] [stdout] 
[INFO] [stderr] error: test failed, to rerun pass `--lib`
[INFO] running `Command { std: "docker" "inspect" "a39c0ea3c3bf2fd399e21262729e0212a1c5acaad039831153b789fb536cb709", kill_on_drop: false }`
[INFO] running `Command { std: "docker" "rm" "-f" "a39c0ea3c3bf2fd399e21262729e0212a1c5acaad039831153b789fb536cb709", kill_on_drop: false }`
[INFO] [stdout] a39c0ea3c3bf2fd399e21262729e0212a1c5acaad039831153b789fb536cb709
