[INFO] fetching crate sabiruby-serde 0.3.0...
[INFO] testing sabiruby-serde-0.3.0 against 1.100.0-beta.1+cargoflags=--release for beta-release-1.100-2
[INFO] extracting crate sabiruby-serde 0.3.0 into /workspace/builds/worker-4-tc2/source
[INFO] started tweaking crates.io crate sabiruby-serde 0.3.0
[INFO] finished tweaking crates.io crate sabiruby-serde 0.3.0
[INFO] tweaked toml for crates.io crate sabiruby-serde 0.3.0 written to /workspace/builds/worker-4-tc2/source/Cargo.toml
[INFO] validating manifest of crates.io crate sabiruby-serde 0.3.0 on toolchain 1.100.0-beta.1
[INFO] running `Command { std: CARGO_HOME="/workspace/cargo-home" RUSTUP_HOME="/workspace/rustup-home" "/workspace/cargo-home/bin/cargo" "+1.100.0-beta.1" "metadata" "--manifest-path" "Cargo.toml" "--no-deps", kill_on_drop: false }`
[INFO] crate crates.io crate sabiruby-serde 0.3.0 already has a lockfile, it will not be regenerated
[INFO] running `Command { std: CARGO_HOME="/workspace/cargo-home" RUSTUP_HOME="/workspace/rustup-home" "/workspace/cargo-home/bin/cargo" "+1.100.0-beta.1" "fetch" "--manifest-path" "Cargo.toml", kill_on_drop: false }`
[INFO] running `Command { std: "docker" "create" "-v" "/var/lib/crater-agent-workspace/builds/worker-4-tc2/source:/opt/rustwide/workdir:ro,Z" "-v" "/var/lib/crater-agent-workspace/builds/worker-4-tc2/target:/opt/rustwide/target:rw,Z" "-v" "/var/lib/crater-agent-workspace/cargo-home:/opt/rustwide/cargo-home:ro,Z" "-v" "/var/lib/crater-agent-workspace/rustup-home:/opt/rustwide/rustup-home:ro,Z" "-m" "1610612736" "--network" "none" "ghcr.io/rust-lang/crates-build-env/linux@sha256:77db811e55d90add9212f6832c23229e3de5f1c1f9905e8cb07319ea15df73ac" "sleep" "infinity", kill_on_drop: false }`
[INFO] [stdout] 85078c6673fdc5d2d793548d1d00f72b0d386736230fd14b86bc4172634aa068
[INFO] running `Command { std: "docker" "start" "85078c6673fdc5d2d793548d1d00f72b0d386736230fd14b86bc4172634aa068", kill_on_drop: false }`
[INFO] running `Command { std: "docker" "inspect" "85078c6673fdc5d2d793548d1d00f72b0d386736230fd14b86bc4172634aa068", kill_on_drop: false }`
[INFO] running `Command { std: "docker" "exec" "-e" "SOURCE_DIR=/opt/rustwide/workdir" "-e" "CARGO_HOME=/opt/rustwide/cargo-home" "-e" "RUSTUP_HOME=/opt/rustwide/rustup-home" "-e" "CARGO_TARGET_DIR=/opt/rustwide/target" "-w" "/opt/rustwide/workdir" "--user" "0:0" "85078c6673fdc5d2d793548d1d00f72b0d386736230fd14b86bc4172634aa068" "/opt/rustwide/cargo-home/bin/cargo" "+1.100.0-beta.1" "metadata" "--no-deps" "--format-version=1", kill_on_drop: false }`
[INFO] running `Command { std: "docker" "inspect" "85078c6673fdc5d2d793548d1d00f72b0d386736230fd14b86bc4172634aa068", kill_on_drop: false }`
[INFO] running `Command { std: "docker" "exec" "-e" "SOURCE_DIR=/opt/rustwide/workdir" "-e" "CARGO_HOME=/opt/rustwide/cargo-home" "-e" "RUSTUP_HOME=/opt/rustwide/rustup-home" "-e" "CARGO_TARGET_DIR=/opt/rustwide/target" "-e" "CARGO_INCREMENTAL=0" "-e" "RUST_BACKTRACE=full" "-e" "RUSTFLAGS=--cap-lints=warn" "-e" "RUSTDOCFLAGS=--cap-lints=warn" "-w" "/opt/rustwide/workdir" "--user" "0:0" "85078c6673fdc5d2d793548d1d00f72b0d386736230fd14b86bc4172634aa068" "/opt/rustwide/cargo-home/bin/cargo" "+1.100.0-beta.1" "build" "--frozen" "--message-format=json" "--release", kill_on_drop: false }`
[INFO] [stderr]    Compiling serde v1.0.229
[INFO] [stderr]    Compiling sabiruby v0.7.0
[INFO] [stderr]    Compiling hashbrown v0.15.5
[INFO] [stderr]    Compiling indexmap v2.14.2
[INFO] [stderr]    Compiling serde_json v1.0.151
[INFO] [stderr]    Compiling sabiruby-serde v0.3.0 (/opt/rustwide/workdir)
[INFO] [stderr]     Finished `release` profile [optimized] target(s) in 45.85s
[INFO] running `Command { std: "docker" "inspect" "85078c6673fdc5d2d793548d1d00f72b0d386736230fd14b86bc4172634aa068", kill_on_drop: false }`
[INFO] running `Command { std: "docker" "exec" "-e" "SOURCE_DIR=/opt/rustwide/workdir" "-e" "CARGO_HOME=/opt/rustwide/cargo-home" "-e" "RUSTUP_HOME=/opt/rustwide/rustup-home" "-e" "CARGO_TARGET_DIR=/opt/rustwide/target" "-e" "CARGO_INCREMENTAL=0" "-e" "RUST_BACKTRACE=full" "-e" "RUSTFLAGS=--cap-lints=warn" "-e" "RUSTDOCFLAGS=--cap-lints=warn" "-w" "/opt/rustwide/workdir" "--user" "0:0" "85078c6673fdc5d2d793548d1d00f72b0d386736230fd14b86bc4172634aa068" "/opt/rustwide/cargo-home/bin/cargo" "+1.100.0-beta.1" "test" "--frozen" "--no-run" "--message-format=json" "--release", kill_on_drop: false }`
[INFO] [stderr]    Compiling proc-macro2 v1.0.107
[INFO] [stderr]    Compiling quote v1.0.47
[INFO] [stderr]    Compiling syn v3.0.5
[INFO] [stderr]    Compiling serde_derive v1.0.229
[INFO] [stderr]    Compiling serde v1.0.229
[INFO] [stderr]    Compiling sabiruby-serde v0.3.0 (/opt/rustwide/workdir)
[INFO] [stderr]     Finished `release` profile [optimized] target(s) in 10.51s
[INFO] running `Command { std: "docker" "inspect" "85078c6673fdc5d2d793548d1d00f72b0d386736230fd14b86bc4172634aa068", kill_on_drop: false }`
[INFO] running `Command { std: "docker" "exec" "-e" "SOURCE_DIR=/opt/rustwide/workdir" "-e" "CARGO_HOME=/opt/rustwide/cargo-home" "-e" "RUSTUP_HOME=/opt/rustwide/rustup-home" "-e" "CARGO_TARGET_DIR=/opt/rustwide/target" "-e" "CARGO_INCREMENTAL=0" "-e" "RUST_BACKTRACE=full" "-e" "RUSTFLAGS=--cap-lints=warn" "-e" "RUSTDOCFLAGS=--cap-lints=warn" "-w" "/opt/rustwide/workdir" "--user" "0:0" "85078c6673fdc5d2d793548d1d00f72b0d386736230fd14b86bc4172634aa068" "/opt/rustwide/cargo-home/bin/cargo" "+1.100.0-beta.1" "test" "--frozen" "--release", kill_on_drop: false }`
[INFO] [stderr]     Finished `release` profile [optimized] target(s) in 0.07s
[INFO] [stderr]      Running unittests src/lib.rs (/opt/rustwide/target/release/build/sabiruby-serde/9645472828c2822c/out/sabiruby_serde-9645472828c2822c)
[INFO] [stdout] 
[INFO] [stderr]    Doc-tests sabiruby_serde
[INFO] [stdout] running 0 tests
[INFO] [stdout] 
[INFO] [stdout] test result: ok. 0 passed; 0 failed; 0 ignored; 0 measured; 0 filtered out; finished in 0.00s
[INFO] [stdout] 
[INFO] [stdout] 
[INFO] [stdout] running 7 tests
[INFO] [stdout] test src/json.rs - json::install_json (line 26) - compile ... ok
[INFO] [stdout] test src/lib.rs - Options (line 119) ... ok
[INFO] [stdout] test src/declare.rs - declare::expose (line 348) ... FAILED
[INFO] [stdout] test src/declare.rs - declare::Declarations<T>::take_with_lines (line 265) ... FAILED
[INFO] [stdout] test src/declare.rs - declare (line 17) ... FAILED
[INFO] [stdout] test src/lib.rs - (line 4) ... ok
[INFO] [stdout] test src/lib.rs - (line 62) ... ok
[INFO] [stdout] 
[INFO] [stdout] failures:
[INFO] [stdout] 
[INFO] [stdout] ---- src/declare.rs - declare::expose (line 348) stdout ----
[INFO] [stdout] error[E0433]: cannot find module or crate `sabiruby_compiler` in this scope
[INFO] [stdout]    --> src/declare.rs:359:11
[INFO] [stdout]     |
[INFO] [stdout] 359 | let src = sabiruby_compiler::compile(b"$s = unit_of(:metre)[:symbol]",
[INFO] [stdout]     |           ^^^^^^^^^^^^^^^^^ use of unresolved module or unlinked crate `sabiruby_compiler`
[INFO] [stdout]     |
[INFO] [stdout]     = help: if you wanted to use a crate named `sabiruby_compiler`, use `cargo add sabiruby_compiler` to add it to your `Cargo.toml`
[INFO] [stdout] 
[INFO] [stdout] error[E0433]: cannot find module or crate `sabiruby_compiler` in this scope
[INFO] [stdout]    --> src/declare.rs:360:6
[INFO] [stdout]     |
[INFO] [stdout] 360 |     &sabiruby_compiler::Options { filename: "(doc)".into(), debug_info: true, ..Default::default() }).unwrap();
[INFO] [stdout]     |      ^^^^^^^^^^^^^^^^^ use of unresolved module or unlinked crate `sabiruby_compiler`
[INFO] [stdout]     |
[INFO] [stdout]     = help: if you wanted to use a crate named `sabiruby_compiler`, use `cargo add sabiruby_compiler` to add it to your `Cargo.toml`
[INFO] [stdout] 
[INFO] [stdout] error: aborting due to 2 previous errors
[INFO] [stdout] 
[INFO] [stdout] For more information about this error, try `rustc --explain E0433`.
[INFO] [stdout] Couldn't compile the test.
[INFO] [stdout] ---- src/declare.rs - declare::Declarations<T>::take_with_lines (line 265) stdout ----
[INFO] [stdout] error[E0433]: cannot find module or crate `sabiruby_compiler` in this scope
[INFO] [stdout]    --> src/declare.rs:273:11
[INFO] [stdout]     |
[INFO] [stdout] 273 | let src = sabiruby_compiler::compile(b"unit :metre, symbol: \"m\"",
[INFO] [stdout]     |           ^^^^^^^^^^^^^^^^^ use of unresolved module or unlinked crate `sabiruby_compiler`
[INFO] [stdout]     |
[INFO] [stdout]     = help: if you wanted to use a crate named `sabiruby_compiler`, use `cargo add sabiruby_compiler` to add it to your `Cargo.toml`
[INFO] [stdout] 
[INFO] [stdout] error[E0433]: cannot find module or crate `sabiruby_compiler` in this scope
[INFO] [stdout]    --> src/declare.rs:274:6
[INFO] [stdout]     |
[INFO] [stdout] 274 |     &sabiruby_compiler::Options { filename: "data.rb".into(), debug_info: true, ..Default::default() }).unwrap();
[INFO] [stdout]     |      ^^^^^^^^^^^^^^^^^ use of unresolved module or unlinked crate `sabiruby_compiler`
[INFO] [stdout]     |
[INFO] [stdout]     = help: if you wanted to use a crate named `sabiruby_compiler`, use `cargo add sabiruby_compiler` to add it to your `Cargo.toml`
[INFO] [stdout] 
[INFO] [stdout] error: aborting due to 2 previous errors
[INFO] [stdout] 
[INFO] [stdout] For more information about this error, try `rustc --explain E0433`.
[INFO] [stdout] Couldn't compile the test.
[INFO] [stdout] ---- src/declare.rs - declare (line 17) stdout ----
[INFO] [stdout] error[E0433]: cannot find module or crate `sabiruby_compiler` in this scope
[INFO] [stdout]   --> src/declare.rs:29:11
[INFO] [stdout]    |
[INFO] [stdout] 29 | let src = sabiruby_compiler::compile(b"unit :metre, symbol: \"m\", scale: 1.0",
[INFO] [stdout]    |           ^^^^^^^^^^^^^^^^^ use of unresolved module or unlinked crate `sabiruby_compiler`
[INFO] [stdout]    |
[INFO] [stdout]    = help: if you wanted to use a crate named `sabiruby_compiler`, use `cargo add sabiruby_compiler` to add it to your `Cargo.toml`
[INFO] [stdout] 
[INFO] [stdout] error[E0433]: cannot find module or crate `sabiruby_compiler` in this scope
[INFO] [stdout]   --> src/declare.rs:30:6
[INFO] [stdout]    |
[INFO] [stdout] 30 |     &sabiruby_compiler::Options { filename: "data.rb".into(), debug_info: true, ..Default::default() }).unwrap();
[INFO] [stdout]    |      ^^^^^^^^^^^^^^^^^ use of unresolved module or unlinked crate `sabiruby_compiler`
[INFO] [stdout]    |
[INFO] [stdout]    = help: if you wanted to use a crate named `sabiruby_compiler`, use `cargo add sabiruby_compiler` to add it to your `Cargo.toml`
[INFO] [stdout] 
[INFO] [stdout] error: aborting due to 2 previous errors
[INFO] [stdout] 
[INFO] [stdout] For more information about this error, try `rustc --explain E0433`.
[INFO] [stdout] Couldn't compile the test.
[INFO] [stdout] 
[INFO] [stdout] failures:
[INFO] [stdout]     src/declare.rs - declare (line 17)
[INFO] [stdout]     src/declare.rs - declare::Declarations<T>::take_with_lines (line 265)
[INFO] [stdout]     src/declare.rs - declare::expose (line 348)
[INFO] [stdout] 
[INFO] [stdout] test result: FAILED. 4 passed; 3 failed; 0 ignored; 0 measured; 0 filtered out; finished in 0.96s
[INFO] [stdout] 
[INFO] [stderr] error: doctest failed, to rerun pass `--doc`
[INFO] [stdout] all doctests ran in 1.24s; merged doctests compilation took 0.27s
[INFO] running `Command { std: "docker" "inspect" "85078c6673fdc5d2d793548d1d00f72b0d386736230fd14b86bc4172634aa068", kill_on_drop: false }`
[INFO] running `Command { std: "docker" "rm" "-f" "85078c6673fdc5d2d793548d1d00f72b0d386736230fd14b86bc4172634aa068", kill_on_drop: false }`
[INFO] [stdout] 85078c6673fdc5d2d793548d1d00f72b0d386736230fd14b86bc4172634aa068
