[INFO] fetching crate sabi_redis 0.8.0...
[INFO] testing sabi_redis-0.8.0 against 1.100.0-beta.1+cargoflags=--release for beta-release-1.100-2
[INFO] extracting crate sabi_redis 0.8.0 into /workspace/builds/worker-4-tc2/source
[INFO] started tweaking crates.io crate sabi_redis 0.8.0
[INFO] removed 0 missing tests
[INFO] finished tweaking crates.io crate sabi_redis 0.8.0
[INFO] tweaked toml for crates.io crate sabi_redis 0.8.0 written to /workspace/builds/worker-4-tc2/source/Cargo.toml
[INFO] validating manifest of crates.io crate sabi_redis 0.8.0 on toolchain 1.100.0-beta.1
[INFO] running `Command { std: CARGO_HOME="/workspace/cargo-home" RUSTUP_HOME="/workspace/rustup-home" "/workspace/cargo-home/bin/cargo" "+1.100.0-beta.1" "metadata" "--manifest-path" "Cargo.toml" "--no-deps", kill_on_drop: false }`
[INFO] crate crates.io crate sabi_redis 0.8.0 already has a lockfile, it will not be regenerated
[INFO] running `Command { std: CARGO_HOME="/workspace/cargo-home" RUSTUP_HOME="/workspace/rustup-home" "/workspace/cargo-home/bin/cargo" "+1.100.0-beta.1" "fetch" "--manifest-path" "Cargo.toml", kill_on_drop: false }`
[INFO] running `Command { std: "docker" "create" "-v" "/var/lib/crater-agent-workspace/builds/worker-4-tc2/source:/opt/rustwide/workdir:ro,Z" "-v" "/var/lib/crater-agent-workspace/builds/worker-4-tc2/target:/opt/rustwide/target:rw,Z" "-v" "/var/lib/crater-agent-workspace/cargo-home:/opt/rustwide/cargo-home:ro,Z" "-v" "/var/lib/crater-agent-workspace/rustup-home:/opt/rustwide/rustup-home:ro,Z" "-m" "1610612736" "--network" "none" "ghcr.io/rust-lang/crates-build-env/linux@sha256:77db811e55d90add9212f6832c23229e3de5f1c1f9905e8cb07319ea15df73ac" "sleep" "infinity", kill_on_drop: false }`
[INFO] [stdout] f53ddd8b85778ba12903aa75075290b9123fe056f2690ad55829a19bddb4701d
[INFO] running `Command { std: "docker" "start" "f53ddd8b85778ba12903aa75075290b9123fe056f2690ad55829a19bddb4701d", kill_on_drop: false }`
[INFO] running `Command { std: "docker" "inspect" "f53ddd8b85778ba12903aa75075290b9123fe056f2690ad55829a19bddb4701d", kill_on_drop: false }`
[INFO] running `Command { std: "docker" "exec" "-e" "SOURCE_DIR=/opt/rustwide/workdir" "-e" "CARGO_HOME=/opt/rustwide/cargo-home" "-e" "RUSTUP_HOME=/opt/rustwide/rustup-home" "-e" "CARGO_TARGET_DIR=/opt/rustwide/target" "-w" "/opt/rustwide/workdir" "--user" "0:0" "f53ddd8b85778ba12903aa75075290b9123fe056f2690ad55829a19bddb4701d" "/opt/rustwide/cargo-home/bin/cargo" "+1.100.0-beta.1" "metadata" "--no-deps" "--format-version=1", kill_on_drop: false }`
[INFO] running `Command { std: "docker" "inspect" "f53ddd8b85778ba12903aa75075290b9123fe056f2690ad55829a19bddb4701d", kill_on_drop: false }`
[INFO] running `Command { std: "docker" "exec" "-e" "SOURCE_DIR=/opt/rustwide/workdir" "-e" "CARGO_HOME=/opt/rustwide/cargo-home" "-e" "RUSTUP_HOME=/opt/rustwide/rustup-home" "-e" "CARGO_TARGET_DIR=/opt/rustwide/target" "-e" "CARGO_INCREMENTAL=0" "-e" "RUST_BACKTRACE=full" "-e" "RUSTFLAGS=--cap-lints=warn" "-e" "RUSTDOCFLAGS=--cap-lints=warn" "-w" "/opt/rustwide/workdir" "--user" "0:0" "f53ddd8b85778ba12903aa75075290b9123fe056f2690ad55829a19bddb4701d" "/opt/rustwide/cargo-home/bin/cargo" "+1.100.0-beta.1" "build" "--frozen" "--message-format=json" "--release", kill_on_drop: false }`
[INFO] [stderr]    Compiling proc-macro2 v1.0.106
[INFO] [stderr]    Compiling quote v1.0.45
[INFO] [stderr]    Compiling stable_deref_trait v1.2.1
[INFO] [stderr]    Compiling smallvec v1.15.1
[INFO] [stderr]    Compiling libc v0.2.186
[INFO] [stderr]    Compiling litemap v0.8.2
[INFO] [stderr]    Compiling writeable v0.6.3
[INFO] [stderr]    Compiling icu_normalizer_data v2.2.0
[INFO] [stderr]    Compiling utf8_iter v1.0.4
[INFO] [stderr]    Compiling icu_properties_data v2.2.0
[INFO] [stderr]    Compiling parking_lot_core v0.9.12
[INFO] [stderr]    Compiling autocfg v1.5.0
[INFO] [stderr]    Compiling cfg-if v1.0.4
[INFO] [stderr]    Compiling memchr v2.8.0
[INFO] [stderr]    Compiling scopeguard v1.2.0
[INFO] [stderr]    Compiling futures-sink v0.3.32
[INFO] [stderr]    Compiling futures-core v0.3.32
[INFO] [stderr]    Compiling lock_api v0.4.14
[INFO] [stderr]    Compiling futures-task v0.3.32
[INFO] [stderr]    Compiling futures-io v0.3.32
[INFO] [stderr]    Compiling futures-channel v0.3.32
[INFO] [stderr]    Compiling percent-encoding v2.3.2
[INFO] [stderr]    Compiling log v0.4.29
[INFO] [stderr]    Compiling bytes v1.11.1
[INFO] [stderr]    Compiling inventory v0.3.24
[INFO] [stderr]    Compiling form_urlencoded v1.2.2
[INFO] [stderr]    Compiling sha1_smol v1.0.1
[INFO] [stderr]    Compiling setup_read_cleanup v0.8.0
[INFO] [stderr]    Compiling xxhash-rust v0.8.15
[INFO] [stderr]    Compiling ryu v1.0.23
[INFO] [stderr]    Compiling arcstr v1.2.0
[INFO] [stderr]    Compiling errs v0.8.2
[INFO] [stderr]    Compiling num-traits v0.2.19
[INFO] [stderr]    Compiling combine v4.6.7
[INFO] [stderr]    Compiling syn v2.0.117
[INFO] [stderr]    Compiling num-integer v0.1.46
[INFO] [stderr]    Compiling socket2 v0.6.3
[INFO] [stderr]    Compiling parking_lot v0.12.5
[INFO] [stderr]    Compiling num-bigint v0.4.6
[INFO] [stderr]    Compiling scheduled-thread-pool v0.2.7
[INFO] [stderr]    Compiling r2d2 v0.8.10
[INFO] [stderr]    Compiling synstructure v0.13.2
[INFO] [stderr]    Compiling zerovec-derive v0.11.3
[INFO] [stderr]    Compiling displaydoc v0.2.5
[INFO] [stderr]    Compiling futures-macro v0.3.32
[INFO] [stderr]    Compiling trait-variant v0.1.2
[INFO] [stderr]    Compiling zerofrom-derive v0.1.7
[INFO] [stderr]    Compiling yoke-derive v0.8.2
[INFO] [stderr]    Compiling sabi-rust v0.7.3
[INFO] [stderr]    Compiling zerofrom v0.1.7
[INFO] [stderr]    Compiling futures-util v0.3.32
[INFO] [stderr]    Compiling yoke v0.8.2
[INFO] [stderr]    Compiling zerovec v0.11.6
[INFO] [stderr]    Compiling zerotrie v0.2.4
[INFO] [stderr]    Compiling tinystr v0.8.3
[INFO] [stderr]    Compiling potential_utf v0.1.5
[INFO] [stderr]    Compiling icu_locale_core v2.2.0
[INFO] [stderr]    Compiling icu_collections v2.2.0
[INFO] [stderr]    Compiling icu_provider v2.2.0
[INFO] [stderr]    Compiling icu_properties v2.2.0
[INFO] [stderr]    Compiling icu_normalizer v2.2.0
[INFO] [stderr]    Compiling futures-executor v0.3.32
[INFO] [stderr]    Compiling idna_adapter v1.2.2
[INFO] [stderr]    Compiling idna v1.1.0
[INFO] [stderr]    Compiling futures v0.3.32
[INFO] [stderr]    Compiling url v2.5.8
[INFO] [stderr]    Compiling redis v1.2.1
[INFO] [stderr]    Compiling sabi_redis v0.8.0 (/opt/rustwide/workdir)
[INFO] [stderr] warning: unused dependency `futures`
[INFO] [stderr]   --> Cargo.toml:14:15
[INFO] [stderr]    |
[INFO] [stderr] 14 | [dependencies.futures]
[INFO] [stderr]    |               ^^^^^^^^
[INFO] [stderr]    |
[INFO] [stderr]    = note: `cargo::unused_dependencies` is set to `warn` by default
[INFO] [stderr] help: consider removing the dependency on `futures`
[INFO] [stderr] warning: `sabi_redis` (manifest) generated 1 warning
[INFO] [stderr]     Finished `release` profile [optimized] target(s) in 42.99s
[INFO] [stderr] warning: the following packages contain code that will be rejected by a future version of Rust: redis v1.2.1
[INFO] [stderr] note: to see what the problems were, use the option `--future-incompat-report`, or run `cargo report future-incompatibilities --id 1`
[INFO] running `Command { std: "docker" "inspect" "f53ddd8b85778ba12903aa75075290b9123fe056f2690ad55829a19bddb4701d", kill_on_drop: false }`
[INFO] running `Command { std: "docker" "exec" "-e" "SOURCE_DIR=/opt/rustwide/workdir" "-e" "CARGO_HOME=/opt/rustwide/cargo-home" "-e" "RUSTUP_HOME=/opt/rustwide/rustup-home" "-e" "CARGO_TARGET_DIR=/opt/rustwide/target" "-e" "CARGO_INCREMENTAL=0" "-e" "RUST_BACKTRACE=full" "-e" "RUSTFLAGS=--cap-lints=warn" "-e" "RUSTDOCFLAGS=--cap-lints=warn" "-w" "/opt/rustwide/workdir" "--user" "0:0" "f53ddd8b85778ba12903aa75075290b9123fe056f2690ad55829a19bddb4701d" "/opt/rustwide/cargo-home/bin/cargo" "+1.100.0-beta.1" "test" "--frozen" "--no-run" "--message-format=json" "--release", kill_on_drop: false }`
[INFO] [stderr]    Compiling override_macro v0.1.1
[INFO] [stderr]    Compiling sabi_redis v0.8.0 (/opt/rustwide/workdir)
[INFO] [stderr] warning: unused dependency `futures`
[INFO] [stderr]   --> Cargo.toml:14:15
[INFO] [stderr]    |
[INFO] [stderr] 14 | [dependencies.futures]
[INFO] [stderr]    |               ^^^^^^^^
[INFO] [stderr]    |
[INFO] [stderr]    = note: `cargo::unused_dependencies` is set to `warn` by default
[INFO] [stderr] help: consider removing the dependency on `futures`
[INFO] [stderr] warning: `sabi_redis` (manifest) generated 1 warning
[INFO] [stderr]     Finished `release` profile [optimized] target(s) in 5.78s
[INFO] [stderr] warning: the following packages contain code that will be rejected by a future version of Rust: redis v1.2.1
[INFO] [stderr] note: to see what the problems were, use the option `--future-incompat-report`, or run `cargo report future-incompatibilities --id 1`
[INFO] running `Command { std: "docker" "inspect" "f53ddd8b85778ba12903aa75075290b9123fe056f2690ad55829a19bddb4701d", kill_on_drop: false }`
[INFO] running `Command { std: "docker" "exec" "-e" "SOURCE_DIR=/opt/rustwide/workdir" "-e" "CARGO_HOME=/opt/rustwide/cargo-home" "-e" "RUSTUP_HOME=/opt/rustwide/rustup-home" "-e" "CARGO_TARGET_DIR=/opt/rustwide/target" "-e" "CARGO_INCREMENTAL=0" "-e" "RUST_BACKTRACE=full" "-e" "RUSTFLAGS=--cap-lints=warn" "-e" "RUSTDOCFLAGS=--cap-lints=warn" "-w" "/opt/rustwide/workdir" "--user" "0:0" "f53ddd8b85778ba12903aa75075290b9123fe056f2690ad55829a19bddb4701d" "/opt/rustwide/cargo-home/bin/cargo" "+1.100.0-beta.1" "test" "--frozen" "--release", kill_on_drop: false }`
[INFO] [stderr] warning: unused dependency `futures`
[INFO] [stderr]   --> Cargo.toml:14:15
[INFO] [stderr]    |
[INFO] [stderr] 14 | [dependencies.futures]
[INFO] [stderr]    |               ^^^^^^^^
[INFO] [stderr]    |
[INFO] [stderr]    = note: `cargo::unused_dependencies` is set to `warn` by default
[INFO] [stderr] help: consider removing the dependency on `futures`
[INFO] [stderr] warning: `sabi_redis` (manifest) generated 1 warning
[INFO] [stderr]     Finished `release` profile [optimized] target(s) in 0.11s
[INFO] [stderr] warning: the following packages contain code that will be rejected by a future version of Rust: redis v1.2.1
[INFO] [stderr] note: to see what the problems were, use the option `--future-incompat-report`, or run `cargo report future-incompatibilities --id 1`
[INFO] [stderr]      Running unittests src/lib.rs (/opt/rustwide/target/release/build/sabi_redis/e4d545885731e890/out/sabi_redis-e4d545885731e890)
[INFO] [stdout] 
[INFO] [stdout] running 48 tests
[INFO] [stdout] test pubsub_msg_std::unit_tests_of_data_src::test_new::ok ... ok
[INFO] [stdout] test standalone_std::pubsub::unit_tests::test_new::addr_is_str_and_fail ... ok
[INFO] [stdout] test retry::unit_tests::test_new ... ok
[INFO] [stdout] test retry::unit_tests::test_with_params ... ok
[INFO] [stdout] test pubsub_msg_std::unit_tests_of_data_src::test_create_data_conn::ok ... ok
[INFO] [stdout] test standalone_std::pubsub::unit_tests::test_new::addr_is_url_and_fail ... ok
[INFO] [stdout] test standalone_std::pubsub::unit_tests::test_with_conn_info::fail ... ok
[INFO] [stdout] test standalone_std::pubsub::unit_tests::test_new::addr_is_string_and_fail ... ok
[INFO] [stdout] test pubsub_msg_std::unit_tests_of_data_conn::test ... ok
[INFO] [stdout] test standalone_std::pubsub::unit_tests::test_with_conn_addr::fail ... ok
[INFO] [stdout] test standalone_std::unit_tests_of_data_src::test_create_data_conn::not_setup_yet ... ok
[INFO] [stdout] test standalone_std::unit_tests_of_data_src::test_create_data_conn::fail ... FAILED
[INFO] [stdout] test standalone_std::unit_tests_of_data_src::test_new::addr_is_str_and_fail ... ok
[INFO] [stdout] test retry::unit_tests::test_wait_with_backoff ... ok
[INFO] [stdout] test standalone_std::unit_tests_of_data_src::test_new::addr_is_string_and_fail ... ok
[INFO] [stdout] test standalone_std::unit_tests_of_data_conn::test_add_post_commit::ok ... FAILED
[INFO] [stdout] test standalone_std::unit_tests_of_data_src::test_new::addr_is_url_and_fail ... ok
[INFO] [stdout] test standalone_std::unit_tests_of_data_conn::test_add_force_back::fail ... FAILED
[INFO] [stdout] test standalone_std::unit_tests_of_data_conn::test_add_post_commit::fail ... FAILED
[INFO] [stdout] test standalone_std::unit_tests_of_data_conn::test_add_pre_commit::fail ... FAILED
[INFO] [stdout] test standalone_std::unit_tests_of_data_conn::test_add_pre_commit::ok ... FAILED
[INFO] [stdout] test standalone_std::unit_tests_of_data_src::test_create_data_conn::ok ... FAILED
[INFO] [stdout] test standalone_std::unit_tests_of_data_conn::test_add_force_back::ok ... FAILED
[INFO] [stdout] test standalone_std::unit_tests_of_data_src::test_with_conn_addr_and_pool_builder::fail ... ok
[INFO] [stdout] test standalone_std::unit_tests_of_data_src::test_new::addr_is_str_and_ok ... FAILED
[INFO] [stdout] test standalone_std::unit_tests_of_data_src::test_with_conn_addr_and_pool_builder::ok ... FAILED
[INFO] [stdout] test standalone_std::unit_tests_of_data_src::test_with_conn_info_and_pool_builder::fail ... ok
[INFO] [stdout] test standalone_std::unit_tests_of_data_src::test_with_pool_builder::addr_is_str_and_fail ... ok
[INFO] [stdout] test standalone_std::unit_tests_of_data_src::test_with_conn_info_and_pool_builder::ok ... FAILED
[INFO] [stdout] test standalone_std::unit_tests_of_data_src::test_with_pool_builder::addr_is_string_and_fail ... ok
[INFO] [stdout] test standalone_std::unit_tests_of_data_src::test_new::addr_is_string_and_ok ... FAILED
[INFO] [stdout] test standalone_std::unit_tests_of_data_src::test_with_pool_builder::addr_is_url_and_fail ... FAILED
[INFO] [stdout] test standalone_std::pubsub::unit_tests::psubscribe::ok has been running for over 60 seconds
[INFO] [stdout] test standalone_std::pubsub::unit_tests::subscribe::ok has been running for over 60 seconds
[INFO] [stdout] test standalone_std::pubsub::unit_tests::test_new::addr_is_str_and_ok has been running for over 60 seconds
[INFO] [stdout] test standalone_std::pubsub::unit_tests::test_new::addr_is_string_and_ok has been running for over 60 seconds
[INFO] [stdout] test standalone_std::pubsub::unit_tests::test_new::addr_is_url_and_ok has been running for over 60 seconds
[INFO] [stdout] test standalone_std::pubsub::unit_tests::test_with_conn_addr::ok has been running for over 60 seconds
[INFO] [stdout] test standalone_std::pubsub::unit_tests::test_with_conn_info::ok has been running for over 60 seconds
[INFO] [stdout] test standalone_std::unit_tests_of_data_src::test_new::addr_is_url_and_ok ... FAILED
[INFO] [stdout] test standalone_std::unit_tests_of_data_src::test_with_conn_addr::fail ... ok
[INFO] [stdout] test standalone_std::unit_tests_of_data_src::test_setup::fail_due_to_setup_twice ... FAILED
[INFO] [stdout] test standalone_std::unit_tests_of_data_src::test_with_conn_addr::ok ... FAILED
[INFO] [stdout] test standalone_std::unit_tests_of_data_src::test_with_conn_info::fail ... ok
[INFO] [stdout] test standalone_std::unit_tests_of_data_src::test_with_conn_info::ok ... FAILED
[INFO] [stdout] test standalone_std::unit_tests_of_data_src::test_with_pool_builder::addr_is_str_and_ok ... FAILED
[INFO] [stdout] test standalone_std::unit_tests_of_data_src::test_with_pool_builder::addr_is_string_and_ok ... FAILED
[INFO] [stdout] test standalone_std::unit_tests_of_data_src::test_with_pool_builder::addr_is_url_and_ok ... FAILED
[INFO] [stdout] test standalone_std::pubsub::unit_tests::test_new::addr_is_string_and_ok ... FAILED
[INFO] [stdout] test standalone_std::pubsub::unit_tests::test_with_conn_info::ok ... FAILED
[INFO] [stdout] test standalone_std::pubsub::unit_tests::test_with_conn_addr::ok ... FAILED
[INFO] [stdout] test standalone_std::pubsub::unit_tests::test_new::addr_is_url_and_ok ... FAILED
[INFO] [stdout] test standalone_std::pubsub::unit_tests::psubscribe::ok ... FAILED
[INFO] [stdout] test standalone_std::pubsub::unit_tests::subscribe::ok ... FAILED
[INFO] [stdout] test standalone_std::pubsub::unit_tests::test_new::addr_is_str_and_ok ... FAILED
[INFO] [stdout] 
[INFO] [stdout] failures:
[INFO] [stdout] 
[INFO] [stdout] ---- standalone_std::unit_tests_of_data_src::test_create_data_conn::fail stdout ----
[INFO] [stdout] 
[INFO] [stdout] thread 'standalone_std::unit_tests_of_data_src::test_create_data_conn::fail' (1706) panicked at src/standalone_std/mod.rs:793:17:
[INFO] [stdout] errs::Err { reason = sabi_redis::standalone_std::RedisError FailToBuildPool { conn_info: ConnectionInfo { addr: Tcp("127.0.0.1", 6379), tcp_settings: TcpSettings { nodelay: false, keepalive: None, user_timeout: None }, redis: RedisConnectionInfo { db: 0, username: None, password: None, protocol: RESP2, skip_set_lib_name: false, lib_name: None, lib_ver: None } } }, source = Error(Some("Connection refused (os error 111)")), file = src/standalone_std/mod.rs, line = 305 }
[INFO] [stdout] stack backtrace:
[INFO] [stdout]    0:     0x56759f28d551 - <<std[617be2ca0a6fd877]::sys::backtrace::BacktraceLock>::print::DisplayBacktrace as core[a373ad73a504971]::fmt::Display>::fmt
[INFO] [stdout]    1:     0x56759f2a357a - core[a373ad73a504971]::fmt::write
[INFO] [stdout]    2:     0x56759f291b3c - <alloc[2e1b2a31b91974c5]::vec::Vec<u8> as core[a373ad73a504971]::io::write::Write>::write_fmt
[INFO] [stdout]    3:     0x56759f268676 - std[617be2ca0a6fd877]::panicking::default_hook::{closure#0}
[INFO] [stdout]    4:     0x56759f2854e9 - std[617be2ca0a6fd877]::panicking::default_hook
[INFO] [stdout]    5:     0x56759f1c28f0 - test[aada8e7e76ba119b]::test_main_inner::{closure#0}
[INFO] [stdout]    6:     0x56759f2856a2 - std[617be2ca0a6fd877]::panicking::panic_with_hook
[INFO] [stdout]    7:     0x56759f268722 - std[617be2ca0a6fd877]::panicking::panic_handler::{closure#0}
[INFO] [stdout]    8:     0x56759f261359 - std[617be2ca0a6fd877]::sys::backtrace::__rust_end_short_backtrace::<std[617be2ca0a6fd877]::panicking::panic_handler::{closure#0}, !>
[INFO] [stdout]    9:     0x56759f26951d - __rustc[ea4f61d10b84890b]::rust_begin_unwind
[INFO] [stdout]   10:     0x56759f2a3cac - core[a373ad73a504971]::panicking::panic_fmt
[INFO] [stdout]   11:     0x56759f1a6d42 - <sabi_redis[969b111a0c4ad301]::standalone_std::unit_tests_of_data_src::test_create_data_conn::fail::{closure#0} as core[a373ad73a504971]::ops::function::FnOnce<()>>::call_once
[INFO] [stdout]   12:     0x56759f1b5d3b - test[aada8e7e76ba119b]::__rust_begin_short_backtrace::<core[a373ad73a504971]::result::Result<(), alloc[2e1b2a31b91974c5]::string::String>, fn() -> core[a373ad73a504971]::result::Result<(), alloc[2e1b2a31b91974c5]::string::String>>
[INFO] [stdout]   13:     0x56759f1c2f15 - test[aada8e7e76ba119b]::run_test::{closure#0}
[INFO] [stdout]   14:     0x56759f1bc804 - std[617be2ca0a6fd877]::sys::backtrace::__rust_begin_short_backtrace::<test[aada8e7e76ba119b]::run_test::{closure#1}, ()>
[INFO] [stdout]   15:     0x56759f1c5fa2 - <std[617be2ca0a6fd877]::thread::lifecycle::spawn_unchecked<test[aada8e7e76ba119b]::run_test::{closure#1}, ()>::{closure#1} as core[a373ad73a504971]::ops::function::FnOnce<()>>::call_once::{shim:vtable#0}
[INFO] [stdout]   16:     0x56759f28c88f - <std[617be2ca0a6fd877]::sys::thread::unix::Thread>::new::thread_start
[INFO] [stdout]   17:     0x752a644bddfa - <unknown>
[INFO] [stdout]   18:     0x752a645513d4 - clone
[INFO] [stdout]   19:                0x0 - <unknown>
[INFO] [stdout] 
[INFO] [stdout] ---- standalone_std::unit_tests_of_data_conn::test_add_post_commit::ok stdout ----
[INFO] [stdout] 
[INFO] [stdout] thread 'standalone_std::unit_tests_of_data_conn::test_add_post_commit::ok' (1682) panicked at src/standalone_std/mod.rs:1043:17:
[INFO] [stdout] errs::Err { reason = sabi_redis::standalone_std::RedisError FailToBuildPool { conn_info: ConnectionInfo { addr: Tcp("127.0.0.1", 6379), tcp_settings: TcpSettings { nodelay: false, keepalive: None, user_timeout: None }, redis: RedisConnectionInfo { db: 0, username: None, password: None, protocol: RESP2, skip_set_lib_name: false, lib_name: None, lib_ver: None } } }, source = Error(Some("Connection refused (os error 111)")), file = src/standalone_std/mod.rs, line = 305 }
[INFO] [stdout] stack backtrace:
[INFO] [stdout]    0:     0x56759f28d551 - <<std[617be2ca0a6fd877]::sys::backtrace::BacktraceLock>::print::DisplayBacktrace as core[a373ad73a504971]::fmt::Display>::fmt
[INFO] [stdout]    1:     0x56759f2a357a - core[a373ad73a504971]::fmt::write
[INFO] [stdout]    2:     0x56759f291b3c - <alloc[2e1b2a31b91974c5]::vec::Vec<u8> as core[a373ad73a504971]::io::write::Write>::write_fmt
[INFO] [stdout]    3:     0x56759f268676 - std[617be2ca0a6fd877]::panicking::default_hook::{closure#0}
[INFO] [stdout]    4:     0x56759f2854e9 - std[617be2ca0a6fd877]::panicking::default_hook
[INFO] [stdout]    5:     0x56759f1c28f0 - test[aada8e7e76ba119b]::test_main_inner::{closure#0}
[INFO] [stdout]    6:     0x56759f2856a2 - std[617be2ca0a6fd877]::panicking::panic_with_hook
[INFO] [stdout]    7:     0x56759f268722 - std[617be2ca0a6fd877]::panicking::panic_handler::{closure#0}
[INFO] [stdout]    8:     0x56759f261359 - std[617be2ca0a6fd877]::sys::backtrace::__rust_end_short_backtrace::<std[617be2ca0a6fd877]::panicking::panic_handler::{closure#0}, !>
[INFO] [stdout]    9:     0x56759f26951d - __rustc[ea4f61d10b84890b]::rust_begin_unwind
[INFO] [stdout]   10:     0x56759f2a3cac - core[a373ad73a504971]::panicking::panic_fmt
[INFO] [stdout]   11:     0x56759f19ab40 - <sabi_redis[969b111a0c4ad301]::standalone_std::unit_tests_of_data_conn::test_add_post_commit::ok::{closure#0} as core[a373ad73a504971]::ops::function::FnOnce<()>>::call_once
[INFO] [stdout]   12:     0x56759f1b5d3b - test[aada8e7e76ba119b]::__rust_begin_short_backtrace::<core[a373ad73a504971]::result::Result<(), alloc[2e1b2a31b91974c5]::string::String>, fn() -> core[a373ad73a504971]::result::Result<(), alloc[2e1b2a31b91974c5]::string::String>>
[INFO] [stdout]   13:     0x56759f1c2f15 - test[aada8e7e76ba119b]::run_test::{closure#0}
[INFO] [stdout]   14:     0x56759f1bc804 - std[617be2ca0a6fd877]::sys::backtrace::__rust_begin_short_backtrace::<test[aada8e7e76ba119b]::run_test::{closure#1}, ()>
[INFO] [stdout]   15:     0x56759f1c5fa2 - <std[617be2ca0a6fd877]::thread::lifecycle::spawn_unchecked<test[aada8e7e76ba119b]::run_test::{closure#1}, ()>::{closure#1} as core[a373ad73a504971]::ops::function::FnOnce<()>>::call_once::{shim:vtable#0}
[INFO] [stdout]   16:     0x56759f28c88f - <std[617be2ca0a6fd877]::sys::thread::unix::Thread>::new::thread_start
[INFO] [stdout]   17:     0x752a644bddfa - <unknown>
[INFO] [stdout]   18:     0x752a645513d4 - clone
[INFO] [stdout]   19:                0x0 - <unknown>
[INFO] [stdout] 
[INFO] [stdout] ---- standalone_std::unit_tests_of_data_conn::test_add_force_back::fail stdout ----
[INFO] [stdout] 
[INFO] [stdout] thread 'standalone_std::unit_tests_of_data_conn::test_add_force_back::fail' (1669) panicked at src/standalone_std/mod.rs:1297:17:
[INFO] [stdout] errs::Err { reason = sabi_redis::standalone_std::RedisError FailToBuildPool { conn_info: ConnectionInfo { addr: Tcp("127.0.0.1", 6379), tcp_settings: TcpSettings { nodelay: false, keepalive: None, user_timeout: None }, redis: RedisConnectionInfo { db: 0, username: None, password: None, protocol: RESP2, skip_set_lib_name: false, lib_name: None, lib_ver: None } } }, source = Error(Some("Connection refused (os error 111)")), file = src/standalone_std/mod.rs, line = 305 }
[INFO] [stdout] stack backtrace:
[INFO] [stdout]    0:     0x56759f28d551 - <<std[617be2ca0a6fd877]::sys::backtrace::BacktraceLock>::print::DisplayBacktrace as core[a373ad73a504971]::fmt::Display>::fmt
[INFO] [stdout]    1:     0x56759f2a357a - core[a373ad73a504971]::fmt::write
[INFO] [stdout]    2:     0x56759f291b3c - <alloc[2e1b2a31b91974c5]::vec::Vec<u8> as core[a373ad73a504971]::io::write::Write>::write_fmt
[INFO] [stdout]    3:     0x56759f268676 - std[617be2ca0a6fd877]::panicking::default_hook::{closure#0}
[INFO] [stdout]    4:     0x56759f2854e9 - std[617be2ca0a6fd877]::panicking::default_hook
[INFO] [stdout]    5:     0x56759f1c28f0 - test[aada8e7e76ba119b]::test_main_inner::{closure#0}
[INFO] [stdout]    6:     0x56759f2856a2 - std[617be2ca0a6fd877]::panicking::panic_with_hook
[INFO] [stdout]    7:     0x56759f268722 - std[617be2ca0a6fd877]::panicking::panic_handler::{closure#0}
[INFO] [stdout]    8:     0x56759f261359 - std[617be2ca0a6fd877]::sys::backtrace::__rust_end_short_backtrace::<std[617be2ca0a6fd877]::panicking::panic_handler::{closure#0}, !>
[INFO] [stdout]    9:     0x56759f26951d - __rustc[ea4f61d10b84890b]::rust_begin_unwind
[INFO] [stdout]   10:     0x56759f2a3cac - core[a373ad73a504971]::panicking::panic_fmt
[INFO] [stdout]   11:     0x56759f1969ea - <sabi_redis[969b111a0c4ad301]::standalone_std::unit_tests_of_data_conn::test_add_force_back::fail::{closure#0} as core[a373ad73a504971]::ops::function::FnOnce<()>>::call_once
[INFO] [stdout]   12:     0x56759f1b5d3b - test[aada8e7e76ba119b]::__rust_begin_short_backtrace::<core[a373ad73a504971]::result::Result<(), alloc[2e1b2a31b91974c5]::string::String>, fn() -> core[a373ad73a504971]::result::Result<(), alloc[2e1b2a31b91974c5]::string::String>>
[INFO] [stdout]   13:     0x56759f1c2f15 - test[aada8e7e76ba119b]::run_test::{closure#0}
[INFO] [stdout]   14:     0x56759f1bc804 - std[617be2ca0a6fd877]::sys::backtrace::__rust_begin_short_backtrace::<test[aada8e7e76ba119b]::run_test::{closure#1}, ()>
[INFO] [stdout]   15:     0x56759f1c5fa2 - <std[617be2ca0a6fd877]::thread::lifecycle::spawn_unchecked<test[aada8e7e76ba119b]::run_test::{closure#1}, ()>::{closure#1} as core[a373ad73a504971]::ops::function::FnOnce<()>>::call_once::{shim:vtable#0}
[INFO] [stdout]   16:     0x56759f28c88f - <std[617be2ca0a6fd877]::sys::thread::unix::Thread>::new::thread_start
[INFO] [stdout]   17:     0x752a644bddfa - <unknown>
[INFO] [stdout]   18:     0x752a645513d4 - clone
[INFO] [stdout]   19:                0x0 - <unknown>
[INFO] [stdout] 
[INFO] [stdout] ---- standalone_std::unit_tests_of_data_conn::test_add_post_commit::fail stdout ----
[INFO] [stdout] 
[INFO] [stdout] thread 'standalone_std::unit_tests_of_data_conn::test_add_post_commit::fail' (1680) panicked at src/standalone_std/mod.rs:1125:17:
[INFO] [stdout] errs::Err { reason = sabi_redis::standalone_std::RedisError FailToBuildPool { conn_info: ConnectionInfo { addr: Tcp("127.0.0.1", 6379), tcp_settings: TcpSettings { nodelay: false, keepalive: None, user_timeout: None }, redis: RedisConnectionInfo { db: 0, username: None, password: None, protocol: RESP2, skip_set_lib_name: false, lib_name: None, lib_ver: None } } }, source = Error(Some("Connection refused (os error 111)")), file = src/standalone_std/mod.rs, line = 305 }
[INFO] [stdout] stack backtrace:
[INFO] [stdout]    0:     0x56759f28d551 - <<std[617be2ca0a6fd877]::sys::backtrace::BacktraceLock>::print::DisplayBacktrace as core[a373ad73a504971]::fmt::Display>::fmt
[INFO] [stdout]    1:     0x56759f2a357a - core[a373ad73a504971]::fmt::write
[INFO] [stdout]    2:     0x56759f291b3c - <alloc[2e1b2a31b91974c5]::vec::Vec<u8> as core[a373ad73a504971]::io::write::Write>::write_fmt
[INFO] [stdout]    3:     0x56759f268676 - std[617be2ca0a6fd877]::panicking::default_hook::{closure#0}
[INFO] [stdout]    4:     0x56759f2854e9 - std[617be2ca0a6fd877]::panicking::default_hook
[INFO] [stdout]    5:     0x56759f1c28f0 - test[aada8e7e76ba119b]::test_main_inner::{closure#0}
[INFO] [stdout]    6:     0x56759f2856a2 - std[617be2ca0a6fd877]::panicking::panic_with_hook
[INFO] [stdout]    7:     0x56759f268722 - std[617be2ca0a6fd877]::panicking::panic_handler::{closure#0}
[INFO] [stdout]    8:     0x56759f261359 - std[617be2ca0a6fd877]::sys::backtrace::__rust_end_short_backtrace::<std[617be2ca0a6fd877]::panicking::panic_handler::{closure#0}, !>
[INFO] [stdout]    9:     0x56759f26951d - __rustc[ea4f61d10b84890b]::rust_begin_unwind
[INFO] [stdout]   10:     0x56759f2a3cac - core[a373ad73a504971]::panicking::panic_fmt
[INFO] [stdout]   11:     0x56759f19c010 - <sabi_redis[969b111a0c4ad301]::standalone_std::unit_tests_of_data_conn::test_add_post_commit::fail::{closure#0} as core[a373ad73a504971]::ops::function::FnOnce<()>>::call_once
[INFO] [stdout]   12:     0x56759f1b5d3b - test[aada8e7e76ba119b]::__rust_begin_short_backtrace::<core[a373ad73a504971]::result::Result<(), alloc[2e1b2a31b91974c5]::string::String>, fn() -> core[a373ad73a504971]::result::Result<(), alloc[2e1b2a31b91974c5]::string::String>>
[INFO] [stdout]   13:     0x56759f1c2f15 - test[aada8e7e76ba119b]::run_test::{closure#0}
[INFO] [stdout]   14:     0x56759f1bc804 - std[617be2ca0a6fd877]::sys::backtrace::__rust_begin_short_backtrace::<test[aada8e7e76ba119b]::run_test::{closure#1}, ()>
[INFO] [stdout]   15:     0x56759f1c5fa2 - <std[617be2ca0a6fd877]::thread::lifecycle::spawn_unchecked<test[aada8e7e76ba119b]::run_test::{closure#1}, ()>::{closure#1} as core[a373ad73a504971]::ops::function::FnOnce<()>>::call_once::{shim:vtable#0}
[INFO] [stdout]   16:     0x56759f28c88f - <std[617be2ca0a6fd877]::sys::thread::unix::Thread>::new::thread_start
[INFO] [stdout]   17:     0x752a644bddfa - <unknown>
[INFO] [stdout]   18:     0x752a645513d4 - clone
[INFO] [stdout]   19:                0x0 - <unknown>
[INFO] [stdout] 
[INFO] [stdout] ---- standalone_std::unit_tests_of_data_conn::test_add_pre_commit::fail stdout ----
[INFO] [stdout] 
[INFO] [stdout] thread 'standalone_std::unit_tests_of_data_conn::test_add_pre_commit::fail' (1702) panicked at src/standalone_std/mod.rs:951:17:
[INFO] [stdout] errs::Err { reason = sabi_redis::standalone_std::RedisError FailToBuildPool { conn_info: ConnectionInfo { addr: Tcp("127.0.0.1", 6379), tcp_settings: TcpSettings { nodelay: false, keepalive: None, user_timeout: None }, redis: RedisConnectionInfo { db: 0, username: None, password: None, protocol: RESP2, skip_set_lib_name: false, lib_name: None, lib_ver: None } } }, source = Error(Some("Connection refused (os error 111)")), file = src/standalone_std/mod.rs, line = 305 }
[INFO] [stdout] stack backtrace:
[INFO] [stdout]    0:     0x56759f28d551 - <<std[617be2ca0a6fd877]::sys::backtrace::BacktraceLock>::print::DisplayBacktrace as core[a373ad73a504971]::fmt::Display>::fmt
[INFO] [stdout]    1:     0x56759f2a357a - core[a373ad73a504971]::fmt::write
[INFO] [stdout]    2:     0x56759f291b3c - <alloc[2e1b2a31b91974c5]::vec::Vec<u8> as core[a373ad73a504971]::io::write::Write>::write_fmt
[INFO] [stdout]    3:     0x56759f268676 - std[617be2ca0a6fd877]::panicking::default_hook::{closure#0}
[INFO] [stdout]    4:     0x56759f2854e9 - std[617be2ca0a6fd877]::panicking::default_hook
[INFO] [stdout]    5:     0x56759f1c28f0 - test[aada8e7e76ba119b]::test_main_inner::{closure#0}
[INFO] [stdout]    6:     0x56759f2856a2 - std[617be2ca0a6fd877]::panicking::panic_with_hook
[INFO] [stdout]    7:     0x56759f268722 - std[617be2ca0a6fd877]::panicking::panic_handler::{closure#0}
[INFO] [stdout]    8:     0x56759f261359 - std[617be2ca0a6fd877]::sys::backtrace::__rust_end_short_backtrace::<std[617be2ca0a6fd877]::panicking::panic_handler::{closure#0}, !>
[INFO] [stdout]    9:     0x56759f26951d - __rustc[ea4f61d10b84890b]::rust_begin_unwind
[INFO] [stdout]   10:     0x56759f2a3cac - core[a373ad73a504971]::panicking::panic_fmt
[INFO] [stdout]   11:     0x56759f1a8f8b - <sabi_redis[969b111a0c4ad301]::standalone_std::unit_tests_of_data_conn::test_add_pre_commit::fail::{closure#0} as core[a373ad73a504971]::ops::function::FnOnce<()>>::call_once
[INFO] [stdout]   12:     0x56759f1b5d3b - test[aada8e7e76ba119b]::__rust_begin_short_backtrace::<core[a373ad73a504971]::result::Result<(), alloc[2e1b2a31b91974c5]::string::String>, fn() -> core[a373ad73a504971]::result::Result<(), alloc[2e1b2a31b91974c5]::string::String>>
[INFO] [stdout]   13:     0x56759f1c2f15 - test[aada8e7e76ba119b]::run_test::{closure#0}
[INFO] [stdout]   14:     0x56759f1bc804 - std[617be2ca0a6fd877]::sys::backtrace::__rust_begin_short_backtrace::<test[aada8e7e76ba119b]::run_test::{closure#1}, ()>
[INFO] [stdout]   15:     0x56759f1c5fa2 - <std[617be2ca0a6fd877]::thread::lifecycle::spawn_unchecked<test[aada8e7e76ba119b]::run_test::{closure#1}, ()>::{closure#1} as core[a373ad73a504971]::ops::function::FnOnce<()>>::call_once::{shim:vtable#0}
[INFO] [stdout]   16:     0x56759f28c88f - <std[617be2ca0a6fd877]::sys::thread::unix::Thread>::new::thread_start
[INFO] [stdout]   17:     0x752a644bddfa - <unknown>
[INFO] [stdout]   18:     0x752a645513d4 - clone
[INFO] [stdout]   19:                0x0 - <unknown>
[INFO] [stdout] 
[INFO] [stdout] ---- standalone_std::unit_tests_of_data_conn::test_add_pre_commit::ok stdout ----
[INFO] [stdout] 
[INFO] [stdout] thread 'standalone_std::unit_tests_of_data_conn::test_add_pre_commit::ok' (1703) panicked at src/standalone_std/mod.rs:869:17:
[INFO] [stdout] errs::Err { reason = sabi_redis::standalone_std::RedisError FailToBuildPool { conn_info: ConnectionInfo { addr: Tcp("127.0.0.1", 6379), tcp_settings: TcpSettings { nodelay: false, keepalive: None, user_timeout: None }, redis: RedisConnectionInfo { db: 0, username: None, password: None, protocol: RESP2, skip_set_lib_name: false, lib_name: None, lib_ver: None } } }, source = Error(Some("Connection refused (os error 111)")), file = src/standalone_std/mod.rs, line = 305 }
[INFO] [stdout] stack backtrace:
[INFO] [stdout]    0:     0x56759f28d551 - <<std[617be2ca0a6fd877]::sys::backtrace::BacktraceLock>::print::DisplayBacktrace as core[a373ad73a504971]::fmt::Display>::fmt
[INFO] [stdout]    1:     0x56759f2a357a - core[a373ad73a504971]::fmt::write
[INFO] [stdout]    2:     0x56759f291b3c - <alloc[2e1b2a31b91974c5]::vec::Vec<u8> as core[a373ad73a504971]::io::write::Write>::write_fmt
[INFO] [stdout]    3:     0x56759f268676 - std[617be2ca0a6fd877]::panicking::default_hook::{closure#0}
[INFO] [stdout]    4:     0x56759f2854e9 - std[617be2ca0a6fd877]::panicking::default_hook
[INFO] [stdout]    5:     0x56759f1c28f0 - test[aada8e7e76ba119b]::test_main_inner::{closure#0}
[INFO] [stdout]    6:     0x56759f2856a2 - std[617be2ca0a6fd877]::panicking::panic_with_hook
[INFO] [stdout]    7:     0x56759f268722 - std[617be2ca0a6fd877]::panicking::panic_handler::{closure#0}
[INFO] [stdout]    8:     0x56759f261359 - std[617be2ca0a6fd877]::sys::backtrace::__rust_end_short_backtrace::<std[617be2ca0a6fd877]::panicking::panic_handler::{closure#0}, !>
[INFO] [stdout]    9:     0x56759f26951d - __rustc[ea4f61d10b84890b]::rust_begin_unwind
[INFO] [stdout]   10:     0x56759f2a3cac - core[a373ad73a504971]::panicking::panic_fmt
[INFO] [stdout]   11:     0x56759f1a7ad3 - <sabi_redis[969b111a0c4ad301]::standalone_std::unit_tests_of_data_conn::test_add_pre_commit::ok::{closure#0} as core[a373ad73a504971]::ops::function::FnOnce<()>>::call_once
[INFO] [stdout]   12:     0x56759f1b5d3b - test[aada8e7e76ba119b]::__rust_begin_short_backtrace::<core[a373ad73a504971]::result::Result<(), alloc[2e1b2a31b91974c5]::string::String>, fn() -> core[a373ad73a504971]::result::Result<(), alloc[2e1b2a31b91974c5]::string::String>>
[INFO] [stdout]   13:     0x56759f1c2f15 - test[aada8e7e76ba119b]::run_test::{closure#0}
[INFO] [stdout]   14:     0x56759f1bc804 - std[617be2ca0a6fd877]::sys::backtrace::__rust_begin_short_backtrace::<test[aada8e7e76ba119b]::run_test::{closure#1}, ()>
[INFO] [stdout]   15:     0x56759f1c5fa2 - <std[617be2ca0a6fd877]::thread::lifecycle::spawn_unchecked<test[aada8e7e76ba119b]::run_test::{closure#1}, ()>::{closure#1} as core[a373ad73a504971]::ops::function::FnOnce<()>>::call_once::{shim:vtable#0}
[INFO] [stdout]   16:     0x56759f28c88f - <std[617be2ca0a6fd877]::sys::thread::unix::Thread>::new::thread_start
[INFO] [stdout]   17:     0x752a644bddfa - <unknown>
[INFO] [stdout]   18:     0x752a645513d4 - clone
[INFO] [stdout]   19:                0x0 - <unknown>
[INFO] [stdout] 
[INFO] [stdout] ---- standalone_std::unit_tests_of_data_src::test_create_data_conn::ok stdout ----
[INFO] [stdout] 
[INFO] [stdout] thread 'standalone_std::unit_tests_of_data_src::test_create_data_conn::ok' (1717) panicked at src/standalone_std/mod.rs:767:17:
[INFO] [stdout] errs::Err { reason = sabi_redis::standalone_std::RedisError FailToBuildPool { conn_info: ConnectionInfo { addr: Tcp("127.0.0.1", 6379), tcp_settings: TcpSettings { nodelay: false, keepalive: None, user_timeout: None }, redis: RedisConnectionInfo { db: 0, username: None, password: None, protocol: RESP2, skip_set_lib_name: false, lib_name: None, lib_ver: None } } }, source = Error(Some("Connection refused (os error 111)")), file = src/standalone_std/mod.rs, line = 305 }
[INFO] [stdout] stack backtrace:
[INFO] [stdout]    0:     0x56759f28d551 - <<std[617be2ca0a6fd877]::sys::backtrace::BacktraceLock>::print::DisplayBacktrace as core[a373ad73a504971]::fmt::Display>::fmt
[INFO] [stdout]    1:     0x56759f2a357a - core[a373ad73a504971]::fmt::write
[INFO] [stdout]    2:     0x56759f291b3c - <alloc[2e1b2a31b91974c5]::vec::Vec<u8> as core[a373ad73a504971]::io::write::Write>::write_fmt
[INFO] [stdout]    3:     0x56759f268676 - std[617be2ca0a6fd877]::panicking::default_hook::{closure#0}
[INFO] [stdout]    4:     0x56759f2854e9 - std[617be2ca0a6fd877]::panicking::default_hook
[INFO] [stdout]    5:     0x56759f1c28f0 - test[aada8e7e76ba119b]::test_main_inner::{closure#0}
[INFO] [stdout]    6:     0x56759f2856a2 - std[617be2ca0a6fd877]::panicking::panic_with_hook
[INFO] [stdout]    7:     0x56759f268722 - std[617be2ca0a6fd877]::panicking::panic_handler::{closure#0}
[INFO] [stdout]    8:     0x56759f261359 - std[617be2ca0a6fd877]::sys::backtrace::__rust_end_short_backtrace::<std[617be2ca0a6fd877]::panicking::panic_handler::{closure#0}, !>
[INFO] [stdout]    9:     0x56759f26951d - __rustc[ea4f61d10b84890b]::rust_begin_unwind
[INFO] [stdout]   10:     0x56759f2a3cac - core[a373ad73a504971]::panicking::panic_fmt
[INFO] [stdout]   11:     0x56759f1a668a - <sabi_redis[969b111a0c4ad301]::standalone_std::unit_tests_of_data_src::test_create_data_conn::ok::{closure#0} as core[a373ad73a504971]::ops::function::FnOnce<()>>::call_once
[INFO] [stdout]   12:     0x56759f1b5d3b - test[aada8e7e76ba119b]::__rust_begin_short_backtrace::<core[a373ad73a504971]::result::Result<(), alloc[2e1b2a31b91974c5]::string::String>, fn() -> core[a373ad73a504971]::result::Result<(), alloc[2e1b2a31b91974c5]::string::String>>
[INFO] [stdout]   13:     0x56759f1c2f15 - test[aada8e7e76ba119b]::run_test::{closure#0}
[INFO] [stdout]   14:     0x56759f1bc804 - std[617be2ca0a6fd877]::sys::backtrace::__rust_begin_short_backtrace::<test[aada8e7e76ba119b]::run_test::{closure#1}, ()>
[INFO] [stdout]   15:     0x56759f1c5fa2 - <std[617be2ca0a6fd877]::thread::lifecycle::spawn_unchecked<test[aada8e7e76ba119b]::run_test::{closure#1}, ()>::{closure#1} as core[a373ad73a504971]::ops::function::FnOnce<()>>::call_once::{shim:vtable#0}
[INFO] [stdout]   16:     0x56759f28c88f - <std[617be2ca0a6fd877]::sys::thread::unix::Thread>::new::thread_start
[INFO] [stdout]   17:     0x752a644bddfa - <unknown>
[INFO] [stdout]   18:     0x752a645513d4 - clone
[INFO] [stdout]   19:                0x0 - <unknown>
[INFO] [stdout] 
[INFO] [stdout] ---- standalone_std::unit_tests_of_data_conn::test_add_force_back::ok stdout ----
[INFO] [stdout] 
[INFO] [stdout] thread 'standalone_std::unit_tests_of_data_conn::test_add_force_back::ok' (1679) panicked at src/standalone_std/mod.rs:1215:17:
[INFO] [stdout] errs::Err { reason = sabi_redis::standalone_std::RedisError FailToBuildPool { conn_info: ConnectionInfo { addr: Tcp("127.0.0.1", 6379), tcp_settings: TcpSettings { nodelay: false, keepalive: None, user_timeout: None }, redis: RedisConnectionInfo { db: 0, username: None, password: None, protocol: RESP2, skip_set_lib_name: false, lib_name: None, lib_ver: None } } }, source = Error(Some("Connection refused (os error 111)")), file = src/standalone_std/mod.rs, line = 305 }
[INFO] [stdout] stack backtrace:
[INFO] [stdout]    0:     0x56759f28d551 - <<std[617be2ca0a6fd877]::sys::backtrace::BacktraceLock>::print::DisplayBacktrace as core[a373ad73a504971]::fmt::Display>::fmt
[INFO] [stdout]    1:     0x56759f2a357a - core[a373ad73a504971]::fmt::write
[INFO] [stdout]    2:     0x56759f291b3c - <alloc[2e1b2a31b91974c5]::vec::Vec<u8> as core[a373ad73a504971]::io::write::Write>::write_fmt
[INFO] [stdout]    3:     0x56759f268676 - std[617be2ca0a6fd877]::panicking::default_hook::{closure#0}
[INFO] [stdout]    4:     0x56759f2854e9 - std[617be2ca0a6fd877]::panicking::default_hook
[INFO] [stdout]    5:     0x56759f1c28f0 - test[aada8e7e76ba119b]::test_main_inner::{closure#0}
[INFO] [stdout]    6:     0x56759f2856a2 - std[617be2ca0a6fd877]::panicking::panic_with_hook
[INFO] [stdout]    7:     0x56759f268722 - std[617be2ca0a6fd877]::panicking::panic_handler::{closure#0}
[INFO] [stdout]    8:     0x56759f261359 - std[617be2ca0a6fd877]::sys::backtrace::__rust_end_short_backtrace::<std[617be2ca0a6fd877]::panicking::panic_handler::{closure#0}, !>
[INFO] [stdout]    9:     0x56759f26951d - __rustc[ea4f61d10b84890b]::rust_begin_unwind
[INFO] [stdout]   10:     0x56759f2a3cac - core[a373ad73a504971]::panicking::panic_fmt
[INFO] [stdout]   11:     0x56759f1955ea - <sabi_redis[969b111a0c4ad301]::standalone_std::unit_tests_of_data_conn::test_add_force_back::ok::{closure#0} as core[a373ad73a504971]::ops::function::FnOnce<()>>::call_once
[INFO] [stdout]   12:     0x56759f1b5d3b - test[aada8e7e76ba119b]::__rust_begin_short_backtrace::<core[a373ad73a504971]::result::Result<(), alloc[2e1b2a31b91974c5]::string::String>, fn() -> core[a373ad73a504971]::result::Result<(), alloc[2e1b2a31b91974c5]::string::String>>
[INFO] [stdout]   13:     0x56759f1c2f15 - test[aada8e7e76ba119b]::run_test::{closure#0}
[INFO] [stdout]   14:     0x56759f1bc804 - std[617be2ca0a6fd877]::sys::backtrace::__rust_begin_short_backtrace::<test[aada8e7e76ba119b]::run_test::{closure#1}, ()>
[INFO] [stdout]   15:     0x56759f1c5fa2 - <std[617be2ca0a6fd877]::thread::lifecycle::spawn_unchecked<test[aada8e7e76ba119b]::run_test::{closure#1}, ()>::{closure#1} as core[a373ad73a504971]::ops::function::FnOnce<()>>::call_once::{shim:vtable#0}
[INFO] [stdout]   16:     0x56759f28c88f - <std[617be2ca0a6fd877]::sys::thread::unix::Thread>::new::thread_start
[INFO] [stdout]   17:     0x752a644bddfa - <unknown>
[INFO] [stdout]   18:     0x752a645513d4 - clone
[INFO] [stdout]   19:                0x0 - <unknown>
[INFO] [stdout] 
[INFO] [stdout] ---- standalone_std::unit_tests_of_data_src::test_new::addr_is_str_and_ok stdout ----
[INFO] [stdout] 
[INFO] [stdout] thread 'standalone_std::unit_tests_of_data_src::test_new::addr_is_str_and_ok' (1725) panicked at src/standalone_std/mod.rs:345:17:
[INFO] [stdout] errs::Err { reason = sabi_redis::standalone_std::RedisError FailToBuildPool { conn_info: ConnectionInfo { addr: Tcp("127.0.0.1", 6379), tcp_settings: TcpSettings { nodelay: false, keepalive: None, user_timeout: None }, redis: RedisConnectionInfo { db: 0, username: None, password: None, protocol: RESP2, skip_set_lib_name: false, lib_name: None, lib_ver: None } } }, source = Error(Some("Connection refused (os error 111)")), file = src/standalone_std/mod.rs, line = 305 }
[INFO] [stdout] stack backtrace:
[INFO] [stdout]    0:     0x56759f28d551 - <<std[617be2ca0a6fd877]::sys::backtrace::BacktraceLock>::print::DisplayBacktrace as core[a373ad73a504971]::fmt::Display>::fmt
[INFO] [stdout]    1:     0x56759f2a357a - core[a373ad73a504971]::fmt::write
[INFO] [stdout]    2:     0x56759f291b3c - <alloc[2e1b2a31b91974c5]::vec::Vec<u8> as core[a373ad73a504971]::io::write::Write>::write_fmt
[INFO] [stdout]    3:     0x56759f268676 - std[617be2ca0a6fd877]::panicking::default_hook::{closure#0}
[INFO] [stdout]    4:     0x56759f2854e9 - std[617be2ca0a6fd877]::panicking::default_hook
[INFO] [stdout]    5:     0x56759f1c28f0 - test[aada8e7e76ba119b]::test_main_inner::{closure#0}
[INFO] [stdout]    6:     0x56759f2856a2 - std[617be2ca0a6fd877]::panicking::panic_with_hook
[INFO] [stdout]    7:     0x56759f268722 - std[617be2ca0a6fd877]::panicking::panic_handler::{closure#0}
[INFO] [stdout]    8:     0x56759f261359 - std[617be2ca0a6fd877]::sys::backtrace::__rust_end_short_backtrace::<std[617be2ca0a6fd877]::panicking::panic_handler::{closure#0}, !>
[INFO] [stdout]    9:     0x56759f26951d - __rustc[ea4f61d10b84890b]::rust_begin_unwind
[INFO] [stdout]   10:     0x56759f2a3cac - core[a373ad73a504971]::panicking::panic_fmt
[INFO] [stdout]   11:     0x56759f19ee36 - <sabi_redis[969b111a0c4ad301]::standalone_std::unit_tests_of_data_src::test_new::addr_is_str_and_ok::{closure#0} as core[a373ad73a504971]::ops::function::FnOnce<()>>::call_once
[INFO] [stdout]   12:     0x56759f1b5d3b - test[aada8e7e76ba119b]::__rust_begin_short_backtrace::<core[a373ad73a504971]::result::Result<(), alloc[2e1b2a31b91974c5]::string::String>, fn() -> core[a373ad73a504971]::result::Result<(), alloc[2e1b2a31b91974c5]::string::String>>
[INFO] [stdout]   13:     0x56759f1c2f15 - test[aada8e7e76ba119b]::run_test::{closure#0}
[INFO] [stdout]   14:     0x56759f1bc804 - std[617be2ca0a6fd877]::sys::backtrace::__rust_begin_short_backtrace::<test[aada8e7e76ba119b]::run_test::{closure#1}, ()>
[INFO] [stdout]   15:     0x56759f1c5fa2 - <std[617be2ca0a6fd877]::thread::lifecycle::spawn_unchecked<test[aada8e7e76ba119b]::run_test::{closure#1}, ()>::{closure#1} as core[a373ad73a504971]::ops::function::FnOnce<()>>::call_once::{shim:vtable#0}
[INFO] [stdout]   16:     0x56759f28c88f - <std[617be2ca0a6fd877]::sys::thread::unix::Thread>::new::thread_start
[INFO] [stdout]   17:     0x752a644bddfa - <unknown>
[INFO] [stdout]   18:     0x752a645513d4 - clone
[INFO] [stdout]   19:                0x0 - <unknown>
[INFO] [stdout] 
[INFO] [stdout] ---- standalone_std::unit_tests_of_data_src::test_with_conn_addr_and_pool_builder::ok stdout ----
[INFO] [stdout] 
[INFO] [stdout] thread 'standalone_std::unit_tests_of_data_src::test_with_conn_addr_and_pool_builder::ok' (1755) panicked at src/standalone_std/mod.rs:621:17:
[INFO] [stdout] errs::Err { reason = sabi_redis::standalone_std::RedisError FailToBuildPool { conn_info: ConnectionInfo { addr: Tcp("127.0.0.1", 6379), tcp_settings: TcpSettings { nodelay: false, keepalive: None, user_timeout: None }, redis: RedisConnectionInfo { db: 0, username: None, password: None, protocol: RESP2, skip_set_lib_name: false, lib_name: None, lib_ver: None } } }, source = Error(Some("Connection refused (os error 111)")), file = src/standalone_std/mod.rs, line = 305 }
[INFO] [stdout] stack backtrace:
[INFO] [stdout]    0:     0x56759f28d551 - <<std[617be2ca0a6fd877]::sys::backtrace::BacktraceLock>::print::DisplayBacktrace as core[a373ad73a504971]::fmt::Display>::fmt
[INFO] [stdout]    1:     0x56759f2a357a - core[a373ad73a504971]::fmt::write
[INFO] [stdout]    2:     0x56759f291b3c - <alloc[2e1b2a31b91974c5]::vec::Vec<u8> as core[a373ad73a504971]::io::write::Write>::write_fmt
[INFO] [stdout]    3:     0x56759f268676 - std[617be2ca0a6fd877]::panicking::default_hook::{closure#0}
[INFO] [stdout]    4:     0x56759f2854e9 - std[617be2ca0a6fd877]::panicking::default_hook
[INFO] [stdout]    5:     0x56759f1c28f0 - test[aada8e7e76ba119b]::test_main_inner::{closure#0}
[INFO] [stdout]    6:     0x56759f2856a2 - std[617be2ca0a6fd877]::panicking::panic_with_hook
[INFO] [stdout]    7:     0x56759f268722 - std[617be2ca0a6fd877]::panicking::panic_handler::{closure#0}
[INFO] [stdout]    8:     0x56759f261359 - std[617be2ca0a6fd877]::sys::backtrace::__rust_end_short_backtrace::<std[617be2ca0a6fd877]::panicking::panic_handler::{closure#0}, !>
[INFO] [stdout]    9:     0x56759f26951d - __rustc[ea4f61d10b84890b]::rust_begin_unwind
[INFO] [stdout]   10:     0x56759f2a3cac - core[a373ad73a504971]::panicking::panic_fmt
[INFO] [stdout]   11:     0x56759f1b5161 - <sabi_redis[969b111a0c4ad301]::standalone_std::unit_tests_of_data_src::test_with_conn_addr_and_pool_builder::ok::{closure#0} as core[a373ad73a504971]::ops::function::FnOnce<()>>::call_once
[INFO] [stdout]   12:     0x56759f1b5d3b - test[aada8e7e76ba119b]::__rust_begin_short_backtrace::<core[a373ad73a504971]::result::Result<(), alloc[2e1b2a31b91974c5]::string::String>, fn() -> core[a373ad73a504971]::result::Result<(), alloc[2e1b2a31b91974c5]::string::String>>
[INFO] [stdout]   13:     0x56759f1c2f15 - test[aada8e7e76ba119b]::run_test::{closure#0}
[INFO] [stdout]   14:     0x56759f1bc804 - std[617be2ca0a6fd877]::sys::backtrace::__rust_begin_short_backtrace::<test[aada8e7e76ba119b]::run_test::{closure#1}, ()>
[INFO] [stdout]   15:     0x56759f1c5fa2 - <std[617be2ca0a6fd877]::thread::lifecycle::spawn_unchecked<test[aada8e7e76ba119b]::run_test::{closure#1}, ()>::{closure#1} as core[a373ad73a504971]::ops::function::FnOnce<()>>::call_once::{shim:vtable#0}
[INFO] [stdout]   16:     0x56759f28c88f - <std[617be2ca0a6fd877]::sys::thread::unix::Thread>::new::thread_start
[INFO] [stdout]   17:     0x752a644bddfa - <unknown>
[INFO] [stdout]   18:     0x752a645513d4 - clone
[INFO] [stdout]   19:                0x0 - <unknown>
[INFO] [stdout] 
[INFO] [stdout] ---- standalone_std::unit_tests_of_data_src::test_with_conn_info_and_pool_builder::ok stdout ----
[INFO] [stdout] 
[INFO] [stdout] thread 'standalone_std::unit_tests_of_data_src::test_with_conn_info_and_pool_builder::ok' (1771) panicked at src/standalone_std/mod.rs:719:17:
[INFO] [stdout] errs::Err { reason = sabi_redis::standalone_std::RedisError FailToBuildPool { conn_info: ConnectionInfo { addr: Tcp("127.0.0.1", 6379), tcp_settings: TcpSettings { nodelay: false, keepalive: None, user_timeout: None }, redis: RedisConnectionInfo { db: 0, username: None, password: None, protocol: RESP2, skip_set_lib_name: false, lib_name: None, lib_ver: None } } }, source = Error(Some("Connection refused (os error 111)")), file = src/standalone_std/mod.rs, line = 305 }
[INFO] [stdout] stack backtrace:
[INFO] [stdout]    0:     0x56759f28d551 - <<std[617be2ca0a6fd877]::sys::backtrace::BacktraceLock>::print::DisplayBacktrace as core[a373ad73a504971]::fmt::Display>::fmt
[INFO] [stdout]    1:     0x56759f2a357a - core[a373ad73a504971]::fmt::write
[INFO] [stdout]    2:     0x56759f291b3c - <alloc[2e1b2a31b91974c5]::vec::Vec<u8> as core[a373ad73a504971]::io::write::Write>::write_fmt
[INFO] [stdout]    3:     0x56759f268676 - std[617be2ca0a6fd877]::panicking::default_hook::{closure#0}
[INFO] [stdout]    4:     0x56759f2854e9 - std[617be2ca0a6fd877]::panicking::default_hook
[INFO] [stdout]    5:     0x56759f1c28f0 - test[aada8e7e76ba119b]::test_main_inner::{closure#0}
[INFO] [stdout]    6:     0x56759f2856a2 - std[617be2ca0a6fd877]::panicking::panic_with_hook
[INFO] [stdout]    7:     0x56759f268722 - std[617be2ca0a6fd877]::panicking::panic_handler::{closure#0}
[INFO] [stdout]    8:     0x56759f261359 - std[617be2ca0a6fd877]::sys::backtrace::__rust_end_short_backtrace::<std[617be2ca0a6fd877]::panicking::panic_handler::{closure#0}, !>
[INFO] [stdout]    9:     0x56759f26951d - __rustc[ea4f61d10b84890b]::rust_begin_unwind
[INFO] [stdout]   10:     0x56759f2a3cac - core[a373ad73a504971]::panicking::panic_fmt
[INFO] [stdout]   11:     0x56759f1a3d98 - <sabi_redis[969b111a0c4ad301]::standalone_std::unit_tests_of_data_src::test_with_conn_info_and_pool_builder::ok::{closure#0} as core[a373ad73a504971]::ops::function::FnOnce<()>>::call_once
[INFO] [stdout]   12:     0x56759f1b5d3b - test[aada8e7e76ba119b]::__rust_begin_short_backtrace::<core[a373ad73a504971]::result::Result<(), alloc[2e1b2a31b91974c5]::string::String>, fn() -> core[a373ad73a504971]::result::Result<(), alloc[2e1b2a31b91974c5]::string::String>>
[INFO] [stdout]   13:     0x56759f1c2f15 - test[aada8e7e76ba119b]::run_test::{closure#0}
[INFO] [stdout]   14:     0x56759f1bc804 - std[617be2ca0a6fd877]::sys::backtrace::__rust_begin_short_backtrace::<test[aada8e7e76ba119b]::run_test::{closure#1}, ()>
[INFO] [stdout]   15:     0x56759f1c5fa2 - <std[617be2ca0a6fd877]::thread::lifecycle::spawn_unchecked<test[aada8e7e76ba119b]::run_test::{closure#1}, ()>::{closure#1} as core[a373ad73a504971]::ops::function::FnOnce<()>>::call_once::{shim:vtable#0}
[INFO] [stdout]   16:     0x56759f28c88f - <std[617be2ca0a6fd877]::sys::thread::unix::Thread>::new::thread_start
[INFO] [stdout]   17:     0x752a644bddfa - <unknown>
[INFO] [stdout]   18:     0x752a645513d4 - clone
[INFO] [stdout]   19:                0x0 - <unknown>
[INFO] [stdout] 
[INFO] [stdout] ---- standalone_std::unit_tests_of_data_src::test_new::addr_is_string_and_ok stdout ----
[INFO] [stdout] 
[INFO] [stdout] thread 'standalone_std::unit_tests_of_data_src::test_new::addr_is_string_and_ok' (1730) panicked at src/standalone_std/mod.rs:377:17:
[INFO] [stdout] errs::Err { reason = sabi_redis::standalone_std::RedisError FailToBuildPool { conn_info: ConnectionInfo { addr: Tcp("127.0.0.1", 6379), tcp_settings: TcpSettings { nodelay: false, keepalive: None, user_timeout: None }, redis: RedisConnectionInfo { db: 0, username: None, password: None, protocol: RESP2, skip_set_lib_name: false, lib_name: None, lib_ver: None } } }, source = Error(Some("Connection refused (os error 111)")), file = src/standalone_std/mod.rs, line = 305 }
[INFO] [stdout] stack backtrace:
[INFO] [stdout]    0:     0x56759f28d551 - <<std[617be2ca0a6fd877]::sys::backtrace::BacktraceLock>::print::DisplayBacktrace as core[a373ad73a504971]::fmt::Display>::fmt
[INFO] [stdout]    1:     0x56759f2a357a - core[a373ad73a504971]::fmt::write
[INFO] [stdout]    2:     0x56759f291b3c - <alloc[2e1b2a31b91974c5]::vec::Vec<u8> as core[a373ad73a504971]::io::write::Write>::write_fmt
[INFO] [stdout]    3:     0x56759f268676 - std[617be2ca0a6fd877]::panicking::default_hook::{closure#0}
[INFO] [stderr] error: test failed, to rerun pass `--lib`
[INFO] [stdout]    4:     0x56759f2854e9 - std[617be2ca0a6fd877]::panicking::default_hook
[INFO] [stdout]    5:     0x56759f1c28f0 - test[aada8e7e76ba119b]::test_main_inner::{closure#0}
[INFO] [stdout]    6:     0x56759f2856a2 - std[617be2ca0a6fd877]::panicking::panic_with_hook
[INFO] [stdout]    7:     0x56759f268722 - std[617be2ca0a6fd877]::panicking::panic_handler::{closure#0}
[INFO] [stdout]    8:     0x56759f261359 - std[617be2ca0a6fd877]::sys::backtrace::__rust_end_short_backtrace::<std[617be2ca0a6fd877]::panicking::panic_handler::{closure#0}, !>
[INFO] [stdout]    9:     0x56759f26951d - __rustc[ea4f61d10b84890b]::rust_begin_unwind
[INFO] [stdout]   10:     0x56759f2a3cac - core[a373ad73a504971]::panicking::panic_fmt
[INFO] [stdout]   11:     0x56759f19ff4e - <sabi_redis[969b111a0c4ad301]::standalone_std::unit_tests_of_data_src::test_new::addr_is_string_and_ok::{closure#0} as core[a373ad73a504971]::ops::function::FnOnce<()>>::call_once
[INFO] [stdout]   12:     0x56759f1b5d3b - test[aada8e7e76ba119b]::__rust_begin_short_backtrace::<core[a373ad73a504971]::result::Result<(), alloc[2e1b2a31b91974c5]::string::String>, fn() -> core[a373ad73a504971]::result::Result<(), alloc[2e1b2a31b91974c5]::string::String>>
[INFO] [stdout]   13:     0x56759f1c2f15 - test[aada8e7e76ba119b]::run_test::{closure#0}
[INFO] [stdout]   14:     0x56759f1bc804 - std[617be2ca0a6fd877]::sys::backtrace::__rust_begin_short_backtrace::<test[aada8e7e76ba119b]::run_test::{closure#1}, ()>
[INFO] [stdout]   15:     0x56759f1c5fa2 - <std[617be2ca0a6fd877]::thread::lifecycle::spawn_unchecked<test[aada8e7e76ba119b]::run_test::{closure#1}, ()>::{closure#1} as core[a373ad73a504971]::ops::function::FnOnce<()>>::call_once::{shim:vtable#0}
[INFO] [stdout]   16:     0x56759f28c88f - <std[617be2ca0a6fd877]::sys::thread::unix::Thread>::new::thread_start
[INFO] [stdout]   17:     0x752a644bddfa - <unknown>
[INFO] [stdout]   18:     0x752a645513d4 - clone
[INFO] [stdout]   19:                0x0 - <unknown>
[INFO] [stdout] 
[INFO] [stdout] ---- standalone_std::unit_tests_of_data_src::test_with_pool_builder::addr_is_url_and_fail stdout ----
[INFO] [stdout] 
[INFO] [stdout] thread 'standalone_std::unit_tests_of_data_src::test_with_pool_builder::addr_is_url_and_fail' (1785) panicked at src/standalone_std/mod.rs:552:13:
[INFO] [stdout] assertion `left == right` failed
[INFO] [stdout]   left: "Error(Some(\"Network is unreachable (os error 101)\"))"
[INFO] [stdout]  right: "Error(None)"
[INFO] [stdout] stack backtrace:
[INFO] [stdout]    0:     0x56759f28d551 - <<std[617be2ca0a6fd877]::sys::backtrace::BacktraceLock>::print::DisplayBacktrace as core[a373ad73a504971]::fmt::Display>::fmt
[INFO] [stdout]    1:     0x56759f2a357a - core[a373ad73a504971]::fmt::write
[INFO] [stdout]    2:     0x56759f291b3c - <alloc[2e1b2a31b91974c5]::vec::Vec<u8> as core[a373ad73a504971]::io::write::Write>::write_fmt
[INFO] [stdout]    3:     0x56759f268676 - std[617be2ca0a6fd877]::panicking::default_hook::{closure#0}
[INFO] [stdout]    4:     0x56759f2854e9 - std[617be2ca0a6fd877]::panicking::default_hook
[INFO] [stdout]    5:     0x56759f1c28f0 - test[aada8e7e76ba119b]::test_main_inner::{closure#0}
[INFO] [stdout]    6:     0x56759f2856a2 - std[617be2ca0a6fd877]::panicking::panic_with_hook
[INFO] [stdout]    7:     0x56759f268722 - std[617be2ca0a6fd877]::panicking::panic_handler::{closure#0}
[INFO] [stdout]    8:     0x56759f261359 - std[617be2ca0a6fd877]::sys::backtrace::__rust_end_short_backtrace::<std[617be2ca0a6fd877]::panicking::panic_handler::{closure#0}, !>
[INFO] [stdout]    9:     0x56759f26951d - __rustc[ea4f61d10b84890b]::rust_begin_unwind
[INFO] [stdout]   10:     0x56759f2a3cac - core[a373ad73a504971]::panicking::panic_fmt
[INFO] [stdout]   11:     0x56759f2a3bc3 - core[a373ad73a504971]::panicking::assert_failed_inner
[INFO] [stdout]   12:     0x56759f1a4f01 - core[a373ad73a504971]::panicking::assert_failed::<alloc[2e1b2a31b91974c5]::string::String, &str>
[INFO] [stdout]   13:     0x56759f1ae733 - <sabi_redis[969b111a0c4ad301]::standalone_std::unit_tests_of_data_src::test_with_pool_builder::addr_is_url_and_fail::{closure#0} as core[a373ad73a504971]::ops::function::FnOnce<()>>::call_once
[INFO] [stdout]   14:     0x56759f1b5d3b - test[aada8e7e76ba119b]::__rust_begin_short_backtrace::<core[a373ad73a504971]::result::Result<(), alloc[2e1b2a31b91974c5]::string::String>, fn() -> core[a373ad73a504971]::result::Result<(), alloc[2e1b2a31b91974c5]::string::String>>
[INFO] [stdout]   15:     0x56759f1c2f15 - test[aada8e7e76ba119b]::run_test::{closure#0}
[INFO] [stdout]   16:     0x56759f1bc804 - std[617be2ca0a6fd877]::sys::backtrace::__rust_begin_short_backtrace::<test[aada8e7e76ba119b]::run_test::{closure#1}, ()>
[INFO] [stdout]   17:     0x56759f1c5fa2 - <std[617be2ca0a6fd877]::thread::lifecycle::spawn_unchecked<test[aada8e7e76ba119b]::run_test::{closure#1}, ()>::{closure#1} as core[a373ad73a504971]::ops::function::FnOnce<()>>::call_once::{shim:vtable#0}
[INFO] [stdout]   18:     0x56759f28c88f - <std[617be2ca0a6fd877]::sys::thread::unix::Thread>::new::thread_start
[INFO] [stdout]   19:     0x752a644bddfa - <unknown>
[INFO] [stdout]   20:     0x752a645513d4 - clone
[INFO] [stdout]   21:                0x0 - <unknown>
[INFO] [stdout] 
[INFO] [stdout] ---- standalone_std::unit_tests_of_data_src::test_new::addr_is_url_and_ok stdout ----
[INFO] [stdout] 
[INFO] [stdout] thread 'standalone_std::unit_tests_of_data_src::test_new::addr_is_url_and_ok' (1735) panicked at src/standalone_std/mod.rs:412:17:
[INFO] [stdout] errs::Err { reason = sabi_redis::standalone_std::RedisError FailToBuildPool { conn_info: ConnectionInfo { addr: Tcp("127.0.0.1", 6379), tcp_settings: TcpSettings { nodelay: false, keepalive: None, user_timeout: None }, redis: RedisConnectionInfo { db: 0, username: None, password: None, protocol: RESP2, skip_set_lib_name: false, lib_name: None, lib_ver: None } } }, source = Error(Some("Connection refused (os error 111)")), file = src/standalone_std/mod.rs, line = 305 }
[INFO] [stdout] stack backtrace:
[INFO] [stdout]    0:     0x56759f28d551 - <<std[617be2ca0a6fd877]::sys::backtrace::BacktraceLock>::print::DisplayBacktrace as core[a373ad73a504971]::fmt::Display>::fmt
[INFO] [stdout]    1:     0x56759f2a357a - core[a373ad73a504971]::fmt::write
[INFO] [stdout]    2:     0x56759f291b3c - <alloc[2e1b2a31b91974c5]::vec::Vec<u8> as core[a373ad73a504971]::io::write::Write>::write_fmt
[INFO] [stdout]    3:     0x56759f268676 - std[617be2ca0a6fd877]::panicking::default_hook::{closure#0}
[INFO] [stdout]    4:     0x56759f2854e9 - std[617be2ca0a6fd877]::panicking::default_hook
[INFO] [stdout]    5:     0x56759f1c28f0 - test[aada8e7e76ba119b]::test_main_inner::{closure#0}
[INFO] [stdout]    6:     0x56759f2856a2 - std[617be2ca0a6fd877]::panicking::panic_with_hook
[INFO] [stdout]    7:     0x56759f268722 - std[617be2ca0a6fd877]::panicking::panic_handler::{closure#0}
[INFO] [stdout]    8:     0x56759f261359 - std[617be2ca0a6fd877]::sys::backtrace::__rust_end_short_backtrace::<std[617be2ca0a6fd877]::panicking::panic_handler::{closure#0}, !>
[INFO] [stdout]    9:     0x56759f26951d - __rustc[ea4f61d10b84890b]::rust_begin_unwind
[INFO] [stdout]   10:     0x56759f2a3cac - core[a373ad73a504971]::panicking::panic_fmt
[INFO] [stdout]   11:     0x56759f19f207 - <sabi_redis[969b111a0c4ad301]::standalone_std::unit_tests_of_data_src::test_new::addr_is_url_and_ok::{closure#0} as core[a373ad73a504971]::ops::function::FnOnce<()>>::call_once
[INFO] [stdout]   12:     0x56759f1b5d3b - test[aada8e7e76ba119b]::__rust_begin_short_backtrace::<core[a373ad73a504971]::result::Result<(), alloc[2e1b2a31b91974c5]::string::String>, fn() -> core[a373ad73a504971]::result::Result<(), alloc[2e1b2a31b91974c5]::string::String>>
[INFO] [stdout]   13:     0x56759f1c2f15 - test[aada8e7e76ba119b]::run_test::{closure#0}
[INFO] [stdout]   14:     0x56759f1bc804 - std[617be2ca0a6fd877]::sys::backtrace::__rust_begin_short_backtrace::<test[aada8e7e76ba119b]::run_test::{closure#1}, ()>
[INFO] [stdout]   15:     0x56759f1c5fa2 - <std[617be2ca0a6fd877]::thread::lifecycle::spawn_unchecked<test[aada8e7e76ba119b]::run_test::{closure#1}, ()>::{closure#1} as core[a373ad73a504971]::ops::function::FnOnce<()>>::call_once::{shim:vtable#0}
[INFO] [stdout]   16:     0x56759f28c88f - <std[617be2ca0a6fd877]::sys::thread::unix::Thread>::new::thread_start
[INFO] [stdout]   17:     0x752a644bddfa - <unknown>
[INFO] [stdout]   18:     0x752a645513d4 - clone
[INFO] [stdout]   19:                0x0 - <unknown>
[INFO] [stdout] 
[INFO] [stdout] ---- standalone_std::unit_tests_of_data_src::test_setup::fail_due_to_setup_twice stdout ----
[INFO] [stdout] 
[INFO] [stdout] thread 'standalone_std::unit_tests_of_data_src::test_setup::fail_due_to_setup_twice' (1736) panicked at src/standalone_std/mod.rs:834:17:
[INFO] [stdout] errs::Err { reason = sabi_redis::standalone_std::RedisError FailToBuildPool { conn_info: ConnectionInfo { addr: Tcp("127.0.0.1", 6379), tcp_settings: TcpSettings { nodelay: false, keepalive: None, user_timeout: None }, redis: RedisConnectionInfo { db: 0, username: None, password: None, protocol: RESP2, skip_set_lib_name: false, lib_name: None, lib_ver: None } } }, source = Error(Some("Connection refused (os error 111)")), file = src/standalone_std/mod.rs, line = 305 }
[INFO] [stdout] stack backtrace:
[INFO] [stdout]    0:     0x56759f28d551 - <<std[617be2ca0a6fd877]::sys::backtrace::BacktraceLock>::print::DisplayBacktrace as core[a373ad73a504971]::fmt::Display>::fmt
[INFO] [stdout]    1:     0x56759f2a357a - core[a373ad73a504971]::fmt::write
[INFO] [stdout]    2:     0x56759f291b3c - <alloc[2e1b2a31b91974c5]::vec::Vec<u8> as core[a373ad73a504971]::io::write::Write>::write_fmt
[INFO] [stdout]    3:     0x56759f268676 - std[617be2ca0a6fd877]::panicking::default_hook::{closure#0}
[INFO] [stdout]    4:     0x56759f2854e9 - std[617be2ca0a6fd877]::panicking::default_hook
[INFO] [stdout]    5:     0x56759f1c28f0 - test[aada8e7e76ba119b]::test_main_inner::{closure#0}
[INFO] [stdout]    6:     0x56759f2856a2 - std[617be2ca0a6fd877]::panicking::panic_with_hook
[INFO] [stdout]    7:     0x56759f268722 - std[617be2ca0a6fd877]::panicking::panic_handler::{closure#0}
[INFO] [stdout]    8:     0x56759f261359 - std[617be2ca0a6fd877]::sys::backtrace::__rust_end_short_backtrace::<std[617be2ca0a6fd877]::panicking::panic_handler::{closure#0}, !>
[INFO] [stdout]    9:     0x56759f26951d - __rustc[ea4f61d10b84890b]::rust_begin_unwind
[INFO] [stdout]   10:     0x56759f2a3cac - core[a373ad73a504971]::panicking::panic_fmt
[INFO] [stdout]   11:     0x56759f1a3107 - <sabi_redis[969b111a0c4ad301]::standalone_std::unit_tests_of_data_src::test_setup::fail_due_to_setup_twice::{closure#0} as core[a373ad73a504971]::ops::function::FnOnce<()>>::call_once
[INFO] [stdout]   12:     0x56759f1b5d3b - test[aada8e7e76ba119b]::__rust_begin_short_backtrace::<core[a373ad73a504971]::result::Result<(), alloc[2e1b2a31b91974c5]::string::String>, fn() -> core[a373ad73a504971]::result::Result<(), alloc[2e1b2a31b91974c5]::string::String>>
[INFO] [stdout]   13:     0x56759f1c2f15 - test[aada8e7e76ba119b]::run_test::{closure#0}
[INFO] [stdout]   14:     0x56759f1bc804 - std[617be2ca0a6fd877]::sys::backtrace::__rust_begin_short_backtrace::<test[aada8e7e76ba119b]::run_test::{closure#1}, ()>
[INFO] [stdout]   15:     0x56759f1c5fa2 - <std[617be2ca0a6fd877]::thread::lifecycle::spawn_unchecked<test[aada8e7e76ba119b]::run_test::{closure#1}, ()>::{closure#1} as core[a373ad73a504971]::ops::function::FnOnce<()>>::call_once::{shim:vtable#0}
[INFO] [stdout]   16:     0x56759f28c88f - <std[617be2ca0a6fd877]::sys::thread::unix::Thread>::new::thread_start
[INFO] [stdout]   17:     0x752a644bddfa - <unknown>
[INFO] [stdout]   18:     0x752a645513d4 - clone
[INFO] [stdout]   19:                0x0 - <unknown>
[INFO] [stdout] 
[INFO] [stdout] ---- standalone_std::unit_tests_of_data_src::test_with_conn_addr::ok stdout ----
[INFO] [stdout] 
[INFO] [stdout] thread 'standalone_std::unit_tests_of_data_src::test_with_conn_addr::ok' (1747) panicked at src/standalone_std/mod.rs:573:17:
[INFO] [stdout] errs::Err { reason = sabi_redis::standalone_std::RedisError FailToBuildPool { conn_info: ConnectionInfo { addr: Tcp("127.0.0.1", 6379), tcp_settings: TcpSettings { nodelay: false, keepalive: None, user_timeout: None }, redis: RedisConnectionInfo { db: 0, username: None, password: None, protocol: RESP2, skip_set_lib_name: false, lib_name: None, lib_ver: None } } }, source = Error(Some("Connection refused (os error 111)")), file = src/standalone_std/mod.rs, line = 305 }
[INFO] [stdout] stack backtrace:
[INFO] [stdout]    0:     0x56759f28d551 - <<std[617be2ca0a6fd877]::sys::backtrace::BacktraceLock>::print::DisplayBacktrace as core[a373ad73a504971]::fmt::Display>::fmt
[INFO] [stdout]    1:     0x56759f2a357a - core[a373ad73a504971]::fmt::write
[INFO] [stdout]    2:     0x56759f291b3c - <alloc[2e1b2a31b91974c5]::vec::Vec<u8> as core[a373ad73a504971]::io::write::Write>::write_fmt
[INFO] [stdout]    3:     0x56759f268676 - std[617be2ca0a6fd877]::panicking::default_hook::{closure#0}
[INFO] [stdout]    4:     0x56759f2854e9 - std[617be2ca0a6fd877]::panicking::default_hook
[INFO] [stdout]    5:     0x56759f1c28f0 - test[aada8e7e76ba119b]::test_main_inner::{closure#0}
[INFO] [stdout]    6:     0x56759f2856a2 - std[617be2ca0a6fd877]::panicking::panic_with_hook
[INFO] [stdout]    7:     0x56759f268722 - std[617be2ca0a6fd877]::panicking::panic_handler::{closure#0}
[INFO] [stdout]    8:     0x56759f261359 - std[617be2ca0a6fd877]::sys::backtrace::__rust_end_short_backtrace::<std[617be2ca0a6fd877]::panicking::panic_handler::{closure#0}, !>
[INFO] [stdout]    9:     0x56759f26951d - __rustc[ea4f61d10b84890b]::rust_begin_unwind
[INFO] [stdout]   10:     0x56759f2a3cac - core[a373ad73a504971]::panicking::panic_fmt
[INFO] [stdout]   11:     0x56759f1a34f1 - <sabi_redis[969b111a0c4ad301]::standalone_std::unit_tests_of_data_src::test_with_conn_addr::ok::{closure#0} as core[a373ad73a504971]::ops::function::FnOnce<()>>::call_once
[INFO] [stdout]   12:     0x56759f1b5d3b - test[aada8e7e76ba119b]::__rust_begin_short_backtrace::<core[a373ad73a504971]::result::Result<(), alloc[2e1b2a31b91974c5]::string::String>, fn() -> core[a373ad73a504971]::result::Result<(), alloc[2e1b2a31b91974c5]::string::String>>
[INFO] [stdout]   13:     0x56759f1c2f15 - test[aada8e7e76ba119b]::run_test::{closure#0}
[INFO] [stdout]   14:     0x56759f1bc804 - std[617be2ca0a6fd877]::sys::backtrace::__rust_begin_short_backtrace::<test[aada8e7e76ba119b]::run_test::{closure#1}, ()>
[INFO] [stdout]   15:     0x56759f1c5fa2 - <std[617be2ca0a6fd877]::thread::lifecycle::spawn_unchecked<test[aada8e7e76ba119b]::run_test::{closure#1}, ()>::{closure#1} as core[a373ad73a504971]::ops::function::FnOnce<()>>::call_once::{shim:vtable#0}
[INFO] [stdout]   16:     0x56759f28c88f - <std[617be2ca0a6fd877]::sys::thread::unix::Thread>::new::thread_start
[INFO] [stdout]   17:     0x752a644bddfa - <unknown>
[INFO] [stdout]   18:     0x752a645513d4 - clone
[INFO] [stdout]   19:                0x0 - <unknown>
[INFO] [stdout] 
[INFO] [stdout] ---- standalone_std::unit_tests_of_data_src::test_with_conn_info::ok stdout ----
[INFO] [stdout] 
[INFO] [stdout] thread 'standalone_std::unit_tests_of_data_src::test_with_conn_info::ok' (1763) panicked at src/standalone_std/mod.rs:670:17:
[INFO] [stdout] errs::Err { reason = sabi_redis::standalone_std::RedisError FailToBuildPool { conn_info: ConnectionInfo { addr: Tcp("127.0.0.1", 6379), tcp_settings: TcpSettings { nodelay: false, keepalive: None, user_timeout: None }, redis: RedisConnectionInfo { db: 0, username: None, password: None, protocol: RESP2, skip_set_lib_name: false, lib_name: None, lib_ver: None } } }, source = Error(Some("Connection refused (os error 111)")), file = src/standalone_std/mod.rs, line = 305 }
[INFO] [stdout] stack backtrace:
[INFO] [stdout]    0:     0x56759f28d551 - <<std[617be2ca0a6fd877]::sys::backtrace::BacktraceLock>::print::DisplayBacktrace as core[a373ad73a504971]::fmt::Display>::fmt
[INFO] [stdout]    1:     0x56759f2a357a - core[a373ad73a504971]::fmt::write
[INFO] [stdout]    2:     0x56759f291b3c - <alloc[2e1b2a31b91974c5]::vec::Vec<u8> as core[a373ad73a504971]::io::write::Write>::write_fmt
[INFO] [stdout]    3:     0x56759f268676 - std[617be2ca0a6fd877]::panicking::default_hook::{closure#0}
[INFO] [stdout]    4:     0x56759f2854e9 - std[617be2ca0a6fd877]::panicking::default_hook
[INFO] [stdout]    5:     0x56759f1c28f0 - test[aada8e7e76ba119b]::test_main_inner::{closure#0}
[INFO] [stdout]    6:     0x56759f2856a2 - std[617be2ca0a6fd877]::panicking::panic_with_hook
[INFO] [stdout]    7:     0x56759f268722 - std[617be2ca0a6fd877]::panicking::panic_handler::{closure#0}
[INFO] [stdout]    8:     0x56759f261359 - std[617be2ca0a6fd877]::sys::backtrace::__rust_end_short_backtrace::<std[617be2ca0a6fd877]::panicking::panic_handler::{closure#0}, !>
[INFO] [stdout]    9:     0x56759f26951d - __rustc[ea4f61d10b84890b]::rust_begin_unwind
[INFO] [stdout]   10:     0x56759f2a3cac - core[a373ad73a504971]::panicking::panic_fmt
[INFO] [stdout]   11:     0x56759f1b4884 - <sabi_redis[969b111a0c4ad301]::standalone_std::unit_tests_of_data_src::test_with_conn_info::ok::{closure#0} as core[a373ad73a504971]::ops::function::FnOnce<()>>::call_once
[INFO] [stdout]   12:     0x56759f1b5d3b - test[aada8e7e76ba119b]::__rust_begin_short_backtrace::<core[a373ad73a504971]::result::Result<(), alloc[2e1b2a31b91974c5]::string::String>, fn() -> core[a373ad73a504971]::result::Result<(), alloc[2e1b2a31b91974c5]::string::String>>
[INFO] [stdout]   13:     0x56759f1c2f15 - test[aada8e7e76ba119b]::run_test::{closure#0}
[INFO] [stdout]   14:     0x56759f1bc804 - std[617be2ca0a6fd877]::sys::backtrace::__rust_begin_short_backtrace::<test[aada8e7e76ba119b]::run_test::{closure#1}, ()>
[INFO] [stdout]   15:     0x56759f1c5fa2 - <std[617be2ca0a6fd877]::thread::lifecycle::spawn_unchecked<test[aada8e7e76ba119b]::run_test::{closure#1}, ()>::{closure#1} as core[a373ad73a504971]::ops::function::FnOnce<()>>::call_once::{shim:vtable#0}
[INFO] [stdout]   16:     0x56759f28c88f - <std[617be2ca0a6fd877]::sys::thread::unix::Thread>::new::thread_start
[INFO] [stdout]   17:     0x752a644bddfa - <unknown>
[INFO] [stdout]   18:     0x752a645513d4 - clone
[INFO] [stdout]   19:                0x0 - <unknown>
[INFO] [stdout] 
[INFO] [stdout] ---- standalone_std::unit_tests_of_data_src::test_with_pool_builder::addr_is_str_and_ok stdout ----
[INFO] [stdout] 
[INFO] [stdout] thread 'standalone_std::unit_tests_of_data_src::test_with_pool_builder::addr_is_str_and_ok' (1776) panicked at src/standalone_std/mod.rs:454:17:
[INFO] [stdout] errs::Err { reason = sabi_redis::standalone_std::RedisError FailToBuildPool { conn_info: ConnectionInfo { addr: Tcp("127.0.0.1", 6379), tcp_settings: TcpSettings { nodelay: false, keepalive: None, user_timeout: None }, redis: RedisConnectionInfo { db: 0, username: None, password: None, protocol: RESP2, skip_set_lib_name: false, lib_name: None, lib_ver: None } } }, source = Error(Some("Connection refused (os error 111)")), file = src/standalone_std/mod.rs, line = 305 }
[INFO] [stdout] stack backtrace:
[INFO] [stdout]    0:     0x56759f28d551 - <<std[617be2ca0a6fd877]::sys::backtrace::BacktraceLock>::print::DisplayBacktrace as core[a373ad73a504971]::fmt::Display>::fmt
[INFO] [stdout]    1:     0x56759f2a357a - core[a373ad73a504971]::fmt::write
[INFO] [stdout]    2:     0x56759f291b3c - <alloc[2e1b2a31b91974c5]::vec::Vec<u8> as core[a373ad73a504971]::io::write::Write>::write_fmt
[INFO] [stdout]    3:     0x56759f268676 - std[617be2ca0a6fd877]::panicking::default_hook::{closure#0}
[INFO] [stdout]    4:     0x56759f2854e9 - std[617be2ca0a6fd877]::panicking::default_hook
[INFO] [stdout]    5:     0x56759f1c28f0 - test[aada8e7e76ba119b]::test_main_inner::{closure#0}
[INFO] [stdout]    6:     0x56759f2856a2 - std[617be2ca0a6fd877]::panicking::panic_with_hook
[INFO] [stdout]    7:     0x56759f268722 - std[617be2ca0a6fd877]::panicking::panic_handler::{closure#0}
[INFO] [stdout]    8:     0x56759f261359 - std[617be2ca0a6fd877]::sys::backtrace::__rust_end_short_backtrace::<std[617be2ca0a6fd877]::panicking::panic_handler::{closure#0}, !>
[INFO] [stdout]    9:     0x56759f26951d - __rustc[ea4f61d10b84890b]::rust_begin_unwind
[INFO] [stdout]   10:     0x56759f2a3cac - core[a373ad73a504971]::panicking::panic_fmt
[INFO] [stdout]   11:     0x56759f1ad938 - <sabi_redis[969b111a0c4ad301]::standalone_std::unit_tests_of_data_src::test_with_pool_builder::addr_is_str_and_ok::{closure#0} as core[a373ad73a504971]::ops::function::FnOnce<()>>::call_once
[INFO] [stdout]   12:     0x56759f1b5d3b - test[aada8e7e76ba119b]::__rust_begin_short_backtrace::<core[a373ad73a504971]::result::Result<(), alloc[2e1b2a31b91974c5]::string::String>, fn() -> core[a373ad73a504971]::result::Result<(), alloc[2e1b2a31b91974c5]::string::String>>
[INFO] [stdout]   13:     0x56759f1c2f15 - test[aada8e7e76ba119b]::run_test::{closure#0}
[INFO] [stdout]   14:     0x56759f1bc804 - std[617be2ca0a6fd877]::sys::backtrace::__rust_begin_short_backtrace::<test[aada8e7e76ba119b]::run_test::{closure#1}, ()>
[INFO] [stdout]   15:     0x56759f1c5fa2 - <std[617be2ca0a6fd877]::thread::lifecycle::spawn_unchecked<test[aada8e7e76ba119b]::run_test::{closure#1}, ()>::{closure#1} as core[a373ad73a504971]::ops::function::FnOnce<()>>::call_once::{shim:vtable#0}
[INFO] [stdout]   16:     0x56759f28c88f - <std[617be2ca0a6fd877]::sys::thread::unix::Thread>::new::thread_start
[INFO] [stdout]   17:     0x752a644bddfa - <unknown>
[INFO] [stdout]   18:     0x752a645513d4 - clone
[INFO] [stdout]   19:                0x0 - <unknown>
[INFO] [stdout] 
[INFO] [stdout] ---- standalone_std::unit_tests_of_data_src::test_with_pool_builder::addr_is_string_and_ok stdout ----
[INFO] [stdout] 
[INFO] [stdout] thread 'standalone_std::unit_tests_of_data_src::test_with_pool_builder::addr_is_string_and_ok' (1781) panicked at src/standalone_std/mod.rs:489:17:
[INFO] [stdout] errs::Err { reason = sabi_redis::standalone_std::RedisError FailToBuildPool { conn_info: ConnectionInfo { addr: Tcp("127.0.0.1", 6379), tcp_settings: TcpSettings { nodelay: false, keepalive: None, user_timeout: None }, redis: RedisConnectionInfo { db: 0, username: None, password: None, protocol: RESP2, skip_set_lib_name: false, lib_name: None, lib_ver: None } } }, source = Error(Some("Connection refused (os error 111)")), file = src/standalone_std/mod.rs, line = 305 }
[INFO] [stdout] stack backtrace:
[INFO] [stdout]    0:     0x56759f28d551 - <<std[617be2ca0a6fd877]::sys::backtrace::BacktraceLock>::print::DisplayBacktrace as core[a373ad73a504971]::fmt::Display>::fmt
[INFO] [stdout]    1:     0x56759f2a357a - core[a373ad73a504971]::fmt::write
[INFO] [stdout]    2:     0x56759f291b3c - <alloc[2e1b2a31b91974c5]::vec::Vec<u8> as core[a373ad73a504971]::io::write::Write>::write_fmt
[INFO] [stdout]    3:     0x56759f268676 - std[617be2ca0a6fd877]::panicking::default_hook::{closure#0}
[INFO] [stdout]    4:     0x56759f2854e9 - std[617be2ca0a6fd877]::panicking::default_hook
[INFO] [stdout]    5:     0x56759f1c28f0 - test[aada8e7e76ba119b]::test_main_inner::{closure#0}
[INFO] [stdout]    6:     0x56759f2856a2 - std[617be2ca0a6fd877]::panicking::panic_with_hook
[INFO] [stdout]    7:     0x56759f268722 - std[617be2ca0a6fd877]::panicking::panic_handler::{closure#0}
[INFO] [stdout]    8:     0x56759f261359 - std[617be2ca0a6fd877]::sys::backtrace::__rust_end_short_backtrace::<std[617be2ca0a6fd877]::panicking::panic_handler::{closure#0}, !>
[INFO] [stdout]    9:     0x56759f26951d - __rustc[ea4f61d10b84890b]::rust_begin_unwind
[INFO] [stdout]   10:     0x56759f2a3cac - core[a373ad73a504971]::panicking::panic_fmt
[INFO] [stdout]   11:     0x56759f1aeaf4 - <sabi_redis[969b111a0c4ad301]::standalone_std::unit_tests_of_data_src::test_with_pool_builder::addr_is_string_and_ok::{closure#0} as core[a373ad73a504971]::ops::function::FnOnce<()>>::call_once
[INFO] [stdout]   12:     0x56759f1b5d3b - test[aada8e7e76ba119b]::__rust_begin_short_backtrace::<core[a373ad73a504971]::result::Result<(), alloc[2e1b2a31b91974c5]::string::String>, fn() -> core[a373ad73a504971]::result::Result<(), alloc[2e1b2a31b91974c5]::string::String>>
[INFO] [stdout]   13:     0x56759f1c2f15 - test[aada8e7e76ba119b]::run_test::{closure#0}
[INFO] [stdout]   14:     0x56759f1bc804 - std[617be2ca0a6fd877]::sys::backtrace::__rust_begin_short_backtrace::<test[aada8e7e76ba119b]::run_test::{closure#1}, ()>
[INFO] [stdout]   15:     0x56759f1c5fa2 - <std[617be2ca0a6fd877]::thread::lifecycle::spawn_unchecked<test[aada8e7e76ba119b]::run_test::{closure#1}, ()>::{closure#1} as core[a373ad73a504971]::ops::function::FnOnce<()>>::call_once::{shim:vtable#0}
[INFO] [stdout]   16:     0x56759f28c88f - <std[617be2ca0a6fd877]::sys::thread::unix::Thread>::new::thread_start
[INFO] [stdout]   17:     0x752a644bddfa - <unknown>
[INFO] [stdout]   18:     0x752a645513d4 - clone
[INFO] [stdout]   19:                0x0 - <unknown>
[INFO] [stdout] 
[INFO] [stdout] ---- standalone_std::unit_tests_of_data_src::test_with_pool_builder::addr_is_url_and_ok stdout ----
[INFO] [stdout] 
[INFO] [stdout] thread 'standalone_std::unit_tests_of_data_src::test_with_pool_builder::addr_is_url_and_ok' (1789) panicked at src/standalone_std/mod.rs:526:17:
[INFO] [stdout] errs::Err { reason = sabi_redis::standalone_std::RedisError FailToBuildPool { conn_info: ConnectionInfo { addr: Tcp("127.0.0.1", 6379), tcp_settings: TcpSettings { nodelay: false, keepalive: None, user_timeout: None }, redis: RedisConnectionInfo { db: 0, username: None, password: None, protocol: RESP2, skip_set_lib_name: false, lib_name: None, lib_ver: None } } }, source = Error(Some("Connection refused (os error 111)")), file = src/standalone_std/mod.rs, line = 305 }
[INFO] [stdout] stack backtrace:
[INFO] [stdout]    0:     0x56759f28d551 - <<std[617be2ca0a6fd877]::sys::backtrace::BacktraceLock>::print::DisplayBacktrace as core[a373ad73a504971]::fmt::Display>::fmt
[INFO] [stdout]    1:     0x56759f2a357a - core[a373ad73a504971]::fmt::write
[INFO] [stdout]    2:     0x56759f291b3c - <alloc[2e1b2a31b91974c5]::vec::Vec<u8> as core[a373ad73a504971]::io::write::Write>::write_fmt
[INFO] [stdout]    3:     0x56759f268676 - std[617be2ca0a6fd877]::panicking::default_hook::{closure#0}
[INFO] [stdout]    4:     0x56759f2854e9 - std[617be2ca0a6fd877]::panicking::default_hook
[INFO] [stdout]    5:     0x56759f1c28f0 - test[aada8e7e76ba119b]::test_main_inner::{closure#0}
[INFO] [stdout]    6:     0x56759f2856a2 - std[617be2ca0a6fd877]::panicking::panic_with_hook
[INFO] [stdout]    7:     0x56759f268722 - std[617be2ca0a6fd877]::panicking::panic_handler::{closure#0}
[INFO] [stdout]    8:     0x56759f261359 - std[617be2ca0a6fd877]::sys::backtrace::__rust_end_short_backtrace::<std[617be2ca0a6fd877]::panicking::panic_handler::{closure#0}, !>
[INFO] [stdout]    9:     0x56759f26951d - __rustc[ea4f61d10b84890b]::rust_begin_unwind
[INFO] [stdout]   10:     0x56759f2a3cac - core[a373ad73a504971]::panicking::panic_fmt
[INFO] [stdout]   11:     0x56759f1add19 - <sabi_redis[969b111a0c4ad301]::standalone_std::unit_tests_of_data_src::test_with_pool_builder::addr_is_url_and_ok::{closure#0} as core[a373ad73a504971]::ops::function::FnOnce<()>>::call_once
[INFO] [stdout]   12:     0x56759f1b5d3b - test[aada8e7e76ba119b]::__rust_begin_short_backtrace::<core[a373ad73a504971]::result::Result<(), alloc[2e1b2a31b91974c5]::string::String>, fn() -> core[a373ad73a504971]::result::Result<(), alloc[2e1b2a31b91974c5]::string::String>>
[INFO] [stdout]   13:     0x56759f1c2f15 - test[aada8e7e76ba119b]::run_test::{closure#0}
[INFO] [stdout]   14:     0x56759f1bc804 - std[617be2ca0a6fd877]::sys::backtrace::__rust_begin_short_backtrace::<test[aada8e7e76ba119b]::run_test::{closure#1}, ()>
[INFO] [stdout]   15:     0x56759f1c5fa2 - <std[617be2ca0a6fd877]::thread::lifecycle::spawn_unchecked<test[aada8e7e76ba119b]::run_test::{closure#1}, ()>::{closure#1} as core[a373ad73a504971]::ops::function::FnOnce<()>>::call_once::{shim:vtable#0}
[INFO] [stdout]   16:     0x56759f28c88f - <std[617be2ca0a6fd877]::sys::thread::unix::Thread>::new::thread_start
[INFO] [stdout]   17:     0x752a644bddfa - <unknown>
[INFO] [stdout]   18:     0x752a645513d4 - clone
[INFO] [stdout]   19:                0x0 - <unknown>
[INFO] [stdout] 
[INFO] [stdout] ---- standalone_std::pubsub::unit_tests::test_new::addr_is_string_and_ok stdout ----
[INFO] [stdout] 
[INFO] [stdout] thread '<unnamed>' (1662) panicked at src/standalone_std/pubsub.rs:276:31:
[INFO] [stdout] called `Result::unwrap()` on an `Err` value: errs::Err { reason = sabi_redis::standalone_std::RedisError FailToBuildPool { conn_info: ConnectionInfo { addr: Tcp("127.0.0.1", 6379), tcp_settings: TcpSettings { nodelay: false, keepalive: None, user_timeout: None }, redis: RedisConnectionInfo { db: 0, username: None, password: None, protocol: RESP2, skip_set_lib_name: false, lib_name: None, lib_ver: None } } }, source = Error(Some("Connection refused (os error 111)")), file = src/standalone_std/mod.rs, line = 305 }
[INFO] [stdout] stack backtrace:
[INFO] [stdout]    0:     0x56759f28d551 - <<std[617be2ca0a6fd877]::sys::backtrace::BacktraceLock>::print::DisplayBacktrace as core[a373ad73a504971]::fmt::Display>::fmt
[INFO] [stdout]    1:     0x56759f2a357a - core[a373ad73a504971]::fmt::write
[INFO] [stdout]    2:     0x56759f291b3c - <alloc[2e1b2a31b91974c5]::vec::Vec<u8> as core[a373ad73a504971]::io::write::Write>::write_fmt
[INFO] [stdout]    3:     0x56759f268676 - std[617be2ca0a6fd877]::panicking::default_hook::{closure#0}
[INFO] [stdout]    4:     0x56759f2854e9 - std[617be2ca0a6fd877]::panicking::default_hook
[INFO] [stdout]    5:     0x56759f1c28f0 - test[aada8e7e76ba119b]::test_main_inner::{closure#0}
[INFO] [stdout]    6:     0x56759f2856a2 - std[617be2ca0a6fd877]::panicking::panic_with_hook
[INFO] [stdout]    7:     0x56759f268722 - std[617be2ca0a6fd877]::panicking::panic_handler::{closure#0}
[INFO] [stdout]    8:     0x56759f261359 - std[617be2ca0a6fd877]::sys::backtrace::__rust_end_short_backtrace::<std[617be2ca0a6fd877]::panicking::panic_handler::{closure#0}, !>
[INFO] [stdout]    9:     0x56759f26951d - __rustc[ea4f61d10b84890b]::rust_begin_unwind
[INFO] [stdout]   10:     0x56759f2a3cac - core[a373ad73a504971]::panicking::panic_fmt
[INFO] [stdout]   11:     0x56759f2a3a82 - core[a373ad73a504971]::result::unwrap_failed
[INFO] [stdout]   12:     0x56759f19de4a - std[617be2ca0a6fd877]::sys::backtrace::__rust_begin_short_backtrace::<sabi_redis[969b111a0c4ad301]::standalone_std::pubsub::unit_tests::publish::{closure#0}, ()>
[INFO] [stdout]   13:     0x56759f1b01ef - <std[617be2ca0a6fd877]::thread::lifecycle::spawn_unchecked<sabi_redis[969b111a0c4ad301]::standalone_std::pubsub::unit_tests::publish::{closure#0}, ()>::{closure#1} as core[a373ad73a504971]::ops::function::FnOnce<()>>::call_once::{shim:vtable#0}
[INFO] [stdout]   14:     0x56759f28c88f - <std[617be2ca0a6fd877]::sys::thread::unix::Thread>::new::thread_start
[INFO] [stdout]   15:     0x752a644bddfa - <unknown>
[INFO] [stdout]   16:     0x752a645513d4 - clone
[INFO] [stdout]   17:                0x0 - <unknown>
[INFO] [stdout] 
[INFO] [stdout] thread 'standalone_std::pubsub::unit_tests::test_new::addr_is_string_and_ok' (1656) panicked at src/standalone_std/pubsub.rs:340:18:
[INFO] [stdout] called `Result::unwrap()` on an `Err` value: errs::Err { reason = sabi_redis::standalone_std::pubsub::RedisPubSubSubscriberError FailToGetConnection { conn_info: ConnectionInfo { addr: Tcp("127.0.0.1", 6379), tcp_settings: TcpSettings { nodelay: false, keepalive: None, user_timeout: None }, redis: RedisConnectionInfo { db: 0, username: None, password: None, protocol: RESP2, skip_set_lib_name: false, lib_name: None, lib_ver: None } } }, source = Connection refused (os error 111), file = src/standalone_std/pubsub.rs, line = 206 }
[INFO] [stdout] stack backtrace:
[INFO] [stdout]    0:     0x56759f28d551 - <<std[617be2ca0a6fd877]::sys::backtrace::BacktraceLock>::print::DisplayBacktrace as core[a373ad73a504971]::fmt::Display>::fmt
[INFO] [stdout]    1:     0x56759f2a357a - core[a373ad73a504971]::fmt::write
[INFO] [stdout]    2:     0x56759f291b3c - <alloc[2e1b2a31b91974c5]::vec::Vec<u8> as core[a373ad73a504971]::io::write::Write>::write_fmt
[INFO] [stdout]    3:     0x56759f268676 - std[617be2ca0a6fd877]::panicking::default_hook::{closure#0}
[INFO] [stdout]    4:     0x56759f2854e9 - std[617be2ca0a6fd877]::panicking::default_hook
[INFO] [stdout]    5:     0x56759f1c28f0 - test[aada8e7e76ba119b]::test_main_inner::{closure#0}
[INFO] [stdout]    6:     0x56759f2856a2 - std[617be2ca0a6fd877]::panicking::panic_with_hook
[INFO] [stdout]    7:     0x56759f268722 - std[617be2ca0a6fd877]::panicking::panic_handler::{closure#0}
[INFO] [stdout]    8:     0x56759f261359 - std[617be2ca0a6fd877]::sys::backtrace::__rust_end_short_backtrace::<std[617be2ca0a6fd877]::panicking::panic_handler::{closure#0}, !>
[INFO] [stdout]    9:     0x56759f26951d - __rustc[ea4f61d10b84890b]::rust_begin_unwind
[INFO] [stdout]   10:     0x56759f2a3cac - core[a373ad73a504971]::panicking::panic_fmt
[INFO] [stdout]   11:     0x56759f2a3a82 - core[a373ad73a504971]::result::unwrap_failed
[INFO] [stdout]   12:     0x56759f1b2ed6 - <sabi_redis[969b111a0c4ad301]::standalone_std::pubsub::unit_tests::test_new::addr_is_string_and_ok::{closure#0} as core[a373ad73a504971]::ops::function::FnOnce<()>>::call_once
[INFO] [stdout]   13:     0x56759f1b5d3b - test[aada8e7e76ba119b]::__rust_begin_short_backtrace::<core[a373ad73a504971]::result::Result<(), alloc[2e1b2a31b91974c5]::string::String>, fn() -> core[a373ad73a504971]::result::Result<(), alloc[2e1b2a31b91974c5]::string::String>>
[INFO] [stdout]   14:     0x56759f1c2f15 - test[aada8e7e76ba119b]::run_test::{closure#0}
[INFO] [stdout]   15:     0x56759f1bc804 - std[617be2ca0a6fd877]::sys::backtrace::__rust_begin_short_backtrace::<test[aada8e7e76ba119b]::run_test::{closure#1}, ()>
[INFO] [stdout]   16:     0x56759f1c5fa2 - <std[617be2ca0a6fd877]::thread::lifecycle::spawn_unchecked<test[aada8e7e76ba119b]::run_test::{closure#1}, ()>::{closure#1} as core[a373ad73a504971]::ops::function::FnOnce<()>>::call_once::{shim:vtable#0}
[INFO] [stdout]   17:     0x56759f28c88f - <std[617be2ca0a6fd877]::sys::thread::unix::Thread>::new::thread_start
[INFO] [stdout]   18:     0x752a644bddfa - <unknown>
[INFO] [stdout]   19:     0x752a645513d4 - clone
[INFO] [stdout]   20:                0x0 - <unknown>
[INFO] [stdout] 
[INFO] [stdout] ---- standalone_std::pubsub::unit_tests::test_with_conn_info::ok stdout ----
[INFO] [stdout] 
[INFO] [stdout] thread '<unnamed>' (1664) panicked at src/standalone_std/pubsub.rs:276:31:
[INFO] [stdout] called `Result::unwrap()` on an `Err` value: errs::Err { reason = sabi_redis::standalone_std::RedisError FailToBuildPool { conn_info: ConnectionInfo { addr: Tcp("127.0.0.1", 6379), tcp_settings: TcpSettings { nodelay: false, keepalive: None, user_timeout: None }, redis: RedisConnectionInfo { db: 0, username: None, password: None, protocol: RESP2, skip_set_lib_name: false, lib_name: None, lib_ver: None } } }, source = Error(Some("Connection refused (os error 111)")), file = src/standalone_std/mod.rs, line = 305 }
[INFO] [stdout] stack backtrace:
[INFO] [stdout]    0:     0x56759f28d551 - <<std[617be2ca0a6fd877]::sys::backtrace::BacktraceLock>::print::DisplayBacktrace as core[a373ad73a504971]::fmt::Display>::fmt
[INFO] [stdout]    1:     0x56759f2a357a - core[a373ad73a504971]::fmt::write
[INFO] [stdout]    2:     0x56759f291b3c - <alloc[2e1b2a31b91974c5]::vec::Vec<u8> as core[a373ad73a504971]::io::write::Write>::write_fmt
[INFO] [stdout]    3:     0x56759f268676 - std[617be2ca0a6fd877]::panicking::default_hook::{closure#0}
[INFO] [stdout]    4:     0x56759f2854e9 - std[617be2ca0a6fd877]::panicking::default_hook
[INFO] [stdout]    5:     0x56759f1c28f0 - test[aada8e7e76ba119b]::test_main_inner::{closure#0}
[INFO] [stdout]    6:     0x56759f2856a2 - std[617be2ca0a6fd877]::panicking::panic_with_hook
[INFO] [stdout]    7:     0x56759f268722 - std[617be2ca0a6fd877]::panicking::panic_handler::{closure#0}
[INFO] [stdout]    8:     0x56759f261359 - std[617be2ca0a6fd877]::sys::backtrace::__rust_end_short_backtrace::<std[617be2ca0a6fd877]::panicking::panic_handler::{closure#0}, !>
[INFO] [stdout]    9:     0x56759f26951d - __rustc[ea4f61d10b84890b]::rust_begin_unwind
[INFO] [stdout]   10:     0x56759f2a3cac - core[a373ad73a504971]::panicking::panic_fmt
[INFO] [stdout]   11:     0x56759f2a3a82 - core[a373ad73a504971]::result::unwrap_failed
[INFO] [stdout]   12:     0x56759f19de4a - std[617be2ca0a6fd877]::sys::backtrace::__rust_begin_short_backtrace::<sabi_redis[969b111a0c4ad301]::standalone_std::pubsub::unit_tests::publish::{closure#0}, ()>
[INFO] [stdout]   13:     0x56759f1b01ef - <std[617be2ca0a6fd877]::thread::lifecycle::spawn_unchecked<sabi_redis[969b111a0c4ad301]::standalone_std::pubsub::unit_tests::publish::{closure#0}, ()>::{closure#1} as core[a373ad73a504971]::ops::function::FnOnce<()>>::call_once::{shim:vtable#0}
[INFO] [stdout]   14:     0x56759f28c88f - <std[617be2ca0a6fd877]::sys::thread::unix::Thread>::new::thread_start
[INFO] [stdout]   15:     0x752a644bddfa - <unknown>
[INFO] [stdout]   16:     0x752a645513d4 - clone
[INFO] [stdout]   17:                0x0 - <unknown>
[INFO] [stdout] 
[INFO] [stdout] thread 'standalone_std::pubsub::unit_tests::test_with_conn_info::ok' (1663) panicked at src/standalone_std/pubsub.rs:490:18:
[INFO] [stdout] called `Result::unwrap()` on an `Err` value: errs::Err { reason = sabi_redis::standalone_std::pubsub::RedisPubSubSubscriberError FailToGetConnection { conn_info: ConnectionInfo { addr: Tcp("127.0.0.1", 6379), tcp_settings: TcpSettings { nodelay: false, keepalive: None, user_timeout: None }, redis: RedisConnectionInfo { db: 0, username: None, password: None, protocol: RESP2, skip_set_lib_name: false, lib_name: None, lib_ver: None } } }, source = Connection refused (os error 111), file = src/standalone_std/pubsub.rs, line = 206 }
[INFO] [stdout] stack backtrace:
[INFO] [stdout]    0:     0x56759f28d551 - <<std[617be2ca0a6fd877]::sys::backtrace::BacktraceLock>::print::DisplayBacktrace as core[a373ad73a504971]::fmt::Display>::fmt
[INFO] [stdout]    1:     0x56759f2a357a - core[a373ad73a504971]::fmt::write
[INFO] [stdout]    2:     0x56759f291b3c - <alloc[2e1b2a31b91974c5]::vec::Vec<u8> as core[a373ad73a504971]::io::write::Write>::write_fmt
[INFO] [stdout]    3:     0x56759f268676 - std[617be2ca0a6fd877]::panicking::default_hook::{closure#0}
[INFO] [stdout]    4:     0x56759f2854e9 - std[617be2ca0a6fd877]::panicking::default_hook
[INFO] [stdout]    5:     0x56759f1c28f0 - test[aada8e7e76ba119b]::test_main_inner::{closure#0}
[INFO] [stdout]    6:     0x56759f2856a2 - std[617be2ca0a6fd877]::panicking::panic_with_hook
[INFO] [stdout]    7:     0x56759f268722 - std[617be2ca0a6fd877]::panicking::panic_handler::{closure#0}
[INFO] [stdout]    8:     0x56759f261359 - std[617be2ca0a6fd877]::sys::backtrace::__rust_end_short_backtrace::<std[617be2ca0a6fd877]::panicking::panic_handler::{closure#0}, !>
[INFO] [stdout]    9:     0x56759f26951d - __rustc[ea4f61d10b84890b]::rust_begin_unwind
[INFO] [stdout]   10:     0x56759f2a3cac - core[a373ad73a504971]::panicking::panic_fmt
[INFO] [stdout]   11:     0x56759f2a3a82 - core[a373ad73a504971]::result::unwrap_failed
[INFO] [stdout]   12:     0x56759f1b1d9d - <sabi_redis[969b111a0c4ad301]::standalone_std::pubsub::unit_tests::test_with_conn_info::ok::{closure#0} as core[a373ad73a504971]::ops::function::FnOnce<()>>::call_once
[INFO] [stdout]   13:     0x56759f1b5d3b - test[aada8e7e76ba119b]::__rust_begin_short_backtrace::<core[a373ad73a504971]::result::Result<(), alloc[2e1b2a31b91974c5]::string::String>, fn() -> core[a373ad73a504971]::result::Result<(), alloc[2e1b2a31b91974c5]::string::String>>
[INFO] [stdout]   14:     0x56759f1c2f15 - test[aada8e7e76ba119b]::run_test::{closure#0}
[INFO] [stdout]   15:     0x56759f1bc804 - std[617be2ca0a6fd877]::sys::backtrace::__rust_begin_short_backtrace::<test[aada8e7e76ba119b]::run_test::{closure#1}, ()>
[INFO] [stdout]   16:     0x56759f1c5fa2 - <std[617be2ca0a6fd877]::thread::lifecycle::spawn_unchecked<test[aada8e7e76ba119b]::run_test::{closure#1}, ()>::{closure#1} as core[a373ad73a504971]::ops::function::FnOnce<()>>::call_once::{shim:vtable#0}
[INFO] [stdout]   17:     0x56759f28c88f - <std[617be2ca0a6fd877]::sys::thread::unix::Thread>::new::thread_start
[INFO] [stdout]   18:     0x752a644bddfa - <unknown>
[INFO] [stdout]   19:     0x752a645513d4 - clone
[INFO] [stdout]   20:                0x0 - <unknown>
[INFO] [stdout] 
[INFO] [stdout] ---- standalone_std::pubsub::unit_tests::test_with_conn_addr::ok stdout ----
[INFO] [stdout] 
[INFO] [stdout] thread '<unnamed>' (1674) panicked at src/standalone_std/pubsub.rs:276:31:
[INFO] [stdout] called `Result::unwrap()` on an `Err` value: errs::Err { reason = sabi_redis::standalone_std::RedisError FailToBuildPool { conn_info: ConnectionInfo { addr: Tcp("127.0.0.1", 6379), tcp_settings: TcpSettings { nodelay: false, keepalive: None, user_timeout: None }, redis: RedisConnectionInfo { db: 0, username: None, password: None, protocol: RESP2, skip_set_lib_name: false, lib_name: None, lib_ver: None } } }, source = Error(Some("Connection refused (os error 111)")), file = src/standalone_std/mod.rs, line = 305 }
[INFO] [stdout] stack backtrace:
[INFO] [stdout]    0:     0x56759f28d551 - <<std[617be2ca0a6fd877]::sys::backtrace::BacktraceLock>::print::DisplayBacktrace as core[a373ad73a504971]::fmt::Display>::fmt
[INFO] [stdout]    1:     0x56759f2a357a - core[a373ad73a504971]::fmt::write
[INFO] [stdout]    2:     0x56759f291b3c - <alloc[2e1b2a31b91974c5]::vec::Vec<u8> as core[a373ad73a504971]::io::write::Write>::write_fmt
[INFO] [stdout]    3:     0x56759f268676 - std[617be2ca0a6fd877]::panicking::default_hook::{closure#0}
[INFO] [stdout]    4:     0x56759f2854e9 - std[617be2ca0a6fd877]::panicking::default_hook
[INFO] [stdout]    5:     0x56759f1c28f0 - test[aada8e7e76ba119b]::test_main_inner::{closure#0}
[INFO] [stdout]    6:     0x56759f2856a2 - std[617be2ca0a6fd877]::panicking::panic_with_hook
[INFO] [stdout]    7:     0x56759f268722 - std[617be2ca0a6fd877]::panicking::panic_handler::{closure#0}
[INFO] [stdout]    8:     0x56759f261359 - std[617be2ca0a6fd877]::sys::backtrace::__rust_end_short_backtrace::<std[617be2ca0a6fd877]::panicking::panic_handler::{closure#0}, !>
[INFO] [stdout]    9:     0x56759f26951d - __rustc[ea4f61d10b84890b]::rust_begin_unwind
[INFO] [stdout]   10:     0x56759f2a3cac - core[a373ad73a504971]::panicking::panic_fmt
[INFO] [stdout]   11:     0x56759f2a3a82 - core[a373ad73a504971]::result::unwrap_failed
[INFO] [stdout]   12:     0x56759f19de4a - std[617be2ca0a6fd877]::sys::backtrace::__rust_begin_short_backtrace::<sabi_redis[969b111a0c4ad301]::standalone_std::pubsub::unit_tests::publish::{closure#0}, ()>
[INFO] [stdout]   13:     0x56759f1b01ef - <std[617be2ca0a6fd877]::thread::lifecycle::spawn_unchecked<sabi_redis[969b111a0c4ad301]::standalone_std::pubsub::unit_tests::publish::{closure#0}, ()>::{closure#1} as core[a373ad73a504971]::ops::function::FnOnce<()>>::call_once::{shim:vtable#0}
[INFO] [stdout]   14:     0x56759f28c88f - <std[617be2ca0a6fd877]::sys::thread::unix::Thread>::new::thread_start
[INFO] [stdout]   15:     0x752a644bddfa - <unknown>
[INFO] [stdout]   16:     0x752a645513d4 - clone
[INFO] [stdout]   17:                0x0 - <unknown>
[INFO] [stdout] 
[INFO] [stdout] thread 'standalone_std::pubsub::unit_tests::test_with_conn_addr::ok' (1660) panicked at src/standalone_std/pubsub.rs:437:18:
[INFO] [stdout] called `Result::unwrap()` on an `Err` value: errs::Err { reason = sabi_redis::standalone_std::pubsub::RedisPubSubSubscriberError FailToGetConnection { conn_info: ConnectionInfo { addr: Tcp("127.0.0.1", 6379), tcp_settings: TcpSettings { nodelay: false, keepalive: None, user_timeout: None }, redis: RedisConnectionInfo { db: 0, username: None, password: None, protocol: RESP2, skip_set_lib_name: false, lib_name: None, lib_ver: None } } }, source = Connection refused (os error 111), file = src/standalone_std/pubsub.rs, line = 206 }
[INFO] [stdout] stack backtrace:
[INFO] [stdout]    0:     0x56759f28d551 - <<std[617be2ca0a6fd877]::sys::backtrace::BacktraceLock>::print::DisplayBacktrace as core[a373ad73a504971]::fmt::Display>::fmt
[INFO] [stdout]    1:     0x56759f2a357a - core[a373ad73a504971]::fmt::write
[INFO] [stdout]    2:     0x56759f291b3c - <alloc[2e1b2a31b91974c5]::vec::Vec<u8> as core[a373ad73a504971]::io::write::Write>::write_fmt
[INFO] [stdout]    3:     0x56759f268676 - std[617be2ca0a6fd877]::panicking::default_hook::{closure#0}
[INFO] [stdout]    4:     0x56759f2854e9 - std[617be2ca0a6fd877]::panicking::default_hook
[INFO] [stdout]    5:     0x56759f1c28f0 - test[aada8e7e76ba119b]::test_main_inner::{closure#0}
[INFO] [stdout]    6:     0x56759f2856a2 - std[617be2ca0a6fd877]::panicking::panic_with_hook
[INFO] [stdout]    7:     0x56759f268722 - std[617be2ca0a6fd877]::panicking::panic_handler::{closure#0}
[INFO] [stdout]    8:     0x56759f261359 - std[617be2ca0a6fd877]::sys::backtrace::__rust_end_short_backtrace::<std[617be2ca0a6fd877]::panicking::panic_handler::{closure#0}, !>
[INFO] [stdout]    9:     0x56759f26951d - __rustc[ea4f61d10b84890b]::rust_begin_unwind
[INFO] [stdout]   10:     0x56759f2a3cac - core[a373ad73a504971]::panicking::panic_fmt
[INFO] [stdout]   11:     0x56759f2a3a82 - core[a373ad73a504971]::result::unwrap_failed
[INFO] [stdout]   12:     0x56759f1b593b - <sabi_redis[969b111a0c4ad301]::standalone_std::pubsub::unit_tests::test_with_conn_addr::ok::{closure#0} as core[a373ad73a504971]::ops::function::FnOnce<()>>::call_once
[INFO] [stdout]   13:     0x56759f1b5d3b - test[aada8e7e76ba119b]::__rust_begin_short_backtrace::<core[a373ad73a504971]::result::Result<(), alloc[2e1b2a31b91974c5]::string::String>, fn() -> core[a373ad73a504971]::result::Result<(), alloc[2e1b2a31b91974c5]::string::String>>
[INFO] [stdout]   14:     0x56759f1c2f15 - test[aada8e7e76ba119b]::run_test::{closure#0}
[INFO] [stdout]   15:     0x56759f1bc804 - std[617be2ca0a6fd877]::sys::backtrace::__rust_begin_short_backtrace::<test[aada8e7e76ba119b]::run_test::{closure#1}, ()>
[INFO] [stdout]   16:     0x56759f1c5fa2 - <std[617be2ca0a6fd877]::thread::lifecycle::spawn_unchecked<test[aada8e7e76ba119b]::run_test::{closure#1}, ()>::{closure#1} as core[a373ad73a504971]::ops::function::FnOnce<()>>::call_once::{shim:vtable#0}
[INFO] [stdout]   17:     0x56759f28c88f - <std[617be2ca0a6fd877]::sys::thread::unix::Thread>::new::thread_start
[INFO] [stdout]   18:     0x752a644bddfa - <unknown>
[INFO] [stdout]   19:     0x752a645513d4 - clone
[INFO] [stdout]   20:                0x0 - <unknown>
[INFO] [stdout] 
[INFO] [stdout] ---- standalone_std::pubsub::unit_tests::test_new::addr_is_url_and_ok stdout ----
[INFO] [stdout] 
[INFO] [stdout] thread '<unnamed>' (1670) panicked at src/standalone_std/pubsub.rs:276:31:
[INFO] [stdout] called `Result::unwrap()` on an `Err` value: errs::Err { reason = sabi_redis::standalone_std::RedisError FailToBuildPool { conn_info: ConnectionInfo { addr: Tcp("127.0.0.1", 6379), tcp_settings: TcpSettings { nodelay: false, keepalive: None, user_timeout: None }, redis: RedisConnectionInfo { db: 0, username: None, password: None, protocol: RESP2, skip_set_lib_name: false, lib_name: None, lib_ver: None } } }, source = Error(Some("Connection refused (os error 111)")), file = src/standalone_std/mod.rs, line = 305 }
[INFO] [stdout] stack backtrace:
[INFO] [stdout]    0:     0x56759f28d551 - <<std[617be2ca0a6fd877]::sys::backtrace::BacktraceLock>::print::DisplayBacktrace as core[a373ad73a504971]::fmt::Display>::fmt
[INFO] [stdout]    1:     0x56759f2a357a - core[a373ad73a504971]::fmt::write
[INFO] [stdout]    2:     0x56759f291b3c - <alloc[2e1b2a31b91974c5]::vec::Vec<u8> as core[a373ad73a504971]::io::write::Write>::write_fmt
[INFO] [stdout]    3:     0x56759f268676 - std[617be2ca0a6fd877]::panicking::default_hook::{closure#0}
[INFO] [stdout]    4:     0x56759f2854e9 - std[617be2ca0a6fd877]::panicking::default_hook
[INFO] [stdout]    5:     0x56759f1c28f0 - test[aada8e7e76ba119b]::test_main_inner::{closure#0}
[INFO] [stdout]    6:     0x56759f2856a2 - std[617be2ca0a6fd877]::panicking::panic_with_hook
[INFO] [stdout]    7:     0x56759f268722 - std[617be2ca0a6fd877]::panicking::panic_handler::{closure#0}
[INFO] [stdout]    8:     0x56759f261359 - std[617be2ca0a6fd877]::sys::backtrace::__rust_end_short_backtrace::<std[617be2ca0a6fd877]::panicking::panic_handler::{closure#0}, !>
[INFO] [stdout]    9:     0x56759f26951d - __rustc[ea4f61d10b84890b]::rust_begin_unwind
[INFO] [stdout]   10:     0x56759f2a3cac - core[a373ad73a504971]::panicking::panic_fmt
[INFO] [stdout]   11:     0x56759f2a3a82 - core[a373ad73a504971]::result::unwrap_failed
[INFO] [stdout]   12:     0x56759f19de4a - std[617be2ca0a6fd877]::sys::backtrace::__rust_begin_short_backtrace::<sabi_redis[969b111a0c4ad301]::standalone_std::pubsub::unit_tests::publish::{closure#0}, ()>
[INFO] [stdout]   13:     0x56759f1b01ef - <std[617be2ca0a6fd877]::thread::lifecycle::spawn_unchecked<sabi_redis[969b111a0c4ad301]::standalone_std::pubsub::unit_tests::publish::{closure#0}, ()>::{closure#1} as core[a373ad73a504971]::ops::function::FnOnce<()>>::call_once::{shim:vtable#0}
[INFO] [stdout]   14:     0x56759f28c88f - <std[617be2ca0a6fd877]::sys::thread::unix::Thread>::new::thread_start
[INFO] [stdout]   15:     0x752a644bddfa - <unknown>
[INFO] [stdout]   16:     0x752a645513d4 - clone
[INFO] [stdout]   17:                0x0 - <unknown>
[INFO] [stdout] 
[INFO] [stdout] thread 'standalone_std::pubsub::unit_tests::test_new::addr_is_url_and_ok' (1658) panicked at src/standalone_std/pubsub.rs:383:18:
[INFO] [stdout] called `Result::unwrap()` on an `Err` value: errs::Err { reason = sabi_redis::standalone_std::pubsub::RedisPubSubSubscriberError FailToGetConnection { conn_info: ConnectionInfo { addr: Tcp("127.0.0.1", 6379), tcp_settings: TcpSettings { nodelay: false, keepalive: None, user_timeout: None }, redis: RedisConnectionInfo { db: 0, username: None, password: None, protocol: RESP2, skip_set_lib_name: false, lib_name: None, lib_ver: None } } }, source = Connection refused (os error 111), file = src/standalone_std/pubsub.rs, line = 206 }
[INFO] [stdout] stack backtrace:
[INFO] [stdout]    0:     0x56759f28d551 - <<std[617be2ca0a6fd877]::sys::backtrace::BacktraceLock>::print::DisplayBacktrace as core[a373ad73a504971]::fmt::Display>::fmt
[INFO] [stdout]    1:     0x56759f2a357a - core[a373ad73a504971]::fmt::write
[INFO] [stdout]    2:     0x56759f291b3c - <alloc[2e1b2a31b91974c5]::vec::Vec<u8> as core[a373ad73a504971]::io::write::Write>::write_fmt
[INFO] [stdout]    3:     0x56759f268676 - std[617be2ca0a6fd877]::panicking::default_hook::{closure#0}
[INFO] [stdout]    4:     0x56759f2854e9 - std[617be2ca0a6fd877]::panicking::default_hook
[INFO] [stdout]    5:     0x56759f1c28f0 - test[aada8e7e76ba119b]::test_main_inner::{closure#0}
[INFO] [stdout]    6:     0x56759f2856a2 - std[617be2ca0a6fd877]::panicking::panic_with_hook
[INFO] [stdout]    7:     0x56759f268722 - std[617be2ca0a6fd877]::panicking::panic_handler::{closure#0}
[INFO] [stdout]    8:     0x56759f261359 - std[617be2ca0a6fd877]::sys::backtrace::__rust_end_short_backtrace::<std[617be2ca0a6fd877]::panicking::panic_handler::{closure#0}, !>
[INFO] [stdout]    9:     0x56759f26951d - __rustc[ea4f61d10b84890b]::rust_begin_unwind
[INFO] [stdout]   10:     0x56759f2a3cac - core[a373ad73a504971]::panicking::panic_fmt
[INFO] [stdout]   11:     0x56759f2a3a82 - core[a373ad73a504971]::result::unwrap_failed
[INFO] [stdout]   12:     0x56759f1b2582 - <sabi_redis[969b111a0c4ad301]::standalone_std::pubsub::unit_tests::test_new::addr_is_url_and_ok::{closure#0} as core[a373ad73a504971]::ops::function::FnOnce<()>>::call_once
[INFO] [stdout]   13:     0x56759f1b5d3b - test[aada8e7e76ba119b]::__rust_begin_short_backtrace::<core[a373ad73a504971]::result::Result<(), alloc[2e1b2a31b91974c5]::string::String>, fn() -> core[a373ad73a504971]::result::Result<(), alloc[2e1b2a31b91974c5]::string::String>>
[INFO] [stdout]   14:     0x56759f1c2f15 - test[aada8e7e76ba119b]::run_test::{closure#0}
[INFO] [stdout]   15:     0x56759f1bc804 - std[617be2ca0a6fd877]::sys::backtrace::__rust_begin_short_backtrace::<test[aada8e7e76ba119b]::run_test::{closure#1}, ()>
[INFO] [stdout]   16:     0x56759f1c5fa2 - <std[617be2ca0a6fd877]::thread::lifecycle::spawn_unchecked<test[aada8e7e76ba119b]::run_test::{closure#1}, ()>::{closure#1} as core[a373ad73a504971]::ops::function::FnOnce<()>>::call_once::{shim:vtable#0}
[INFO] [stdout]   17:     0x56759f28c88f - <std[617be2ca0a6fd877]::sys::thread::unix::Thread>::new::thread_start
[INFO] [stdout]   18:     0x752a644bddfa - <unknown>
[INFO] [stdout]   19:     0x752a645513d4 - clone
[INFO] [stdout]   20:                0x0 - <unknown>
[INFO] [stdout] 
[INFO] [stdout] ---- standalone_std::pubsub::unit_tests::psubscribe::ok stdout ----
[INFO] [stdout] 
[INFO] [stdout] thread '<unnamed>' (1665) panicked at src/standalone_std/pubsub.rs:276:31:
[INFO] [stdout] called `Result::unwrap()` on an `Err` value: errs::Err { reason = sabi_redis::standalone_std::RedisError FailToBuildPool { conn_info: ConnectionInfo { addr: Tcp("127.0.0.1", 6379), tcp_settings: TcpSettings { nodelay: false, keepalive: None, user_timeout: None }, redis: RedisConnectionInfo { db: 0, username: None, password: None, protocol: RESP2, skip_set_lib_name: false, lib_name: None, lib_ver: None } } }, source = Error(Some("Connection refused (os error 111)")), file = src/standalone_std/mod.rs, line = 305 }
[INFO] [stdout] stack backtrace:
[INFO] [stdout]    0:     0x56759f28d551 - <<std[617be2ca0a6fd877]::sys::backtrace::BacktraceLock>::print::DisplayBacktrace as core[a373ad73a504971]::fmt::Display>::fmt
[INFO] [stdout]    1:     0x56759f2a357a - core[a373ad73a504971]::fmt::write
[INFO] [stdout]    2:     0x56759f291b3c - <alloc[2e1b2a31b91974c5]::vec::Vec<u8> as core[a373ad73a504971]::io::write::Write>::write_fmt
[INFO] [stdout]    3:     0x56759f268676 - std[617be2ca0a6fd877]::panicking::default_hook::{closure#0}
[INFO] [stdout]    4:     0x56759f2854e9 - std[617be2ca0a6fd877]::panicking::default_hook
[INFO] [stdout]    5:     0x56759f1c28f0 - test[aada8e7e76ba119b]::test_main_inner::{closure#0}
[INFO] [stdout]    6:     0x56759f2856a2 - std[617be2ca0a6fd877]::panicking::panic_with_hook
[INFO] [stdout]    7:     0x56759f268722 - std[617be2ca0a6fd877]::panicking::panic_handler::{closure#0}
[INFO] [stdout]    8:     0x56759f261359 - std[617be2ca0a6fd877]::sys::backtrace::__rust_end_short_backtrace::<std[617be2ca0a6fd877]::panicking::panic_handler::{closure#0}, !>
[INFO] [stdout]    9:     0x56759f26951d - __rustc[ea4f61d10b84890b]::rust_begin_unwind
[INFO] [stdout]   10:     0x56759f2a3cac - core[a373ad73a504971]::panicking::panic_fmt
[INFO] [stdout]   11:     0x56759f2a3a82 - core[a373ad73a504971]::result::unwrap_failed
[INFO] [stdout]   12:     0x56759f19de4a - std[617be2ca0a6fd877]::sys::backtrace::__rust_begin_short_backtrace::<sabi_redis[969b111a0c4ad301]::standalone_std::pubsub::unit_tests::publish::{closure#0}, ()>
[INFO] [stdout]   13:     0x56759f1b01ef - <std[617be2ca0a6fd877]::thread::lifecycle::spawn_unchecked<sabi_redis[969b111a0c4ad301]::standalone_std::pubsub::unit_tests::publish::{closure#0}, ()>::{closure#1} as core[a373ad73a504971]::ops::function::FnOnce<()>>::call_once::{shim:vtable#0}
[INFO] [stdout]   14:     0x56759f28c88f - <std[617be2ca0a6fd877]::sys::thread::unix::Thread>::new::thread_start
[INFO] [stdout]   15:     0x752a644bddfa - <unknown>
[INFO] [stdout]   16:     0x752a645513d4 - clone
[INFO] [stdout]   17:                0x0 - <unknown>
[INFO] [stdout] 
[INFO] [stdout] thread 'standalone_std::pubsub::unit_tests::psubscribe::ok' (1651) panicked at src/standalone_std/pubsub.rs:565:18:
[INFO] [stdout] called `Result::unwrap()` on an `Err` value: errs::Err { reason = sabi_redis::standalone_std::pubsub::RedisPubSubSubscriberError FailToGetConnection { conn_info: ConnectionInfo { addr: Tcp("127.0.0.1", 6379), tcp_settings: TcpSettings { nodelay: false, keepalive: None, user_timeout: None }, redis: RedisConnectionInfo { db: 0, username: None, password: None, protocol: RESP2, skip_set_lib_name: false, lib_name: None, lib_ver: None } } }, source = Connection refused (os error 111), file = src/standalone_std/pubsub.rs, line = 206 }
[INFO] [stdout] stack backtrace:
[INFO] [stdout]    0:     0x56759f28d551 - <<std[617be2ca0a6fd877]::sys::backtrace::BacktraceLock>::print::DisplayBacktrace as core[a373ad73a504971]::fmt::Display>::fmt
[INFO] [stdout]    1:     0x56759f2a357a - core[a373ad73a504971]::fmt::write
[INFO] [stdout]    2:     0x56759f291b3c - <alloc[2e1b2a31b91974c5]::vec::Vec<u8> as core[a373ad73a504971]::io::write::Write>::write_fmt
[INFO] [stdout]    3:     0x56759f268676 - std[617be2ca0a6fd877]::panicking::default_hook::{closure#0}
[INFO] [stdout]    4:     0x56759f2854e9 - std[617be2ca0a6fd877]::panicking::default_hook
[INFO] [stdout]    5:     0x56759f1c28f0 - test[aada8e7e76ba119b]::test_main_inner::{closure#0}
[INFO] [stdout]    6:     0x56759f2856a2 - std[617be2ca0a6fd877]::panicking::panic_with_hook
[INFO] [stdout]    7:     0x56759f268722 - std[617be2ca0a6fd877]::panicking::panic_handler::{closure#0}
[INFO] [stdout]    8:     0x56759f261359 - std[617be2ca0a6fd877]::sys::backtrace::__rust_end_short_backtrace::<std[617be2ca0a6fd877]::panicking::panic_handler::{closure#0}, !>
[INFO] [stdout]    9:     0x56759f26951d - __rustc[ea4f61d10b84890b]::rust_begin_unwind
[INFO] [stdout]   10:     0x56759f2a3cac - core[a373ad73a504971]::panicking::panic_fmt
[INFO] [stdout]   11:     0x56759f2a3a82 - core[a373ad73a504971]::result::unwrap_failed
[INFO] [stdout]   12:     0x56759f1b1bad - <sabi_redis[969b111a0c4ad301]::standalone_std::pubsub::unit_tests::psubscribe::ok::{closure#0} as core[a373ad73a504971]::ops::function::FnOnce<()>>::call_once
[INFO] [stdout]   13:     0x56759f1b5d3b - test[aada8e7e76ba119b]::__rust_begin_short_backtrace::<core[a373ad73a504971]::result::Result<(), alloc[2e1b2a31b91974c5]::string::String>, fn() -> core[a373ad73a504971]::result::Result<(), alloc[2e1b2a31b91974c5]::string::String>>
[INFO] [stdout]   14:     0x56759f1c2f15 - test[aada8e7e76ba119b]::run_test::{closure#0}
[INFO] [stdout]   15:     0x56759f1bc804 - std[617be2ca0a6fd877]::sys::backtrace::__rust_begin_short_backtrace::<test[aada8e7e76ba119b]::run_test::{closure#1}, ()>
[INFO] [stdout]   16:     0x56759f1c5fa2 - <std[617be2ca0a6fd877]::thread::lifecycle::spawn_unchecked<test[aada8e7e76ba119b]::run_test::{closure#1}, ()>::{closure#1} as core[a373ad73a504971]::ops::function::FnOnce<()>>::call_once::{shim:vtable#0}
[INFO] [stdout]   17:     0x56759f28c88f - <std[617be2ca0a6fd877]::sys::thread::unix::Thread>::new::thread_start
[INFO] [stdout]   18:     0x752a644bddfa - <unknown>
[INFO] [stdout]   19:     0x752a645513d4 - clone
[INFO] [stdout]   20:                0x0 - <unknown>
[INFO] [stdout] 
[INFO] [stdout] ---- standalone_std::pubsub::unit_tests::subscribe::ok stdout ----
[INFO] [stdout] 
[INFO] [stdout] thread '<unnamed>' (1671) panicked at src/standalone_std/pubsub.rs:276:31:
[INFO] [stdout] called `Result::unwrap()` on an `Err` value: errs::Err { reason = sabi_redis::standalone_std::RedisError FailToBuildPool { conn_info: ConnectionInfo { addr: Tcp("127.0.0.1", 6379), tcp_settings: TcpSettings { nodelay: false, keepalive: None, user_timeout: None }, redis: RedisConnectionInfo { db: 0, username: None, password: None, protocol: RESP2, skip_set_lib_name: false, lib_name: None, lib_ver: None } } }, source = Error(Some("Connection refused (os error 111)")), file = src/standalone_std/mod.rs, line = 305 }
[INFO] [stdout] stack backtrace:
[INFO] [stdout]    0:     0x56759f28d551 - <<std[617be2ca0a6fd877]::sys::backtrace::BacktraceLock>::print::DisplayBacktrace as core[a373ad73a504971]::fmt::Display>::fmt
[INFO] [stdout]    1:     0x56759f2a357a - core[a373ad73a504971]::fmt::write
[INFO] [stdout]    2:     0x56759f291b3c - <alloc[2e1b2a31b91974c5]::vec::Vec<u8> as core[a373ad73a504971]::io::write::Write>::write_fmt
[INFO] [stdout]    3:     0x56759f268676 - std[617be2ca0a6fd877]::panicking::default_hook::{closure#0}
[INFO] [stdout]    4:     0x56759f2854e9 - std[617be2ca0a6fd877]::panicking::default_hook
[INFO] [stdout]    5:     0x56759f1c28f0 - test[aada8e7e76ba119b]::test_main_inner::{closure#0}
[INFO] [stdout]    6:     0x56759f2856a2 - std[617be2ca0a6fd877]::panicking::panic_with_hook
[INFO] [stdout]    7:     0x56759f268722 - std[617be2ca0a6fd877]::panicking::panic_handler::{closure#0}
[INFO] [stdout]    8:     0x56759f261359 - std[617be2ca0a6fd877]::sys::backtrace::__rust_end_short_backtrace::<std[617be2ca0a6fd877]::panicking::panic_handler::{closure#0}, !>
[INFO] [stdout]    9:     0x56759f26951d - __rustc[ea4f61d10b84890b]::rust_begin_unwind
[INFO] [stdout]   10:     0x56759f2a3cac - core[a373ad73a504971]::panicking::panic_fmt
[INFO] [stdout]   11:     0x56759f2a3a82 - core[a373ad73a504971]::result::unwrap_failed
[INFO] [stdout]   12:     0x56759f19de4a - std[617be2ca0a6fd877]::sys::backtrace::__rust_begin_short_backtrace::<sabi_redis[969b111a0c4ad301]::standalone_std::pubsub::unit_tests::publish::{closure#0}, ()>
[INFO] [stdout]   13:     0x56759f1b01ef - <std[617be2ca0a6fd877]::thread::lifecycle::spawn_unchecked<sabi_redis[969b111a0c4ad301]::standalone_std::pubsub::unit_tests::publish::{closure#0}, ()>::{closure#1} as core[a373ad73a504971]::ops::function::FnOnce<()>>::call_once::{shim:vtable#0}
[INFO] [stdout]   14:     0x56759f28c88f - <std[617be2ca0a6fd877]::sys::thread::unix::Thread>::new::thread_start
[INFO] [stdout]   15:     0x752a644bddfa - <unknown>
[INFO] [stdout]   16:     0x752a645513d4 - clone
[INFO] [stdout]   17:                0x0 - <unknown>
[INFO] [stdout] 
[INFO] [stdout] thread 'standalone_std::pubsub::unit_tests::subscribe::ok' (1652) panicked at src/standalone_std/pubsub.rs:543:18:
[INFO] [stdout] called `Result::unwrap()` on an `Err` value: errs::Err { reason = sabi_redis::standalone_std::pubsub::RedisPubSubSubscriberError FailToGetConnection { conn_info: ConnectionInfo { addr: Tcp("127.0.0.1", 6379), tcp_settings: TcpSettings { nodelay: false, keepalive: None, user_timeout: None }, redis: RedisConnectionInfo { db: 0, username: None, password: None, protocol: RESP2, skip_set_lib_name: false, lib_name: None, lib_ver: None } } }, source = Connection refused (os error 111), file = src/standalone_std/pubsub.rs, line = 206 }
[INFO] [stdout] stack backtrace:
[INFO] [stdout]    0:     0x56759f28d551 - <<std[617be2ca0a6fd877]::sys::backtrace::BacktraceLock>::print::DisplayBacktrace as core[a373ad73a504971]::fmt::Display>::fmt
[INFO] [stdout]    1:     0x56759f2a357a - core[a373ad73a504971]::fmt::write
[INFO] [stdout]    2:     0x56759f291b3c - <alloc[2e1b2a31b91974c5]::vec::Vec<u8> as core[a373ad73a504971]::io::write::Write>::write_fmt
[INFO] [stdout]    3:     0x56759f268676 - std[617be2ca0a6fd877]::panicking::default_hook::{closure#0}
[INFO] [stdout]    4:     0x56759f2854e9 - std[617be2ca0a6fd877]::panicking::default_hook
[INFO] [stdout]    5:     0x56759f1c28f0 - test[aada8e7e76ba119b]::test_main_inner::{closure#0}
[INFO] [stdout]    6:     0x56759f2856a2 - std[617be2ca0a6fd877]::panicking::panic_with_hook
[INFO] [stdout]    7:     0x56759f268722 - std[617be2ca0a6fd877]::panicking::panic_handler::{closure#0}
[INFO] [stdout]    8:     0x56759f261359 - std[617be2ca0a6fd877]::sys::backtrace::__rust_end_short_backtrace::<std[617be2ca0a6fd877]::panicking::panic_handler::{closure#0}, !>
[INFO] [stdout]    9:     0x56759f26951d - __rustc[ea4f61d10b84890b]::rust_begin_unwind
[INFO] [stdout]   10:     0x56759f2a3cac - core[a373ad73a504971]::panicking::panic_fmt
[INFO] [stdout]   11:     0x56759f2a3a82 - core[a373ad73a504971]::result::unwrap_failed
[INFO] [stdout]   12:     0x56759f1b33cd - <sabi_redis[969b111a0c4ad301]::standalone_std::pubsub::unit_tests::subscribe::ok::{closure#0} as core[a373ad73a504971]::ops::function::FnOnce<()>>::call_once
[INFO] [stdout]   13:     0x56759f1b5d3b - test[aada8e7e76ba119b]::__rust_begin_short_backtrace::<core[a373ad73a504971]::result::Result<(), alloc[2e1b2a31b91974c5]::string::String>, fn() -> core[a373ad73a504971]::result::Result<(), alloc[2e1b2a31b91974c5]::string::String>>
[INFO] [stdout]   14:     0x56759f1c2f15 - test[aada8e7e76ba119b]::run_test::{closure#0}
[INFO] [stdout]   15:     0x56759f1bc804 - std[617be2ca0a6fd877]::sys::backtrace::__rust_begin_short_backtrace::<test[aada8e7e76ba119b]::run_test::{closure#1}, ()>
[INFO] [stdout]   16:     0x56759f1c5fa2 - <std[617be2ca0a6fd877]::thread::lifecycle::spawn_unchecked<test[aada8e7e76ba119b]::run_test::{closure#1}, ()>::{closure#1} as core[a373ad73a504971]::ops::function::FnOnce<()>>::call_once::{shim:vtable#0}
[INFO] [stdout]   17:     0x56759f28c88f - <std[617be2ca0a6fd877]::sys::thread::unix::Thread>::new::thread_start
[INFO] [stdout]   18:     0x752a644bddfa - <unknown>
[INFO] [stdout]   19:     0x752a645513d4 - clone
[INFO] [stdout]   20:                0x0 - <unknown>
[INFO] [stdout] 
[INFO] [stdout] ---- standalone_std::pubsub::unit_tests::test_new::addr_is_str_and_ok stdout ----
[INFO] [stdout] 
[INFO] [stdout] thread '<unnamed>' (1688) panicked at src/standalone_std/pubsub.rs:276:31:
[INFO] [stdout] called `Result::unwrap()` on an `Err` value: errs::Err { reason = sabi_redis::standalone_std::RedisError FailToBuildPool { conn_info: ConnectionInfo { addr: Tcp("127.0.0.1", 6379), tcp_settings: TcpSettings { nodelay: false, keepalive: None, user_timeout: None }, redis: RedisConnectionInfo { db: 0, username: None, password: None, protocol: RESP2, skip_set_lib_name: false, lib_name: None, lib_ver: None } } }, source = Error(Some("Connection refused (os error 111)")), file = src/standalone_std/mod.rs, line = 305 }
[INFO] [stdout] stack backtrace:
[INFO] [stdout]    0:     0x56759f28d551 - <<std[617be2ca0a6fd877]::sys::backtrace::BacktraceLock>::print::DisplayBacktrace as core[a373ad73a504971]::fmt::Display>::fmt
[INFO] [stdout]    1:     0x56759f2a357a - core[a373ad73a504971]::fmt::write
[INFO] [stdout]    2:     0x56759f291b3c - <alloc[2e1b2a31b91974c5]::vec::Vec<u8> as core[a373ad73a504971]::io::write::Write>::write_fmt
[INFO] [stdout]    3:     0x56759f268676 - std[617be2ca0a6fd877]::panicking::default_hook::{closure#0}
[INFO] [stdout]    4:     0x56759f2854e9 - std[617be2ca0a6fd877]::panicking::default_hook
[INFO] [stdout]    5:     0x56759f1c28f0 - test[aada8e7e76ba119b]::test_main_inner::{closure#0}
[INFO] [stdout]    6:     0x56759f2856a2 - std[617be2ca0a6fd877]::panicking::panic_with_hook
[INFO] [stdout]    7:     0x56759f268722 - std[617be2ca0a6fd877]::panicking::panic_handler::{closure#0}
[INFO] [stdout]    8:     0x56759f261359 - std[617be2ca0a6fd877]::sys::backtrace::__rust_end_short_backtrace::<std[617be2ca0a6fd877]::panicking::panic_handler::{closure#0}, !>
[INFO] [stdout]    9:     0x56759f26951d - __rustc[ea4f61d10b84890b]::rust_begin_unwind
[INFO] [stdout]   10:     0x56759f2a3cac - core[a373ad73a504971]::panicking::panic_fmt
[INFO] [stdout]   11:     0x56759f2a3a82 - core[a373ad73a504971]::result::unwrap_failed
[INFO] [stdout]   12:     0x56759f19de4a - std[617be2ca0a6fd877]::sys::backtrace::__rust_begin_short_backtrace::<sabi_redis[969b111a0c4ad301]::standalone_std::pubsub::unit_tests::publish::{closure#0}, ()>
[INFO] [stdout]   13:     0x56759f1b01ef - <std[617be2ca0a6fd877]::thread::lifecycle::spawn_unchecked<sabi_redis[969b111a0c4ad301]::standalone_std::pubsub::unit_tests::publish::{closure#0}, ()>::{closure#1} as core[a373ad73a504971]::ops::function::FnOnce<()>>::call_once::{shim:vtable#0}
[INFO] [stdout]   14:     0x56759f28c88f - <std[617be2ca0a6fd877]::sys::thread::unix::Thread>::new::thread_start
[INFO] [stdout]   15:     0x752a644bddfa - <unknown>
[INFO] [stdout]   16:     0x752a645513d4 - clone
[INFO] [stdout]   17:                0x0 - <unknown>
[INFO] [stdout] 
[INFO] [stdout] thread 'standalone_std::pubsub::unit_tests::test_new::addr_is_str_and_ok' (1654) panicked at src/standalone_std/pubsub.rs:300:18:
[INFO] [stdout] called `Result::unwrap()` on an `Err` value: errs::Err { reason = sabi_redis::standalone_std::pubsub::RedisPubSubSubscriberError FailToGetConnection { conn_info: ConnectionInfo { addr: Tcp("127.0.0.1", 6379), tcp_settings: TcpSettings { nodelay: false, keepalive: None, user_timeout: None }, redis: RedisConnectionInfo { db: 0, username: None, password: None, protocol: RESP2, skip_set_lib_name: false, lib_name: None, lib_ver: None } } }, source = Connection refused (os error 111), file = src/standalone_std/pubsub.rs, line = 206 }
[INFO] [stdout] stack backtrace:
[INFO] [stdout]    0:     0x56759f28d551 - <<std[617be2ca0a6fd877]::sys::backtrace::BacktraceLock>::print::DisplayBacktrace as core[a373ad73a504971]::fmt::Display>::fmt
[INFO] [stdout]    1:     0x56759f2a357a - core[a373ad73a504971]::fmt::write
[INFO] [stdout]    2:     0x56759f291b3c - <alloc[2e1b2a31b91974c5]::vec::Vec<u8> as core[a373ad73a504971]::io::write::Write>::write_fmt
[INFO] [stdout]    3:     0x56759f268676 - std[617be2ca0a6fd877]::panicking::default_hook::{closure#0}
[INFO] [stdout]    4:     0x56759f2854e9 - std[617be2ca0a6fd877]::panicking::default_hook
[INFO] [stdout]    5:     0x56759f1c28f0 - test[aada8e7e76ba119b]::test_main_inner::{closure#0}
[INFO] [stdout]    6:     0x56759f2856a2 - std[617be2ca0a6fd877]::panicking::panic_with_hook
[INFO] [stdout]    7:     0x56759f268722 - std[617be2ca0a6fd877]::panicking::panic_handler::{closure#0}
[INFO] [stdout]    8:     0x56759f261359 - std[617be2ca0a6fd877]::sys::backtrace::__rust_end_short_backtrace::<std[617be2ca0a6fd877]::panicking::panic_handler::{closure#0}, !>
[INFO] [stdout]    9:     0x56759f26951d - __rustc[ea4f61d10b84890b]::rust_begin_unwind
[INFO] [stdout]   10:     0x56759f2a3cac - core[a373ad73a504971]::panicking::panic_fmt
[INFO] [stdout]   11:     0x56759f2a3a82 - core[a373ad73a504971]::result::unwrap_failed
[INFO] [stdout]   12:     0x56759f1b230f - <sabi_redis[969b111a0c4ad301]::standalone_std::pubsub::unit_tests::test_new::addr_is_str_and_ok::{closure#0} as core[a373ad73a504971]::ops::function::FnOnce<()>>::call_once
[INFO] [stdout]   13:     0x56759f1b5d3b - test[aada8e7e76ba119b]::__rust_begin_short_backtrace::<core[a373ad73a504971]::result::Result<(), alloc[2e1b2a31b91974c5]::string::String>, fn() -> core[a373ad73a504971]::result::Result<(), alloc[2e1b2a31b91974c5]::string::String>>
[INFO] [stdout]   14:     0x56759f1c2f15 - test[aada8e7e76ba119b]::run_test::{closure#0}
[INFO] [stdout]   15:     0x56759f1bc804 - std[617be2ca0a6fd877]::sys::backtrace::__rust_begin_short_backtrace::<test[aada8e7e76ba119b]::run_test::{closure#1}, ()>
[INFO] [stdout]   16:     0x56759f1c5fa2 - <std[617be2ca0a6fd877]::thread::lifecycle::spawn_unchecked<test[aada8e7e76ba119b]::run_test::{closure#1}, ()>::{closure#1} as core[a373ad73a504971]::ops::function::FnOnce<()>>::call_once::{shim:vtable#0}
[INFO] [stdout]   17:     0x56759f28c88f - <std[617be2ca0a6fd877]::sys::thread::unix::Thread>::new::thread_start
[INFO] [stdout]   18:     0x752a644bddfa - <unknown>
[INFO] [stdout]   19:     0x752a645513d4 - clone
[INFO] [stdout]   20:                0x0 - <unknown>
[INFO] [stdout] 
[INFO] [stdout] 
[INFO] [stdout] failures:
[INFO] [stdout]     standalone_std::pubsub::unit_tests::psubscribe::ok
[INFO] [stdout]     standalone_std::pubsub::unit_tests::subscribe::ok
[INFO] [stdout]     standalone_std::pubsub::unit_tests::test_new::addr_is_str_and_ok
[INFO] [stdout]     standalone_std::pubsub::unit_tests::test_new::addr_is_string_and_ok
[INFO] [stdout]     standalone_std::pubsub::unit_tests::test_new::addr_is_url_and_ok
[INFO] [stdout]     standalone_std::pubsub::unit_tests::test_with_conn_addr::ok
[INFO] [stdout]     standalone_std::pubsub::unit_tests::test_with_conn_info::ok
[INFO] [stdout]     standalone_std::unit_tests_of_data_conn::test_add_force_back::fail
[INFO] [stdout]     standalone_std::unit_tests_of_data_conn::test_add_force_back::ok
[INFO] [stdout]     standalone_std::unit_tests_of_data_conn::test_add_post_commit::fail
[INFO] [stdout]     standalone_std::unit_tests_of_data_conn::test_add_post_commit::ok
[INFO] [stdout]     standalone_std::unit_tests_of_data_conn::test_add_pre_commit::fail
[INFO] [stdout]     standalone_std::unit_tests_of_data_conn::test_add_pre_commit::ok
[INFO] [stdout]     standalone_std::unit_tests_of_data_src::test_create_data_conn::fail
[INFO] [stdout]     standalone_std::unit_tests_of_data_src::test_create_data_conn::ok
[INFO] [stdout]     standalone_std::unit_tests_of_data_src::test_new::addr_is_str_and_ok
[INFO] [stdout]     standalone_std::unit_tests_of_data_src::test_new::addr_is_string_and_ok
[INFO] [stdout]     standalone_std::unit_tests_of_data_src::test_new::addr_is_url_and_ok
[INFO] [stdout]     standalone_std::unit_tests_of_data_src::test_setup::fail_due_to_setup_twice
[INFO] [stdout]     standalone_std::unit_tests_of_data_src::test_with_conn_addr::ok
[INFO] [stdout]     standalone_std::unit_tests_of_data_src::test_with_conn_addr_and_pool_builder::ok
[INFO] [stdout]     standalone_std::unit_tests_of_data_src::test_with_conn_info::ok
[INFO] [stdout]     standalone_std::unit_tests_of_data_src::test_with_conn_info_and_pool_builder::ok
[INFO] [stdout]     standalone_std::unit_tests_of_data_src::test_with_pool_builder::addr_is_str_and_ok
[INFO] [stdout]     standalone_std::unit_tests_of_data_src::test_with_pool_builder::addr_is_string_and_ok
[INFO] [stdout]     standalone_std::unit_tests_of_data_src::test_with_pool_builder::addr_is_url_and_fail
[INFO] [stdout]     standalone_std::unit_tests_of_data_src::test_with_pool_builder::addr_is_url_and_ok
[INFO] [stdout] 
[INFO] [stdout] test result: FAILED. 21 passed; 27 failed; 0 ignored; 0 measured; 0 filtered out; finished in 142.04s
[INFO] [stdout] 
[INFO] running `Command { std: "docker" "inspect" "f53ddd8b85778ba12903aa75075290b9123fe056f2690ad55829a19bddb4701d", kill_on_drop: false }`
[INFO] running `Command { std: "docker" "rm" "-f" "f53ddd8b85778ba12903aa75075290b9123fe056f2690ad55829a19bddb4701d", kill_on_drop: false }`
[INFO] [stdout] f53ddd8b85778ba12903aa75075290b9123fe056f2690ad55829a19bddb4701d
