[INFO] fetching crate s3-sync 0.4.0...
[INFO] testing s3-sync-0.4.0 against 1.99.0-beta.8+cargoflags=--release for beta-release-1.100-2
[INFO] extracting crate s3-sync 0.4.0 into /workspace/builds/worker-5-tc1/source
[INFO] started tweaking crates.io crate s3-sync 0.4.0
[INFO] finished tweaking crates.io crate s3-sync 0.4.0
[INFO] tweaked toml for crates.io crate s3-sync 0.4.0 written to /workspace/builds/worker-5-tc1/source/Cargo.toml
[INFO] validating manifest of crates.io crate s3-sync 0.4.0 on toolchain 1.99.0-beta.8
[INFO] running `Command { std: CARGO_HOME="/workspace/cargo-home" RUSTUP_HOME="/workspace/rustup-home" "/workspace/cargo-home/bin/cargo" "+1.99.0-beta.8" "metadata" "--manifest-path" "Cargo.toml" "--no-deps", kill_on_drop: false }`
[INFO] running `Command { std: CARGO_HOME="/workspace/cargo-home" RUSTUP_HOME="/workspace/rustup-home" "/workspace/cargo-home/bin/cargo" "+1.99.0-beta.8" "generate-lockfile" "--manifest-path" "Cargo.toml", kill_on_drop: false }`
[INFO] [stderr]     Updating crates.io index
[INFO] [stderr]      Locking 190 packages to highest compatible versions
[INFO] [stderr]       Adding bytes v0.4.12 (available: v1.12.1)
[INFO] [stderr]       Adding futures v0.1.31 (available: v0.3.34)
[INFO] [stderr]       Adding itertools v0.8.2 (available: v0.15.0)
[INFO] [stderr]       Adding rusoto_core v0.42.0 (available: v0.48.0)
[INFO] [stderr]       Adding rusoto_s3 v0.42.0 (available: v0.48.0)
[INFO] [stderr]       Adding wasi v0.10.0+wasi-snapshot-preview1 (available: v0.10.2+wasi-snapshot-preview1)
[INFO] running `Command { std: CARGO_HOME="/workspace/cargo-home" RUSTUP_HOME="/workspace/rustup-home" "/workspace/cargo-home/bin/cargo" "+1.99.0-beta.8" "fetch" "--manifest-path" "Cargo.toml", kill_on_drop: false }`
[INFO] [stderr]  Downloading crates ...
[INFO] [stderr]   Downloaded rusoto_signature v0.42.0
[INFO] [stderr]   Downloaded rusoto_s3 v0.42.0
[INFO] [stderr]   Downloaded rusoto_core v0.42.0
[INFO] [stderr]   Downloaded rusoto_credential v0.42.0
[INFO] [stderr]   Downloaded problem v5.4.0
[INFO] [stderr]   Downloaded ensure v0.3.1
[INFO] [stderr]   Downloaded hyper v0.12.36
[INFO] running `Command { std: "docker" "create" "-v" "/var/lib/crater-agent-workspace/builds/worker-5-tc1/source:/opt/rustwide/workdir:ro,Z" "-v" "/var/lib/crater-agent-workspace/builds/worker-5-tc1/target:/opt/rustwide/target:rw,Z" "-v" "/var/lib/crater-agent-workspace/cargo-home:/opt/rustwide/cargo-home:ro,Z" "-v" "/var/lib/crater-agent-workspace/rustup-home:/opt/rustwide/rustup-home:ro,Z" "-m" "1610612736" "--network" "none" "ghcr.io/rust-lang/crates-build-env/linux@sha256:77db811e55d90add9212f6832c23229e3de5f1c1f9905e8cb07319ea15df73ac" "sleep" "infinity", kill_on_drop: false }`
[INFO] [stdout] 281fe1db7e04c564ca5b50a41e043d72d2348892497f965d547f7b7eda7e585a
[INFO] running `Command { std: "docker" "start" "281fe1db7e04c564ca5b50a41e043d72d2348892497f965d547f7b7eda7e585a", kill_on_drop: false }`
[INFO] running `Command { std: "docker" "inspect" "281fe1db7e04c564ca5b50a41e043d72d2348892497f965d547f7b7eda7e585a", kill_on_drop: false }`
[INFO] running `Command { std: "docker" "exec" "-e" "SOURCE_DIR=/opt/rustwide/workdir" "-e" "CARGO_HOME=/opt/rustwide/cargo-home" "-e" "RUSTUP_HOME=/opt/rustwide/rustup-home" "-e" "CARGO_TARGET_DIR=/opt/rustwide/target" "-w" "/opt/rustwide/workdir" "--user" "0:0" "281fe1db7e04c564ca5b50a41e043d72d2348892497f965d547f7b7eda7e585a" "/opt/rustwide/cargo-home/bin/cargo" "+1.99.0-beta.8" "metadata" "--no-deps" "--format-version=1", kill_on_drop: false }`
[INFO] running `Command { std: "docker" "inspect" "281fe1db7e04c564ca5b50a41e043d72d2348892497f965d547f7b7eda7e585a", kill_on_drop: false }`
[INFO] running `Command { std: "docker" "exec" "-e" "SOURCE_DIR=/opt/rustwide/workdir" "-e" "CARGO_HOME=/opt/rustwide/cargo-home" "-e" "RUSTUP_HOME=/opt/rustwide/rustup-home" "-e" "CARGO_TARGET_DIR=/opt/rustwide/target" "-e" "CARGO_INCREMENTAL=0" "-e" "RUST_BACKTRACE=full" "-e" "RUSTFLAGS=--cap-lints=warn" "-e" "RUSTDOCFLAGS=--cap-lints=warn" "-w" "/opt/rustwide/workdir" "--user" "0:0" "281fe1db7e04c564ca5b50a41e043d72d2348892497f965d547f7b7eda7e585a" "/opt/rustwide/cargo-home/bin/cargo" "+1.99.0-beta.8" "build" "--frozen" "--message-format=json" "--release", kill_on_drop: false }`
[INFO] [stderr]    Compiling either v1.19.0
[INFO] [stderr]    Compiling indexmap v1.9.3
[INFO] [stderr]    Compiling generic-array v0.12.4
[INFO] [stderr]    Compiling hyper v0.12.36
[INFO] [stderr]    Compiling want v0.2.0
[INFO] [stderr]    Compiling futures-cpupool v0.1.8
[INFO] [stderr]    Compiling byte-tools v0.3.1
[INFO] [stderr]    Compiling crossbeam-queue v0.1.2
[INFO] [stderr]    Compiling syn v3.0.9
[INFO] [stderr]    Compiling subtle v1.0.0
[INFO] [stderr]    Compiling chrono v0.4.45
[INFO] [stderr]    Compiling dirs v1.0.5
[INFO] [stderr]    Compiling object v0.37.3
[INFO] [stderr]    Compiling opaque-debug v0.2.3
[INFO] [stderr]    Compiling fake-simd v0.1.2
[INFO] [stderr]    Compiling shlex v0.1.1
[INFO] [stderr]    Compiling block-padding v0.1.5
[INFO] [stderr]    Compiling rusoto_core v0.42.0
[INFO] [stderr]    Compiling base64 v0.11.0
[INFO] [stderr]    Compiling md5 v0.7.0
[INFO] [stderr]    Compiling gimli v0.32.3
[INFO] [stderr]    Compiling miniz_oxide v0.8.9
[INFO] [stderr]    Compiling xml-rs v0.8.29
[INFO] [stderr]    Compiling rustc-demangle v0.1.28
[INFO] [stderr]    Compiling ensure v0.3.1
[INFO] [stderr]    Compiling digest v0.8.1
[INFO] [stderr]    Compiling crypto-mac v0.7.0
[INFO] [stderr]    Compiling block-buffer v0.7.3
[INFO] [stderr]    Compiling bytes v0.4.12
[INFO] [stderr]    Compiling hmac v0.7.1
[INFO] [stderr]    Compiling sha2 v0.8.2
[INFO] [stderr]    Compiling itertools v0.8.2
[INFO] [stderr]    Compiling tokio-io v0.1.13
[INFO] [stderr]    Compiling http v0.1.21
[INFO] [stderr]    Compiling tokio-buf v0.1.1
[INFO] [stderr]    Compiling string v0.2.1
[INFO] [stderr]    Compiling tokio-reactor v0.1.12
[INFO] [stderr]    Compiling tokio-codec v0.1.2
[INFO] [stderr]    Compiling tokio-fs v0.1.7
[INFO] [stderr]    Compiling tokio-uds v0.2.7
[INFO] [stderr]    Compiling tokio-udp v0.1.6
[INFO] [stderr]    Compiling tokio-tcp v0.1.4
[INFO] [stderr]    Compiling tokio-signal v0.2.9
[INFO] [stderr]    Compiling tokio v0.1.22
[INFO] [stderr]    Compiling tokio-process v0.2.5
[INFO] [stderr]    Compiling serde_derive v1.0.229
[INFO] [stderr]    Compiling http-body v0.1.0
[INFO] [stderr]    Compiling h2 v0.1.26
[INFO] [stderr]    Compiling addr2line v0.25.1
[INFO] [stderr]    Compiling backtrace v0.3.76
[INFO] [stderr]    Compiling problem v5.4.0
[INFO] [stderr]    Compiling rusoto_credential v0.42.0
[INFO] [stderr]    Compiling hyper-tls v0.3.2
[INFO] [stderr]    Compiling rusoto_signature v0.42.0
[INFO] [stderr]    Compiling rusoto_s3 v0.42.0
[INFO] [stderr]    Compiling s3-sync v0.4.0 (/opt/rustwide/workdir)
[INFO] [stdout] warning: hiding a lifetime that's elided elsewhere is confusing
[INFO] [stdout]    --> src/lib.rs:191:29
[INFO] [stdout]     |
[INFO] [stdout] 191 |     pub fn from_key(bucket: &Present<Bucket>, key: impl Into<String>) -> BucketKey {
[INFO] [stdout]     |                             ^^^^^^^^^^^^^^^^ the lifetime is elided here ^^^^^^^^^ the same lifetime is hidden here
[INFO] [stdout]     |
[INFO] [stdout]     = help: the same lifetime is referred to in inconsistent ways, making the signature confusing
[INFO] [stdout]     = note: `#[warn(mismatched_lifetime_syntaxes)]` on by default
[INFO] [stdout] help: use `'_` for type paths
[INFO] [stdout]     |
[INFO] [stdout] 191 |     pub fn from_key(bucket: &Present<Bucket>, key: impl Into<String>) -> BucketKey<'_> {
[INFO] [stdout]     |                                                                                   ++++
[INFO] [stdout] 
[INFO] [stdout] 
[INFO] [stdout] warning: hiding a lifetime that's named elsewhere is confusing
[INFO] [stdout]    --> src/lib.rs:262:17
[INFO] [stdout]     |
[INFO] [stdout] 260 |         bucket_key: BucketKey<'b>,
[INFO] [stdout]     |                               -- the lifetime is named here
[INFO] [stdout] 261 |         res: HeadObjectOutput,
[INFO] [stdout] 262 |     ) -> Result<Object, S3SyncError> {
[INFO] [stdout]     |                 ^^^^^^ the same lifetime is hidden here
[INFO] [stdout]     |
[INFO] [stdout]     = help: the same lifetime is referred to in inconsistent ways, making the signature confusing
[INFO] [stdout] help: consistently use `'b`
[INFO] [stdout]     |
[INFO] [stdout] 262 |     ) -> Result<Object<'b>, S3SyncError> {
[INFO] [stdout]     |                       ++++
[INFO] [stdout] 
[INFO] [stdout] 
[INFO] [stdout] warning: hiding a lifetime that's elided elsewhere is confusing
[INFO] [stdout]    --> src/lib.rs:272:31
[INFO] [stdout]     |
[INFO] [stdout] 272 |     fn from_s3_object(bucket: &Present<Bucket>, object: S3Object) -> Result<Object, S3SyncError> {
[INFO] [stdout]     |                               ^^^^^^^^^^^^^^^^ the lifetime is elided here  ^^^^^^ the same lifetime is hidden here
[INFO] [stdout]     |
[INFO] [stdout]     = help: the same lifetime is referred to in inconsistent ways, making the signature confusing
[INFO] [stdout] help: use `'_` for type paths
[INFO] [stdout]     |
[INFO] [stdout] 272 |     fn from_s3_object(bucket: &Present<Bucket>, object: S3Object) -> Result<Object<'_>, S3SyncError> {
[INFO] [stdout]     |                                                                                   ++++
[INFO] [stdout] 
[INFO] [stdout] 
[INFO] [stderr]     Finished `release` profile [optimized] target(s) in 1m 04s
[INFO] running `Command { std: "docker" "inspect" "281fe1db7e04c564ca5b50a41e043d72d2348892497f965d547f7b7eda7e585a", kill_on_drop: false }`
[INFO] running `Command { std: "docker" "exec" "-e" "SOURCE_DIR=/opt/rustwide/workdir" "-e" "CARGO_HOME=/opt/rustwide/cargo-home" "-e" "RUSTUP_HOME=/opt/rustwide/rustup-home" "-e" "CARGO_TARGET_DIR=/opt/rustwide/target" "-e" "CARGO_INCREMENTAL=0" "-e" "RUST_BACKTRACE=full" "-e" "RUSTFLAGS=--cap-lints=warn" "-e" "RUSTDOCFLAGS=--cap-lints=warn" "-w" "/opt/rustwide/workdir" "--user" "0:0" "281fe1db7e04c564ca5b50a41e043d72d2348892497f965d547f7b7eda7e585a" "/opt/rustwide/cargo-home/bin/cargo" "+1.99.0-beta.8" "test" "--frozen" "--no-run" "--message-format=json" "--release", kill_on_drop: false }`
[INFO] [stderr]    Compiling assert_matches v1.5.0
[INFO] [stdout] warning: hiding a lifetime that's elided elsewhere is confusing
[INFO] [stdout]    --> src/lib.rs:191:29
[INFO] [stdout]     |
[INFO] [stdout] 191 |     pub fn from_key(bucket: &Present<Bucket>, key: impl Into<String>) -> BucketKey {
[INFO] [stdout]     |                             ^^^^^^^^^^^^^^^^ the lifetime is elided here ^^^^^^^^^ the same lifetime is hidden here
[INFO] [stdout]     |
[INFO] [stdout]     = help: the same lifetime is referred to in inconsistent ways, making the signature confusing
[INFO] [stdout]     = note: `#[warn(mismatched_lifetime_syntaxes)]` on by default
[INFO] [stdout] help: use `'_` for type paths
[INFO] [stdout]     |
[INFO] [stdout] 191 |     pub fn from_key(bucket: &Present<Bucket>, key: impl Into<String>) -> BucketKey<'_> {
[INFO] [stdout]     |                                                                                   ++++
[INFO] [stdout] 
[INFO] [stdout] 
[INFO] [stdout] warning: hiding a lifetime that's named elsewhere is confusing
[INFO] [stdout]    --> src/lib.rs:262:17
[INFO] [stdout]     |
[INFO] [stdout] 260 |         bucket_key: BucketKey<'b>,
[INFO] [stdout]     |                               -- the lifetime is named here
[INFO] [stdout] 261 |         res: HeadObjectOutput,
[INFO] [stdout] 262 |     ) -> Result<Object, S3SyncError> {
[INFO] [stdout]     |                 ^^^^^^ the same lifetime is hidden here
[INFO] [stdout]     |
[INFO] [stdout]     = help: the same lifetime is referred to in inconsistent ways, making the signature confusing
[INFO] [stdout] help: consistently use `'b`
[INFO] [stdout]     |
[INFO] [stdout] 262 |     ) -> Result<Object<'b>, S3SyncError> {
[INFO] [stdout]     |                       ++++
[INFO] [stdout] 
[INFO] [stdout] 
[INFO] [stdout] warning: hiding a lifetime that's elided elsewhere is confusing
[INFO] [stdout]    --> src/lib.rs:272:31
[INFO] [stdout]     |
[INFO] [stdout] 272 |     fn from_s3_object(bucket: &Present<Bucket>, object: S3Object) -> Result<Object, S3SyncError> {
[INFO] [stdout]     |                               ^^^^^^^^^^^^^^^^ the lifetime is elided here  ^^^^^^ the same lifetime is hidden here
[INFO] [stdout]     |
[INFO] [stdout]     = help: the same lifetime is referred to in inconsistent ways, making the signature confusing
[INFO] [stdout] help: use `'_` for type paths
[INFO] [stdout]     |
[INFO] [stdout] 272 |     fn from_s3_object(bucket: &Present<Bucket>, object: S3Object) -> Result<Object<'_>, S3SyncError> {
[INFO] [stdout]     |                                                                                   ++++
[INFO] [stdout] 
[INFO] [stdout] 
[INFO] [stderr]    Compiling s3-sync v0.4.0 (/opt/rustwide/workdir)
[INFO] [stdout] warning: hiding a lifetime that's elided elsewhere is confusing
[INFO] [stdout]    --> src/lib.rs:191:29
[INFO] [stdout]     |
[INFO] [stdout] 191 |     pub fn from_key(bucket: &Present<Bucket>, key: impl Into<String>) -> BucketKey {
[INFO] [stdout]     |                             ^^^^^^^^^^^^^^^^ the lifetime is elided here ^^^^^^^^^ the same lifetime is hidden here
[INFO] [stdout]     |
[INFO] [stdout]     = help: the same lifetime is referred to in inconsistent ways, making the signature confusing
[INFO] [stdout]     = note: `#[warn(mismatched_lifetime_syntaxes)]` on by default
[INFO] [stdout] help: use `'_` for type paths
[INFO] [stdout]     |
[INFO] [stdout] 191 |     pub fn from_key(bucket: &Present<Bucket>, key: impl Into<String>) -> BucketKey<'_> {
[INFO] [stdout]     |                                                                                   ++++
[INFO] [stdout] 
[INFO] [stdout] 
[INFO] [stdout] warning: hiding a lifetime that's named elsewhere is confusing
[INFO] [stdout]    --> src/lib.rs:262:17
[INFO] [stdout]     |
[INFO] [stdout] 260 |         bucket_key: BucketKey<'b>,
[INFO] [stdout]     |                               -- the lifetime is named here
[INFO] [stdout] 261 |         res: HeadObjectOutput,
[INFO] [stdout] 262 |     ) -> Result<Object, S3SyncError> {
[INFO] [stdout]     |                 ^^^^^^ the same lifetime is hidden here
[INFO] [stdout]     |
[INFO] [stdout]     = help: the same lifetime is referred to in inconsistent ways, making the signature confusing
[INFO] [stdout] help: consistently use `'b`
[INFO] [stdout]     |
[INFO] [stdout] 262 |     ) -> Result<Object<'b>, S3SyncError> {
[INFO] [stdout]     |                       ++++
[INFO] [stdout] 
[INFO] [stdout] 
[INFO] [stdout] warning: hiding a lifetime that's elided elsewhere is confusing
[INFO] [stdout]    --> src/lib.rs:272:31
[INFO] [stdout]     |
[INFO] [stdout] 272 |     fn from_s3_object(bucket: &Present<Bucket>, object: S3Object) -> Result<Object, S3SyncError> {
[INFO] [stdout]     |                               ^^^^^^^^^^^^^^^^ the lifetime is elided here  ^^^^^^ the same lifetime is hidden here
[INFO] [stdout]     |
[INFO] [stdout]     = help: the same lifetime is referred to in inconsistent ways, making the signature confusing
[INFO] [stdout] help: use `'_` for type paths
[INFO] [stdout]     |
[INFO] [stdout] 272 |     fn from_s3_object(bucket: &Present<Bucket>, object: S3Object) -> Result<Object<'_>, S3SyncError> {
[INFO] [stdout]     |                                                                                   ++++
[INFO] [stdout] 
[INFO] [stdout] 
[INFO] [stderr]     Finished `release` profile [optimized] target(s) in 3.99s
[INFO] running `Command { std: "docker" "inspect" "281fe1db7e04c564ca5b50a41e043d72d2348892497f965d547f7b7eda7e585a", kill_on_drop: false }`
[INFO] running `Command { std: "docker" "exec" "-e" "SOURCE_DIR=/opt/rustwide/workdir" "-e" "CARGO_HOME=/opt/rustwide/cargo-home" "-e" "RUSTUP_HOME=/opt/rustwide/rustup-home" "-e" "CARGO_TARGET_DIR=/opt/rustwide/target" "-e" "CARGO_INCREMENTAL=0" "-e" "RUST_BACKTRACE=full" "-e" "RUSTFLAGS=--cap-lints=warn" "-e" "RUSTDOCFLAGS=--cap-lints=warn" "-w" "/opt/rustwide/workdir" "--user" "0:0" "281fe1db7e04c564ca5b50a41e043d72d2348892497f965d547f7b7eda7e585a" "/opt/rustwide/cargo-home/bin/cargo" "+1.99.0-beta.8" "test" "--frozen" "--release", kill_on_drop: false }`
[INFO] [stderr] warning: hiding a lifetime that's elided elsewhere is confusing
[INFO] [stderr]    --> src/lib.rs:191:29
[INFO] [stderr]     |
[INFO] [stderr] 191 |     pub fn from_key(bucket: &Present<Bucket>, key: impl Into<String>) -> BucketKey {
[INFO] [stderr]     |                             ^^^^^^^^^^^^^^^^ the lifetime is elided here ^^^^^^^^^ the same lifetime is hidden here
[INFO] [stderr]     |
[INFO] [stderr]     = help: the same lifetime is referred to in inconsistent ways, making the signature confusing
[INFO] [stderr]     = note: `#[warn(mismatched_lifetime_syntaxes)]` on by default
[INFO] [stderr] help: use `'_` for type paths
[INFO] [stderr]     |
[INFO] [stderr] 191 |     pub fn from_key(bucket: &Present<Bucket>, key: impl Into<String>) -> BucketKey<'_> {
[INFO] [stderr]     |                                                                                   ++++
[INFO] [stderr] 
[INFO] [stderr] warning: hiding a lifetime that's named elsewhere is confusing
[INFO] [stderr]    --> src/lib.rs:262:17
[INFO] [stderr]     |
[INFO] [stderr] 260 |         bucket_key: BucketKey<'b>,
[INFO] [stderr]     |                               -- the lifetime is named here
[INFO] [stderr] 261 |         res: HeadObjectOutput,
[INFO] [stderr] 262 |     ) -> Result<Object, S3SyncError> {
[INFO] [stderr]     |                 ^^^^^^ the same lifetime is hidden here
[INFO] [stderr]     |
[INFO] [stderr]     = help: the same lifetime is referred to in inconsistent ways, making the signature confusing
[INFO] [stderr] help: consistently use `'b`
[INFO] [stderr]     |
[INFO] [stderr] 262 |     ) -> Result<Object<'b>, S3SyncError> {
[INFO] [stderr]     |                       ++++
[INFO] [stderr] 
[INFO] [stderr] warning: hiding a lifetime that's elided elsewhere is confusing
[INFO] [stderr]    --> src/lib.rs:272:31
[INFO] [stderr]     |
[INFO] [stderr] 272 |     fn from_s3_object(bucket: &Present<Bucket>, object: S3Object) -> Result<Object, S3SyncError> {
[INFO] [stderr]     |                               ^^^^^^^^^^^^^^^^ the lifetime is elided here  ^^^^^^ the same lifetime is hidden here
[INFO] [stderr]     |
[INFO] [stderr]     = help: the same lifetime is referred to in inconsistent ways, making the signature confusing
[INFO] [stderr] help: use `'_` for type paths
[INFO] [stderr]     |
[INFO] [stderr] 272 |     fn from_s3_object(bucket: &Present<Bucket>, object: S3Object) -> Result<Object<'_>, S3SyncError> {
[INFO] [stderr]     |                                                                                   ++++
[INFO] [stderr] 
[INFO] [stderr] warning: `s3-sync` (lib) generated 3 warnings (run `cargo fix --lib -p s3-sync` to apply 3 suggestions)
[INFO] [stderr] warning: `s3-sync` (lib test) generated 3 warnings (3 duplicates)
[INFO] [stderr]     Finished `release` profile [optimized] target(s) in 0.17s
[INFO] [stderr]      Running unittests src/lib.rs (/opt/rustwide/target/release/deps/s3_sync-84f7a011bba6786e)
[INFO] [stdout] 
[INFO] [stdout] running 10 tests
[INFO] [stdout] test tests::test_delete_objects_given ... FAILED
[INFO] [stdout] test tests::test_delete_objects_from_list ... FAILED
[INFO] [stdout] test tests::test_get_body_object ... FAILED
[INFO] [stdout] test tests::test_object_absent ... FAILED
[INFO] [stdout] test tests::test_object_present ... FAILED
[INFO] [stdout] test tests::test_object_present_empty_read ... FAILED
[INFO] [stdout] test tests::test_object_present_progress ... FAILED
[INFO] [stdout] test tests::test_object_last_modified ... FAILED
[INFO] [stdout] test tests::test_get_body_bucket_key ... FAILED
[INFO] [stdout] test tests::test_bucket_lifetimes ... FAILED
[INFO] [stdout] 
[INFO] [stdout] failures:
[INFO] [stdout] 
[INFO] [stdout] ---- tests::test_delete_objects_given stdout ----
[INFO] [stdout] 
[INFO] [stdout] thread 'tests::test_delete_objects_given' (1123) panicked at src/lib.rs:1103:59:
[INFO] [stdout] S3_TEST_BUCKET not set: NotPresent
[INFO] [stdout] stack backtrace:
[INFO] [stdout]    0:     0x587ccba71471 - <<std[70759c8f55707aa4]::sys::backtrace::BacktraceLock>::print::DisplayBacktrace as core[df12db4294e9bfd3]::fmt::Display>::fmt
[INFO] [stdout]    1:     0x587ccba88d4a - core[df12db4294e9bfd3]::fmt::write
[INFO] [stdout]    2:     0x587ccba760dc - <alloc[2182bb758b4b3781]::vec::Vec<u8> as core[df12db4294e9bfd3]::io::write::Write>::write_fmt
[INFO] [stdout]    3:     0x587ccba4c1d6 - std[70759c8f55707aa4]::panicking::default_hook::{closure#0}
[INFO] [stdout]    4:     0x587ccba69539 - std[70759c8f55707aa4]::panicking::default_hook
[INFO] [stdout]    5:     0x587ccb732cb0 - test[9d35eded1c95d3be]::test_main_inner::<test[9d35eded1c95d3be]::test_main_static::{closure#0}>::{closure#0}
[INFO] [stdout]    6:     0x587ccba69862 - std[70759c8f55707aa4]::panicking::panic_with_hook
[INFO] [stdout]    7:     0x587ccba4c282 - std[70759c8f55707aa4]::panicking::panic_handler::{closure#0}
[INFO] [stdout]    8:     0x587ccba44f29 - std[70759c8f55707aa4]::sys::backtrace::__rust_end_short_backtrace::<std[70759c8f55707aa4]::panicking::panic_handler::{closure#0}, !>
[INFO] [stdout]    9:     0x587ccba4d06d - __rustc[8fa7c3cbc660c2b3]::rust_begin_unwind
[INFO] [stdout]   10:     0x587ccba8952c - core[df12db4294e9bfd3]::panicking::panic_fmt
[INFO] [stdout]   11:     0x587ccba89302 - core[df12db4294e9bfd3]::result::unwrap_failed
[INFO] [stdout]   12:     0x587ccb719cde - s3_sync[98bace8a2c3b8f70]::tests::test_delete_objects_given
[INFO] [stdout]   13:     0x587ccb7097e9 - <s3_sync[98bace8a2c3b8f70]::tests::test_delete_objects_given::{closure#0} as core[df12db4294e9bfd3]::ops::function::FnOnce<()>>::call_once
[INFO] [stdout]   14:     0x587ccb725f9b - test[9d35eded1c95d3be]::__rust_begin_short_backtrace::<core[df12db4294e9bfd3]::result::Result<(), alloc[2182bb758b4b3781]::string::String>, fn() -> core[df12db4294e9bfd3]::result::Result<(), alloc[2182bb758b4b3781]::string::String>>
[INFO] [stdout]   15:     0x587ccb733605 - test[9d35eded1c95d3be]::run_test::{closure#0}
[INFO] [stdout]   16:     0x587ccb72cec4 - std[70759c8f55707aa4]::sys::backtrace::__rust_begin_short_backtrace::<test[9d35eded1c95d3be]::run_test::{closure#1}, ()>
[INFO] [stdout]   17:     0x587ccb736762 - <std[70759c8f55707aa4]::thread::lifecycle::spawn_unchecked<test[9d35eded1c95d3be]::run_test::{closure#1}, ()>::{closure#1} as core[df12db4294e9bfd3]::ops::function::FnOnce<()>>::call_once::{shim:vtable#0}
[INFO] [stdout]   18:     0x587ccba709c9 - <std[70759c8f55707aa4]::sys::thread::unix::Thread>::new::thread_start
[INFO] [stdout]   19:     0x7116e2ba0dfa - <unknown>
[INFO] [stdout]   20:     0x7116e2c343d4 - clone
[INFO] [stdout]   21:                0x0 - <unknown>
[INFO] [stdout] 
[INFO] [stdout] ---- tests::test_delete_objects_from_list stdout ----
[INFO] [stdout] 
[INFO] [stdout] thread 'tests::test_delete_objects_from_list' (1122) panicked at src/lib.rs:1103:59:
[INFO] [stdout] S3_TEST_BUCKET not set: NotPresent
[INFO] [stdout] stack backtrace:
[INFO] [stdout]    0:     0x587ccba71471 - <<std[70759c8f55707aa4]::sys::backtrace::BacktraceLock>::print::DisplayBacktrace as core[df12db4294e9bfd3]::fmt::Display>::fmt
[INFO] [stdout]    1:     0x587ccba88d4a - core[df12db4294e9bfd3]::fmt::write
[INFO] [stdout]    2:     0x587ccba760dc - <alloc[2182bb758b4b3781]::vec::Vec<u8> as core[df12db4294e9bfd3]::io::write::Write>::write_fmt
[INFO] [stdout]    3:     0x587ccba4c1d6 - std[70759c8f55707aa4]::panicking::default_hook::{closure#0}
[INFO] [stdout]    4:     0x587ccba69539 - std[70759c8f55707aa4]::panicking::default_hook
[INFO] [stdout]    5:     0x587ccb732cb0 - test[9d35eded1c95d3be]::test_main_inner::<test[9d35eded1c95d3be]::test_main_static::{closure#0}>::{closure#0}
[INFO] [stdout]    6:     0x587ccba69862 - std[70759c8f55707aa4]::panicking::panic_with_hook
[INFO] [stdout]    7:     0x587ccba4c282 - std[70759c8f55707aa4]::panicking::panic_handler::{closure#0}
[INFO] [stdout]    8:     0x587ccba44f29 - std[70759c8f55707aa4]::sys::backtrace::__rust_end_short_backtrace::<std[70759c8f55707aa4]::panicking::panic_handler::{closure#0}, !>
[INFO] [stdout]    9:     0x587ccba4d06d - __rustc[8fa7c3cbc660c2b3]::rust_begin_unwind
[INFO] [stdout]   10:     0x587ccba8952c - core[df12db4294e9bfd3]::panicking::panic_fmt
[INFO] [stdout]   11:     0x587ccba89302 - core[df12db4294e9bfd3]::result::unwrap_failed
[INFO] [stdout]   12:     0x587ccb71b5ee - s3_sync[98bace8a2c3b8f70]::tests::test_delete_objects_from_list
[INFO] [stdout]   13:     0x587ccb709849 - <s3_sync[98bace8a2c3b8f70]::tests::test_delete_objects_from_list::{closure#0} as core[df12db4294e9bfd3]::ops::function::FnOnce<()>>::call_once
[INFO] [stdout]   14:     0x587ccb725f9b - test[9d35eded1c95d3be]::__rust_begin_short_backtrace::<core[df12db4294e9bfd3]::result::Result<(), alloc[2182bb758b4b3781]::string::String>, fn() -> core[df12db4294e9bfd3]::result::Result<(), alloc[2182bb758b4b3781]::string::String>>
[INFO] [stdout]   15:     0x587ccb733605 - test[9d35eded1c95d3be]::run_test::{closure#0}
[INFO] [stdout]   16:     0x587ccb72cec4 - std[70759c8f55707aa4]::sys::backtrace::__rust_begin_short_backtrace::<test[9d35eded1c95d3be]::run_test::{closure#1}, ()>
[INFO] [stdout]   17:     0x587ccb736762 - <std[70759c8f55707aa4]::thread::lifecycle::spawn_unchecked<test[9d35eded1c95d3be]::run_test::{closure#1}, ()>::{closure#1} as core[df12db4294e9bfd3]::ops::function::FnOnce<()>>::call_once::{shim:vtable#0}
[INFO] [stdout]   18:     0x587ccba709c9 - <std[70759c8f55707aa4]::sys::thread::unix::Thread>::new::thread_start
[INFO] [stdout]   19:     0x7116e2ba0dfa - <unknown>
[INFO] [stdout]   20:     0x7116e2c343d4 - clone
[INFO] [stdout]   21:                0x0 - <unknown>
[INFO] [stdout] 
[INFO] [stdout] ---- tests::test_get_body_object stdout ----
[INFO] [stdout] 
[INFO] [stdout] thread 'tests::test_get_body_object' (1125) panicked at src/lib.rs:1103:59:
[INFO] [stdout] S3_TEST_BUCKET not set: NotPresent
[INFO] [stdout] stack backtrace:
[INFO] [stdout]    0:     0x587ccba71471 - <<std[70759c8f55707aa4]::sys::backtrace::BacktraceLock>::print::DisplayBacktrace as core[df12db4294e9bfd3]::fmt::Display>::fmt
[INFO] [stdout]    1:     0x587ccba88d4a - core[df12db4294e9bfd3]::fmt::write
[INFO] [stdout]    2:     0x587ccba760dc - <alloc[2182bb758b4b3781]::vec::Vec<u8> as core[df12db4294e9bfd3]::io::write::Write>::write_fmt
[INFO] [stdout]    3:     0x587ccba4c1d6 - std[70759c8f55707aa4]::panicking::default_hook::{closure#0}
[INFO] [stdout]    4:     0x587ccba69539 - std[70759c8f55707aa4]::panicking::default_hook
[INFO] [stdout]    5:     0x587ccb732cb0 - test[9d35eded1c95d3be]::test_main_inner::<test[9d35eded1c95d3be]::test_main_static::{closure#0}>::{closure#0}
[INFO] [stdout]    6:     0x587ccba69862 - std[70759c8f55707aa4]::panicking::panic_with_hook
[INFO] [stdout]    7:     0x587ccba4c282 - std[70759c8f55707aa4]::panicking::panic_handler::{closure#0}
[INFO] [stdout]    8:     0x587ccba44f29 - std[70759c8f55707aa4]::sys::backtrace::__rust_end_short_backtrace::<std[70759c8f55707aa4]::panicking::panic_handler::{closure#0}, !>
[INFO] [stdout]    9:     0x587ccba4d06d - __rustc[8fa7c3cbc660c2b3]::rust_begin_unwind
[INFO] [stdout]   10:     0x587ccba8952c - core[df12db4294e9bfd3]::panicking::panic_fmt
[INFO] [stdout]   11:     0x587ccba89302 - core[df12db4294e9bfd3]::result::unwrap_failed
[INFO] [stdout]   12:     0x587ccb717832 - s3_sync[98bace8a2c3b8f70]::tests::test_get_body_object
[INFO] [stdout]   13:     0x587ccb709789 - <s3_sync[98bace8a2c3b8f70]::tests::test_get_body_object::{closure#0} as core[df12db4294e9bfd3]::ops::function::FnOnce<()>>::call_once
[INFO] [stdout]   14:     0x587ccb725f9b - test[9d35eded1c95d3be]::__rust_begin_short_backtrace::<core[df12db4294e9bfd3]::result::Result<(), alloc[2182bb758b4b3781]::string::String>, fn() -> core[df12db4294e9bfd3]::result::Result<(), alloc[2182bb758b4b3781]::string::String>>
[INFO] [stdout]   15:     0x587ccb733605 - test[9d35eded1c95d3be]::run_test::{closure#0}
[INFO] [stdout]   16:     0x587ccb72cec4 - std[70759c8f55707aa4]::sys::backtrace::__rust_begin_short_backtrace::<test[9d35eded1c95d3be]::run_test::{closure#1}, ()>
[INFO] [stdout]   17:     0x587ccb736762 - <std[70759c8f55707aa4]::thread::lifecycle::spawn_unchecked<test[9d35eded1c95d3be]::run_test::{closure#1}, ()>::{closure#1} as core[df12db4294e9bfd3]::ops::function::FnOnce<()>>::call_once::{shim:vtable#0}
[INFO] [stdout]   18:     0x587ccba709c9 - <std[70759c8f55707aa4]::sys::thread::unix::Thread>::new::thread_start
[INFO] [stdout]   19:     0x7116e2ba0dfa - <unknown>
[INFO] [stdout]   20:     0x7116e2c343d4 - clone
[INFO] [stdout]   21:                0x0 - <unknown>
[INFO] [stdout] 
[INFO] [stdout] ---- tests::test_object_absent stdout ----
[INFO] [stdout] 
[INFO] [stdout] thread 'tests::test_object_absent' (1126) panicked at src/lib.rs:1103:59:
[INFO] [stdout] S3_TEST_BUCKET not set: NotPresent
[INFO] [stdout] stack backtrace:
[INFO] [stdout]    0:     0x587ccba71471 - <<std[70759c8f55707aa4]::sys::backtrace::BacktraceLock>::print::DisplayBacktrace as core[df12db4294e9bfd3]::fmt::Display>::fmt
[INFO] [stdout]    1:     0x587ccba88d4a - core[df12db4294e9bfd3]::fmt::write
[INFO] [stdout]    2:     0x587ccba760dc - <alloc[2182bb758b4b3781]::vec::Vec<u8> as core[df12db4294e9bfd3]::io::write::Write>::write_fmt
[INFO] [stdout]    3:     0x587ccba4c1d6 - std[70759c8f55707aa4]::panicking::default_hook::{closure#0}
[INFO] [stdout]    4:     0x587ccba69539 - std[70759c8f55707aa4]::panicking::default_hook
[INFO] [stdout]    5:     0x587ccb732cb0 - test[9d35eded1c95d3be]::test_main_inner::<test[9d35eded1c95d3be]::test_main_static::{closure#0}>::{closure#0}
[INFO] [stdout]    6:     0x587ccba69862 - std[70759c8f55707aa4]::panicking::panic_with_hook
[INFO] [stdout]    7:     0x587ccba4c282 - std[70759c8f55707aa4]::panicking::panic_handler::{closure#0}
[INFO] [stdout]    8:     0x587ccba44f29 - std[70759c8f55707aa4]::sys::backtrace::__rust_end_short_backtrace::<std[70759c8f55707aa4]::panicking::panic_handler::{closure#0}, !>
[INFO] [stdout]    9:     0x587ccba4d06d - __rustc[8fa7c3cbc660c2b3]::rust_begin_unwind
[INFO] [stdout]   10:     0x587ccba8952c - core[df12db4294e9bfd3]::panicking::panic_fmt
[INFO] [stdout]   11:     0x587ccba89302 - core[df12db4294e9bfd3]::result::unwrap_failed
[INFO] [stdout]   12:     0x587ccb716aef - s3_sync[98bace8a2c3b8f70]::tests::test_object_absent
[INFO] [stdout]   13:     0x587ccb709749 - <s3_sync[98bace8a2c3b8f70]::tests::test_object_absent::{closure#0} as core[df12db4294e9bfd3]::ops::function::FnOnce<()>>::call_once
[INFO] [stdout]   14:     0x587ccb725f9b - test[9d35eded1c95d3be]::__rust_begin_short_backtrace::<core[df12db4294e9bfd3]::result::Result<(), alloc[2182bb758b4b3781]::string::String>, fn() -> core[df12db4294e9bfd3]::result::Result<(), alloc[2182bb758b4b3781]::string::String>>
[INFO] [stdout]   15:     0x587ccb733605 - test[9d35eded1c95d3be]::run_test::{closure#0}
[INFO] [stdout]   16:     0x587ccb72cec4 - std[70759c8f55707aa4]::sys::backtrace::__rust_begin_short_backtrace::<test[9d35eded1c95d3be]::run_test::{closure#1}, ()>
[INFO] [stdout]   17:     0x587ccb736762 - <std[70759c8f55707aa4]::thread::lifecycle::spawn_unchecked<test[9d35eded1c95d3be]::run_test::{closure#1}, ()>::{closure#1} as core[df12db4294e9bfd3]::ops::function::FnOnce<()>>::call_once::{shim:vtable#0}
[INFO] [stdout]   18:     0x587ccba709c9 - <std[70759c8f55707aa4]::sys::thread::unix::Thread>::new::thread_start
[INFO] [stdout]   19:     0x7116e2ba0dfa - <unknown>
[INFO] [stdout]   20:     0x7116e2c343d4 - clone
[INFO] [stdout]   21:                0x0 - <unknown>
[INFO] [stdout] 
[INFO] [stdout] ---- tests::test_object_present stdout ----
[INFO] [stdout] 
[INFO] [stdout] thread 'tests::test_object_present' (1128) panicked at src/lib.rs:1103:59:
[INFO] [stdout] S3_TEST_BUCKET not set: NotPresent
[INFO] [stdout] stack backtrace:
[INFO] [stdout]    0:     0x587ccba71471 - <<std[70759c8f55707aa4]::sys::backtrace::BacktraceLock>::print::DisplayBacktrace as core[df12db4294e9bfd3]::fmt::Display>::fmt
[INFO] [stdout]    1:     0x587ccba88d4a - core[df12db4294e9bfd3]::fmt::write
[INFO] [stdout]    2:     0x587ccba760dc - <alloc[2182bb758b4b3781]::vec::Vec<u8> as core[df12db4294e9bfd3]::io::write::Write>::write_fmt
[INFO] [stdout]    3:     0x587ccba4c1d6 - std[70759c8f55707aa4]::panicking::default_hook::{closure#0}
[INFO] [stdout]    4:     0x587ccba69539 - std[70759c8f55707aa4]::panicking::default_hook
[INFO] [stdout]    5:     0x587ccb732cb0 - test[9d35eded1c95d3be]::test_main_inner::<test[9d35eded1c95d3be]::test_main_static::{closure#0}>::{closure#0}
[INFO] [stdout]    6:     0x587ccba69862 - std[70759c8f55707aa4]::panicking::panic_with_hook
[INFO] [stdout]    7:     0x587ccba4c282 - std[70759c8f55707aa4]::panicking::panic_handler::{closure#0}
[INFO] [stdout]    8:     0x587ccba44f29 - std[70759c8f55707aa4]::sys::backtrace::__rust_end_short_backtrace::<std[70759c8f55707aa4]::panicking::panic_handler::{closure#0}, !>
[INFO] [stdout]    9:     0x587ccba4d06d - __rustc[8fa7c3cbc660c2b3]::rust_begin_unwind
[INFO] [stdout]   10:     0x587ccba8952c - core[df12db4294e9bfd3]::panicking::panic_fmt
[INFO] [stdout]   11:     0x587ccba89302 - core[df12db4294e9bfd3]::result::unwrap_failed
[INFO] [stdout]   12:     0x587ccb7170f8 - s3_sync[98bace8a2c3b8f70]::tests::test_object_present
[INFO] [stdout]   13:     0x587ccb709769 - <s3_sync[98bace8a2c3b8f70]::tests::test_object_present::{closure#0} as core[df12db4294e9bfd3]::ops::function::FnOnce<()>>::call_once
[INFO] [stdout]   14:     0x587ccb725f9b - test[9d35eded1c95d3be]::__rust_begin_short_backtrace::<core[df12db4294e9bfd3]::result::Result<(), alloc[2182bb758b4b3781]::string::String>, fn() -> core[df12db4294e9bfd3]::result::Result<(), alloc[2182bb758b4b3781]::string::String>>
[INFO] [stdout]   15:     0x587ccb733605 - test[9d35eded1c95d3be]::run_test::{closure#0}
[INFO] [stdout]   16:     0x587ccb72cec4 - std[70759c8f55707aa4]::sys::backtrace::__rust_begin_short_backtrace::<test[9d35eded1c95d3be]::run_test::{closure#1}, ()>
[INFO] [stdout]   17:     0x587ccb736762 - <std[70759c8f55707aa4]::thread::lifecycle::spawn_unchecked<test[9d35eded1c95d3be]::run_test::{closure#1}, ()>::{closure#1} as core[df12db4294e9bfd3]::ops::function::FnOnce<()>>::call_once::{shim:vtable#0}
[INFO] [stdout]   18:     0x587ccba709c9 - <std[70759c8f55707aa4]::sys::thread::unix::Thread>::new::thread_start
[INFO] [stdout]   19:     0x7116e2ba0dfa - <unknown>
[INFO] [stdout]   20:     0x7116e2c343d4 - clone
[INFO] [stdout]   21:                0x0 - <unknown>
[INFO] [stdout] 
[INFO] [stdout] ---- tests::test_object_present_empty_read stdout ----
[INFO] [stdout] 
[INFO] [stdout] thread 'tests::test_object_present_empty_read' (1129) panicked at src/lib.rs:1103:59:
[INFO] [stdout] S3_TEST_BUCKET not set: NotPresent
[INFO] [stdout] stack backtrace:
[INFO] [stdout]    0:     0x587ccba71471 - <<std[70759c8f55707aa4]::sys::backtrace::BacktraceLock>::print::DisplayBacktrace as core[df12db4294e9bfd3]::fmt::Display>::fmt
[INFO] [stdout]    1:     0x587ccba88d4a - core[df12db4294e9bfd3]::fmt::write
[INFO] [stdout]    2:     0x587ccba760dc - <alloc[2182bb758b4b3781]::vec::Vec<u8> as core[df12db4294e9bfd3]::io::write::Write>::write_fmt
[INFO] [stdout]    3:     0x587ccba4c1d6 - std[70759c8f55707aa4]::panicking::default_hook::{closure#0}
[INFO] [stdout]    4:     0x587ccba69539 - std[70759c8f55707aa4]::panicking::default_hook
[INFO] [stdout]    5:     0x587ccb732cb0 - test[9d35eded1c95d3be]::test_main_inner::<test[9d35eded1c95d3be]::test_main_static::{closure#0}>::{closure#0}
[INFO] [stdout]    6:     0x587ccba69862 - std[70759c8f55707aa4]::panicking::panic_with_hook
[INFO] [stdout]    7:     0x587ccba4c282 - std[70759c8f55707aa4]::panicking::panic_handler::{closure#0}
[INFO] [stdout]    8:     0x587ccba44f29 - std[70759c8f55707aa4]::sys::backtrace::__rust_end_short_backtrace::<std[70759c8f55707aa4]::panicking::panic_handler::{closure#0}, !>
[INFO] [stdout]    9:     0x587ccba4d06d - __rustc[8fa7c3cbc660c2b3]::rust_begin_unwind
[INFO] [stdout]   10:     0x587ccba8952c - core[df12db4294e9bfd3]::panicking::panic_fmt
[INFO] [stdout]   11:     0x587ccba89302 - core[df12db4294e9bfd3]::result::unwrap_failed
[INFO] [stdout]   12:     0x587ccb71bc8d - s3_sync[98bace8a2c3b8f70]::tests::test_object_present_empty_read
[INFO] [stdout]   13:     0x587ccb709869 - <s3_sync[98bace8a2c3b8f70]::tests::test_object_present_empty_read::{closure#0} as core[df12db4294e9bfd3]::ops::function::FnOnce<()>>::call_once
[INFO] [stdout]   14:     0x587ccb725f9b - test[9d35eded1c95d3be]::__rust_begin_short_backtrace::<core[df12db4294e9bfd3]::result::Result<(), alloc[2182bb758b4b3781]::string::String>, fn() -> core[df12db4294e9bfd3]::result::Result<(), alloc[2182bb758b4b3781]::string::String>>
[INFO] [stdout]   15:     0x587ccb733605 - test[9d35eded1c95d3be]::run_test::{closure#0}
[INFO] [stdout]   16:     0x587ccb72cec4 - std[70759c8f55707aa4]::sys::backtrace::__rust_begin_short_backtrace::<test[9d35eded1c95d3be]::run_test::{closure#1}, ()>
[INFO] [stdout]   17:     0x587ccb736762 - <std[70759c8f55707aa4]::thread::lifecycle::spawn_unchecked<test[9d35eded1c95d3be]::run_test::{closure#1}, ()>::{closure#1} as core[df12db4294e9bfd3]::ops::function::FnOnce<()>>::call_once::{shim:vtable#0}
[INFO] [stdout]   18:     0x587ccba709c9 - <std[70759c8f55707aa4]::sys::thread::unix::Thread>::new::thread_start
[INFO] [stdout]   19:     0x7116e2ba0dfa - <unknown>
[INFO] [stdout]   20:     0x7116e2c343d4 - clone
[INFO] [stdout]   21:                0x0 - <unknown>
[INFO] [stdout] 
[INFO] [stdout] ---- tests::test_object_present_progress stdout ----
[INFO] [stdout] 
[INFO] [stdout] thread 'tests::test_object_present_progress' (1130) panicked at src/lib.rs:1103:59:
[INFO] [stdout] S3_TEST_BUCKET not set: NotPresent
[INFO] [stdout] stack backtrace:
[INFO] [stdout]    0:     0x587ccba71471 - <<std[70759c8f55707aa4]::sys::backtrace::BacktraceLock>::print::DisplayBacktrace as core[df12db4294e9bfd3]::fmt::Display>::fmt
[INFO] [stdout]    1:     0x587ccba88d4a - core[df12db4294e9bfd3]::fmt::write
[INFO] [stdout]    2:     0x587ccba760dc - <alloc[2182bb758b4b3781]::vec::Vec<u8> as core[df12db4294e9bfd3]::io::write::Write>::write_fmt
[INFO] [stdout]    3:     0x587ccba4c1d6 - std[70759c8f55707aa4]::panicking::default_hook::{closure#0}
[INFO] [stdout]    4:     0x587ccba69539 - std[70759c8f55707aa4]::panicking::default_hook
[INFO] [stdout]    5:     0x587ccb732cb0 - test[9d35eded1c95d3be]::test_main_inner::<test[9d35eded1c95d3be]::test_main_static::{closure#0}>::{closure#0}
[INFO] [stdout]    6:     0x587ccba69862 - std[70759c8f55707aa4]::panicking::panic_with_hook
[INFO] [stdout]    7:     0x587ccba4c282 - std[70759c8f55707aa4]::panicking::panic_handler::{closure#0}
[INFO] [stdout]    8:     0x587ccba44f29 - std[70759c8f55707aa4]::sys::backtrace::__rust_end_short_backtrace::<std[70759c8f55707aa4]::panicking::panic_handler::{closure#0}, !>
[INFO] [stdout]    9:     0x587ccba4d06d - __rustc[8fa7c3cbc660c2b3]::rust_begin_unwind
[INFO] [stdout]   10:     0x587ccba8952c - core[df12db4294e9bfd3]::panicking::panic_fmt
[INFO] [stdout]   11:     0x587ccba89302 - core[df12db4294e9bfd3]::result::unwrap_failed
[INFO] [stdout]   12:     0x587ccb71aa0d - s3_sync[98bace8a2c3b8f70]::tests::test_object_present_progress
[INFO] [stdout]   13:     0x587ccb709829 - <s3_sync[98bace8a2c3b8f70]::tests::test_object_present_progress::{closure#0} as core[df12db4294e9bfd3]::ops::function::FnOnce<()>>::call_once
[INFO] [stdout]   14:     0x587ccb725f9b - test[9d35eded1c95d3be]::__rust_begin_short_backtrace::<core[df12db4294e9bfd3]::result::Result<(), alloc[2182bb758b4b3781]::string::String>, fn() -> core[df12db4294e9bfd3]::result::Result<(), alloc[2182bb758b4b3781]::string::String>>
[INFO] [stdout]   15:     0x587ccb733605 - test[9d35eded1c95d3be]::run_test::{closure#0}
[INFO] [stdout]   16:     0x587ccb72cec4 - std[70759c8f55707aa4]::sys::backtrace::__rust_begin_short_backtrace::<test[9d35eded1c95d3be]::run_test::{closure#1}, ()>
[INFO] [stdout]   17:     0x587ccb736762 - <std[70759c8f55707aa4]::thread::lifecycle::spawn_unchecked<test[9d35eded1c95d3be]::run_test::{closure#1}, ()>::{closure#1} as core[df12db4294e9bfd3]::ops::function::FnOnce<()>>::call_once::{shim:vtable#0}
[INFO] [stdout]   18:     0x587ccba709c9 - <std[70759c8f55707aa4]::sys::thread::unix::Thread>::new::thread_start
[INFO] [stdout]   19:     0x7116e2ba0dfa - <unknown>
[INFO] [stdout]   20:     0x7116e2c343d4 - clone
[INFO] [stdout]   21:                0x0 - <unknown>
[INFO] [stdout] 
[INFO] [stdout] ---- tests::test_object_last_modified stdout ----
[INFO] [stdout] 
[INFO] [stdout] thread 'tests::test_object_last_modified' (1127) panicked at src/lib.rs:1103:59:
[INFO] [stdout] S3_TEST_BUCKET not set: NotPresent
[INFO] [stdout] stack backtrace:
[INFO] [stdout]    0:     0x587ccba71471 - <<std[70759c8f55707aa4]::sys::backtrace::BacktraceLock>::print::DisplayBacktrace as core[df12db4294e9bfd3]::fmt::Display>::fmt
[INFO] [stdout]    1:     0x587ccba88d4a - core[df12db4294e9bfd3]::fmt::write
[INFO] [stdout]    2:     0x587ccba760dc - <alloc[2182bb758b4b3781]::vec::Vec<u8> as core[df12db4294e9bfd3]::io::write::Write>::write_fmt
[INFO] [stdout]    3:     0x587ccba4c1d6 - std[70759c8f55707aa4]::panicking::default_hook::{closure#0}
[INFO] [stdout]    4:     0x587ccba69539 - std[70759c8f55707aa4]::panicking::default_hook
[INFO] [stdout]    5:     0x587ccb732cb0 - test[9d35eded1c95d3be]::test_main_inner::<test[9d35eded1c95d3be]::test_main_static::{closure#0}>::{closure#0}
[INFO] [stdout]    6:     0x587ccba69862 - std[70759c8f55707aa4]::panicking::panic_with_hook
[INFO] [stdout]    7:     0x587ccba4c282 - std[70759c8f55707aa4]::panicking::panic_handler::{closure#0}
[INFO] [stdout]    8:     0x587ccba44f29 - std[70759c8f55707aa4]::sys::backtrace::__rust_end_short_backtrace::<std[70759c8f55707aa4]::panicking::panic_handler::{closure#0}, !>
[INFO] [stdout]    9:     0x587ccba4d06d - __rustc[8fa7c3cbc660c2b3]::rust_begin_unwind
[INFO] [stdout]   10:     0x587ccba8952c - core[df12db4294e9bfd3]::panicking::panic_fmt
[INFO] [stdout]   11:     0x587ccba89302 - core[df12db4294e9bfd3]::result::unwrap_failed
[INFO] [stdout]   12:     0x587ccb71a46b - s3_sync[98bace8a2c3b8f70]::tests::test_object_last_modified
[INFO] [stdout]   13:     0x587ccb709809 - <s3_sync[98bace8a2c3b8f70]::tests::test_object_last_modified::{closure#0} as core[df12db4294e9bfd3]::ops::function::FnOnce<()>>::call_once
[INFO] [stdout]   14:     0x587ccb725f9b - test[9d35eded1c95d3be]::__rust_begin_short_backtrace::<core[df12db4294e9bfd3]::result::Result<(), alloc[2182bb758b4b3781]::string::String>, fn() -> core[df12db4294e9bfd3]::result::Result<(), alloc[2182bb758b4b3781]::string::String>>
[INFO] [stdout]   15:     0x587ccb733605 - test[9d35eded1c95d3be]::run_test::{closure#0}
[INFO] [stdout]   16:     0x587ccb72cec4 - std[70759c8f55707aa4]::sys::backtrace::__rust_begin_short_backtrace::<test[9d35eded1c95d3be]::run_test::{closure#1}, ()>
[INFO] [stdout]   17:     0x587ccb736762 - <std[70759c8f55707aa4]::thread::lifecycle::spawn_unchecked<test[9d35eded1c95d3be]::run_test::{closure#1}, ()>::{closure#1} as core[df12db4294e9bfd3]::ops::function::FnOnce<()>>::call_once::{shim:vtable#0}
[INFO] [stdout]   18:     0x587ccba709c9 - <std[70759c8f55707aa4]::sys::thread::unix::Thread>::new::thread_start
[INFO] [stdout]   19:     0x7116e2ba0dfa - <unknown>
[INFO] [stdout]   20:     0x7116e2c343d4 - clone
[INFO] [stdout]   21:                0x0 - <unknown>
[INFO] [stdout] 
[INFO] [stdout] ---- tests::test_get_body_bucket_key stdout ----
[INFO] [stdout] 
[INFO] [stdout] thread 'tests::test_get_body_bucket_key' (1124) panicked at src/lib.rs:1103:59:
[INFO] [stdout] S3_TEST_BUCKET not set: NotPresent
[INFO] [stdout] stack backtrace:
[INFO] [stdout]    0:     0x587ccba71471 - <<std[70759c8f55707aa4]::sys::backtrace::BacktraceLock>::print::DisplayBacktrace as core[df12db4294e9bfd3]::fmt::Display>::fmt
[INFO] [stdout]    1:     0x587ccba88d4a - core[df12db4294e9bfd3]::fmt::write
[INFO] [stdout]    2:     0x587ccba760dc - <alloc[2182bb758b4b3781]::vec::Vec<u8> as core[df12db4294e9bfd3]::io::write::Write>::write_fmt
[INFO] [stdout]    3:     0x587ccba4c1d6 - std[70759c8f55707aa4]::panicking::default_hook::{closure#0}
[INFO] [stdout]    4:     0x587ccba69539 - std[70759c8f55707aa4]::panicking::default_hook
[INFO] [stdout]    5:     0x587ccb732cb0 - test[9d35eded1c95d3be]::test_main_inner::<test[9d35eded1c95d3be]::test_main_static::{closure#0}>::{closure#0}
[INFO] [stdout]    6:     0x587ccba69862 - std[70759c8f55707aa4]::panicking::panic_with_hook
[INFO] [stdout]    7:     0x587ccba4c282 - std[70759c8f55707aa4]::panicking::panic_handler::{closure#0}
[INFO] [stdout]    8:     0x587ccba44f29 - std[70759c8f55707aa4]::sys::backtrace::__rust_end_short_backtrace::<std[70759c8f55707aa4]::panicking::panic_handler::{closure#0}, !>
[INFO] [stdout]    9:     0x587ccba4d06d - __rustc[8fa7c3cbc660c2b3]::rust_begin_unwind
[INFO] [stdout]   10:     0x587ccba8952c - core[df12db4294e9bfd3]::panicking::panic_fmt
[INFO] [stdout]   11:     0x587ccba89302 - core[df12db4294e9bfd3]::result::unwrap_failed
[INFO] [stdout]   12:     0x587ccb7191a0 - s3_sync[98bace8a2c3b8f70]::tests::test_get_body_bucket_key
[INFO] [stdout]   13:     0x587ccb7097c9 - <s3_sync[98bace8a2c3b8f70]::tests::test_get_body_bucket_key::{closure#0} as core[df12db4294e9bfd3]::ops::function::FnOnce<()>>::call_once
[INFO] [stdout]   14:     0x587ccb725f9b - test[9d35eded1c95d3be]::__rust_begin_short_backtrace::<core[df12db4294e9bfd3]::result::Result<(), alloc[2182bb758b4b3781]::string::String>, fn() -> core[df12db4294e9bfd3]::result::Result<(), alloc[2182bb758b4b3781]::string::String>>
[INFO] [stdout]   15:     0x587ccb733605 - test[9d35eded1c95d3be]::run_test::{closure#0}
[INFO] [stdout]   16:     0x587ccb72cec4 - std[70759c8f55707aa4]::sys::backtrace::__rust_begin_short_backtrace::<test[9d35eded1c95d3be]::run_test::{closure#1}, ()>
[INFO] [stdout]   17:     0x587ccb736762 - <std[70759c8f55707aa4]::thread::lifecycle::spawn_unchecked<test[9d35eded1c95d3be]::run_test::{closure#1}, ()>::{closure#1} as core[df12db4294e9bfd3]::ops::function::FnOnce<()>>::call_once::{shim:vtable#0}
[INFO] [stdout]   18:     0x587ccba709c9 - <std[70759c8f55707aa4]::sys::thread::unix::Thread>::new::thread_start
[INFO] [stdout]   19:     0x7116e2ba0dfa - <unknown>
[INFO] [stdout]   20:     0x7116e2c343d4 - clone
[INFO] [stdout]   21:                0x0 - <unknown>
[INFO] [stdout] 
[INFO] [stdout] ---- tests::test_bucket_lifetimes stdout ----
[INFO] [stdout] 
[INFO] [stdout] thread 'tests::test_bucket_lifetimes' (1121) panicked at src/lib.rs:1103:59:
[INFO] [stdout] S3_TEST_BUCKET not set: NotPresent
[INFO] [stdout] stack backtrace:
[INFO] [stdout]    0:     0x587ccba71471 - <<std[70759c8f55707aa4]::sys::backtrace::BacktraceLock>::print::DisplayBacktrace as core[df12db4294e9bfd3]::fmt::Display>::fmt
[INFO] [stdout]    1:     0x587ccba88d4a - core[df12db4294e9bfd3]::fmt::write
[INFO] [stdout]    2:     0x587ccba760dc - <alloc[2182bb758b4b3781]::vec::Vec<u8> as core[df12db4294e9bfd3]::io::write::Write>::write_fmt
[INFO] [stdout]    3:     0x587ccba4c1d6 - std[70759c8f55707aa4]::panicking::default_hook::{closure#0}
[INFO] [stdout]    4:     0x587ccba69539 - std[70759c8f55707aa4]::panicking::default_hook
[INFO] [stdout]    5:     0x587ccb732cb0 - test[9d35eded1c95d3be]::test_main_inner::<test[9d35eded1c95d3be]::test_main_static::{closure#0}>::{closure#0}
[INFO] [stdout]    6:     0x587ccba69862 - std[70759c8f55707aa4]::panicking::panic_with_hook
[INFO] [stdout]    7:     0x587ccba4c282 - std[70759c8f55707aa4]::panicking::panic_handler::{closure#0}
[INFO] [stdout]    8:     0x587ccba44f29 - std[70759c8f55707aa4]::sys::backtrace::__rust_end_short_backtrace::<std[70759c8f55707aa4]::panicking::panic_handler::{closure#0}, !>
[INFO] [stdout]    9:     0x587ccba4d06d - __rustc[8fa7c3cbc660c2b3]::rust_begin_unwind
[INFO] [stdout]   10:     0x587ccba8952c - core[df12db4294e9bfd3]::panicking::panic_fmt
[INFO] [stdout]   11:     0x587ccba89302 - core[df12db4294e9bfd3]::result::unwrap_failed
[INFO] [stdout]   12:     0x587ccb718566 - s3_sync[98bace8a2c3b8f70]::tests::test_bucket_lifetimes
[INFO] [stdout]   13:     0x587ccb7097a9 - <s3_sync[98bace8a2c3b8f70]::tests::test_bucket_lifetimes::{closure#0} as core[df12db4294e9bfd3]::ops::function::FnOnce<()>>::call_once
[INFO] [stdout]   14:     0x587ccb725f9b - test[9d35eded1c95d3be]::__rust_begin_short_backtrace::<core[df12db4294e9bfd3]::result::Result<(), alloc[2182bb758b4b3781]::string::String>, fn() -> core[df12db4294e9bfd3]::result::Result<(), alloc[2182bb758b4b3781]::string::String>>
[INFO] [stdout]   15:     0x587ccb733605 - test[9d35eded1c95d3be]::run_test::{closure#0}
[INFO] [stdout]   16:     0x587ccb72cec4 - std[70759c8f55707aa4]::sys::backtrace::__rust_begin_short_backtrace::<test[9d35eded1c95d3be]::run_test::{closure#1}, ()>
[INFO] [stdout]   17:     0x587ccb736762 - <std[70759c8f55707aa4]::thread::lifecycle::spawn_unchecked<test[9d35eded1c95d3be]::run_test::{closure#1}, ()>::{closure#1} as core[df12db4294e9bfd3]::ops::function::FnOnce<()>>::call_once::{shim:vtable#0}
[INFO] [stdout]   18:     0x587ccba709c9 - <std[70759c8f55707aa4]::sys::thread::unix::Thread>::new::thread_start
[INFO] [stdout]   19:     0x7116e2ba0dfa - <unknown>
[INFO] [stdout]   20:     0x7116e2c343d4 - clone
[INFO] [stdout]   21:                0x0 - <unknown>
[INFO] [stdout] 
[INFO] [stdout] 
[INFO] [stdout] failures:
[INFO] [stdout]     tests::test_bucket_lifetimes
[INFO] [stdout]     tests::test_delete_objects_from_list
[INFO] [stdout]     tests::test_delete_objects_given
[INFO] [stdout]     tests::test_get_body_bucket_key
[INFO] [stdout]     tests::test_get_body_object
[INFO] [stdout]     tests::test_object_absent
[INFO] [stdout]     tests::test_object_last_modified
[INFO] [stdout]     tests::test_object_present
[INFO] [stdout]     tests::test_object_present_empty_read
[INFO] [stdout]     tests::test_object_present_progress
[INFO] [stdout] 
[INFO] [stdout] test result: FAILED. 0 passed; 10 failed; 0 ignored; 0 measured; 0 filtered out; finished in 0.13s
[INFO] [stdout] 
[INFO] [stderr] error: test failed, to rerun pass `--lib`
[INFO] running `Command { std: "docker" "inspect" "281fe1db7e04c564ca5b50a41e043d72d2348892497f965d547f7b7eda7e585a", kill_on_drop: false }`
[INFO] running `Command { std: "docker" "rm" "-f" "281fe1db7e04c564ca5b50a41e043d72d2348892497f965d547f7b7eda7e585a", kill_on_drop: false }`
[INFO] [stdout] 281fe1db7e04c564ca5b50a41e043d72d2348892497f965d547f7b7eda7e585a
